000
CDHW43 PHFO 230228
CLIITO


CLIMATE REPORT
NATIONAL WEATHER SERVICE HONOLULU HI
427 PM HST WED OCT 22 2014


...................................

...THE HILO HI CLIMATE SUMMARY FOR OCTOBER 22 2014...
VALID TODAY AS OF 0400 PM LOCAL TIME.

CLIMATE NORMAL PERIOD 1981 TO 2010
CLIMATE RECORD PERIOD 1946 TO 2014


WEATHER ITEM   OBSERVED TIME   RECORD YEAR NORMAL DEPARTURE LAST
                VALUE   (LST)  VALUE       VALUE  FROM      YEAR
                                                  NORMAL
..................................................................
TEMPERATURE (F)
 TODAY
  MAXIMUM         86   1142 AM  89    1958  82      4       84
  MINIMUM         70    637 AM  64    1998  68      2       70
                                      1980
                                      1955
  AVERAGE         78                        75      3       77

PRECIPITATION (IN)
  TODAY            T             6.49 1957   0.32  -0.32      T
  MONTH TO DATE    9.71                      6.52   3.19     4.47
  SINCE SEP 1     13.75                     16.46  -2.71     8.11
  SINCE JAN 1     94.86                     96.40  -1.54    72.99

SNOWFALL (IN)
  TODAY            0.0
  MONTH TO DATE    0.0
  SINCE SEP 1      0.0
  SINCE JUL 1      0.0
  SNOW DEPTH       0

DEGREE DAYS
 HEATING
  TODAY            0                         0      0        0
  MONTH TO DATE    0                         0      0        0
  SINCE SEP 1      0                         0      0        0
  SINCE JUL 1      0                         0      0        0

 COOLING
  TODAY           13                        10      3       12
  MONTH TO DATE  293                       238     55      266
  SINCE SEP 1    737                       574    163      649
  SINCE JAN 1   3014                      2646    368     2862
..................................................................


WIND (MPH)
  HIGHEST WIND SPEED    17   HIGHEST WIND DIRECTION     E (110)
  HIGHEST GUST SPEED    23   HIGHEST GUST DIRECTION     E (110)
  AVERAGE WIND SPEED     7.1


SKY COVER
  POSSIBLE SUNSHINE  MM
  AVERAGE SKY COVER 0.5


WEATHER CONDITIONS
 THE FOLLOWING WEATHER WAS RECORDED TODAY.
  LIGHT RAIN


RELATIVE HUMIDITY (PERCENT)
 HIGHEST    84           200 AM
 LOWEST     57          1100 AM
 AVERAGE    71

..........................................................


THE HILO HI CLIMATE NORMALS FOR TOMORROW
                         NORMAL    RECORD    YEAR
 MAXIMUM TEMPERATURE (F)   82        87      2003
 MINIMUM TEMPERATURE (F)   68        64      2008
                                             2001
                                             1998


SUNRISE AND SUNSET
OCTOBER 22 2014.......SUNRISE   617 AM HST   SUNSET   552 PM HST
OCTOBER 23 2014.......SUNRISE   618 AM HST   SUNSET   551 PM HST


-  INDICATES NEGATIVE NUMBERS.
R  INDICATES RECORD WAS SET OR TIED.
MM INDICATES DATA IS MISSING.
T  INDICATES TRACE AMOUNT.




$$
