000
CDHW43 PHFO 301245
CLIITO


CLIMATE REPORT
NATIONAL WEATHER SERVICE HONOLULU HI
245 AM HST WED JUL 30 2014


...................................

...THE HILO HI CLIMATE SUMMARY FOR JULY 29 2014...

CLIMATE NORMAL PERIOD 1981 TO 2010
CLIMATE RECORD PERIOD 1946 TO 2014


WEATHER ITEM   OBSERVED TIME   RECORD YEAR NORMAL DEPARTURE LAST
                VALUE   (LST)  VALUE       VALUE  FROM      YEAR
                                                  NORMAL
..................................................................
TEMPERATURE (F)
 YESTERDAY
  MAXIMUM         85    241 PM  89    1986  83      2       84
  MINIMUM         70    424 AM  63    1970  70      0       75
                                      1956
  AVERAGE         78                        76      2       80

PRECIPITATION (IN)
  YESTERDAY        T             2.67 1997   0.38  -0.38     0.15
  MONTH TO DATE   15.98                     10.06   5.92     3.67
  SINCE JUN 1     22.55                     17.43   5.12     8.18
  SINCE JAN 1     70.29                     69.34   0.95    55.22

SNOWFALL (IN)
  YESTERDAY        0.0
  MONTH TO DATE    0.0
  SINCE JUN 1      0.0
  SINCE JUL 1      0.0
  SNOW DEPTH       0

DEGREE DAYS
 HEATING
  YESTERDAY        0                         0      0        0
  MONTH TO DATE    0                         0      0        0
  SINCE JUN 1      0                         0      0        0
  SINCE JUL 1      0                         0      0        0

 COOLING
  YESTERDAY       13                        11      2       15
  MONTH TO DATE  319                       319      0      351
  SINCE JUN 1    585                       625    -40      672
  SINCE JAN 1   1841                      1693    148     1825
..................................................................


WIND (MPH)
  HIGHEST WIND SPEED    15   HIGHEST WIND DIRECTION    NE (60)
  HIGHEST GUST SPEED    19   HIGHEST GUST DIRECTION    NE (50)
  AVERAGE WIND SPEED     6.9


SKY COVER
  POSSIBLE SUNSHINE  MM
  AVERAGE SKY COVER 0.5


WEATHER CONDITIONS
 THE FOLLOWING WEATHER WAS RECORDED YESTERDAY.
  NO SIGNIFICANT WEATHER WAS OBSERVED.


RELATIVE HUMIDITY (PERCENT)
 HIGHEST    84           400 AM
 LOWEST     61          1200 PM
 AVERAGE    73

..........................................................


THE HILO HI CLIMATE NORMALS FOR TODAY
                         NORMAL    RECORD    YEAR
 MAXIMUM TEMPERATURE (F)   83        89      1994
 MINIMUM TEMPERATURE (F)   70        64      1972
                                             1955


SUNRISE AND SUNSET
JULY 30 2014..........SUNRISE   556 AM HST   SUNSET   658 PM HST
JULY 31 2014..........SUNRISE   556 AM HST   SUNSET   657 PM HST


-  INDICATES NEGATIVE NUMBERS.
R  INDICATES RECORD WAS SET OR TIED.
MM INDICATES DATA IS MISSING.
T  INDICATES TRACE AMOUNT.




$$
