000
CDHW43 PHFO 290236
CLIITO


CLIMATE REPORT
NATIONAL WEATHER SERVICE HONOLULU HI
436 PM HST TUE MAR 28 2017


...................................

...THE HILO HI CLIMATE SUMMARY FOR MARCH 28 2017...
VALID TODAY AS OF 0400 PM LOCAL TIME.

CLIMATE NORMAL PERIOD 1981 TO 2010
CLIMATE RECORD PERIOD 1946 TO 2017


WEATHER ITEM   OBSERVED TIME   RECORD YEAR NORMAL DEPARTURE LAST
                VALUE   (LST)  VALUE       VALUE  FROM      YEAR
                                                  NORMAL
..................................................................
TEMPERATURE (F)
 TODAY
  MAXIMUM         81    233 PM  87    1974  79      2       84
  MINIMUM         65    341 AM  60    1962  65      0       68
  AVERAGE         73                        72      1       76

PRECIPITATION (IN)
  TODAY            0.53          1.60 2005   0.45   0.08     0.00
  MONTH TO DATE    2.68                     12.07  -9.39     4.88
  SINCE MAR 1      2.68                     12.07  -9.39     4.88
  SINCE JAN 1     21.17                     30.89  -9.72     9.45

SNOWFALL (IN)
  TODAY            0.0
  MONTH TO DATE    0.0
  SINCE MAR 1      0.0
  SINCE JUL 1      0.0
  SNOW DEPTH       0

DEGREE DAYS
 HEATING
  TODAY            0                         0      0        0
  MONTH TO DATE    0                         0      0        0
  SINCE MAR 1      0                         0      0        0
  SINCE JUL 1      0                         0      0        0

 COOLING
  TODAY            8                         7      1       11
  MONTH TO DATE  274                       193     81      276
  SINCE MAR 1    274                       193     81      276
  SINCE JAN 1    683                       563    120      840
..................................................................


WIND (MPH)
  HIGHEST WIND SPEED    15   HIGHEST WIND DIRECTION     E (110)
  HIGHEST GUST SPEED    24   HIGHEST GUST DIRECTION     E (100)
  AVERAGE WIND SPEED     6.0


SKY COVER
  POSSIBLE SUNSHINE  MM
  AVERAGE SKY COVER 0.9


WEATHER CONDITIONS
 THE FOLLOWING WEATHER WAS RECORDED TODAY.
  HEAVY RAIN
  RAIN
  LIGHT RAIN
  FOG


RELATIVE HUMIDITY (PERCENT)
 HIGHEST    93           700 AM
 LOWEST     62           100 PM
 AVERAGE    78

..........................................................


THE HILO HI CLIMATE NORMALS FOR TOMORROW
                         NORMAL    RECORD    YEAR
 MAXIMUM TEMPERATURE (F)   79        86      2016
                                             2002
 MINIMUM TEMPERATURE (F)   65        60      2012


SUNRISE AND SUNSET
MARCH 28 2017.........SUNRISE   617 AM HST   SUNSET   634 PM HST
MARCH 29 2017.........SUNRISE   616 AM HST   SUNSET   634 PM HST


-  INDICATES NEGATIVE NUMBERS.
R  INDICATES RECORD WAS SET OR TIED.
MM INDICATES DATA IS MISSING.
T  INDICATES TRACE AMOUNT.




$$
