000
CDUS43 KGLD 190739 RRA
CLIITR

CLIMATE REPORT
NATIONAL WEATHER SERVICE GOODLAND
136 AM MDT FRI SEP 19 2014

...................................

...THE BURLINGTON CO CLIMATE SUMMARY FOR SEPTEMBER 18 2014...

CLIMATE NORMAL PERIOD 1981 TO 2010
CLIMATE RECORD PERIOD 1896 TO 2014

WEATHER ITEM   OBSERVED TIME   RECORD YEAR NORMAL DEPARTURE LAST
                VALUE   (LST)  VALUE       VALUE  FROM      YEAR
                                                  NORMAL
..................................................................
TEMPERATURE (F)
 YESTERDAY
  MAXIMUM         91    346 PM  95    2004  78     13       89
                                      1997
  MINIMUM         49    535 AM  32    2006  47      2       61
                                      1971
  AVERAGE         70                        62      8       75

PRECIPITATION (IN)
  YESTERDAY        0.00                      0.04  -0.04      T
  MONTH TO DATE    0.37                      0.76  -0.39     5.30
  SINCE SEP 1      0.37                      0.76  -0.39     5.30
  SINCE JAN 1     10.27                     14.91  -4.64    15.75

..................................................................

THE BURLINGTON CO CLIMATE NORMALS FOR TODAY
                         NORMAL    RECORD    YEAR
 MAXIMUM TEMPERATURE (F)   77        98      1920
 MINIMUM TEMPERATURE (F)   47        33      2003

-  INDICATES NEGATIVE NUMBERS.
R  INDICATES RECORD WAS SET OR TIED.
MM INDICATES DATA IS MISSING.
T  INDICATES TRACE AMOUNT.

$$
