000
CDUS43 KGLD 100741
CLIITR

CLIMATE REPORT
NATIONAL WEATHER SERVICE GOODLAND
139 AM MDT THU JUL 10 2014

...................................

...THE BURLINGTON CO CLIMATE SUMMARY FOR JULY 9 2014...

CLIMATE NORMAL PERIOD 1981 TO 2010
CLIMATE RECORD PERIOD 1896 TO 2014

WEATHER ITEM   OBSERVED TIME   RECORD YEAR NORMAL DEPARTURE LAST
                VALUE   (LST)  VALUE       VALUE  FROM      YEAR
                                                  NORMAL
..................................................................
TEMPERATURE (F)
 YESTERDAY
  MAXIMUM         89    450 PM 105    2002  88      1      101
                                      1954
  MINIMUM         60    500 AM  45    1959  60      0       63
  AVERAGE         75                        74      1       82

PRECIPITATION (IN)
  YESTERDAY        0.55                      0.12   0.43     0.00
  MONTH TO DATE    1.81                      1.04   0.77     0.19
  SINCE JUN 1      4.17                      3.92   0.25     2.18
  SINCE JAN 1      7.09                      9.65  -2.56     7.78

..................................................................

THE BURLINGTON CO CLIMATE NORMALS FOR TODAY
                         NORMAL    RECORD    YEAR
 MAXIMUM TEMPERATURE (F)   89       107      1954
 MINIMUM TEMPERATURE (F)   60        44      1905

-  INDICATES NEGATIVE NUMBERS.
R  INDICATES RECORD WAS SET OR TIED.
MM INDICATES DATA IS MISSING.
T  INDICATES TRACE AMOUNT.

$$
