000
CDUS43 KGLD 300048
CLIITR

CLIMATE REPORT
NATIONAL WEATHER SERVICE GOODLAND
645 PM MDT SUN MAY 29 2016

...................................

...THE BURLINGTON CO CLIMATE SUMMARY FOR MAY 29 2016...
VALID TODAY AS OF 0600 PM LOCAL TIME.

CLIMATE NORMAL PERIOD 1981 TO 2010
CLIMATE RECORD PERIOD 1896 TO 2016


WEATHER ITEM   OBSERVED TIME   RECORD YEAR NORMAL DEPARTURE LAST
                VALUE   (LST)  VALUE       VALUE  FROM      YEAR
                                                  NORMAL
..................................................................
TEMPERATURE (F)
 TODAY
  MAXIMUM         84    221 PM 101    2000  78      6       72
  MINIMUM         49    431 AM  29    1947  49      0       49
  AVERAGE         67                        63      4       61

PRECIPITATION (IN)
  TODAY            0.00                      0.12  -0.12     0.10
  MONTH TO DATE    1.44                      2.35  -0.91     7.20
  SINCE MAR 1      7.16                      4.70   2.46     9.88
  SINCE JAN 1      7.97                      5.50   2.47    11.02

..................................................................


THE BURLINGTON CO CLIMATE NORMALS FOR TOMORROW
                         NORMAL    RECORD    YEAR
 MAXIMUM TEMPERATURE (F)   78        97      1921
 MINIMUM TEMPERATURE (F)   49        36      2004



-  INDICATES NEGATIVE NUMBERS.
R  INDICATES RECORD WAS SET OR TIED.
MM INDICATES DATA IS MISSING.
T  INDICATES TRACE AMOUNT.

$$
