000
CDUS43 KGLD 280757 RRA
CLIITR

CLIMATE REPORT
NATIONAL WEATHER SERVICE GOODLAND
155 AM MDT SUN MAY 28 2017

...................................

...THE BURLINGTON CO CLIMATE SUMMARY FOR MAY 27 2017...

CLIMATE NORMAL PERIOD 1981 TO 2010
CLIMATE RECORD PERIOD 1896 TO 2017

WEATHER ITEM   OBSERVED TIME   RECORD YEAR NORMAL DEPARTURE LAST
                VALUE   (LST)  VALUE       VALUE  FROM      YEAR
                                                  NORMAL
..................................................................
TEMPERATURE (F)
 YESTERDAY
  MAXIMUM         66    159 PM  96    2006  77    -11       63
  MINIMUM         47   1159 PM  30    1950  48     -1       46
  AVERAGE         57                        63     -6       55

PRECIPITATION (IN)
  YESTERDAY        0.14                      0.09   0.05     0.29
  MONTH TO DATE    4.68                      2.13   2.55     1.44
  SINCE MAR 1     10.50                      4.48   6.02     7.16
  SINCE JAN 1     11.06                      5.28   5.78     7.97

..................................................................

THE BURLINGTON CO CLIMATE NORMALS FOR TODAY
                         NORMAL    RECORD    YEAR
 MAXIMUM TEMPERATURE (F)   77        99      1921
 MINIMUM TEMPERATURE (F)   49        32      1947

-  INDICATES NEGATIVE NUMBERS.
R  INDICATES RECORD WAS SET OR TIED.
MM INDICATES DATA IS MISSING.
T  INDICATES TRACE AMOUNT.

$$
