000
CDUS44 KJAN 250702
CLIJAN


CLIMATE REPORT
NATIONAL WEATHER SERVICE JACKSON MS
101 AM CST SAT FEB 25 2017


...................................

...THE JACKSON CLIMATE SUMMARY FOR FEBRUARY 24 2017...

CLIMATE NORMAL PERIOD 1981 TO 2010
CLIMATE RECORD PERIOD 1896 TO 2017


WEATHER ITEM   OBSERVED TIME   RECORD YEAR NORMAL DEPARTURE LAST
                VALUE   (LST)  VALUE       VALUE  FROM      YEAR
                                                  NORMAL
..................................................................
TEMPERATURE (F)
 YESTERDAY
  MAXIMUM         81    354 PM  83    1927  63     18       55
                                      1918
  MINIMUM         59    410 AM  18    1968  41     18       41
  AVERAGE         70                        52     18       48

PRECIPITATION (IN)
  YESTERDAY        0.09          1.52 1985   0.16  -0.07     0.24
  MONTH TO DATE    1.18                      4.11  -2.93     8.23
  SINCE DEC 1     14.82                     14.23   0.59    17.47
  SINCE JAN 1      9.08                      9.08   0.00    11.60

SNOWFALL (IN)
  YESTERDAY        0.0           0.1  2010   0.0    0.0      0.0
  MONTH TO DATE    0.0                       0.1   -0.1      0.0
  SINCE DEC 1      0.8                       0.7    0.1       T
  SINCE JUL 1      0.8                       0.7    0.1       T

DEGREE DAYS
 HEATING
  YESTERDAY        0                        13    -13       17
  MONTH TO DATE  157                       386   -229      294
  SINCE DEC 1    881                      1530   -649     1131
  SINCE JUL 1   1085                      1938   -853     1323

 COOLING
  YESTERDAY        5                         0      5        0
  MONTH TO DATE   27                         0     27        9
  SINCE DEC 1     80                        12     68       78
  SINCE JAN 1     50                         4     46        9
..................................................................


WIND (MPH)
  HIGHEST WIND SPEED    23   HIGHEST WIND DIRECTION     N (340)
  HIGHEST GUST SPEED    28   HIGHEST GUST DIRECTION     N (360)
  AVERAGE WIND SPEED    11.5


SKY COVER
  POSSIBLE SUNSHINE  MM
  AVERAGE SKY COVER 0.5


WEATHER CONDITIONS
 THE FOLLOWING WEATHER WAS RECORDED YESTERDAY.
  THUNDERSTORM
  RAIN
  LIGHT RAIN


RELATIVE HUMIDITY (PERCENT)
 HIGHEST    90           300 AM
 LOWEST     42           300 PM
 AVERAGE    66

..........................................................


THE JACKSON CLIMATE NORMALS FOR TODAY
                         NORMAL    RECORD    YEAR
 MAXIMUM TEMPERATURE (F)   63        89      1918
 MINIMUM TEMPERATURE (F)   41        20      1967


SUNRISE AND SUNSET
FEBRUARY 25 2017......SUNRISE   632 AM CST   SUNSET   555 PM CST
FEBRUARY 26 2017......SUNRISE   631 AM CST   SUNSET   556 PM CST


-  INDICATES NEGATIVE NUMBERS.
R  INDICATES RECORD WAS SET OR TIED.
MM INDICATES DATA IS MISSING.
T  INDICATES TRACE AMOUNT.

&&

AT 1 AM:

THE PEARL RIVER STAGE AT JACKSON WAS 4.8 FEET. THE RIVER LEVEL FELL 1.0
FEET OVER THE PAST 24 HOURS.

THE MISSISSIPPI RIVER STAGE AT VICKSBURG WAS 20.8 FEET. THE RIVER LEVEL
FELL 0.2 FEET OVER THE PAST 24 HOURS.


$$
