000
CDUS44 KJAN 030642
CLIJAN


CLIMATE REPORT
NATIONAL WEATHER SERVICE JACKSON MS
1241 AM CST SAT DEC 3 2016


...................................

...THE JACKSON CLIMATE SUMMARY FOR DECEMBER 2 2016...

CLIMATE NORMAL PERIOD 1981 TO 2010
CLIMATE RECORD PERIOD 1896 TO 2016


WEATHER ITEM   OBSERVED TIME   RECORD YEAR NORMAL DEPARTURE LAST
                VALUE   (LST)  VALUE       VALUE  FROM      YEAR
                                                  NORMAL
..................................................................
TEMPERATURE (F)
 YESTERDAY
  MAXIMUM         66    212 PM  83    1982  62      4       58
                                      1922
  MINIMUM         34    605 AM  20    1960  40     -6       44
  AVERAGE         50                        51     -1       51

PRECIPITATION (IN)
  YESTERDAY        0.00          2.68 1991   0.19  -0.19     0.06
  MONTH TO DATE    0.00                      0.37  -0.37     0.45
  SINCE DEC 1      0.00                      0.37  -0.37     0.45
  SINCE JAN 1     57.65                     49.36   8.29    53.86

SNOWFALL (IN)
  YESTERDAY        0.0           0.0    MM   0.0    0.0      0.0
  MONTH TO DATE    0.0                       0.0    0.0      0.0
  SINCE DEC 1      0.0                       0.0    0.0      0.0
  SINCE JUL 1      0.0                       0.0    0.0      0.0

DEGREE DAYS
 HEATING
  YESTERDAY       15                        15      0       14
  MONTH TO DATE   31                        29      2       20
  SINCE DEC 1     31                        29      2       20
  SINCE JUL 1    235                       437   -202      212

 COOLING
  YESTERDAY        0                         0      0        0
  MONTH TO DATE    0                         0      0        0
  SINCE DEC 1      0                         0      0        0
  SINCE JAN 1   2799                      2253    546     2746
..................................................................


WIND (MPH)
  HIGHEST WIND SPEED    13   HIGHEST WIND DIRECTION     E (90)
  HIGHEST GUST SPEED    17   HIGHEST GUST DIRECTION    SE (120)
  AVERAGE WIND SPEED     4.2


SKY COVER
  POSSIBLE SUNSHINE  MM
  AVERAGE SKY COVER 0.2


WEATHER CONDITIONS
 THE FOLLOWING WEATHER WAS RECORDED YESTERDAY.
  NO SIGNIFICANT WEATHER WAS OBSERVED.


RELATIVE HUMIDITY (PERCENT)
 HIGHEST    96           600 AM
 LOWEST     24          1200 PM
 AVERAGE    60

..........................................................


THE JACKSON CLIMATE NORMALS FOR TODAY
                         NORMAL    RECORD    YEAR
 MAXIMUM TEMPERATURE (F)   61        84      1922
 MINIMUM TEMPERATURE (F)   39        18      1935


SUNRISE AND SUNSET
DECEMBER  3 2016......SUNRISE   646 AM CST   SUNSET   455 PM CST
DECEMBER  4 2016......SUNRISE   647 AM CST   SUNSET   455 PM CST


-  INDICATES NEGATIVE NUMBERS.
R  INDICATES RECORD WAS SET OR TIED.
MM INDICATES DATA IS MISSING.
T  INDICATES TRACE AMOUNT.

&&

AT 12 AM:

THE PEARL RIVER STAGE AT JACKSON WAS 3.8 FEET. THE RIVER FELL 0.1 FEET
OVER THE PAST 24 HOURS.

THE MISSISSIPPI RIVER STAGE AT VICKSBURG WAS 7.8 FEET. THE RIVER ROSE
0.1 FEET OVER THE PAST 24 HOURS.

$$
