000
CDUS44 KJAN 282207
CLIJAN


CLIMATE REPORT
NATIONAL WEATHER SERVICE JACKSON MS
507 PM CDT SAT MAR 28 2015


...................................

...THE JACKSON CLIMATE SUMMARY FOR MARCH 28 2015...
VALID AS OF 0500 PM LOCAL TIME.

CLIMATE NORMAL PERIOD 1981 TO 2010
CLIMATE RECORD PERIOD 1896 TO 2015


WEATHER ITEM   OBSERVED TIME   RECORD YEAR NORMAL DEPARTURE LAST
                VALUE   (LST)  VALUE       VALUE  FROM      YEAR
                                                  NORMAL
..................................................................
TEMPERATURE (F)
 TODAY
  MAXIMUM         58    359 PM  90    1910  72    -14       76
  MINIMUM         36    506 AM  31    1978  48    -12       60
                                      1937
                                      1913
  AVERAGE         47

PRECIPITATION (IN)
  TODAY            0.00          3.07 1944   0.17  -0.17     2.08
  MONTH TO DATE    7.27                      4.52   2.75     5.43
  SINCE MAR 1      7.27                      4.52   2.75     5.43
  SINCE JAN 1     17.47                     14.25   3.22    12.48

SNOWFALL (IN)
  TODAY            0.0

..................................................................










-  INDICATES NEGATIVE NUMBERS.
R  INDICATES RECORD WAS SET OR TIED.
MM INDICATES DATA IS MISSING.
T  INDICATES TRACE AMOUNT.




$$
