000
CDUS44 KJAN 230637
CLIJAN


CLIMATE REPORT
NATIONAL WEATHER SERVICE JACKSON MS
1235 AM CST SUN NOV 23 2014


...................................

...THE JACKSON CLIMATE SUMMARY FOR NOVEMBER 22 2014...

CLIMATE NORMAL PERIOD 1981 TO 2010
CLIMATE RECORD PERIOD 1896 TO 2014


WEATHER ITEM   OBSERVED TIME   RECORD YEAR NORMAL DEPARTURE LAST
                VALUE   (LST)  VALUE       VALUE  FROM      YEAR
                                                  NORMAL
..................................................................
TEMPERATURE (F)
 YESTERDAY
  MAXIMUM         71    245 PM  84    1921  65      6       67
                                      1913
  MINIMUM         45    212 AM  22    1937  42      3       57
  AVERAGE         58                        54      4       62

PRECIPITATION (IN)
  YESTERDAY        0.00          3.26 1979   0.17  -0.17     0.84
  MONTH TO DATE    3.54                      3.33   0.21     1.22
  SINCE SEP 1      8.24                     10.28  -2.04    10.69
  SINCE JAN 1     51.92                     47.56   4.36    54.35

SNOWFALL (IN)
  YESTERDAY        0.0           T    1975   0.0    0.0      0.0
                                      1971
                                      1957
  MONTH TO DATE    0.0                       0.0    0.0      0.0
  SINCE SEP 1      0.0                       0.0    0.0      0.0
  SINCE JUL 1      0.0                       0.0    0.0      0.0

DEGREE DAYS
 HEATING
  YESTERDAY        7                        12     -5        3
  MONTH TO DATE  335                       197    138      187
  SINCE SEP 1    398                       304     94      269
  SINCE JUL 1    398                       304     94      269

 COOLING
  YESTERDAY        0                         0      0        0
  MONTH TO DATE    2                        21    -19       15
  SINCE SEP 1    550                       453     97      583
  SINCE JAN 1   2280                      2252     28     2347
..................................................................


WIND (MPH)
  HIGHEST WIND SPEED    20   HIGHEST WIND DIRECTION    SE (150)
  HIGHEST GUST SPEED    24   HIGHEST GUST DIRECTION    SE (140)
  AVERAGE WIND SPEED     7.9


SKY COVER
  POSSIBLE SUNSHINE  MM
  AVERAGE SKY COVER 0.5


WEATHER CONDITIONS
 THE FOLLOWING WEATHER WAS RECORDED YESTERDAY.
  NO SIGNIFICANT WEATHER WAS OBSERVED.


RELATIVE HUMIDITY (PERCENT)
 HIGHEST    86          1200 AM
 LOWEST     45          1200 PM
 AVERAGE    66

..........................................................


THE JACKSON CLIMATE NORMALS FOR TODAY
                         NORMAL    RECORD    YEAR
 MAXIMUM TEMPERATURE (F)   65        85      1921
                                             1913
 MINIMUM TEMPERATURE (F)   42        22      1903


SUNRISE AND SUNSET
NOVEMBER 23 2014......SUNRISE   637 AM CST   SUNSET   457 PM CST
NOVEMBER 24 2014......SUNRISE   638 AM CST   SUNSET   456 PM CST


-  INDICATES NEGATIVE NUMBERS.
R  INDICATES RECORD WAS SET OR TIED.
MM INDICATES DATA IS MISSING.
T  INDICATES TRACE AMOUNT.

&&

THIS MORNING:

THE PEARL RIVER STAGE AT JACKSON WAS 7.5 FEET. THE RIVER HAS RISEN
2 FEET OVER THE PAST 24 HOURS.

THE MISSISSIPPI RIVER STAGE AT VICKSBURG WAS 12.3 FEET. THE RIVER
HAS FALLEN 0.5 FEET OVER THE PAST 24 HOURS.

$$
