000
CDUS44 KJAN 160638 CCA
CLIJAN

CLIMATE REPORT
NATIONAL WEATHER SERVICE JACKSON MS
1230 AM CST MON JAN 16 2017


...................................

...THE JACKSON CLIMATE SUMMARY FOR JANUARY 15 2017...

CLIMATE NORMAL PERIOD 1981 TO 2010
CLIMATE RECORD PERIOD 1896 TO 2017


WEATHER ITEM   OBSERVED TIME   RECORD YEAR NORMAL DEPARTURE LAST
                VALUE   (LST)  VALUE       VALUE  FROM      YEAR
                                                  NORMAL
..................................................................
TEMPERATURE (F)
 YESTERDAY
  MAXIMUM         77    138 PM  82    1947  56     21       67
  MINIMUM         48    721 AM  13    1982  35     13       43
  AVERAGE         63                        45     18       55

PRECIPITATION (IN)
  YESTERDAY        0.00          1.70 1954   0.15  -0.15     0.01
  MONTH TO DATE    3.56                      2.24   1.32     1.16
  SINCE DEC 1      9.30                      7.39   1.91     7.03
  SINCE JAN 1      3.56                      2.24   1.32     1.16

SNOWFALL (IN)
  YESTERDAY        0.0           1.0  1944   0.1   -0.1      0.0
  MONTH TO DATE    0.8                       0.2    0.6      0.0
  SINCE DEC 1      0.8                       0.5    0.3      0.0
  SINCE JUL 1      0.8                       0.5    0.3      0.0

DEGREE DAYS
 HEATING
  YESTERDAY        2                        20    -18       10
  MONTH TO DATE  189                       300   -111      287
  SINCE DEC 1    593                       842   -249      557
  SINCE JUL 1    797                      1250   -453      749

 COOLING
  YESTERDAY        0                         0      0        0
  MONTH TO DATE   14                         0     14        0
  SINCE DEC 1     44                         8     36       69
  SINCE JAN 1     14                         0     14        0
..................................................................


WIND (MPH)
  HIGHEST WIND SPEED    15   HIGHEST WIND DIRECTION     S (180)
  HIGHEST GUST SPEED    21   HIGHEST GUST DIRECTION     S (180)
  AVERAGE WIND SPEED     3.9


SKY COVER
  POSSIBLE SUNSHINE  MM
  AVERAGE SKY COVER 0.3


WEATHER CONDITIONS
 THE FOLLOWING WEATHER WAS RECORDED YESTERDAY.
  FOG


RELATIVE HUMIDITY (PERCENT)
 HIGHEST   100           600 AM
 LOWEST     46           200 PM
 AVERAGE    73

..........................................................


THE JACKSON CLIMATE NORMALS FOR TODAY
                         NORMAL    RECORD    YEAR
 MAXIMUM TEMPERATURE (F)   56        80      1932
                                             1914
 MINIMUM TEMPERATURE (F)   35        15      1977
                                             1972


SUNRISE AND SUNSET
JANUARY 16 2017.......SUNRISE   702 AM CST   SUNSET   519 PM CST
JANUARY 17 2017.......SUNRISE   701 AM CST   SUNSET   520 PM CST


-  INDICATES NEGATIVE NUMBERS.
R  INDICATES RECORD WAS SET OR TIED.
MM INDICATES DATA IS MISSING.
T  INDICATES TRACE AMOUNT.

&&

AT 1 AM:

THE PEARL RIVER STAGE AT JACKSON WAS 4 FEET. THE RIVER HAS REMAINED
STEADY OVER THE PAST 24 HOURS.

THE MISSISSIPPI RIVER STAGE AT VICKSBURG WAS 23.2 FEET. THE RIVER
FELL 0.1 FEET OVER THE PAST 24 HOURS.

$$
