000
CDUS44 KJAN 230815
CLIJAN


CLIMATE REPORT
NATIONAL WEATHER SERVICE JACKSON MS
312 AM CDT SAT JUL 23 2016


...................................

...THE JACKSON CLIMATE SUMMARY FOR JULY 22 2016...

CLIMATE NORMAL PERIOD 1981 TO 2010
CLIMATE RECORD PERIOD 1896 TO 2016


WEATHER ITEM   OBSERVED TIME   RECORD YEAR NORMAL DEPARTURE LAST
                VALUE   (LST)  VALUE       VALUE  FROM      YEAR
                                                  NORMAL
..................................................................
TEMPERATURE (F)
 YESTERDAY
  MAXIMUM         98   1243 PM 103    1924  92      6       96
  MINIMUM         75   1159 PM  59    1947  72      3       77
  AVERAGE         87                        82      5       87

PRECIPITATION (IN)
  YESTERDAY        T             1.92 1953   0.16  -0.16     0.00
  MONTH TO DATE    3.22                      3.41  -0.19     1.39
  SINCE JUN 1      6.25                      7.53  -1.28     7.83
  SINCE JAN 1     38.70                     31.64   7.06    36.11

SNOWFALL (IN)
  YESTERDAY        0.0           0.0  2002   0.0    0.0      0.0
                                      2001
  MONTH TO DATE    0.0                       0.0    0.0      0.0
  SINCE JUN 1      0.0                       0.0    0.0      0.0
  SINCE JUL 1      0.0                       0.0    0.0      0.0

DEGREE DAYS
 HEATING
  YESTERDAY        0                         0      0        0
  MONTH TO DATE    0                         0      0        0
  SINCE JUN 1      0                         0      0        0
  SINCE JUL 1      0                         0      0        0

 COOLING
  YESTERDAY       22                        17      5       22
  MONTH TO DATE  437                       367     70      419
  SINCE JUN 1    953                       789    164      901
  SINCE JAN 1   1341                      1147    194     1354
..................................................................


WIND (MPH)
  HIGHEST WIND SPEED    20   HIGHEST WIND DIRECTION    SE (140)
  HIGHEST GUST SPEED    23   HIGHEST GUST DIRECTION    SE (140)
  AVERAGE WIND SPEED     4.0


SKY COVER
  POSSIBLE SUNSHINE  MM
  AVERAGE SKY COVER 0.3


WEATHER CONDITIONS
 THE FOLLOWING WEATHER WAS RECORDED YESTERDAY.
  THUNDERSTORM
  LIGHT RAIN


RELATIVE HUMIDITY (PERCENT)
 HIGHEST    91           300 AM
 LOWEST     45          1200 PM
 AVERAGE    68

..........................................................


THE JACKSON CLIMATE NORMALS FOR TODAY
                         NORMAL    RECORD    YEAR
 MAXIMUM TEMPERATURE (F)   92       103      1934
                                             1924
 MINIMUM TEMPERATURE (F)   72        57      1947


SUNRISE AND SUNSET
JULY 23 2016..........SUNRISE   610 AM CDT   SUNSET   804 PM CDT
JULY 24 2016..........SUNRISE   610 AM CDT   SUNSET   803 PM CDT


-  INDICATES NEGATIVE NUMBERS.
R  INDICATES RECORD WAS SET OR TIED.
MM INDICATES DATA IS MISSING.
T  INDICATES TRACE AMOUNT.

&&

AT 1 AM:

THE PEARL RIVER STAGE AT JACKSON WAS 3.6 FEET. THE RIVER HAS FALLEN
0.1 FEET OVER THE PAST 24 HOURS.

THE MISSISSIPPI RIVER STAGE AT VICKSBURG WAS 22.1 FEET. THE RIVER
HAS FALLEN 0.8 FEET OVER THE PAST 24 HOURS.


$$
