663
CDUS44 KJAN 270719
CLIJAN


CLIMATE REPORT
NATIONAL WEATHER SERVICE JACKSON MS
215 AM CDT TUE SEP 27 2016


...................................

...THE JACKSON CLIMATE SUMMARY FOR SEPTEMBER 26 2016...

CLIMATE NORMAL PERIOD 1981 TO 2010
CLIMATE RECORD PERIOD 1896 TO 2016


WEATHER ITEM   OBSERVED TIME   RECORD YEAR NORMAL DEPARTURE LAST
                VALUE   (LST)  VALUE       VALUE  FROM      YEAR
                                                  NORMAL
..................................................................
TEMPERATURE (F)
 YESTERDAY
  MAXIMUM         92    141 PM  96    1936  84      8       92
                                      1921
  MINIMUM         68    333 AM  44    1975  61      7       64
  AVERAGE         80                        72      8       78

PRECIPITATION (IN)
  YESTERDAY        0.00          3.39 2002   0.11  -0.11     0.00
  MONTH TO DATE    0.33                      2.60  -2.27     0.77
  SINCE SEP 1      0.33                      2.60  -2.27     0.77
  SINCE JAN 1     53.53                     39.88  13.65    37.38

SNOWFALL (IN)
  YESTERDAY        0.0           0.0  2002   0.0    0.0      0.0
                                      2001
  MONTH TO DATE    0.0                       0.0    0.0      0.0
  SINCE SEP 1      0.0                       0.0    0.0      0.0
  SINCE JUL 1      0.0                       0.0    0.0      0.0

DEGREE DAYS
 HEATING
  YESTERDAY        0                         1     -1        0
  MONTH TO DATE    0                         2     -2        0
  SINCE SEP 1      0                         2     -2        0
  SINCE JUL 1      0                         2     -2        0

 COOLING
  YESTERDAY       15                         8      7       13
  MONTH TO DATE  448                       299    149      363
  SINCE SEP 1    448                       299    149      363
  SINCE JAN 1   2522                      2098    424     2492
..................................................................


WIND (MPH)
  HIGHEST WIND SPEED    14   HIGHEST WIND DIRECTION    NW (330)
  HIGHEST GUST SPEED    19   HIGHEST GUST DIRECTION    NW (320)
  AVERAGE WIND SPEED     5.9


SKY COVER
  POSSIBLE SUNSHINE  MM
  AVERAGE SKY COVER 0.1


WEATHER CONDITIONS
 THE FOLLOWING WEATHER WAS RECORDED YESTERDAY.
  NO SIGNIFICANT WEATHER WAS OBSERVED.


RELATIVE HUMIDITY (PERCENT)
 HIGHEST    97          1200 AM
 LOWEST     47           100 PM
 AVERAGE    72

..........................................................


THE JACKSON CLIMATE NORMALS FOR TODAY
                         NORMAL    RECORD    YEAR
 MAXIMUM TEMPERATURE (F)   83        99      1915
 MINIMUM TEMPERATURE (F)   60        43      1899


SUNRISE AND SUNSET
SEPTEMBER 27 2016.....SUNRISE   652 AM CDT   SUNSET   650 PM CDT
SEPTEMBER 28 2016.....SUNRISE   653 AM CDT   SUNSET   648 PM CDT


-  INDICATES NEGATIVE NUMBERS.
R  INDICATES RECORD WAS SET OR TIED.
MM INDICATES DATA IS MISSING.
T  INDICATES TRACE AMOUNT.

&&

AT 2 AM:

THE PEARL RIVER STAGE AT JACKSON WAS 3.6 FEET. THE RIVER HAS REMAINED STEADY OVER THE
PAST 24 HOURS.

THE MISSISSIPPI RIVER STAGE AT VICKSBURG WAS 22 FEET. THE RIVER HAS REMAINED STEADY OVER THE PAST 24 HOURS.


$$
