678
CDUS44 KJAN 220647
CLIJAN


CLIMATE REPORT
NATIONAL WEATHER SERVICE JACKSON MS
1243 AM CST MON JAN 22 2018


...................................

...THE JACKSON CLIMATE SUMMARY FOR JANUARY 21 2018...

CLIMATE NORMAL PERIOD 1981 TO 2010
CLIMATE RECORD PERIOD 1896 TO 2018


WEATHER ITEM   OBSERVED TIME   RECORD YEAR NORMAL DEPARTURE LAST
                VALUE   (LST)  VALUE       VALUE  FROM      YEAR
                                                  NORMAL
..................................................................
TEMPERATURE (F)
 YESTERDAY
  MAXIMUM         75    127 PM  80    1938  56     19       73
  MINIMUM         46    707 AM   2    1985  35     11       58
  AVERAGE         61                        46     15       66

PRECIPITATION (IN)
  YESTERDAY        0.00          2.59 1998   0.17  -0.17     2.12
  MONTH TO DATE    1.69                      3.23  -1.54     7.32
  SINCE DEC 1      5.36                      8.38  -3.02    13.06
  SINCE JAN 1      1.69                      3.23  -1.54     7.32

SNOWFALL (IN)
  YESTERDAY        0.0           T    1987   0.0    0.0      0.0
                                      1979
                                      1978
  MONTH TO DATE    0.8                       0.2    0.6      0.8
  SINCE DEC 1      5.9                       0.5    5.4      0.8
  SINCE JUL 1      5.9                       0.5    5.4      0.8

DEGREE DAYS
 HEATING
  YESTERDAY        4                        19    -15        0
  MONTH TO DATE  551                       418    133      196
  SINCE DEC 1   1027                       960     67      600
  SINCE JUL 1   1286                      1368    -82      804

 COOLING
  YESTERDAY        0                         0      0        1
  MONTH TO DATE    0                         0      0       23
  SINCE DEC 1     11                         8      3       53
  SINCE JAN 1      0                         0      0       23
..................................................................


WIND (MPH)
  HIGHEST WIND SPEED    21   HIGHEST WIND DIRECTION     S (180)
  HIGHEST GUST SPEED    26   HIGHEST GUST DIRECTION     S (180)
  AVERAGE WIND SPEED    10.9


SKY COVER
  POSSIBLE SUNSHINE  MM
  AVERAGE SKY COVER 0.4


WEATHER CONDITIONS
 THE FOLLOWING WEATHER WAS RECORDED YESTERDAY.
  NO SIGNIFICANT WEATHER WAS OBSERVED.


RELATIVE HUMIDITY (PERCENT)
 HIGHEST   100           700 AM
 LOWEST     53           100 PM
 AVERAGE    77

..........................................................


THE JACKSON CLIMATE NORMALS FOR TODAY
                         NORMAL    RECORD    YEAR
 MAXIMUM TEMPERATURE (F)   56        81      1937
 MINIMUM TEMPERATURE (F)   35        12      1984


SUNRISE AND SUNSET
JANUARY 22 2018.......SUNRISE   700 AM CST   SUNSET   525 PM CST
JANUARY 23 2018.......SUNRISE   659 AM CST   SUNSET   525 PM CST


-  INDICATES NEGATIVE NUMBERS.
R  INDICATES RECORD WAS SET OR TIED.
MM INDICATES DATA IS MISSING.
T  INDICATES TRACE AMOUNT.

&&

AT 12 AM:

THE PEARL RIVER STAGE AT JACKSON WAS 3.5 FEET. THE RIVER REMAINED STEADY.

THE MISSISSIPPI RIVER STAGE AT VICKSBURG WAS 14.7 FEET. THE RIVER ROSE
1.8  FEET OVER THE PAST 24 HOURS.

$$
