000
CDUS44 KJAN 050633
CLIJAN


CLIMATE REPORT
NATIONAL WEATHER SERVICE JACKSON MS
130 AM CDT THU MAY 5 2016


...................................

...THE JACKSON CLIMATE SUMMARY FOR MAY 4 2016...

CLIMATE NORMAL PERIOD 1981 TO 2010
CLIMATE RECORD PERIOD 1896 TO 2016


WEATHER ITEM   OBSERVED TIME   RECORD YEAR NORMAL DEPARTURE LAST
                VALUE   (LST)  VALUE       VALUE  FROM      YEAR
                                                  NORMAL
..................................................................
TEMPERATURE (F)
 YESTERDAY
  MAXIMUM         78    403 PM  93    1949  80     -2       84
  MINIMUM         49    539 AM  36    2013  58     -9       51
  AVERAGE         64                        69     -5       68

PRECIPITATION (IN)
  YESTERDAY        0.00          3.20 1989   0.14  -0.14     0.00
  MONTH TO DATE    1.01                      0.56   0.45     0.00
  SINCE MAR 1     20.50                     10.56   9.94    11.02
  SINCE JAN 1     32.10                     20.29  11.81    21.22

SNOWFALL (IN)
  YESTERDAY        0.0           0.0    MM   0.0    0.0      0.0
  MONTH TO DATE    0.0                       0.0    0.0      0.0
  SINCE MAR 1      0.0                       0.1   -0.1      0.3
  SINCE JUL 1      T                         0.8   -0.8      0.3

DEGREE DAYS
 HEATING
  YESTERDAY        1                         1      0        0
  MONTH TO DATE    1                         4     -3        2
  SINCE MAR 1    190                       391   -201      227
  SINCE JUL 1   1581                      2383   -802     2353

 COOLING
  YESTERDAY        0                         5     -5        3
  MONTH TO DATE   12                        19     -7        7
  SINCE MAR 1    162                       127     35      183
  SINCE JAN 1    171                       137     34      183
..................................................................


WIND (MPH)
  HIGHEST WIND SPEED    17   HIGHEST WIND DIRECTION     W (280)
  HIGHEST GUST SPEED    28   HIGHEST GUST DIRECTION    NW (310)
  AVERAGE WIND SPEED     6.0


SKY COVER
  POSSIBLE SUNSHINE  MM
  AVERAGE SKY COVER 0.2


WEATHER CONDITIONS
 THE FOLLOWING WEATHER WAS RECORDED YESTERDAY.
  NO SIGNIFICANT WEATHER WAS OBSERVED.


RELATIVE HUMIDITY (PERCENT)
 HIGHEST    93           300 AM
 LOWEST     36           100 PM
 AVERAGE    65

..........................................................


THE JACKSON CLIMATE NORMALS FOR TODAY
                         NORMAL    RECORD    YEAR
 MAXIMUM TEMPERATURE (F)   80        96      1952
 MINIMUM TEMPERATURE (F)   58        44      1978
                                             1957
                                             1954


SUNRISE AND SUNSET
MAY  5 2016...........SUNRISE   610 AM CDT   SUNSET   745 PM CDT
MAY  6 2016...........SUNRISE   609 AM CDT   SUNSET   745 PM CDT


-  INDICATES NEGATIVE NUMBERS.
R  INDICATES RECORD WAS SET OR TIED.
MM INDICATES DATA IS MISSING.
T  INDICATES TRACE AMOUNT.

&&

AT 1 AM...

THE PEARL RIVER STAGE AT JACKSON WAS 4.5 FEET. THE RIVER FELL 1.9
FEET OVER THE PAST 24 HOURS.

THE MISSISSIPPI RIVER STAGE AT VICKSBURG WAS 30.2 FEET. THE RIVER
ROSE 1.6 FEET OVER THE PAST 24 HOURS.



$$
