000
CDUS44 KJAN 260643
CLIJAN


CLIMATE REPORT
NATIONAL WEATHER SERVICE JACKSON MS
141 AM CDT TUE SEP 26 2017


...................................

...THE JACKSON CLIMATE SUMMARY FOR SEPTEMBER 25 2017...

CLIMATE NORMAL PERIOD 1981 TO 2010
CLIMATE RECORD PERIOD 1896 TO 2017


WEATHER ITEM   OBSERVED TIME   RECORD YEAR NORMAL DEPARTURE LAST
                VALUE   (LST)  VALUE       VALUE  FROM      YEAR
                                                  NORMAL
..................................................................
TEMPERATURE (F)
 YESTERDAY
  MAXIMUM         88    247 PM  98    1921  84      4       97
  MINIMUM         66    504 AM  46    1994  61      5       70
                                      1975
                                      1965
  AVERAGE         77                        72      5       84

PRECIPITATION (IN)
  YESTERDAY        0.00          2.73 2002   0.11  -0.11     0.05
  MONTH TO DATE    1.16                      2.49  -1.33     0.33
  SINCE SEP 1      1.16                      2.49  -1.33     0.33
  SINCE JAN 1     55.05                     39.77  15.28    53.53

SNOWFALL (IN)
  YESTERDAY        0.0           0.0  2002   0.0    0.0      0.0
                                      2001
  MONTH TO DATE    0.0                       0.0    0.0      0.0
  SINCE SEP 1      0.0                       0.0    0.0      0.0
  SINCE JUL 1      0.0                       0.0    0.0      0.0

DEGREE DAYS
 HEATING
  YESTERDAY        0                         1     -1        0
  MONTH TO DATE    2                         1      1        0
  SINCE SEP 1      2                         1      1        0
  SINCE JUL 1      2                         1      1        0

 COOLING
  YESTERDAY       12                         8      4       19
  MONTH TO DATE  276                       291    -15      433
  SINCE SEP 1    276                       291    -15      433
  SINCE JAN 1   2201                      2090    111     2507
..................................................................


WIND (MPH)
  HIGHEST WIND SPEED    15   HIGHEST WIND DIRECTION     E (80)
  HIGHEST GUST SPEED    19   HIGHEST GUST DIRECTION     E (80)
  AVERAGE WIND SPEED     2.8


SKY COVER
  POSSIBLE SUNSHINE  MM
  AVERAGE SKY COVER 0.4


WEATHER CONDITIONS
 THE FOLLOWING WEATHER WAS RECORDED YESTERDAY.
  NO SIGNIFICANT WEATHER WAS OBSERVED.


RELATIVE HUMIDITY (PERCENT)
 HIGHEST   100           400 AM
 LOWEST     46           300 PM
 AVERAGE    73

..........................................................


THE JACKSON CLIMATE NORMALS FOR TODAY
                         NORMAL    RECORD    YEAR
 MAXIMUM TEMPERATURE (F)   84        96      1936
                                             1921
 MINIMUM TEMPERATURE (F)   61        44      1975


SUNRISE AND SUNSET
SEPTEMBER 26 2017.....SUNRISE   651 AM CDT   SUNSET   651 PM CDT
SEPTEMBER 27 2017.....SUNRISE   652 AM CDT   SUNSET   650 PM CDT


-  INDICATES NEGATIVE NUMBERS.
R  INDICATES RECORD WAS SET OR TIED.
MM INDICATES DATA IS MISSING.
T  INDICATES TRACE AMOUNT.

&&

AT 2 AM:

THE PEARL RIVER STAGE AT JACKSON WAS 3.7 FEET. THE RIVER HAS REMAINED STEADY
OVER THE PAST 24 HOURS.

THE MISSISSIPPI RIVER STAGE AT VICKSBURG WAS 9.1 FEET. THE RIVER FELL
0.4 FEET OVER THE PAST 24 HOURS.




$$
