000
CDUS44 KJAN 260839
CLIJAN


CLIMATE REPORT
NATIONAL WEATHER SERVICE JACKSON MS
235 AM CST FRI DEC 26 2014


...................................

...THE JACKSON CLIMATE SUMMARY FOR DECEMBER 25 2014...

CLIMATE NORMAL PERIOD 1981 TO 2010
CLIMATE RECORD PERIOD 1896 TO 2014


WEATHER ITEM   OBSERVED TIME   RECORD YEAR NORMAL DEPARTURE LAST
                VALUE   (LST)  VALUE       VALUE  FROM      YEAR
                                                  NORMAL
..................................................................
TEMPERATURE (F)
 YESTERDAY
  MAXIMUM         56    357 PM  80    1942  56      0       51
  MINIMUM         30    654 AM   7    1983  36     -6       23
  AVERAGE         43                        46     -3       37

PRECIPITATION (IN)
  YESTERDAY        0.00          4.15 1926   0.17  -0.17     0.00
  MONTH TO DATE    2.34                      4.26  -1.92     3.67
  SINCE DEC 1      2.34                      4.26  -1.92     3.67
  SINCE JAN 1     54.60                     53.25   1.35    63.43

SNOWFALL (IN)
  YESTERDAY        0.0           T    2010   0.0    0.0      0.0
                                      2002
                                      1983
  MONTH TO DATE    0.0                       0.2   -0.2      0.0
  SINCE DEC 1      0.0                       0.2   -0.2      0.0
  SINCE JUL 1      0.0                       0.2   -0.2      0.0

DEGREE DAYS
 HEATING
  YESTERDAY       22                        19      3       28
  MONTH TO DATE  331                       426    -95      432
  SINCE DEC 1    331                       426    -95      432
  SINCE JUL 1    831                       834     -3      894

 COOLING
  YESTERDAY        0                         0      0        0
  MONTH TO DATE    2                         0      2       12
  SINCE DEC 1      2                         0      2       12
  SINCE JAN 1   2285                      2253     32     2359
..................................................................


WIND (MPH)
  HIGHEST WIND SPEED    13   HIGHEST WIND DIRECTION    SE (140)
  HIGHEST GUST SPEED    16   HIGHEST GUST DIRECTION    SE (140)
  AVERAGE WIND SPEED     4.6


SKY COVER
  POSSIBLE SUNSHINE  MM
  AVERAGE SKY COVER 0.0


WEATHER CONDITIONS
 THE FOLLOWING WEATHER WAS RECORDED YESTERDAY.
  NO SIGNIFICANT WEATHER WAS OBSERVED.


RELATIVE HUMIDITY (PERCENT)
 HIGHEST    96           300 AM
 LOWEST     38           200 PM
 AVERAGE    67

..........................................................


THE JACKSON CLIMATE NORMALS FOR TODAY
                         NORMAL    RECORD    YEAR
 MAXIMUM TEMPERATURE (F)   56        78      1971
 MINIMUM TEMPERATURE (F)   36         9      1983


SUNRISE AND SUNSET
DECEMBER 26 2014......SUNRISE   700 AM CST   SUNSET   502 PM CST
DECEMBER 27 2014......SUNRISE   700 AM CST   SUNSET   503 PM CST


-  INDICATES NEGATIVE NUMBERS.
R  INDICATES RECORD WAS SET OR TIED.
MM INDICATES DATA IS MISSING.
T  INDICATES TRACE AMOUNT.

&&

AT 2 AM:

THE PEARL RIVER STAGE AT JACKSON WAS 11.3 FEET. THE RIVER HAS FALLEN
ABOUT 1.4 FEET OVER THE PAST 24 HOURS.

THE MISSISSIPPI RIVER STAGE AT VICKSBURG WAS 16.1 FEET. THE RIVER
HAS FALLEN 1.1 FEET OVER THE PAST 24 HOURS.

$$
