000
CDUS42 KJAX 280541
CLIJAX


CLIMATE REPORT
NATIONAL WEATHER SERVICE JACKSONVILLE FL
141 AM EDT SAT MAY 28 2016


...................................

...THE JACKSONVILLE CLIMATE SUMMARY FOR MAY 27 2016...

CLIMATE NORMAL PERIOD 1981 TO 2010
CLIMATE RECORD PERIOD 1871 TO 2016


WEATHER ITEM   OBSERVED TIME   RECORD YEAR NORMAL DEPARTURE LAST
                VALUE   (LST)  VALUE       VALUE  FROM      YEAR
                                                  NORMAL
..................................................................
TEMPERATURE (F)
 YESTERDAY
  MAXIMUM         83   1256 PM  98    1989  88     -5       86
                                      1962
                                      1874
  MINIMUM         59    530 AM  49    1979  66     -7       69
  AVERAGE         71                        77     -6       78

PRECIPITATION (IN)
  YESTERDAY        0.00          5.40 1975   0.11  -0.11     0.00
  MONTH TO DATE    2.26                      2.02   0.24     0.14
  SINCE MAR 1      6.78                      8.61  -1.83     5.10
  SINCE JAN 1     14.43                     15.10  -0.67    11.50

SNOWFALL (IN)
  YESTERDAY        0.0           0.0  2002   0.0    0.0      0.0
                                      2001
  MONTH TO DATE    0.0                       0.0    0.0      0.0
  SINCE MAR 1      0.0                       T      0.0      0.0
  SINCE JUL 1      0.0                       T      0.0       T
  SNOW DEPTH       0

DEGREE DAYS
 HEATING
  YESTERDAY        0                         0      0        0
  MONTH TO DATE    6                         3      3        2
  SINCE MAR 1    101                       214   -113       89
  SINCE JUL 1    949                      1347   -398     1337

 COOLING
  YESTERDAY        6                        12     -6       13
  MONTH TO DATE  250                       239     11      272
  SINCE MAR 1    502                       406     96      595
  SINCE JAN 1    526                       435     91      608
..................................................................


WIND (MPH)
  HIGHEST WIND SPEED    20   HIGHEST WIND DIRECTION     E (70)
  HIGHEST GUST SPEED    26   HIGHEST GUST DIRECTION     E (70)
  AVERAGE WIND SPEED     7.3


SKY COVER
  POSSIBLE SUNSHINE  MM
  AVERAGE SKY COVER 0.4


WEATHER CONDITIONS
 THE FOLLOWING WEATHER WAS RECORDED YESTERDAY.
  NO SIGNIFICANT WEATHER WAS OBSERVED.


RELATIVE HUMIDITY (PERCENT)
 HIGHEST    97           300 AM
 LOWEST     54          1100 AM
 AVERAGE    76

..........................................................


THE JACKSONVILLE CLIMATE NORMALS FOR TODAY
                         NORMAL    RECORD    YEAR
 MAXIMUM TEMPERATURE (F)   88        99      1967
 MINIMUM TEMPERATURE (F)   66        52      1988


SUNRISE AND SUNSET
MAY 28 2016...........SUNRISE   626 AM EDT   SUNSET   823 PM EDT
MAY 29 2016...........SUNRISE   626 AM EDT   SUNSET   823 PM EDT


-  INDICATES NEGATIVE NUMBERS.
R  INDICATES RECORD WAS SET OR TIED.
MM INDICATES DATA IS MISSING.
T  INDICATES TRACE AMOUNT.




$$
