000
CDUS42 KJAX 242126
CLIJAX


CLIMATE REPORT
NATIONAL WEATHER SERVICE JACKSONVILLE FL
526 PM EDT FRI OCT 24 2014


...................................

...THE JACKSONVILLE CLIMATE SUMMARY FOR OCTOBER 24 2014...
VALID TODAY AS OF 0500 PM LOCAL TIME.

CLIMATE NORMAL PERIOD 1981 TO 2010
CLIMATE RECORD PERIOD 1871 TO 2014


WEATHER ITEM   OBSERVED TIME   RECORD YEAR NORMAL DEPARTURE LAST
                VALUE   (LST)  VALUE       VALUE  FROM      YEAR
                                                  NORMAL
..................................................................
TEMPERATURE (F)
 TODAY
  MAXIMUM         75    206 PM  87    1927  79     -4       70
  MINIMUM         46    631 AM  37    2006  58    -12       48
  AVERAGE         61                        68     -7       59

PRECIPITATION (IN)
  TODAY            0.00          4.69 1947   0.09  -0.09     0.00
  MONTH TO DATE    1.87                      3.41  -1.54     1.58
  SINCE SEP 1     11.67                     11.60   0.07     5.16
  SINCE JAN 1     47.76                     46.96   0.80    41.52

SNOWFALL (IN)
  TODAY            0.0           0.0  2002   0.0    0.0      0.0
                                      2001
  MONTH TO DATE    0.0                       0.0    0.0      0.0
  SINCE SEP 1      0.0                       0.0    0.0      0.0
  SINCE JUL 1      0.0                       0.0    0.0      0.0
  SNOW DEPTH       0

DEGREE DAYS
 HEATING
  TODAY            4                         1      3        6
  MONTH TO DATE   16                        12      4        6
  SINCE SEP 1     16                        12      4        6
  SINCE JUL 1     16                        12      4        6

 COOLING
  TODAY            0                         5     -5        0
  MONTH TO DATE  146                       171    -25      189
  SINCE SEP 1    537                       567    -30      599
  SINCE JAN 1   2525                      2557    -32     2528
..................................................................


WIND (MPH)
  HIGHEST WIND SPEED    12   HIGHEST WIND DIRECTION     E (70)
  HIGHEST GUST SPEED    14   HIGHEST GUST DIRECTION    SE (130)
  AVERAGE WIND SPEED     2.9


SKY COVER
  POSSIBLE SUNSHINE  MM
  AVERAGE SKY COVER 0.4


WEATHER CONDITIONS
 THE FOLLOWING WEATHER WAS RECORDED TODAY.
  NO SIGNIFICANT WEATHER WAS OBSERVED.


RELATIVE HUMIDITY (PERCENT)
 HIGHEST   100          1200 AM
 LOWEST     41           200 PM
 AVERAGE    71

..........................................................


THE JACKSONVILLE CLIMATE NORMALS FOR TOMORROW
                         NORMAL    RECORD    YEAR
 MAXIMUM TEMPERATURE (F)   78        89      2010
 MINIMUM TEMPERATURE (F)   57        38      2006


SUNRISE AND SUNSET
OCTOBER 24 2014.......SUNRISE   735 AM EDT   SUNSET   646 PM EDT
OCTOBER 25 2014.......SUNRISE   736 AM EDT   SUNSET   645 PM EDT


-  INDICATES NEGATIVE NUMBERS.
R  INDICATES RECORD WAS SET OR TIED.
MM INDICATES DATA IS MISSING.
T  INDICATES TRACE AMOUNT.




$$
