000
CDUS42 KJAX 250529
CLIJAX


CLIMATE REPORT
NATIONAL WEATHER SERVICE JACKSONVILLE FL
1228 AM EST SUN FEB 25 2018


...................................

...THE JACKSONVILLE CLIMATE SUMMARY FOR FEBRUARY 24 2018...

CLIMATE NORMAL PERIOD 1981 TO 2010
CLIMATE RECORD PERIOD 1871 TO 2018


WEATHER ITEM   OBSERVED TIME   RECORD YEAR NORMAL DEPARTURE LAST
                VALUE   (LST)  VALUE       VALUE  FROM      YEAR
                                                  NORMAL
..................................................................
TEMPERATURE (F)
 YESTERDAY
  MAXIMUM         85    300 PM  88    1962  70     15       79
  MINIMUM         58    605 AM  27    1989  46     12       59
  AVERAGE         72                        58     14       69

PRECIPITATION (IN)
  YESTERDAY        T             1.47 1979   0.12  -0.12     0.00
  MONTH TO DATE    1.37                      2.70  -1.33     1.35
  SINCE DEC 1      7.43                      8.80  -1.37     7.69
  SINCE JAN 1      5.01                      6.00  -0.99     5.40

SNOWFALL (IN)
  YESTERDAY        0.0           0.0  2002   0.0    0.0      0.0
  MONTH TO DATE    0.0                       0.0    0.0      0.0
  SINCE DEC 1      0.0                       T      0.0      0.0
  SINCE JUL 1      0.0                       T      0.0      0.0
  SNOW DEPTH       0

DEGREE DAYS
 HEATING
  YESTERDAY        0                         8     -8        0
  MONTH TO DATE   66                       227   -161       95
  SINCE DEC 1    768                       930   -162      462
  SINCE JUL 1    864                      1103   -239      592

 COOLING
  YESTERDAY        7                         1      6        4
  MONTH TO DATE   85                        19     66       23
  SINCE DEC 1    139                        51     88      102
  SINCE JAN 1     95                        30     65       59
..................................................................


WIND (MPH)
  HIGHEST WIND SPEED    17   HIGHEST WIND DIRECTION     S (160)
  HIGHEST GUST SPEED    21   HIGHEST GUST DIRECTION     S (160)
  AVERAGE WIND SPEED     6.7


SKY COVER
  POSSIBLE SUNSHINE  MM
  AVERAGE SKY COVER 0.3


WEATHER CONDITIONS
 THE FOLLOWING WEATHER WAS RECORDED YESTERDAY.
  FOG


RELATIVE HUMIDITY (PERCENT)
 HIGHEST   100           300 AM
 LOWEST     37           300 PM
 AVERAGE    69

..........................................................


THE JACKSONVILLE CLIMATE NORMALS FOR TODAY
                         NORMAL    RECORD    YEAR
 MAXIMUM TEMPERATURE (F)   70        85      2001
 MINIMUM TEMPERATURE (F)   47        24      1989


SUNRISE AND SUNSET
FEBRUARY 25 2018......SUNRISE   657 AM EST   SUNSET   623 PM EST
FEBRUARY 26 2018......SUNRISE   656 AM EST   SUNSET   623 PM EST


-  INDICATES NEGATIVE NUMBERS.
R  INDICATES RECORD WAS SET OR TIED.
MM INDICATES DATA IS MISSING.
T  INDICATES TRACE AMOUNT.




$$
