000
CDUS42 KJAX 270532
CLIJAX


CLIMATE REPORT
NATIONAL WEATHER SERVICE JACKSONVILLE FL
1231 AM EST TUE JAN 27 2015


...................................

...THE JACKSONVILLE CLIMATE SUMMARY FOR JANUARY 26 2015...

CLIMATE NORMAL PERIOD 1981 TO 2010
CLIMATE RECORD PERIOD 1871 TO 2015


WEATHER ITEM   OBSERVED TIME   RECORD YEAR NORMAL DEPARTURE LAST
                VALUE   (LST)  VALUE       VALUE  FROM      YEAR
                                                  NORMAL
..................................................................
TEMPERATURE (F)
 YESTERDAY
  MAXIMUM         60    243 PM  82    2004  65     -5       61
                                      1950
  MINIMUM         44   1159 PM  17    1905  42      2       36
  AVERAGE         52                        54     -2       49

PRECIPITATION (IN)
  YESTERDAY        0.02          2.31 1937   0.12  -0.10     0.00
  MONTH TO DATE    3.08                      2.73   0.35     6.06
  SINCE DEC 1      6.82                      5.53   1.29     6.92
  SINCE JAN 1      3.08                      2.73   0.35     6.06

SNOWFALL (IN)
  YESTERDAY        0.0           0.0  2002   0.0    0.0      0.0
  MONTH TO DATE    T                         0.0    0.0      0.0
  SINCE DEC 1      T                         T      0.0      0.0
  SINCE JUL 1      T                         T      0.0      0.0
  SNOW DEPTH       0

DEGREE DAYS
 HEATING
  YESTERDAY       13                        12      1       16
  MONTH TO DATE  284                       325    -41      395
  SINCE DEC 1    512                       648   -136      597
  SINCE JUL 1    796                       821    -25      753

 COOLING
  YESTERDAY        0                         0      0        0
  MONTH TO DATE   13                         0     13        9
  SINCE DEC 1     37                        21     16       59
  SINCE JAN 1     13                         0     13        9
..................................................................


WIND (MPH)
  HIGHEST WIND SPEED    25   HIGHEST WIND DIRECTION     W (270)
  HIGHEST GUST SPEED    36   HIGHEST GUST DIRECTION     W (280)
  AVERAGE WIND SPEED    13.5


SKY COVER
  POSSIBLE SUNSHINE  MM
  AVERAGE SKY COVER 0.6


WEATHER CONDITIONS
 THE FOLLOWING WEATHER WAS RECORDED YESTERDAY.
  NO SIGNIFICANT WEATHER WAS OBSERVED.


RELATIVE HUMIDITY (PERCENT)
 HIGHEST   100           300 AM
 LOWEST     47           300 PM
 AVERAGE    74

..........................................................


THE JACKSONVILLE CLIMATE NORMALS FOR TODAY
                         NORMAL    RECORD    YEAR
 MAXIMUM TEMPERATURE (F)   66        84      1962
 MINIMUM TEMPERATURE (F)   42        17      1940


SUNRISE AND SUNSET
JANUARY 27 2015.......SUNRISE   721 AM EST   SUNSET   559 PM EST
JANUARY 28 2015.......SUNRISE   720 AM EST   SUNSET   600 PM EST


-  INDICATES NEGATIVE NUMBERS.
R  INDICATES RECORD WAS SET OR TIED.
MM INDICATES DATA IS MISSING.
T  INDICATES TRACE AMOUNT.




$$
