000
CDUS42 KJAX 012136
CLIJAX


CLIMATE REPORT
NATIONAL WEATHER SERVICE JACKSONVILLE FL
535 PM EDT FRI AUG 1 2014


...................................

...THE JACKSONVILLE CLIMATE SUMMARY FOR AUGUST 1 2014...
VALID TODAY AS OF 0500 PM LOCAL TIME.

CLIMATE NORMAL PERIOD 1981 TO 2010
CLIMATE RECORD PERIOD 1871 TO 2014


WEATHER ITEM   OBSERVED TIME   RECORD YEAR NORMAL DEPARTURE LAST
                VALUE   (LST)  VALUE       VALUE  FROM      YEAR
                                                  NORMAL
..................................................................
TEMPERATURE (F)
 TODAY
  MAXIMUM         93    229 PM 102    1999  92      1       89
  MINIMUM         74    634 AM  68    1966  73      1       73
  AVERAGE         84                        82      2       81

PRECIPITATION (IN)
  TODAY            0.00          3.73 1997   0.21  -0.21     0.56
  MONTH TO DATE    0.00                      0.21  -0.21     0.56
  SINCE JUN 1      7.23                     13.21  -5.98    13.73
  SINCE JAN 1     33.06                     28.77   4.29    30.97

SNOWFALL (IN)
  TODAY            0.0           0.0  2002   0.0    0.0      0.0
                                      2001
  MONTH TO DATE    0.0                       0.0    0.0      0.0
  SINCE JUN 1      0.0                       0.0    0.0      0.0
  SINCE JUL 1      0.0                       0.0    0.0      0.0
  SNOW DEPTH       0

DEGREE DAYS
 HEATING
  TODAY            0                         0      0        0
  MONTH TO DATE    0                         0      0        0
  SINCE JUN 1      0                         0      0        0
  SINCE JUL 1      0                         0      0        0

 COOLING
  TODAY           19                        18      1       16
  MONTH TO DATE   19                        18      1       16
  SINCE JUN 1    987                      1003    -16      979
  SINCE JAN 1   1471                      1487    -16     1415
..................................................................


WIND (MPH)
  HIGHEST WIND SPEED    10   HIGHEST WIND DIRECTION     S (180)
  HIGHEST GUST SPEED    15   HIGHEST GUST DIRECTION     W (270)
  AVERAGE WIND SPEED     3.6


SKY COVER
  POSSIBLE SUNSHINE  MM
  AVERAGE SKY COVER 0.7


WEATHER CONDITIONS
 THE FOLLOWING WEATHER WAS RECORDED TODAY.
  NO SIGNIFICANT WEATHER WAS OBSERVED.


RELATIVE HUMIDITY (PERCENT)
 HIGHEST   100           400 AM
 LOWEST     50           200 PM
 AVERAGE    75

..........................................................


THE JACKSONVILLE CLIMATE NORMALS FOR TOMORROW
                         NORMAL    RECORD    YEAR
 MAXIMUM TEMPERATURE (F)   92       101      1999
 MINIMUM TEMPERATURE (F)   73        68      1997


SUNRISE AND SUNSET
AUGUST  1 2014........SUNRISE   645 AM EDT   SUNSET   821 PM EDT
AUGUST  2 2014........SUNRISE   646 AM EDT   SUNSET   820 PM EDT


-  INDICATES NEGATIVE NUMBERS.
R  INDICATES RECORD WAS SET OR TIED.
MM INDICATES DATA IS MISSING.
T  INDICATES TRACE AMOUNT.




$$
