000
CDUS42 KJAX 050531
CLIJAX


CLIMATE REPORT
NATIONAL WEATHER SERVICE JACKSONVILLE FL
1230 AM EST THU MAR 5 2015


...................................

...THE JACKSONVILLE CLIMATE SUMMARY FOR MARCH 4 2015...

CLIMATE NORMAL PERIOD 1981 TO 2010
CLIMATE RECORD PERIOD 1871 TO 2015


WEATHER ITEM   OBSERVED TIME   RECORD YEAR NORMAL DEPARTURE LAST
                VALUE   (LST)  VALUE       VALUE  FROM      YEAR
                                                  NORMAL
..................................................................
TEMPERATURE (F)
 YESTERDAY
  MAXIMUM         85    438 PM  86    1997  71     14       66
                                      1964
  MINIMUM         62   1046 PM  24    1980  48     14       44
  AVERAGE         74                        60     14       55

PRECIPITATION (IN)
  YESTERDAY        0.00          1.31 2001   0.14  -0.14      T
  MONTH TO DATE    0.20                      0.56  -0.36      T
  SINCE MAR 1      0.20                      0.56  -0.36      T
  SINCE JAN 1      6.60                      7.05  -0.45     9.71

SNOWFALL (IN)
  YESTERDAY        0.0           T    1975   0.0    0.0      0.0
  MONTH TO DATE    0.0                       0.0    0.0      0.0
  SINCE MAR 1      0.0                       0.0    0.0      0.0
  SINCE JUL 1      T                         T      0.0      0.0
  SNOW DEPTH       0

DEGREE DAYS
 HEATING
  YESTERDAY        0                         7     -7       10
  MONTH TO DATE    9                        28    -19       19
  SINCE MAR 1      9                        28    -19       19
  SINCE JUL 1   1257                      1161     96     1096

 COOLING
  YESTERDAY        9                         1      8        0
  MONTH TO DATE   15                         4     11        1
  SINCE MAR 1     15                         4     11        1
  SINCE JAN 1     28                        33     -5       31
..................................................................


WIND (MPH)
  HIGHEST WIND SPEED    23   HIGHEST WIND DIRECTION    SW (240)
  HIGHEST GUST SPEED    29   HIGHEST GUST DIRECTION     W (260)
  AVERAGE WIND SPEED     8.9


SKY COVER
  POSSIBLE SUNSHINE  MM
  AVERAGE SKY COVER 0.4


WEATHER CONDITIONS
 THE FOLLOWING WEATHER WAS RECORDED YESTERDAY.
  NO SIGNIFICANT WEATHER WAS OBSERVED.


RELATIVE HUMIDITY (PERCENT)
 HIGHEST   100           100 AM
 LOWEST     44           200 PM
 AVERAGE    72

..........................................................


THE JACKSONVILLE CLIMATE NORMALS FOR TODAY
                         NORMAL    RECORD    YEAR
 MAXIMUM TEMPERATURE (F)   72        87      1997
                                             1989
                                             1985
 MINIMUM TEMPERATURE (F)   48        28      1971
                                             1893


SUNRISE AND SUNSET
MARCH  5 2015.........SUNRISE   649 AM EST   SUNSET   628 PM EST
MARCH  6 2015.........SUNRISE   648 AM EST   SUNSET   629 PM EST


-  INDICATES NEGATIVE NUMBERS.
R  INDICATES RECORD WAS SET OR TIED.
MM INDICATES DATA IS MISSING.
T  INDICATES TRACE AMOUNT.




$$
