000
CDUS42 KJAX 121246 RRA
CLIJAX

CLIMATE REPORT
NATIONAL WEATHER SERVICE JACKSONVILLE FL
1230 AM EST FRI FEB 12 2016


...................................

...THE JACKSONVILLE CLIMATE SUMMARY FOR FEBRUARY 11 2016...

CLIMATE NORMAL PERIOD 1981 TO 2010
CLIMATE RECORD PERIOD 1871 TO 2016


WEATHER ITEM   OBSERVED TIME   RECORD YEAR NORMAL DEPARTURE LAST
                VALUE   (LST)  VALUE       VALUE  FROM      YEAR
                                                  NORMAL
..................................................................
TEMPERATURE (F)
 YESTERDAY
  MAXIMUM         68    400 PM  84    1939  68      0       64
  MINIMUM         28    634 AM  24    1971  44    -16       40
  AVERAGE         48                        56     -8       52

PRECIPITATION (IN)
  YESTERDAY        0.00          1.80 1981   0.11  -0.11     0.00
  MONTH TO DATE    3.62                      1.18   2.44     1.74
  SINCE DEC 1      7.01                      7.28  -0.27     8.56
  SINCE JAN 1      6.45                      4.48   1.97     4.82

SNOWFALL (IN)
  YESTERDAY        0.0           0.0  2002   0.0    0.0      0.0
  MONTH TO DATE    0.0                       0.0    0.0      0.0
  SINCE DEC 1      0.0                       T      0.0       T
  SINCE JUL 1      0.0                       T      0.0       T
  SNOW DEPTH       0

DEGREE DAYS
 HEATING
  YESTERDAY       17                        10      7       13
  MONTH TO DATE  135                       115     20      142
  SINCE DEC 1    645                       818   -173      732
  SINCE JUL 1    699                       991   -292     1016

 COOLING
  YESTERDAY        0                         1     -1        0
  MONTH TO DATE   14                         6      8        0
  SINCE DEC 1    155                        38    117       37
  SINCE JAN 1     14                        17     -3       13
..................................................................


WIND (MPH)
  HIGHEST WIND SPEED    16   HIGHEST WIND DIRECTION     S (200)
  HIGHEST GUST SPEED    21   HIGHEST GUST DIRECTION     S (200)
  AVERAGE WIND SPEED     6.6


SKY COVER
  POSSIBLE SUNSHINE  MM
  AVERAGE SKY COVER 0.0


WEATHER CONDITIONS
 THE FOLLOWING WEATHER WAS RECORDED YESTERDAY.
  NO SIGNIFICANT WEATHER WAS OBSERVED.


RELATIVE HUMIDITY (PERCENT)
 HIGHEST    92           600 AM
 LOWEST     32           400 PM
 AVERAGE    62

..........................................................


THE JACKSONVILLE CLIMATE NORMALS FOR TODAY
                         NORMAL    RECORD    YEAR
 MAXIMUM TEMPERATURE (F)   68        83      1965
 MINIMUM TEMPERATURE (F)   44        24      2012


SUNRISE AND SUNSET
FEBRUARY 12 2016......SUNRISE   710 AM EST   SUNSET   612 PM EST
FEBRUARY 13 2016......SUNRISE   709 AM EST   SUNSET   613 PM EST


-  INDICATES NEGATIVE NUMBERS.
R  INDICATES RECORD WAS SET OR TIED.
MM INDICATES DATA IS MISSING.
T  INDICATES TRACE AMOUNT.




$$
