000
CDUS44 KMEG 222155
CLIJBR


CLIMATE REPORT
NATIONAL WEATHER SERVICE MEMPHIS TN
455 PM CDT MON MAY 22 2017


...................................

...THE JONESBORO CLIMATE SUMMARY FOR MAY 22 2017...
VALID TODAY AS OF 0400 PM LOCAL TIME.

CLIMATE NORMAL PERIOD 1981 TO 2010
CLIMATE RECORD PERIOD 1897 TO 2017


WEATHER ITEM   OBSERVED TIME   RECORD YEAR NORMAL DEPARTURE LAST
                VALUE   (LST)  VALUE       VALUE  FROM      YEAR
                                                  NORMAL
..................................................................
TEMPERATURE (F)
 TODAY
  MAXIMUM         76    248 PM  98    1901  82     -6       83
  MINIMUM         55    400 AM  40    1924  60     -5       56
  AVERAGE         66                        71     -5       70

PRECIPITATION (IN)
  TODAY            0.00          2.59 1985   0.13  -0.13     0.00
  MONTH TO DATE    4.08                      3.64   0.44     1.78
  SINCE MAR 1     19.03                     13.16   5.87    19.46
  SINCE JAN 1     24.64                     20.31   4.33    23.39

DEGREE DAYS
 HEATING
  TODAY            0                         1     -1        0
  MONTH TO DATE   35                        34      1       28
  SINCE MAR 1    493                       693   -200      494
  SINCE JUL 1   2626                      3649  -1023     2983

 COOLING
  TODAY            1                         7     -6        5
  MONTH TO DATE   99                        94      5       64
  SINCE MAR 1    169                       141     28      114
  SINCE JAN 1    173                       141     32      114
..................................................................


WIND (MPH)
  HIGHEST WIND SPEED    14   HIGHEST WIND DIRECTION     E (100)
  HIGHEST GUST SPEED    22   HIGHEST GUST DIRECTION     E (100)
  AVERAGE WIND SPEED     7.3


SKY COVER
  POSSIBLE SUNSHINE  MM
  AVERAGE SKY COVER 0.0


WEATHER CONDITIONS
 THE FOLLOWING WEATHER WAS RECORDED TODAY.
  NO SIGNIFICANT WEATHER WAS OBSERVED.


RELATIVE HUMIDITY (PERCENT)
 HIGHEST    86           400 AM
 LOWEST     35           100 PM
 AVERAGE    61

..........................................................


THE JONESBORO CLIMATE NORMALS FOR TOMORROW
                         NORMAL    RECORD    YEAR
 MAXIMUM TEMPERATURE (F)   82        97      1921
 MINIMUM TEMPERATURE (F)   60        39      1917


SUNRISE AND SUNSET
MAY 22 2017...........SUNRISE   552 AM CDT   SUNSET   807 PM CDT
MAY 23 2017...........SUNRISE   552 AM CDT   SUNSET   808 PM CDT


-  INDICATES NEGATIVE NUMBERS.
R  INDICATES RECORD WAS SET OR TIED.
MM INDICATES DATA IS MISSING.
T  INDICATES TRACE AMOUNT.




$$
