000
CDUS44 KMEG 230632
CLIJBR


CLIMATE REPORT
NATIONAL WEATHER SERVICE MEMPHIS TN
131 AM CDT FRI JUN 23 2017


...................................

...THE JONESBORO CLIMATE SUMMARY FOR JUNE 22 2017...

CLIMATE NORMAL PERIOD 1981 TO 2010
CLIMATE RECORD PERIOD 1897 TO 2017


WEATHER ITEM   OBSERVED TIME   RECORD YEAR NORMAL DEPARTURE LAST
                VALUE   (LST)  VALUE       VALUE  FROM      YEAR
                                                  NORMAL
..................................................................
TEMPERATURE (F)
 YESTERDAY
  MAXIMUM         91    228 PM 107    1901  90      1       96
  MINIMUM         76    849 PM  50    1992  69      7       79
  AVERAGE         84                        79      5       88

PRECIPITATION (IN)
  YESTERDAY        0.14          1.94 1985   0.15  -0.01     0.00
  MONTH TO DATE    1.44                      2.49  -1.05     0.48
  SINCE JUN 1      1.44                      2.49  -1.05     0.48
  SINCE JAN 1     28.63                     23.77   4.86    32.91

DEGREE DAYS
 HEATING
  YESTERDAY        0                         0      0        0
  MONTH TO DATE    0                         0      0        0
  SINCE JUN 1      0                         0      0        0
  SINCE JUL 1   2628                      3652  -1024     2983

 COOLING
  YESTERDAY       19                        14      5       23
  MONTH TO DATE  298                       263     35      340
  SINCE JUN 1    298                       263     35      340
  SINCE JAN 1    532                       476     56      539
..................................................................


WIND (MPH)
  HIGHEST WIND SPEED    26   HIGHEST WIND DIRECTION     S (160)
  HIGHEST GUST SPEED    37   HIGHEST GUST DIRECTION    SE (150)
  AVERAGE WIND SPEED     8.9


SKY COVER
  POSSIBLE SUNSHINE  MM
  AVERAGE SKY COVER 0.8


WEATHER CONDITIONS
 THE FOLLOWING WEATHER WAS RECORDED YESTERDAY.
  LIGHT RAIN
  FOG


RELATIVE HUMIDITY (PERCENT)
 HIGHEST    97          1100 PM
 LOWEST     63           300 PM
 AVERAGE    80

..........................................................


THE JONESBORO CLIMATE NORMALS FOR TODAY
                         NORMAL    RECORD    YEAR
 MAXIMUM TEMPERATURE (F)   90       107      1901
 MINIMUM TEMPERATURE (F)   69        51      1902


SUNRISE AND SUNSET
JUNE 23 2017..........SUNRISE   547 AM CDT   SUNSET   823 PM CDT
JUNE 24 2017..........SUNRISE   548 AM CDT   SUNSET   823 PM CDT


-  INDICATES NEGATIVE NUMBERS.
R  INDICATES RECORD WAS SET OR TIED.
MM INDICATES DATA IS MISSING.
T  INDICATES TRACE AMOUNT.




$$
