000
CDUS44 KMEG 102257
CLIJBR


CLIMATE REPORT
NATIONAL WEATHER SERVICE MEMPHIS TN
456 PM CST WED FEB 10 2016


...................................

...THE JONESBORO CLIMATE SUMMARY FOR FEBRUARY 10 2016...
VALID TODAY AS OF 0400 PM LOCAL TIME.

CLIMATE NORMAL PERIOD 1981 TO 2010
CLIMATE RECORD PERIOD 1897 TO 2016


WEATHER ITEM   OBSERVED TIME   RECORD YEAR NORMAL DEPARTURE LAST
                VALUE   (LST)  VALUE       VALUE  FROM      YEAR
                                                  NORMAL
..................................................................
TEMPERATURE (F)
 TODAY
  MAXIMUM         38    452 PM  79    1938  50    -12       42
                                      1932
  MINIMUM         21    706 AM   3    1979  31    -10       31
  AVERAGE         30                        40    -10       37

PRECIPITATION (IN)
  TODAY            0.00          2.52 1966   0.13  -0.13     0.00
  MONTH TO DATE    0.14                      1.30  -1.16     0.56
  SINCE DEC 1      8.31                      9.50  -1.19     4.85
  SINCE JAN 1      1.94                      4.73  -2.79     2.06

SNOWFALL (IN)
  TODAY            0.0

DEGREE DAYS
 HEATING
  TODAY           35                        25     10       28
  MONTH TO DATE  240                       256    -16      255
  SINCE DEC 1   1598                      1902   -304     1820
  SINCE JUL 1   2107                      2552   -445     2579

 COOLING
  TODAY            0                         0      0        0
  MONTH TO DATE    0                         0      0        0
  SINCE DEC 1      3                         0      3        0
  SINCE JAN 1      0                         0      0        0
..................................................................


WIND (MPH)
  HIGHEST WIND SPEED    15   HIGHEST WIND DIRECTION    NW (310)
  HIGHEST GUST SPEED    20   HIGHEST GUST DIRECTION    NW (320)
  AVERAGE WIND SPEED     7.6


SKY COVER
  POSSIBLE SUNSHINE  MM
  AVERAGE SKY COVER 0.2


WEATHER CONDITIONS
 THE FOLLOWING WEATHER WAS RECORDED TODAY.
  NO SIGNIFICANT WEATHER WAS OBSERVED.


RELATIVE HUMIDITY (PERCENT)
 HIGHEST    57           600 AM
 LOWEST     32           200 PM
 AVERAGE    45

..........................................................


THE JONESBORO CLIMATE NORMALS FOR TOMORROW
                         NORMAL    RECORD    YEAR
 MAXIMUM TEMPERATURE (F)   50        77      1938
 MINIMUM TEMPERATURE (F)   31         1      1912


SUNRISE AND SUNSET
FEBRUARY 10 2016......SUNRISE   655 AM CST   SUNSET   539 PM CST
FEBRUARY 11 2016......SUNRISE   654 AM CST   SUNSET   540 PM CST


-  INDICATES NEGATIVE NUMBERS.
R  INDICATES RECORD WAS SET OR TIED.
MM INDICATES DATA IS MISSING.
T  INDICATES TRACE AMOUNT.




$$
