000
CDUS44 KMEG 030633
CLIJBR


CLIMATE REPORT
NATIONAL WEATHER SERVICE MEMPHIS TN
133 AM CDT WED JUN 3 2015


...................................

...THE JONESBORO CLIMATE SUMMARY FOR JUNE 2 2015...

CLIMATE NORMAL PERIOD 1981 TO 2010
CLIMATE RECORD PERIOD 1897 TO 2015


WEATHER ITEM   OBSERVED TIME   RECORD YEAR NORMAL DEPARTURE LAST
                VALUE   (LST)  VALUE       VALUE  FROM      YEAR
                                                  NORMAL
..................................................................
TEMPERATURE (F)
 YESTERDAY
  MAXIMUM         73    323 PM 100    1934  86    -13       85
  MINIMUM         57   1156 PM  48    1956  63     -6       70
  AVERAGE         65                        74     -9       78

PRECIPITATION (IN)
  YESTERDAY        0.00          1.18 1957   0.10  -0.10     0.60
  MONTH TO DATE    0.00                      0.20  -0.20     0.60
  SINCE JUN 1      0.00                      0.20  -0.20     0.60
  SINCE JAN 1     25.78                     21.48   4.30    21.88

SNOWFALL (IN)
  YESTERDAY        0.0          MM      MM   0.0    0.0      0.0
  MONTH TO DATE    0.0                       0.0    0.0      0.0
  SINCE JUN 1      0.0                       0.0    0.0      0.0
  SINCE JUL 1      9.4                       4.8    4.6      5.2
  SNOW DEPTH       0

DEGREE DAYS
 HEATING
  YESTERDAY        0                         0      0        0
  MONTH TO DATE    0                         0      0        0
  SINCE JUN 1      0                         0      0        0
  SINCE JUL 1   4014                      3652    362     4150

 COOLING
  YESTERDAY        0                        10    -10       13
  MONTH TO DATE    0                        19    -19       26
  SINCE JUN 1      0                        19    -19       26
  SINCE JAN 1    175                       232    -57      273
..................................................................


WIND (MPH)
  HIGHEST WIND SPEED    14   HIGHEST WIND DIRECTION    NE (50)
  HIGHEST GUST SPEED    17   HIGHEST GUST DIRECTION    NE (30)
  AVERAGE WIND SPEED     6.1


SKY COVER
  POSSIBLE SUNSHINE  MM
  AVERAGE SKY COVER 0.6


WEATHER CONDITIONS
 THE FOLLOWING WEATHER WAS RECORDED YESTERDAY.
  NO SIGNIFICANT WEATHER WAS OBSERVED.


RELATIVE HUMIDITY (PERCENT)
 HIGHEST   100           300 AM
 LOWEST     66           100 PM
 AVERAGE    83

..........................................................


THE JONESBORO CLIMATE NORMALS FOR TODAY
                         NORMAL    RECORD    YEAR
 MAXIMUM TEMPERATURE (F)   86       102      1911
 MINIMUM TEMPERATURE (F)   64        48      1907


SUNRISE AND SUNSET
JUNE  3 2015..........SUNRISE   547 AM CDT   SUNSET   815 PM CDT
JUNE  4 2015..........SUNRISE   547 AM CDT   SUNSET   815 PM CDT


-  INDICATES NEGATIVE NUMBERS.
R  INDICATES RECORD WAS SET OR TIED.
MM INDICATES DATA IS MISSING.
T  INDICATES TRACE AMOUNT.




$$
