000
CDUS44 KMEG 280633
CLIJBR


CLIMATE REPORT
NATIONAL WEATHER SERVICE MEMPHIS TN
132 AM CDT WED SEP 28 2016


...................................

...THE JONESBORO CLIMATE SUMMARY FOR SEPTEMBER 27 2016...

CLIMATE NORMAL PERIOD 1981 TO 2010
CLIMATE RECORD PERIOD 1897 TO 2016


WEATHER ITEM   OBSERVED TIME   RECORD YEAR NORMAL DEPARTURE LAST
                VALUE   (LST)  VALUE       VALUE  FROM      YEAR
                                                  NORMAL
..................................................................
TEMPERATURE (F)
 YESTERDAY
  MAXIMUM         82    318 PM  97    1939  79      3       81
                                      1938
  MINIMUM         48    608 AM  36    1942  56     -8       65
  AVERAGE         65                        68     -3       73

PRECIPITATION (IN)
  YESTERDAY        0.00          3.32 1935   0.12  -0.12     0.03
  MONTH TO DATE    1.94                      2.65  -0.71     2.19
  SINCE SEP 1      1.94                      2.65  -0.71     2.19
  SINCE JAN 1     42.96                     33.76   9.20    42.28

SNOWFALL (IN)
  YESTERDAY        0.0           0.0  2002   0.0    0.0      0.0
                                      2001
  MONTH TO DATE    0.0                       0.0    0.0      0.0
  SINCE SEP 1      0.0                       0.0    0.0      0.0
  SINCE JUL 1      0.0                       0.0    0.0      0.0
  SNOW DEPTH       0

DEGREE DAYS
 HEATING
  YESTERDAY        0                         2     -2        0
  MONTH TO DATE    0                        12    -12        7
  SINCE SEP 1      0                        12    -12        7
  SINCE JUL 1      0                        12    -12        7

 COOLING
  YESTERDAY        0                         4     -4        8
  MONTH TO DATE  349                       213    136      216
  SINCE SEP 1    349                       213    136      216
  SINCE JAN 1   2102                      1759    343     1689
..................................................................


WIND (MPH)
  HIGHEST WIND SPEED    10   HIGHEST WIND DIRECTION    NW (330)
  HIGHEST GUST SPEED    14   HIGHEST GUST DIRECTION    NW (320)
  AVERAGE WIND SPEED     3.7


SKY COVER
  POSSIBLE SUNSHINE  MM
  AVERAGE SKY COVER 0.0


WEATHER CONDITIONS
 THE FOLLOWING WEATHER WAS RECORDED YESTERDAY.
  NO SIGNIFICANT WEATHER WAS OBSERVED.


RELATIVE HUMIDITY (PERCENT)
 HIGHEST    93           500 AM
 LOWEST     23           300 PM
 AVERAGE    58

..........................................................


THE JONESBORO CLIMATE NORMALS FOR TODAY
                         NORMAL    RECORD    YEAR
 MAXIMUM TEMPERATURE (F)   79        97      1953
 MINIMUM TEMPERATURE (F)   55        39      1909
                                             1903


SUNRISE AND SUNSET
SEPTEMBER 28 2016.....SUNRISE   656 AM CDT   SUNSET   650 PM CDT
SEPTEMBER 29 2016.....SUNRISE   656 AM CDT   SUNSET   648 PM CDT


-  INDICATES NEGATIVE NUMBERS.
R  INDICATES RECORD WAS SET OR TIED.
MM INDICATES DATA IS MISSING.
T  INDICATES TRACE AMOUNT.




$$
