000
CDUS44 KMEG 050636
CLIJBR


CLIMATE REPORT
NATIONAL WEATHER SERVICE MEMPHIS TN
135 AM CDT WED AUG 5 2015


...................................

...THE JONESBORO CLIMATE SUMMARY FOR AUGUST 4 2015...

CLIMATE NORMAL PERIOD 1981 TO 2010
CLIMATE RECORD PERIOD 1897 TO 2015


WEATHER ITEM   OBSERVED TIME   RECORD YEAR NORMAL DEPARTURE LAST
                VALUE   (LST)  VALUE       VALUE  FROM      YEAR
                                                  NORMAL
..................................................................
TEMPERATURE (F)
 YESTERDAY
  MAXIMUM         93    259 PM 107    1964  91      2       90
  MINIMUM         71    536 AM  51    1974  71      0       65
  AVERAGE         82                        81      1       78

PRECIPITATION (IN)
  YESTERDAY        0.00          2.56 1975   0.08  -0.08     0.00
  MONTH TO DATE    0.00                      0.33  -0.33     0.00
  SINCE JUN 1      8.69                      7.62   1.07    10.83
  SINCE JAN 1     34.47                     28.90   5.57    32.11

SNOWFALL (IN)
  YESTERDAY        0.0          MM      MM   0.0    0.0      0.0
  MONTH TO DATE    0.0                       0.0    0.0      0.0
  SINCE JUN 1      0.0                       0.0    0.0      0.0
  SINCE JUL 1      0.0                       0.0    0.0      0.0
  SNOW DEPTH       0

DEGREE DAYS
 HEATING
  YESTERDAY        0                         0      0        0
  MONTH TO DATE    0                         0      0        0
  SINCE JUN 1      0                         1     -1        0
  SINCE JUL 1      0                         0      0        0

 COOLING
  YESTERDAY       17                        16      1       13
  MONTH TO DATE   65                        64      1       47
  SINCE JUN 1   1027                       938     89      768
  SINCE JAN 1   1202                      1151     51     1015
..................................................................


WIND (MPH)
  HIGHEST WIND SPEED    14   HIGHEST WIND DIRECTION    SW (240)
  HIGHEST GUST SPEED    17   HIGHEST GUST DIRECTION    SW (240)
  AVERAGE WIND SPEED     4.3


SKY COVER
  POSSIBLE SUNSHINE  MM
  AVERAGE SKY COVER 0.0


WEATHER CONDITIONS
 THE FOLLOWING WEATHER WAS RECORDED YESTERDAY.
  NO SIGNIFICANT WEATHER WAS OBSERVED.


RELATIVE HUMIDITY (PERCENT)
 HIGHEST   100           600 AM
 LOWEST     39           300 PM
 AVERAGE    70

..........................................................


THE JONESBORO CLIMATE NORMALS FOR TODAY
                         NORMAL    RECORD    YEAR
 MAXIMUM TEMPERATURE (F)   91       108      1934
 MINIMUM TEMPERATURE (F)   71        53      1912


SUNRISE AND SUNSET
AUGUST  5 2015........SUNRISE   613 AM CDT   SUNSET   803 PM CDT
AUGUST  6 2015........SUNRISE   614 AM CDT   SUNSET   802 PM CDT


-  INDICATES NEGATIVE NUMBERS.
R  INDICATES RECORD WAS SET OR TIED.
MM INDICATES DATA IS MISSING.
T  INDICATES TRACE AMOUNT.




$$
