000
CDUS44 KMEG 220738
CLIJBR


CLIMATE REPORT
NATIONAL WEATHER SERVICE MEMPHIS TN
138 AM CST WED NOV 22 2017


...................................

...THE JONESBORO CLIMATE SUMMARY FOR NOVEMBER 21 2017...

CLIMATE NORMAL PERIOD 1981 TO 2010
CLIMATE RECORD PERIOD 1897 TO 2017


WEATHER ITEM   OBSERVED TIME   RECORD YEAR NORMAL DEPARTURE LAST
                VALUE   (LST)  VALUE       VALUE  FROM      YEAR
                                                  NORMAL
..................................................................
TEMPERATURE (F)
 YESTERDAY
  MAXIMUM         61    103 PM  80    1913  57      4       59
  MINIMUM         33    338 AM  15    1937  38     -5       30
  AVERAGE         47                        47      0       45

PRECIPITATION (IN)
  YESTERDAY        0.00          2.80 1906   0.17  -0.17     0.00
  MONTH TO DATE    1.00                      3.24  -2.24     0.13
  SINCE SEP 1      2.43                     10.56  -8.13     3.71
  SINCE JAN 1     42.05                     41.67   0.38    44.73

DEGREE DAYS
 HEATING
  YESTERDAY       18                        18      0       20
  MONTH TO DATE  246                       284    -38      171
  SINCE SEP 1    399                       471    -72      202
  SINCE JUL 1    399                       471    -72      202

 COOLING
  YESTERDAY        0                         0      0        0
  MONTH TO DATE   18                         1     17       17
  SINCE SEP 1    425                       279    146      532
  SINCE JAN 1   1958                      1825    133     2285
..................................................................


WIND (MPH)
  HIGHEST WIND SPEED    17   HIGHEST WIND DIRECTION    SW (220)
  HIGHEST GUST SPEED    20   HIGHEST GUST DIRECTION    NE (30)
  AVERAGE WIND SPEED     7.4


SKY COVER
  POSSIBLE SUNSHINE  MM
  AVERAGE SKY COVER 0.0


WEATHER CONDITIONS
 THE FOLLOWING WEATHER WAS RECORDED YESTERDAY.
  NO SIGNIFICANT WEATHER WAS OBSERVED.


RELATIVE HUMIDITY (PERCENT)
 HIGHEST    86           700 PM
 LOWEST     49           100 PM
 AVERAGE    68

..........................................................


THE JONESBORO CLIMATE NORMALS FOR TODAY
                         NORMAL    RECORD    YEAR
 MAXIMUM TEMPERATURE (F)   56        80      1931
 MINIMUM TEMPERATURE (F)   37        17      1964


SUNRISE AND SUNSET
NOVEMBER 22 2017......SUNRISE   646 AM CST   SUNSET   451 PM CST
NOVEMBER 23 2017......SUNRISE   647 AM CST   SUNSET   451 PM CST


-  INDICATES NEGATIVE NUMBERS.
R  INDICATES RECORD WAS SET OR TIED.
MM INDICATES DATA IS MISSING.
T  INDICATES TRACE AMOUNT.




$$
