000
CDUS44 KMEG 222256
CLIJBR


CLIMATE REPORT
NATIONAL WEATHER SERVICE MEMPHIS TN
453 PM CST SUN JAN 22 2017


...................................

...THE JONESBORO CLIMATE SUMMARY FOR JANUARY 22 2017...
VALID TODAY AS OF 0400 PM LOCAL TIME.

CLIMATE NORMAL PERIOD 1981 TO 2010
CLIMATE RECORD PERIOD 1897 TO 2017


WEATHER ITEM   OBSERVED TIME   RECORD YEAR NORMAL DEPARTURE LAST
                VALUE   (LST)  VALUE       VALUE  FROM      YEAR
                                                  NORMAL
..................................................................
TEMPERATURE (F)
 TODAY
  MAXIMUM         58    259 PM  71    1921  46     12       37
  MINIMUM         51    736 AM   0    1930  29     22       27
  AVERAGE         55                        38     17       32

PRECIPITATION (IN)
  TODAY            0.24          3.10 1937   0.10   0.14      T
  MONTH TO DATE    3.65                      2.36   1.29     1.64
  SINCE DEC 1      8.11                      7.13   0.98     8.01
  SINCE JAN 1      3.65                      2.36   1.29     1.64

DEGREE DAYS
 HEATING
  TODAY           10                        27    -17       33
  MONTH TO DATE  470                       615   -145      650
  SINCE DEC 1   1205                      1407   -202     1154
  SINCE JUL 1   1554                      2057   -503     1663

 COOLING
  TODAY            0                         0      0        0
  MONTH TO DATE    0                         0      0        0
  SINCE DEC 1      0                         0      0        3
  SINCE JAN 1      0                         0      0        0
..................................................................


WIND (MPH)
  HIGHEST WIND SPEED    12   HIGHEST WIND DIRECTION    NE (50)
  HIGHEST GUST SPEED    14   HIGHEST GUST DIRECTION    NE (50)
  AVERAGE WIND SPEED     3.1


SKY COVER
  POSSIBLE SUNSHINE  MM
  AVERAGE SKY COVER 0.9


WEATHER CONDITIONS
 THE FOLLOWING WEATHER WAS RECORDED TODAY.
  HEAVY RAIN
  RAIN
  LIGHT RAIN
  FOG


RELATIVE HUMIDITY (PERCENT)
 HIGHEST   100           600 AM
 LOWEST     80          1200 AM
 AVERAGE    90

..........................................................


THE JONESBORO CLIMATE NORMALS FOR TOMORROW
                         NORMAL    RECORD    YEAR
 MAXIMUM TEMPERATURE (F)   47        75      1943
 MINIMUM TEMPERATURE (F)   29         3      1918


SUNRISE AND SUNSET
JANUARY 22 2017.......SUNRISE   709 AM CST   SUNSET   520 PM CST
JANUARY 23 2017.......SUNRISE   709 AM CST   SUNSET   521 PM CST


-  INDICATES NEGATIVE NUMBERS.
R  INDICATES RECORD WAS SET OR TIED.
MM INDICATES DATA IS MISSING.
T  INDICATES TRACE AMOUNT.




$$
