000
CDUS45 KGGW 280023
CLIJDN


CLIMATE REPORT
NATIONAL WEATHER SERVICE GLASGOW MT
622 PM MDT SAT MAY 27 2017


...................................

...THE JORDAN  ASOS MT CLIMATE SUMMARY FOR MAY 27 2017...
VALID TODAY AS OF 0500 PM LOCAL TIME.

CLIMATE NORMAL PERIOD 1981 TO 2010
CLIMATE RECORD PERIOD 9999 TO 9999


WEATHER ITEM   OBSERVED TIME   RECORD YEAR NORMAL DEPARTURE LAST
                VALUE   (LST)  VALUE       VALUE  FROM      YEAR
                                                  NORMAL
..................................................................
TEMPERATURE (F)
 TODAY
  MAXIMUM         79        MM  MM      MM  70      9       69
  MINIMUM         40    100 AM  MM      MM  43     -3       50
  AVERAGE         60                        56      4       60

PRECIPITATION (IN)
  TODAY            0.00         MM      MM   0.10  -0.10     0.01
  MONTH TO DATE    0.29                      1.78  -1.49     1.64
  SINCE OCT 1      5.72                      5.40   0.32     9.54
  SINCE JAN 1      2.51                      3.86  -1.35     5.85

SNOWFALL (IN)
  TODAY            0.0          MM      MM  MM     MM        0.0
  MONTH TO DATE    0.0                      MM     MM        0.0
  SINCE MAR 1      0.0                      MM     MM        0.0
  SINCE JUL 1      0.0                      MM     MM        0.0
  SNOW DEPTH       0

DEGREE DAYS
 HEATING
  TODAY            5                         9     -4        5
  MONTH TO DATE  284                       353    -69      296
  SINCE MAR 1   1729                      1969   -240     1652
  SINCE JUL 1   7475                      8087   -612     7001

 COOLING
  TODAY            0                         0      0        0
  MONTH TO DATE   12                         0     12        3
  SINCE MAR 1     12                         0     12        3
  SINCE JAN 1     12                         0     12        3
..................................................................


WIND (MPH)
  HIGHEST WIND SPEED    22   HIGHEST WIND DIRECTION    NW (300)
  HIGHEST GUST SPEED    38   HIGHEST GUST DIRECTION    NW (310)
  AVERAGE WIND SPEED    13.5


SKY COVER
  POSSIBLE SUNSHINE  MM
  AVERAGE SKY COVER 0.0


WEATHER CONDITIONS
 THE FOLLOWING WEATHER WAS RECORDED TODAY.
  NO SIGNIFICANT WEATHER WAS OBSERVED.


RELATIVE HUMIDITY (PERCENT)
 HIGHEST    79           100 AM
 LOWEST     16           200 PM
 AVERAGE    48

..........................................................


THE JORDAN  ASOS MT CLIMATE NORMALS FOR TOMORROW
                         NORMAL    RECORD    YEAR
 MAXIMUM TEMPERATURE (F)   70        MM        MM
 MINIMUM TEMPERATURE (F)   43        MM        MM


SUNRISE AND SUNSET
MAY 27 2017...........SUNRISE   518 AM MDT   SUNSET   851 PM MDT
MAY 28 2017...........SUNRISE   517 AM MDT   SUNSET   853 PM MDT


-  INDICATES NEGATIVE NUMBERS.
R  INDICATES RECORD WAS SET OR TIED.
MM INDICATES DATA IS MISSING.
T  INDICATES TRACE AMOUNT.




$$
