000
CDUS45 KGGW 300741
CLIJDN


CLIMATE REPORT
NATIONAL WEATHER SERVICE GLASGOW MT
141 AM MDT SUN AUG 30 2015


...................................

...THE JORDAN  ASOS MT CLIMATE SUMMARY FOR AUGUST 29 2015...

CLIMATE NORMAL PERIOD 1981 TO 2010
CLIMATE RECORD PERIOD 9999 TO 9999


WEATHER ITEM   OBSERVED TIME   RECORD YEAR NORMAL DEPARTURE LAST
                VALUE   (LST)  VALUE       VALUE  FROM      YEAR
                                                  NORMAL
..................................................................
TEMPERATURE (F)
 YESTERDAY
  MAXIMUM         98    259 PM  MM      MM  82     16       74
  MINIMUM         58   1224 AM  MM      MM  48     10       57
  AVERAGE         78                        65     13       66

PRECIPITATION (IN)
  YESTERDAY        0.00         MM      MM   0.03  -0.03     0.26
  MONTH TO DATE    1.60                      1.13   0.47     6.50
  SINCE OCT 1     11.75                     11.40   0.35    14.27
  SINCE JAN 1     10.56                      9.86   0.70    11.86

SNOWFALL (IN)
  YESTERDAY        0.0          MM      MM  MM     MM        0.0
  MONTH TO DATE    0.0                      MM     MM        0.0
  SINCE JUN 1      0.0                      MM     MM        0.0
  SINCE JUL 1      0.0                      MM     MM        0.0
  SNOW DEPTH       0

DEGREE DAYS
 HEATING
  YESTERDAY        0                         3     -3        0
  MONTH TO DATE   51                        35     16       41
  SINCE JUN 1     97                       185    -88      176
  SINCE JUL 1     53                        60     -7       46

 COOLING
  YESTERDAY       13                         3     10        1
  MONTH TO DATE  193                       157     36      178
  SINCE JUN 1    497                       382    115      426
  SINCE JAN 1    497                       388    109      451
..................................................................


WIND (MPH)
  HIGHEST WIND SPEED    15   HIGHEST WIND DIRECTION     S (160)
  HIGHEST GUST SPEED    20   HIGHEST GUST DIRECTION     S (170)
  AVERAGE WIND SPEED     5.6


SKY COVER
  POSSIBLE SUNSHINE  MM
  AVERAGE SKY COVER 0.0


WEATHER CONDITIONS
 THE FOLLOWING WEATHER WAS RECORDED YESTERDAY.
  NO SIGNIFICANT WEATHER WAS OBSERVED.


RELATIVE HUMIDITY (PERCENT)
 HIGHEST    51           100 AM
 LOWEST     13           100 PM
 AVERAGE    32

..........................................................


THE JORDAN  ASOS MT CLIMATE NORMALS FOR TODAY
                         NORMAL    RECORD    YEAR
 MAXIMUM TEMPERATURE (F)   81        MM        MM
 MINIMUM TEMPERATURE (F)   48        MM        MM


SUNRISE AND SUNSET
AUGUST 30 2015........SUNRISE   623 AM MDT   SUNSET   752 PM MDT
AUGUST 31 2015........SUNRISE   625 AM MDT   SUNSET   750 PM MDT


-  INDICATES NEGATIVE NUMBERS.
R  INDICATES RECORD WAS SET OR TIED.
MM INDICATES DATA IS MISSING.
T  INDICATES TRACE AMOUNT.




$$
