000
CDUS45 KGGW 280015
CLIJDN


CLIMATE REPORT
NATIONAL WEATHER SERVICE GLASGOW MT
615 PM MDT THU JUL 27 2017


...................................

...THE JORDAN  ASOS MT CLIMATE SUMMARY FOR JULY 27 2017...
VALID TODAY AS OF 0500 PM LOCAL TIME.

CLIMATE NORMAL PERIOD 1981 TO 2010
CLIMATE RECORD PERIOD 9999 TO 9999


WEATHER ITEM   OBSERVED TIME   RECORD YEAR NORMAL DEPARTURE LAST
                VALUE   (LST)  VALUE       VALUE  FROM      YEAR
                                                  NORMAL
..................................................................
TEMPERATURE (F)
 TODAY
  MAXIMUM         93        MM  MM      MM  87      6       80
  MINIMUM         65        MM  MM      MM  56      9       61
  AVERAGE         79                        72      7       71

PRECIPITATION (IN)
  TODAY            0.00         MM      MM   0.04  -0.04     0.31
  MONTH TO DATE    0.28                      1.70  -1.42     1.99
  SINCE OCT 1      6.77                     10.10  -3.33    12.91
  SINCE JAN 1      3.56                      8.56  -5.00     9.22

SNOWFALL (IN)
  TODAY            0.0          MM      MM  MM     MM        0.0
  MONTH TO DATE    0.0                      MM     MM        0.0
  SINCE JUN 1      0.0                      MM     MM        0.0
  SINCE JUL 1      0.0                      MM     MM        0.0
  SNOW DEPTH       0

DEGREE DAYS
 HEATING
  TODAY            0                         0      0        0
  MONTH TO DATE    0                        27    -27       13
  SINCE JUN 1     62                       152    -90       49
  SINCE JUL 1      0                        27    -27       13

 COOLING
  TODAY           14                         7      7        6
  MONTH TO DATE  329                       150    179      165
  SINCE JUN 1    402                       198    204      243
  SINCE JAN 1    416                       204    212      246
..................................................................


WIND (MPH)
  HIGHEST WIND SPEED    22   HIGHEST WIND DIRECTION    SE (120)
  HIGHEST GUST SPEED    36   HIGHEST GUST DIRECTION     E (100)
  AVERAGE WIND SPEED     7.6


SKY COVER
  POSSIBLE SUNSHINE  MM
  AVERAGE SKY COVER 0.0


WEATHER CONDITIONS
 THE FOLLOWING WEATHER WAS RECORDED TODAY.
  NO SIGNIFICANT WEATHER WAS OBSERVED.


RELATIVE HUMIDITY (PERCENT)
 HIGHEST    52           500 AM
 LOWEST     26           100 PM
 AVERAGE    39

..........................................................


THE JORDAN  ASOS MT CLIMATE NORMALS FOR TOMORROW
                         NORMAL    RECORD    YEAR
 MAXIMUM TEMPERATURE (F)   87        MM        MM
 MINIMUM TEMPERATURE (F)   56        MM        MM


SUNRISE AND SUNSET
JULY 27 2017..........SUNRISE   540 AM MDT   SUNSET   847 PM MDT
JULY 28 2017..........SUNRISE   541 AM MDT   SUNSET   846 PM MDT


-  INDICATES NEGATIVE NUMBERS.
R  INDICATES RECORD WAS SET OR TIED.
MM INDICATES DATA IS MISSING.
T  INDICATES TRACE AMOUNT.




$$
