000
CDUS45 KGGW 241333
CLIJDN


CLIMATE REPORT
NATIONAL WEATHER SERVICE GLASGOW MT
633 AM MST TUE JAN 24 2017


...................................

...THE JORDAN  ASOS MT CLIMATE SUMMARY FOR JANUARY 24 2017...
VALID AS OF 0600 AM LOCAL TIME.

CLIMATE NORMAL PERIOD 1981 TO 2010
CLIMATE RECORD PERIOD 9999 TO 9999


WEATHER ITEM   OBSERVED TIME   RECORD YEAR NORMAL DEPARTURE LAST
                VALUE   (LST)  VALUE       VALUE  FROM      YEAR
                                                  NORMAL
..................................................................
TEMPERATURE (F)
 TODAY
  MAXIMUM         22    200 AM  MM      MM  29     -7       32
  MINIMUM         20    600 AM  MM      MM   6     14       21
  AVERAGE         21                        18      3       27

PRECIPITATION (IN)
  TODAY            0.00         MM      MM   0.01  -0.01     0.17
  MONTH TO DATE    0.54                      0.19   0.35     0.42
  SINCE OCT 1      3.75                      1.73   2.02     4.11
  SINCE JAN 1      0.54                      0.19   0.35     0.42

SNOWFALL (IN)
  TODAY            0.0          MM      MM  MM     MM       MM
  MONTH TO DATE    0.0                      MM     MM        0.0
  SINCE DEC 1      0.0                      MM     MM        0.0
  SINCE JUL 1      0.0                      MM     MM        0.0
  SNOW DEPTH      MM

DEGREE DAYS
 HEATING
  TODAY           44                        47     -3       38
  MONTH TO DATE 1295                      1155    140     1187
  SINCE DEC 1   2893                      2587    306     2530
  SINCE JUL 1   4456                      4605   -149     4235

 COOLING
  TODAY            0                         0      0        0
  MONTH TO DATE    0                         0      0        0
  SINCE DEC 1      0                         0      0        0
  SINCE JAN 1      0                         0      0        0
..................................................................


WIND (MPH)
  HIGHEST WIND SPEED     9   HIGHEST WIND DIRECTION     N (350)
  HIGHEST GUST SPEED    MM   HIGHEST GUST DIRECTION    MM
  AVERAGE WIND SPEED     5.9


SKY COVER
  POSSIBLE SUNSHINE  MM
  AVERAGE SKY COVER 0.0


WEATHER CONDITIONS
 THE FOLLOWING WEATHER WAS RECORDED TODAY.
  NO SIGNIFICANT WEATHER WAS OBSERVED.


RELATIVE HUMIDITY (PERCENT)
 HIGHEST    91           500 AM
 LOWEST     84          1200 AM
 AVERAGE    88

..........................................................


THE JORDAN  ASOS MT CLIMATE NORMALS FOR TOMORROW
                         NORMAL    RECORD    YEAR
 MAXIMUM TEMPERATURE (F)   30        MM        MM
 MINIMUM TEMPERATURE (F)    7        MM        MM


SUNRISE AND SUNSET
JANUARY 24 2017.......SUNRISE   742 AM MST   SUNSET   458 PM MST
JANUARY 25 2017.......SUNRISE   741 AM MST   SUNSET   459 PM MST


-  INDICATES NEGATIVE NUMBERS.
R  INDICATES RECORD WAS SET OR TIED.
MM INDICATES DATA IS MISSING.
T  INDICATES TRACE AMOUNT.




$$
