000
CDUS45 KBOI 020931
CLIJER


CLIMATE REPORT
NATIONAL WEATHER SERVICE BOISE ID
231 AM MST MON MAR 2 2015


...................................

...THE JEROME ID CLIMATE SUMMARY FOR MARCH 1 2015...

CLIMATE NORMAL PERIOD 1981 TO 2010
CLIMATE RECORD PERIOD 1919 TO 2015


WEATHER ITEM   OBSERVED TIME   RECORD YEAR NORMAL DEPARTURE LAST
                VALUE   (LST)  VALUE       VALUE  FROM      YEAR
                                                  NORMAL
..................................................................
TEMPERATURE (F)
 YESTERDAY
  MAXIMUM         46    402 PM  70    1992  45      1       48
  MINIMUM         21    724 AM  -1    1993  26     -5       37
  AVERAGE         34                        35     -1       43

PRECIPITATION (IN)
  YESTERDAY        0.00          0.32 1962   0.03  -0.03     0.09
  MONTH TO DATE    0.00                      0.03  -0.03     0.09
  SINCE OCT 1      4.41                      5.49  -1.08     3.03
  SINCE JAN 1      1.51                      1.97  -0.46     2.43

DEGREE DAYS
 HEATING
  YESTERDAY       31                        30      1       22
  MONTH TO DATE   31                        30      1       22
  SINCE MAR 1     31                        30      1       22
  SINCE JUL 1   4073                      4917   -844     4690

 COOLING
  YESTERDAY        0                         0      0        0
  MONTH TO DATE    0                         0      0        0
  SINCE MAR 1      0                         0      0        0
  SINCE JAN 1      0                         0      0        0
..................................................................


WIND (MPH)
  HIGHEST WIND SPEED    22   HIGHEST WIND DIRECTION    NE (60)
  HIGHEST GUST SPEED    25   HIGHEST GUST DIRECTION     E (70)
  AVERAGE WIND SPEED    11.3


SKY COVER
  AVERAGE SKY COVER 0.0


WEATHER CONDITIONS
 THE FOLLOWING WEATHER WAS RECORDED YESTERDAY.
  NO SIGNIFICANT WEATHER WAS OBSERVED.


RELATIVE HUMIDITY (PERCENT)
 HIGHEST    59           500 AM
 LOWEST     17           100 PM
 AVERAGE    38

..........................................................


THE JEROME ID CLIMATE NORMALS FOR TODAY
                         NORMAL    RECORD    YEAR
 MAXIMUM TEMPERATURE (F)   45        66      1992
 MINIMUM TEMPERATURE (F)   26         0      1993


SUNRISE AND SUNSET
MARCH  2 2015.........SUNRISE   712 AM MST   SUNSET   628 PM MST
MARCH  3 2015.........SUNRISE   711 AM MST   SUNSET   630 PM MST


-  INDICATES NEGATIVE NUMBERS.
R  INDICATES RECORD WAS SET OR TIED.
MM INDICATES DATA IS MISSING.
T  INDICATES TRACE AMOUNT.




$$
