000
CDUS45 KBOI 170930
CLIJER


CLIMATE REPORT
NATIONAL WEATHER SERVICE BOISE ID
330 AM MDT THU AUG 17 2017


...................................

...THE JEROME ID CLIMATE SUMMARY FOR AUGUST 16 2017...

CLIMATE NORMAL PERIOD 1981 TO 2010
CLIMATE RECORD PERIOD 1915 TO 2017


WEATHER ITEM   OBSERVED TIME   RECORD YEAR NORMAL DEPARTURE LAST
                VALUE   (LST)  VALUE       VALUE  FROM      YEAR
                                                  NORMAL
..................................................................
TEMPERATURE (F)
 YESTERDAY
  MAXIMUM         86    510 PM 105    2003  87     -1       95
  MINIMUM         52    447 AM  43    1976  55     -3       56
  AVERAGE         69                        71     -2       76

PRECIPITATION (IN)
  YESTERDAY        0.00          0.09 1998   0.01  -0.01     0.00
  MONTH TO DATE    0.02                      0.13  -0.11      T
  SINCE OCT 1     11.32                     10.25   1.07     9.99
  SINCE JAN 1      6.80                      6.73   0.07     5.40

DEGREE DAYS
 HEATING
  YESTERDAY        0                         0      0        0
  MONTH TO DATE    1                         0      1        3
  SINCE JUN 1     65                       119    -54       60
  SINCE JUL 1      1                        12    -11       18

 COOLING
  YESTERDAY        4                         6     -2       11
  MONTH TO DATE  149                       112     37       97
  SINCE JUN 1    662                       382    280      489
  SINCE JAN 1    678                       395    283      493
..................................................................


WIND (MPH)
  HIGHEST WIND SPEED    13   HIGHEST WIND DIRECTION    SW (240)
  HIGHEST GUST SPEED    15   HIGHEST GUST DIRECTION     W (250)
  AVERAGE WIND SPEED     6.7


SKY COVER
  AVERAGE SKY COVER 0.0


WEATHER CONDITIONS
 THE FOLLOWING WEATHER WAS RECORDED YESTERDAY.
  NO SIGNIFICANT WEATHER WAS OBSERVED.


RELATIVE HUMIDITY (PERCENT)
 HIGHEST    72           700 AM
 LOWEST     20           400 PM
 AVERAGE    46

..........................................................


THE JEROME ID CLIMATE NORMALS FOR TODAY
                         NORMAL    RECORD    YEAR
 MAXIMUM TEMPERATURE (F)   86       100      2001
 MINIMUM TEMPERATURE (F)   54        40      1954


SUNRISE AND SUNSET
AUGUST 17 2017........SUNRISE   647 AM MDT   SUNSET   836 PM MDT
AUGUST 18 2017........SUNRISE   648 AM MDT   SUNSET   834 PM MDT


-  INDICATES NEGATIVE NUMBERS.
R  INDICATES RECORD WAS SET OR TIED.
MM INDICATES DATA IS MISSING.
T  INDICATES TRACE AMOUNT.




$$
