000
CDUS45 KBOI 190931
CLIJER


CLIMATE REPORT
NATIONAL WEATHER SERVICE BOISE ID
331 AM MDT SAT APR 19 2014


...................................

...THE JEROME ID CLIMATE SUMMARY FOR APRIL 18 2014...

CLIMATE NORMAL PERIOD 1981 TO 2010
CLIMATE RECORD PERIOD 1919 TO 2014


WEATHER ITEM   OBSERVED TIME   RECORD YEAR NORMAL DEPARTURE LAST
                VALUE   (LST)  VALUE       VALUE  FROM      YEAR
                                                  NORMAL
..................................................................
TEMPERATURE (F)
 YESTERDAY
  MAXIMUM         60    423 PM  85    1994  59      1       53
  MINIMUM         39   1122 PM  20    1968  35      4       24
  AVERAGE         50                        47      3       39

PRECIPITATION (IN)
  YESTERDAY        0.06          0.42 1992   0.04   0.02     0.00
  MONTH TO DATE    0.18                      0.78  -0.60     0.67
  SINCE OCT 1      4.43                      7.32  -2.89     5.47
  SINCE JAN 1      3.83                      3.80   0.03     2.17

DEGREE DAYS
 HEATING
  YESTERDAY       15                        18     -3       26
  MONTH TO DATE  308                       351    -43      380
  SINCE MAR 1   1008                      1120   -112     1103
  SINCE JUL 1   5676                      6007   -331     5728

 COOLING
  YESTERDAY        0                         0      0        0
  MONTH TO DATE    0                         0      0        0
  SINCE MAR 1      0                         0      0        0
  SINCE JAN 1      0                         0      0        0
..................................................................


WIND (MPH)
  HIGHEST WIND SPEED    25   HIGHEST WIND DIRECTION     W (250)
  HIGHEST GUST SPEED    33   HIGHEST GUST DIRECTION     W (280)
  AVERAGE WIND SPEED    14.8


SKY COVER
  AVERAGE SKY COVER 0.4


WEATHER CONDITIONS
 THE FOLLOWING WEATHER WAS RECORDED YESTERDAY.
  LIGHT RAIN


RELATIVE HUMIDITY (PERCENT)
 HIGHEST    92           300 AM
 LOWEST     25           400 PM
 AVERAGE    59

..........................................................


THE JEROME ID CLIMATE NORMALS FOR TODAY
                         NORMAL    RECORD    YEAR
 MAXIMUM TEMPERATURE (F)   59        89      1962
 MINIMUM TEMPERATURE (F)   36        23      1982


SUNRISE AND SUNSET
APRIL 19 2014.........SUNRISE   650 AM MDT   SUNSET   825 PM MDT
APRIL 20 2014.........SUNRISE   648 AM MDT   SUNSET   826 PM MDT


-  INDICATES NEGATIVE NUMBERS.
R  INDICATES RECORD WAS SET OR TIED.
MM INDICATES DATA IS MISSING.
T  INDICATES TRACE AMOUNT.




$$
