684
CDUS45 KBOI 220931
CLIJER


CLIMATE REPORT
NATIONAL WEATHER SERVICE BOISE ID
331 AM MDT SUN OCT 22 2017


...................................

...THE JEROME ID CLIMATE SUMMARY FOR OCTOBER 21 2017...

CLIMATE NORMAL PERIOD 1981 TO 2010
CLIMATE RECORD PERIOD 1915 TO 2017


WEATHER ITEM   OBSERVED TIME   RECORD YEAR NORMAL DEPARTURE LAST
                VALUE   (LST)  VALUE       VALUE  FROM      YEAR
                                                  NORMAL
..................................................................
TEMPERATURE (F)
 YESTERDAY
  MAXIMUM         51    326 PM  87    2003  59     -8       65
  MINIMUM         31    713 AM  21    1996  36     -5       36
  AVERAGE         41                        47     -6       51

PRECIPITATION (IN)
  YESTERDAY        0.10          0.53 1961   0.03   0.07     0.00
  MONTH TO DATE    0.60                      0.51   0.09     1.59
  SINCE OCT 1      0.60                      0.51   0.09     1.59
  SINCE JAN 1      8.13                      7.80   0.33     8.60

DEGREE DAYS
 HEATING
  YESTERDAY       24                        18      6       14
  MONTH TO DATE  380                       297     83      290
  SINCE SEP 1    590                       467    123      465
  SINCE JUL 1    591                       500     91      487

 COOLING
  YESTERDAY        0                         0      0        0
  MONTH TO DATE    0                         0      0        0
  SINCE SEP 1    121                        44     77       30
  SINCE JAN 1    929                       509    420      612
..................................................................


WIND (MPH)
  HIGHEST WIND SPEED    20   HIGHEST WIND DIRECTION    SW (240)
  HIGHEST GUST SPEED    25   HIGHEST GUST DIRECTION     W (250)
  AVERAGE WIND SPEED     7.4


SKY COVER
  AVERAGE SKY COVER 0.5


WEATHER CONDITIONS
 THE FOLLOWING WEATHER WAS RECORDED YESTERDAY.
  LIGHT RAIN


RELATIVE HUMIDITY (PERCENT)
 HIGHEST   100           700 PM
 LOWEST     41           300 PM
 AVERAGE    71

..........................................................


THE JEROME ID CLIMATE NORMALS FOR TODAY
                         NORMAL    RECORD    YEAR
 MAXIMUM TEMPERATURE (F)   58        88      2003
 MINIMUM TEMPERATURE (F)   36        20      1996


SUNRISE AND SUNSET
OCTOBER 22 2017.......SUNRISE   800 AM MDT   SUNSET   644 PM MDT
OCTOBER 23 2017.......SUNRISE   801 AM MDT   SUNSET   642 PM MDT


-  INDICATES NEGATIVE NUMBERS.
R  INDICATES RECORD WAS SET OR TIED.
MM INDICATES DATA IS MISSING.
T  INDICATES TRACE AMOUNT.




$$
