000
CDUS45 KBOI 260932
CLIJER


CLIMATE REPORT
NATIONAL WEATHER SERVICE BOISE ID
331 AM MDT WED APR 26 2017


...................................

...THE JEROME ID CLIMATE SUMMARY FOR APRIL 25 2017...

CLIMATE NORMAL PERIOD 1981 TO 2010
CLIMATE RECORD PERIOD 1915 TO 2017


WEATHER ITEM   OBSERVED TIME   RECORD YEAR NORMAL DEPARTURE LAST
                VALUE   (LST)  VALUE       VALUE  FROM      YEAR
                                                  NORMAL
..................................................................
TEMPERATURE (F)
 YESTERDAY
  MAXIMUM         56    415 PM  90    1977  61     -5       52
  MINIMUM         37    646 AM  21    1950  37      0       40
  AVERAGE         47                        49     -2       46

PRECIPITATION (IN)
  YESTERDAY        0.00          0.91 1994   0.04  -0.04     0.17
  MONTH TO DATE    0.88                      1.09  -0.21     0.50
  SINCE OCT 1      9.42                      7.63   1.79     8.46
  SINCE JAN 1      4.90                      4.11   0.79     3.87

DEGREE DAYS
 HEATING
  YESTERDAY       18                        16      2       19
  MONTH TO DATE  471                       470      1      306
  SINCE MAR 1   1097                      1239   -142      984
  SINCE JUL 1   5520                      6126   -606     5523

 COOLING
  YESTERDAY        0                         0      0        0
  MONTH TO DATE    0                         0      0        1
  SINCE MAR 1      0                         0      0        1
  SINCE JAN 1      0                         0      0        1
..................................................................


WIND (MPH)
  HIGHEST WIND SPEED    32   HIGHEST WIND DIRECTION     W (260)
  HIGHEST GUST SPEED    41   HIGHEST GUST DIRECTION     W (250)
  AVERAGE WIND SPEED    19.3


SKY COVER
  AVERAGE SKY COVER 0.5


WEATHER CONDITIONS
 THE FOLLOWING WEATHER WAS RECORDED YESTERDAY.
  NO SIGNIFICANT WEATHER WAS OBSERVED.


RELATIVE HUMIDITY (PERCENT)
 HIGHEST    92          1200 AM
 LOWEST     35           400 PM
 AVERAGE    64

..........................................................


THE JEROME ID CLIMATE NORMALS FOR TODAY
                         NORMAL    RECORD    YEAR
 MAXIMUM TEMPERATURE (F)   61        88      1977
 MINIMUM TEMPERATURE (F)   37        24      1948
                                             1922


SUNRISE AND SUNSET
APRIL 26 2017.........SUNRISE   639 AM MDT   SUNSET   833 PM MDT
APRIL 27 2017.........SUNRISE   637 AM MDT   SUNSET   834 PM MDT


-  INDICATES NEGATIVE NUMBERS.
R  INDICATES RECORD WAS SET OR TIED.
MM INDICATES DATA IS MISSING.
T  INDICATES TRACE AMOUNT.




$$
