000
CDUS45 KBOI 230933
CLIJER


CLIMATE REPORT
NATIONAL WEATHER SERVICE BOISE ID
233 AM MST TUE JAN 23 2018


...................................

...THE JEROME ID CLIMATE SUMMARY FOR JANUARY 22 2018...

CLIMATE NORMAL PERIOD 1981 TO 2010
CLIMATE RECORD PERIOD 1915 TO 2018


WEATHER ITEM   OBSERVED TIME   RECORD YEAR NORMAL DEPARTURE LAST
                VALUE   (LST)  VALUE       VALUE  FROM      YEAR
                                                  NORMAL
..................................................................
TEMPERATURE (F)
 YESTERDAY
  MAXIMUM         37    328 PM  53    1934  34      3       39
  MINIMUM         26   1154 PM -20    1962  20      6       28
  AVERAGE         32                        27      5       34

PRECIPITATION (IN)
  YESTERDAY        0.15          0.76 1972   0.03   0.12     0.02
  MONTH TO DATE    1.19                      0.86   0.33     1.08
  SINCE OCT 1      3.74                      4.38  -0.64     5.60
  SINCE JAN 1      1.19                      0.86   0.33     1.08

DEGREE DAYS
 HEATING
  YESTERDAY       33                        38     -5       31
  MONTH TO DATE  646                       854   -208      869
  SINCE DEC 1   1809                      2033   -224     2158
  SINCE JUL 1   3265                      3584   -319     3384

 COOLING
  YESTERDAY        0                         0      0        0
  MONTH TO DATE    0                         0      0        0
  SINCE DEC 1      0                         0      0        0
  SINCE JAN 1      0                         0      0        0
..................................................................


WIND (MPH)
  HIGHEST WIND SPEED    12   HIGHEST WIND DIRECTION     W (260)
  HIGHEST GUST SPEED    15   HIGHEST GUST DIRECTION     W (260)
  AVERAGE WIND SPEED     5.8


SKY COVER
  AVERAGE SKY COVER 0.6


WEATHER CONDITIONS
 THE FOLLOWING WEATHER WAS RECORDED YESTERDAY.
  SNOW
  LIGHT SNOW
  FOG


RELATIVE HUMIDITY (PERCENT)
 HIGHEST    96          1200 PM
 LOWEST     61           100 AM
 AVERAGE    79

..........................................................


THE JEROME ID CLIMATE NORMALS FOR TODAY
                         NORMAL    RECORD    YEAR
 MAXIMUM TEMPERATURE (F)   34        58      1919
 MINIMUM TEMPERATURE (F)   20       -17      1962


SUNRISE AND SUNSET
JANUARY 23 2018.......SUNRISE   800 AM MST   SUNSET   539 PM MST
JANUARY 24 2018.......SUNRISE   800 AM MST   SUNSET   541 PM MST


-  INDICATES NEGATIVE NUMBERS.
R  INDICATES RECORD WAS SET OR TIED.
MM INDICATES DATA IS MISSING.
T  INDICATES TRACE AMOUNT.




$$
