000
CDUS45 KBOI 300931
CLIJER


CLIMATE REPORT
NATIONAL WEATHER SERVICE BOISE ID
331 AM MDT MON MAR 30 2015


...................................

...THE JEROME ID CLIMATE SUMMARY FOR MARCH 29 2015...

CLIMATE NORMAL PERIOD 1981 TO 2010
CLIMATE RECORD PERIOD 1919 TO 2015


WEATHER ITEM   OBSERVED TIME   RECORD YEAR NORMAL DEPARTURE LAST
                VALUE   (LST)  VALUE       VALUE  FROM      YEAR
                                                  NORMAL
..................................................................
TEMPERATURE (F)
 YESTERDAY
  MAXIMUM         63    510 PM  78    1986  54      9       51
  MINIMUM         29    539 AM  12    1926  33     -4       37
  AVERAGE         46                        44      2       44

PRECIPITATION (IN)
  YESTERDAY        0.00          0.77 1998   0.05  -0.05     0.45
  MONTH TO DATE    0.33                      0.99  -0.66     1.30
  SINCE OCT 1      4.74                      6.45  -1.71     4.24
  SINCE JAN 1      1.84                      2.93  -1.09     3.64

DEGREE DAYS
 HEATING
  YESTERDAY       19                        21     -2       21
  MONTH TO DATE  535                       726   -191      652
  SINCE MAR 1    535                       726   -191      652
  SINCE JUL 1   4577                      5613  -1036     5320

 COOLING
  YESTERDAY        0                         0      0        0
  MONTH TO DATE    0                         0      0        0
  SINCE MAR 1      0                         0      0        0
  SINCE JAN 1      0                         0      0        0
..................................................................


WIND (MPH)
  HIGHEST WIND SPEED    13   HIGHEST WIND DIRECTION    SW (240)
  HIGHEST GUST SPEED    16   HIGHEST GUST DIRECTION    SW (230)
  AVERAGE WIND SPEED     5.6


SKY COVER
  AVERAGE SKY COVER 0.0


WEATHER CONDITIONS
 THE FOLLOWING WEATHER WAS RECORDED YESTERDAY.
  NO SIGNIFICANT WEATHER WAS OBSERVED.


RELATIVE HUMIDITY (PERCENT)
 HIGHEST    63           600 AM
 LOWEST     16           600 PM
 AVERAGE    40

..........................................................


THE JEROME ID CLIMATE NORMALS FOR TODAY
                         NORMAL    RECORD    YEAR
 MAXIMUM TEMPERATURE (F)   54        79      1978
 MINIMUM TEMPERATURE (F)   33        17      1954


SUNRISE AND SUNSET
MARCH 30 2015.........SUNRISE   724 AM MDT   SUNSET   801 PM MDT
MARCH 31 2015.........SUNRISE   722 AM MDT   SUNSET   803 PM MDT


-  INDICATES NEGATIVE NUMBERS.
R  INDICATES RECORD WAS SET OR TIED.
MM INDICATES DATA IS MISSING.
T  INDICATES TRACE AMOUNT.




$$
