567
CDUS45 KBOI 240931
CLIJER


CLIMATE REPORT
NATIONAL WEATHER SERVICE BOISE ID
331 AM MDT FRI MAR 24 2017


...................................

...THE JEROME ID CLIMATE SUMMARY FOR MARCH 23 2017...

CLIMATE NORMAL PERIOD 1981 TO 2010
CLIMATE RECORD PERIOD 1915 TO 2017


WEATHER ITEM   OBSERVED TIME   RECORD YEAR NORMAL DEPARTURE LAST
                VALUE   (LST)  VALUE       VALUE  FROM      YEAR
                                                  NORMAL
..................................................................
TEMPERATURE (F)
 YESTERDAY
  MAXIMUM         53    304 PM  73    1972  53      0       50
                                      1940
  MINIMUM         35    829 AM  18    2013  32      3       31
                                      1951
  AVERAGE         44                        42      2       41

PRECIPITATION (IN)
  YESTERDAY        0.00          0.78 1945   0.04  -0.04     0.00
  MONTH TO DATE    0.62                      0.71  -0.09     1.34
  SINCE OCT 1      7.80                      6.17   1.63     7.34
  SINCE JAN 1      3.28                      2.65   0.63     2.75

DEGREE DAYS
 HEATING
  YESTERDAY       21                        23     -2       24
  MONTH TO DATE  464                       595   -131      484
  SINCE MAR 1    464                       595   -131      484
  SINCE JUL 1   4887                      5482   -595     5023

 COOLING
  YESTERDAY        0                         0      0        0
  MONTH TO DATE    0                         0      0        0
  SINCE MAR 1      0                         0      0        0
  SINCE JAN 1      0                         0      0        0
..................................................................


WIND (MPH)
  HIGHEST WIND SPEED    32   HIGHEST WIND DIRECTION     W (250)
  HIGHEST GUST SPEED    40   HIGHEST GUST DIRECTION     W (260)
  AVERAGE WIND SPEED    17.6


SKY COVER
  AVERAGE SKY COVER 0.2


WEATHER CONDITIONS
 THE FOLLOWING WEATHER WAS RECORDED YESTERDAY.
  NO SIGNIFICANT WEATHER WAS OBSERVED.


RELATIVE HUMIDITY (PERCENT)
 HIGHEST   100           400 AM
 LOWEST     31           600 PM
 AVERAGE    66

..........................................................


THE JEROME ID CLIMATE NORMALS FOR TODAY
                         NORMAL    RECORD    YEAR
 MAXIMUM TEMPERATURE (F)   53        75      2004
 MINIMUM TEMPERATURE (F)   32        14      1965


SUNRISE AND SUNSET
MARCH 24 2017.........SUNRISE   733 AM MDT   SUNSET   755 PM MDT
MARCH 25 2017.........SUNRISE   732 AM MDT   SUNSET   756 PM MDT


-  INDICATES NEGATIVE NUMBERS.
R  INDICATES RECORD WAS SET OR TIED.
MM INDICATES DATA IS MISSING.
T  INDICATES TRACE AMOUNT.




$$
