000
CDUS45 KBOI 230931
CLIJER


CLIMATE REPORT
NATIONAL WEATHER SERVICE BOISE ID
331 AM MDT FRI JUN 23 2017


...................................

...THE JEROME ID CLIMATE SUMMARY FOR JUNE 22 2017...

CLIMATE NORMAL PERIOD 1981 TO 2010
CLIMATE RECORD PERIOD 1915 TO 2017


WEATHER ITEM   OBSERVED TIME   RECORD YEAR NORMAL DEPARTURE LAST
                VALUE   (LST)  VALUE       VALUE  FROM      YEAR
                                                  NORMAL
..................................................................
TEMPERATURE (F)
 YESTERDAY
  MAXIMUM         81    440 PM 103    1936  80      1       90
  MINIMUM         53    602 AM  35    1928  51      2       52
  AVERAGE         67                        66      1       71

PRECIPITATION (IN)
  YESTERDAY        0.00          0.49 1918   0.01  -0.01     0.00
  MONTH TO DATE    0.36                      0.71  -0.35     0.10
  SINCE OCT 1     11.25                      9.83   1.42     9.94
  SINCE JAN 1      6.73                      6.31   0.42     5.35

DEGREE DAYS
 HEATING
  YESTERDAY        0                         2     -2        0
  MONTH TO DATE   62                        94    -32       37
  SINCE JUN 1     62                        94    -32       37
  SINCE JUL 1   5972                      6621   -649     5903

 COOLING
  YESTERDAY        2                         3     -1        6
  MONTH TO DATE   73                        38     35       99
  SINCE JUN 1     73                        38     35       99
  SINCE JAN 1     89                        51     38      103
..................................................................


WIND (MPH)
  HIGHEST WIND SPEED    26   HIGHEST WIND DIRECTION    SW (240)
  HIGHEST GUST SPEED    35   HIGHEST GUST DIRECTION    SW (230)
  AVERAGE WIND SPEED    14.2


SKY COVER
  AVERAGE SKY COVER 0.0


WEATHER CONDITIONS
 THE FOLLOWING WEATHER WAS RECORDED YESTERDAY.
  NO SIGNIFICANT WEATHER WAS OBSERVED.


RELATIVE HUMIDITY (PERCENT)
 HIGHEST    45           600 AM
 LOWEST     11           500 PM
 AVERAGE    28

..........................................................


THE JEROME ID CLIMATE NORMALS FOR TODAY
                         NORMAL    RECORD    YEAR
 MAXIMUM TEMPERATURE (F)   80       101      1988
 MINIMUM TEMPERATURE (F)   52        37      1916


SUNRISE AND SUNSET
JUNE 23 2017..........SUNRISE   600 AM MDT   SUNSET   920 PM MDT
JUNE 24 2017..........SUNRISE   601 AM MDT   SUNSET   920 PM MDT


-  INDICATES NEGATIVE NUMBERS.
R  INDICATES RECORD WAS SET OR TIED.
MM INDICATES DATA IS MISSING.
T  INDICATES TRACE AMOUNT.




$$
