000
CDUS45 KBOI 280932
CLIJER


CLIMATE REPORT
NATIONAL WEATHER SERVICE BOISE ID
331 AM MDT MON JUL 28 2014


...................................

...THE JEROME ID CLIMATE SUMMARY FOR JULY 27 2014...

CLIMATE NORMAL PERIOD 1981 TO 2010
CLIMATE RECORD PERIOD 1919 TO 2014


WEATHER ITEM   OBSERVED TIME   RECORD YEAR NORMAL DEPARTURE LAST
                VALUE   (LST)  VALUE       VALUE  FROM      YEAR
                                                  NORMAL
..................................................................
TEMPERATURE (F)
 YESTERDAY
  MAXIMUM         97    401 PM 104    1994  88      9       90
  MINIMUM         59    525 AM  43    1919  57      2       63
  AVERAGE         78                        73      5       77

PRECIPITATION (IN)
  YESTERDAY        0.00          0.22 1965   0.00   0.00      T
  MONTH TO DATE    T                         0.19  -0.19      T
  SINCE OCT 1      5.63                     10.08  -4.45     5.82
  SINCE JAN 1      5.03                      6.56  -1.53     2.52

DEGREE DAYS
 HEATING
  YESTERDAY        0                         0      0        0
  MONTH TO DATE    0                        10    -10        0
  SINCE JUN 1     74                       117    -43       78
  SINCE JUL 1      0                        10    -10        0

 COOLING
  YESTERDAY       13                         8      5       12
  MONTH TO DATE  326                       172    154      338
  SINCE JUN 1    371                       240    131      468
  SINCE JAN 1    381                       253    128      483
..................................................................


WIND (MPH)
  HIGHEST WIND SPEED    22   HIGHEST WIND DIRECTION    NW (330)
  HIGHEST GUST SPEED    39   HIGHEST GUST DIRECTION     N (340)
  AVERAGE WIND SPEED     5.9


SKY COVER
  AVERAGE SKY COVER 0.0


WEATHER CONDITIONS
 THE FOLLOWING WEATHER WAS RECORDED YESTERDAY.
  NO SIGNIFICANT WEATHER WAS OBSERVED.


RELATIVE HUMIDITY (PERCENT)
 HIGHEST    51           400 AM
 LOWEST     13           400 PM
 AVERAGE    32

..........................................................


THE JEROME ID CLIMATE NORMALS FOR TODAY
                         NORMAL    RECORD    YEAR
 MAXIMUM TEMPERATURE (F)   88       105      1996
 MINIMUM TEMPERATURE (F)   57        43      1949


SUNRISE AND SUNSET
JULY 28 2014..........SUNRISE   625 AM MDT   SUNSET   903 PM MDT
JULY 29 2014..........SUNRISE   626 AM MDT   SUNSET   902 PM MDT


-  INDICATES NEGATIVE NUMBERS.
R  INDICATES RECORD WAS SET OR TIED.
MM INDICATES DATA IS MISSING.
T  INDICATES TRACE AMOUNT.




$$
