000
CDUS45 KBOI 210932
CLIJER


CLIMATE REPORT
NATIONAL WEATHER SERVICE BOISE ID
231 AM MST SUN DEC 21 2014


...................................

...THE JEROME ID CLIMATE SUMMARY FOR DECEMBER 20 2014...

CLIMATE NORMAL PERIOD 1981 TO 2010
CLIMATE RECORD PERIOD 1919 TO 2014


WEATHER ITEM   OBSERVED TIME   RECORD YEAR NORMAL DEPARTURE LAST
                VALUE   (LST)  VALUE       VALUE  FROM      YEAR
                                                  NORMAL
..................................................................
TEMPERATURE (F)
 YESTERDAY
  MAXIMUM         43    405 PM  54    1958  33     10       27
  MINIMUM         33    304 AM  -4    1984  19     14       11
  AVERAGE         38                        26     12       19

PRECIPITATION (IN)
  YESTERDAY        0.38          0.50 1981   0.06   0.32     0.08
  MONTH TO DATE    0.86                      1.03  -0.17     0.22
  SINCE OCT 1      2.10                      3.06  -0.96     0.55
  SINCE JAN 1     11.17                     10.35   0.82     3.57

DEGREE DAYS
 HEATING
  YESTERDAY       27                        39    -12       46
  MONTH TO DATE  509                       749   -240      906
  SINCE DEC 1    509                       749   -240      906
  SINCE JUL 1   1845                      2300   -455     2389

 COOLING
  YESTERDAY        0                         0      0        0
  MONTH TO DATE    0                         0      0        0
  SINCE DEC 1      0                         0      0        0
  SINCE JAN 1    652                       510    142      904
..................................................................


WIND (MPH)
  HIGHEST WIND SPEED    17   HIGHEST WIND DIRECTION    SW (230)
  HIGHEST GUST SPEED    23   HIGHEST GUST DIRECTION    SW (230)
  AVERAGE WIND SPEED     5.9


SKY COVER
  AVERAGE SKY COVER 1.0


WEATHER CONDITIONS
 THE FOLLOWING WEATHER WAS RECORDED YESTERDAY.
  LIGHT RAIN
  FOG


RELATIVE HUMIDITY (PERCENT)
 HIGHEST    96           200 AM
 LOWEST     76           400 PM
 AVERAGE    86

..........................................................


THE JEROME ID CLIMATE NORMALS FOR TODAY
                         NORMAL    RECORD    YEAR
 MAXIMUM TEMPERATURE (F)   33        58      1969
 MINIMUM TEMPERATURE (F)   19       -15      1990


SUNRISE AND SUNSET
DECEMBER 21 2014......SUNRISE   805 AM MST   SUNSET   507 PM MST
DECEMBER 22 2014......SUNRISE   805 AM MST   SUNSET   508 PM MST


-  INDICATES NEGATIVE NUMBERS.
R  INDICATES RECORD WAS SET OR TIED.
MM INDICATES DATA IS MISSING.
T  INDICATES TRACE AMOUNT.




$$
