000
CDUS41 KOKX 200617
CLIJFK


CLIMATE REPORT
NATIONAL WEATHER SERVICE NEW YORK NY
116 AM EST MON FEB 20 2017


...................................

...THE KENNEDY NY CLIMATE SUMMARY FOR FEBRUARY 19 2017...

CLIMATE NORMAL PERIOD 1981 TO 2010
CLIMATE RECORD PERIOD 1948 TO 2017


WEATHER ITEM   OBSERVED TIME   RECORD YEAR NORMAL DEPARTURE LAST
                VALUE   (LST)  VALUE       VALUE  FROM      YEAR
                                                  NORMAL
..................................................................
TEMPERATURE (F)
 YESTERDAY
  MAXIMUM         68R   317 PM  66    1997  43     25       41
  MINIMUM         46    443 AM   9    2015  29     17       24
  AVERAGE         57                        36     21       33

PRECIPITATION (IN)
  YESTERDAY        0.00          1.52 1972   0.09  -0.09     0.00
  MONTH TO DATE    1.24                      1.70  -0.46     2.53
  SINCE DEC 1      8.94                      8.25   0.69    11.91
  SINCE JAN 1      5.88                      4.86   1.02     7.12

SNOWFALL (IN)
  YESTERDAY        0.0          10.2  1979   0.3   -0.3      0.0
  MONTH TO DATE    8.4                       5.8    2.6      8.1
  SINCE OCT 1     23.4                      17.0    6.4     39.5
  SINCE JUL 1     23.4                      17.0    6.4     39.5
  SNOW DEPTH       0

DEGREE DAYS
 HEATING
  YESTERDAY        8                        29    -21       32
  MONTH TO DATE  521                       586    -65      583
  SINCE DEC 1   2115                      2432   -317     1960
  SINCE JUL 1   2755                      3256   -501     2551

 COOLING
  YESTERDAY        0                         0      0        0
  MONTH TO DATE    0                         0      0        0
  SINCE DEC 1      0                         0      0        0
  SINCE JAN 1      0                         0      0        0
..................................................................


WIND (MPH)
  HIGHEST WIND SPEED    23   HIGHEST WIND DIRECTION     W (290)
  HIGHEST GUST SPEED    28   HIGHEST GUST DIRECTION     W (290)
  AVERAGE WIND SPEED    11.5


SKY COVER
  POSSIBLE SUNSHINE  MM
  AVERAGE SKY COVER 0.5


WEATHER CONDITIONS
 THE FOLLOWING WEATHER WAS RECORDED YESTERDAY.
  NO SIGNIFICANT WEATHER WAS OBSERVED.


RELATIVE HUMIDITY (PERCENT)
 HIGHEST    66           700 AM
 LOWEST     26           300 PM
 AVERAGE    46

..........................................................


THE KENNEDY NY CLIMATE NORMALS FOR TODAY
                         NORMAL    RECORD    YEAR
 MAXIMUM TEMPERATURE (F)   43        61      1949
 MINIMUM TEMPERATURE (F)   29         3      2015


SUNRISE AND SUNSET
FEBRUARY 20 2017......SUNRISE   642 AM EST   SUNSET   536 PM EST
FEBRUARY 21 2017......SUNRISE   640 AM EST   SUNSET   537 PM EST


-  INDICATES NEGATIVE NUMBERS.
R  INDICATES RECORD WAS SET OR TIED.
MM INDICATES DATA IS MISSING.
T  INDICATES TRACE AMOUNT.




$$
