865
CDUS41 KOKX 210618
CLIJFK


CLIMATE REPORT
NATIONAL WEATHER SERVICE NEW YORK NY
117 AM EST SAT JAN 21 2017


...................................

...THE KENNEDY NY CLIMATE SUMMARY FOR JANUARY 20 2017...

CLIMATE NORMAL PERIOD 1981 TO 2010
CLIMATE RECORD PERIOD 1948 TO 2017


WEATHER ITEM   OBSERVED TIME   RECORD YEAR NORMAL DEPARTURE LAST
                VALUE   (LST)  VALUE       VALUE  FROM      YEAR
                                                  NORMAL
..................................................................
TEMPERATURE (F)
 YESTERDAY
  MAXIMUM         46    113 PM  56    2013  39      7       40
                                      2006
                                      1991
  MINIMUM         42   1159 PM   3    1994  26     16       28
                                      1985
  AVERAGE         44                        32     12       34

PRECIPITATION (IN)
  YESTERDAY        0.08          1.66 1995   0.10  -0.02     0.00
  MONTH TO DATE    2.49                      2.11   0.38     1.68
  SINCE DEC 1      5.55                      5.50   0.05     6.47
  SINCE JAN 1      2.49                      2.11   0.38     1.68

SNOWFALL (IN)
  YESTERDAY        0.0          10.4  1978   0.2   -0.2      0.0
  MONTH TO DATE   11.1                       4.0    7.1      0.7
  SINCE OCT 1     14.4                       8.9    5.5      0.8
  SINCE JUL 1     14.4                       8.9    5.5      0.8
  SNOW DEPTH       0

DEGREE DAYS
 HEATING
  YESTERDAY       21                        33    -12       31
  MONTH TO DATE  546                       646   -100      586
  SINCE DEC 1   1328                      1491   -163     1031
  SINCE JUL 1   1968                      2315   -347     1622

 COOLING
  YESTERDAY        0                         0      0        0
  MONTH TO DATE    0                         0      0        0
  SINCE DEC 1      0                         0      0        0
  SINCE JAN 1      0                         0      0        0
..................................................................


WIND (MPH)
  HIGHEST WIND SPEED    12   HIGHEST WIND DIRECTION    NE (40)
  HIGHEST GUST SPEED    14   HIGHEST GUST DIRECTION    NE (60)
  AVERAGE WIND SPEED     5.5


SKY COVER
  POSSIBLE SUNSHINE  MM
  AVERAGE SKY COVER 1.0


WEATHER CONDITIONS
 THE FOLLOWING WEATHER WAS RECORDED YESTERDAY.
  LIGHT RAIN
  FOG


RELATIVE HUMIDITY (PERCENT)
 HIGHEST   100          1000 PM
 LOWEST     49           100 PM
 AVERAGE    75

..........................................................


THE KENNEDY NY CLIMATE NORMALS FOR TODAY
                         NORMAL    RECORD    YEAR
 MAXIMUM TEMPERATURE (F)   39        61      2006
 MINIMUM TEMPERATURE (F)   26        -2      1985


SUNRISE AND SUNSET
JANUARY 21 2017.......SUNRISE   714 AM EST   SUNSET   500 PM EST
JANUARY 22 2017.......SUNRISE   713 AM EST   SUNSET   501 PM EST


-  INDICATES NEGATIVE NUMBERS.
R  INDICATES RECORD WAS SET OR TIED.
MM INDICATES DATA IS MISSING.
T  INDICATES TRACE AMOUNT.




$$
