000
CDUS43 KJKL 040639
CLIJKL

CLIMATE REPORT
NATIONAL WEATHER SERVICE JACKSON KY
139 AM EST WED MAR 4 2015

...................................

...THE JACKSON KY CLIMATE SUMMARY FOR MARCH 3 2015...

CLIMATE NORMAL PERIOD 1981 TO 2010
CLIMATE RECORD PERIOD 1981 TO 2015

WEATHER ITEM   OBSERVED TIME   RECORD YEAR NORMAL DEPARTURE LAST
                VALUE   (LST)  VALUE       VALUE  FROM      YEAR
                                                  NORMAL
..................................................................
TEMPERATURE (F)
 YESTERDAY
  MAXIMUM         62    353 PM  80    1992  53      9       30
  MINIMUM         30    353 AM   9    2009  34     -4       10
  AVERAGE         46                        43      3       20

PRECIPITATION (IN)
  YESTERDAY        0.14          1.82 1997   0.13   0.01     1.04
  MONTH TO DATE    0.29                      0.40  -0.11     2.61
  SINCE MAR 1      0.29                      0.40  -0.11     2.61
  SINCE JAN 1      6.47                      7.76  -1.29    10.23

SNOWFALL (IN)
  YESTERDAY        0.0           6.4  2014   0.1   -0.1      6.4
  MONTH TO DATE    0.0                       0.4   -0.4      6.4
  SINCE MAR 1      0.0                       0.4   -0.4      6.4
  SINCE JUL 1     25.4                      20.0    5.4     33.4
  SNOW DEPTH       0

DEGREE DAYS
 HEATING
  YESTERDAY       19                        22     -3       45
  MONTH TO DATE   72                        67      5       86
  SINCE MAR 1     72                        67      5       86
  SINCE JUL 1   3837                      3367    470     3687

 COOLING
  YESTERDAY        0                         0      0        0
  MONTH TO DATE    0                         0      0        0
  SINCE MAR 1      0                         0      0        0
  SINCE JAN 1      0                         0      0        0
..................................................................

WIND (MPH)
  HIGHEST WIND SPEED    12   HIGHEST WIND DIRECTION    SW (210)
  HIGHEST GUST SPEED    22   HIGHEST GUST DIRECTION    SW (220)
  AVERAGE WIND SPEED     4.7

SKY COVER
  POSSIBLE SUNSHINE  MM
  AVERAGE SKY COVER 0.8

WEATHER CONDITIONS
 THE FOLLOWING WEATHER WAS RECORDED YESTERDAY.
  LIGHT RAIN
  FOG

RELATIVE HUMIDITY (PERCENT)
 HIGHEST   100          1100 PM
 LOWEST     58          1200 AM
 AVERAGE    79

..........................................................

THE JACKSON KY CLIMATE NORMALS FOR TODAY
                         NORMAL    RECORD    YEAR
 MAXIMUM TEMPERATURE (F)   53        80      1992
 MINIMUM TEMPERATURE (F)   34         8      2014

SUNRISE AND SUNSET
MARCH  4 2015.........SUNRISE   701 AM EST   SUNSET   630 PM EST
MARCH  5 2015.........SUNRISE   659 AM EST   SUNSET   631 PM EST

-  INDICATES NEGATIVE NUMBERS.
R  INDICATES RECORD WAS SET OR TIED.
MM INDICATES DATA IS MISSING.
T  INDICATES TRACE AMOUNT.

$$
