000
CDUS43 KJKL 242020
CLIJKL

CLIMATE REPORT
NATIONAL WEATHER SERVICE JACKSON KY
420 PM EDT MON APR 24 2017

...................................

...THE JACKSON KY CLIMATE SUMMARY FOR APRIL 24 2017...
VALID TODAY AS OF 0400 PM LOCAL TIME.

CLIMATE NORMAL PERIOD 1981 TO 2010
CLIMATE RECORD PERIOD 1981 TO 2017

WEATHER ITEM   OBSERVED TIME   RECORD YEAR NORMAL DEPARTURE LAST
                VALUE   (LST)  VALUE       VALUE  FROM      YEAR
                                                  NORMAL
..................................................................
TEMPERATURE (F)
 TODAY
  MAXIMUM         65    123 PM  90    2009  70     -5       81
  MINIMUM         48    558 AM  32    2005  49     -1       46
  AVERAGE         57                        60     -3       64

PRECIPITATION (IN)
  TODAY            T             0.81 2002   0.13  -0.13     0.00
  MONTH TO DATE    3.97                      3.01   0.96     1.18
  SINCE MAR 1      8.39                      7.13   1.26     3.56
  SINCE JAN 1     15.96                     14.49   1.47    13.12

SNOWFALL (IN)
  TODAY            0.0           1.2  2005   0.0    0.0      0.0
  MONTH TO DATE    0.0                       1.0   -1.0      0.1
  SINCE MAR 1      0.2                       3.9   -3.7      2.9
  SINCE JUL 1      4.8                      23.5  -18.7     32.5
  SNOW DEPTH       0

DEGREE DAYS
 HEATING
  TODAY            8                         7      1        1
  MONTH TO DATE  120                       233   -113      218
  SINCE MAR 1    628                       786   -158      557
  SINCE JUL 1   3120                      4086   -966     3311

 COOLING
  TODAY            0                         2     -2        0
  MONTH TO DATE   52                        29     23       27
  SINCE MAR 1     58                        36     22       35
  SINCE JAN 1     60                        36     24       35
..................................................................

WIND (MPH)
  HIGHEST WIND SPEED     8   HIGHEST WIND DIRECTION     E (90)
  HIGHEST GUST SPEED    13   HIGHEST GUST DIRECTION     E (110)
  AVERAGE WIND SPEED     3.1

SKY COVER
  POSSIBLE SUNSHINE  MM
  AVERAGE SKY COVER 0.7

WEATHER CONDITIONS
 THE FOLLOWING WEATHER WAS RECORDED TODAY.
  LIGHT RAIN

RELATIVE HUMIDITY (PERCENT)
 HIGHEST    93           200 AM
 LOWEST     67           100 PM
 AVERAGE    80

..........................................................

THE JACKSON KY CLIMATE NORMALS FOR TOMORROW
                         NORMAL    RECORD    YEAR
 MAXIMUM TEMPERATURE (F)   71        89      2009
                                             1990
 MINIMUM TEMPERATURE (F)   50        35      1995
                                             1988
                                             1983

SUNRISE AND SUNSET
APRIL 24 2017.........SUNRISE   646 AM EDT   SUNSET   817 PM EDT
APRIL 25 2017.........SUNRISE   645 AM EDT   SUNSET   818 PM EDT

-  INDICATES NEGATIVE NUMBERS.
R  INDICATES RECORD WAS SET OR TIED.
MM INDICATES DATA IS MISSING.
T  INDICATES TRACE AMOUNT.

$$

CARICO
