000
CDUS43 KJKL 270625
CLIJKL

CLIMATE REPORT
NATIONAL WEATHER SERVICE JACKSON KY
225 AM EDT SAT MAY 27 2017

...................................

...THE JACKSON KY CLIMATE SUMMARY FOR MAY 26 2017...

CLIMATE NORMAL PERIOD 1981 TO 2010
CLIMATE RECORD PERIOD 1981 TO 2017

WEATHER ITEM   OBSERVED TIME   RECORD YEAR NORMAL DEPARTURE LAST
                VALUE   (LST)  VALUE       VALUE  FROM      YEAR
                                                  NORMAL
..................................................................
TEMPERATURE (F)
 YESTERDAY
  MAXIMUM         77    553 PM  89    2012  77      0       77
                                      1991
  MINIMUM         54    556 AM  44    1988  57     -3       64
  AVERAGE         66                        67     -1       71

PRECIPITATION (IN)
  YESTERDAY        0.00          1.46 1997   0.17  -0.17     0.16
  MONTH TO DATE    5.82                      4.32   1.50     6.56
  SINCE MAR 1     14.26                     12.27   1.99    12.76
  SINCE JAN 1     21.83                     19.63   2.20    22.32

SNOWFALL (IN)
  YESTERDAY        0.0                       0.0    0.0      0.0
  MONTH TO DATE    0.0                       0.0    0.0      0.0
  SINCE MAR 1      0.2                       3.9   -3.7      2.9
  SINCE JUL 1      4.8                      23.5  -18.7     32.5
  SNOW DEPTH       0

DEGREE DAYS
 HEATING
  YESTERDAY        0                         2     -2        0
  MONTH TO DATE   88                        92     -4      137
  SINCE MAR 1    717                       913   -196      700
  SINCE JUL 1   3209                      4213  -1004     3454

 COOLING
  YESTERDAY        1                         4     -3        6
  MONTH TO DATE   74                        71      3       37
  SINCE MAR 1    170                       117     53       91
  SINCE JAN 1    172                       117     55       91
..................................................................

WIND (MPH)
  HIGHEST WIND SPEED     9   HIGHEST WIND DIRECTION     W (270)
  HIGHEST GUST SPEED    17   HIGHEST GUST DIRECTION    SW (240)
  AVERAGE WIND SPEED     1.8

SKY COVER
  POSSIBLE SUNSHINE  MM
  AVERAGE SKY COVER 0.2

WEATHER CONDITIONS
 THE FOLLOWING WEATHER WAS RECORDED YESTERDAY.
  FOG

RELATIVE HUMIDITY (PERCENT)
 HIGHEST   100          1200 AM
 LOWEST     50           300 PM
 AVERAGE    75

..........................................................

THE JACKSON KY CLIMATE NORMALS FOR TODAY
                         NORMAL    RECORD    YEAR
 MAXIMUM TEMPERATURE (F)   77        90      2012
 MINIMUM TEMPERATURE (F)   57        43      1983

SUNRISE AND SUNSET
MAY 27 2017...........SUNRISE   616 AM EDT   SUNSET   846 PM EDT
MAY 28 2017...........SUNRISE   615 AM EDT   SUNSET   846 PM EDT

-  INDICATES NEGATIVE NUMBERS.
R  INDICATES RECORD WAS SET OR TIED.
MM INDICATES DATA IS MISSING.
T  INDICATES TRACE AMOUNT.

$$
