000
CDUS43 KSGF 280630
CLIJLN


CLIMATE REPORT
NATIONAL WEATHER SERVICE SPRINGFIELD MO
1230 AM CST FRI NOV 28 2014


...................................

...THE JOPLIN MO CLIMATE SUMMARY FOR NOVEMBER 27 2014...

CLIMATE NORMAL PERIOD 1981 TO 2010
CLIMATE RECORD PERIOD 1902 TO 2014


WEATHER ITEM   OBSERVED TIME   RECORD YEAR NORMAL DEPARTURE LAST
                VALUE   (LST)  VALUE       VALUE  FROM      YEAR
                                                  NORMAL
..................................................................
TEMPERATURE (F)
 YESTERDAY
  MAXIMUM         44    331 PM  76    1960  53     -9       34
  MINIMUM         22    748 AM   9    1975  33    -11       16
  AVERAGE         33                        43    -10       25

PRECIPITATION (IN)
  YESTERDAY        0.00          0.89 1982   0.12  -0.12     0.00
  MONTH TO DATE    1.95                      3.43  -1.48     2.42
  SINCE SEP 1     14.43                     12.41   2.02     7.14
  SINCE JAN 1     29.87                     43.38 -13.51    42.60

DEGREE DAYS
 HEATING
  YESTERDAY       32                        22     10       40
  MONTH TO DATE  665                       437    228      544
  SINCE SEP 1    877                       688    189      821
  SINCE JUL 1    878                       689    189      821

 COOLING
  YESTERDAY        0                         0      0        0
  MONTH TO DATE    0                         5     -5        0
  SINCE SEP 1    250                       269    -19      304
  SINCE JAN 1   1583                      1696   -113     1568
..................................................................


WIND (MPH)
  HIGHEST WIND SPEED    21   HIGHEST WIND DIRECTION     N (340)
  HIGHEST GUST SPEED    26   HIGHEST GUST DIRECTION     N (340)
  AVERAGE WIND SPEED     4.5


SKY COVER
  AVERAGE SKY COVER 0.1


WEATHER CONDITIONS
 THE FOLLOWING WEATHER WAS RECORDED YESTERDAY.
  FOG
  HAZE


RELATIVE HUMIDITY (PERCENT)
 HIGHEST    88           600 AM
 LOWEST     36           400 PM
 AVERAGE    62

..........................................................


THE JOPLIN MO CLIMATE NORMALS FOR TODAY
                         NORMAL    RECORD    YEAR
 MAXIMUM TEMPERATURE (F)   53        72      1949
 MINIMUM TEMPERATURE (F)   33        10      1976


SUNRISE AND SUNSET
NOVEMBER 28 2014......SUNRISE   710 AM CST   SUNSET   502 PM CST
NOVEMBER 29 2014......SUNRISE   711 AM CST   SUNSET   501 PM CST


-  INDICATES NEGATIVE NUMBERS.
R  INDICATES RECORD WAS SET OR TIED.
MM INDICATES DATA IS MISSING.
T  INDICATES TRACE AMOUNT.




$$
