000
CDUS43 KSGF 210634
CLIJLN


CLIMATE REPORT
NATIONAL WEATHER SERVICE SPRINGFIELD MO
134 AM CDT MON AUG 21 2017


...................................

...THE JOPLIN MO CLIMATE SUMMARY FOR AUGUST 20 2017...

CLIMATE NORMAL PERIOD 1981 TO 2010
CLIMATE RECORD PERIOD 1902 TO 2017


WEATHER ITEM   OBSERVED TIME   RECORD YEAR NORMAL DEPARTURE LAST
                VALUE   (LST)  VALUE       VALUE  FROM      YEAR
                                                  NORMAL
..................................................................
TEMPERATURE (F)
 YESTERDAY
  MAXIMUM         96    243 PM 101    2003  91      5       80
  MINIMUM         75   1146 PM  50    1950  68      7       63
  AVERAGE         86                        80      6       72

PRECIPITATION (IN)
  YESTERDAY        0.00          2.45 2009   0.10  -0.10     0.06
  MONTH TO DATE    4.05                      2.04   2.01     2.89
  SINCE JUN 1     11.34                     11.71  -0.37    14.31
  SINCE JAN 1     37.27                     29.66   7.61    28.41

DEGREE DAYS
 HEATING
  YESTERDAY        0                         0      0        0
  MONTH TO DATE    0                         0      0        0
  SINCE JUN 1      0                         5     -5        0
  SINCE JUL 1      0                         0      0        0

 COOLING
  YESTERDAY       21                        15      6        7
  MONTH TO DATE  250                       311    -61      311
  SINCE JUN 1   1116                      1102     14     1229
  SINCE JAN 1   1323                      1282     41     1343
..................................................................


WIND (MPH)
  HIGHEST WIND SPEED    18   HIGHEST WIND DIRECTION    SW (210)
  HIGHEST GUST SPEED    25   HIGHEST GUST DIRECTION     E (110)
  AVERAGE WIND SPEED     9.6


SKY COVER
  AVERAGE SKY COVER 0.1


WEATHER CONDITIONS
 THE FOLLOWING WEATHER WAS RECORDED YESTERDAY.
  NO SIGNIFICANT WEATHER WAS OBSERVED.


RELATIVE HUMIDITY (PERCENT)
 HIGHEST    85          1200 AM
 LOWEST     49           300 PM
 AVERAGE    67

..........................................................


THE JOPLIN MO CLIMATE NORMALS FOR TODAY
                         NORMAL    RECORD    YEAR
 MAXIMUM TEMPERATURE (F)   91       102      2003
 MINIMUM TEMPERATURE (F)   68        46      1950


SUNRISE AND SUNSET
AUGUST 21 2017........SUNRISE   640 AM CDT   SUNSET   802 PM CDT
AUGUST 22 2017........SUNRISE   641 AM CDT   SUNSET   800 PM CDT


-  INDICATES NEGATIVE NUMBERS.
R  INDICATES RECORD WAS SET OR TIED.
MM INDICATES DATA IS MISSING.
T  INDICATES TRACE AMOUNT.




$$
