000
CDUS43 KSGF 090637
CLIJLN


CLIMATE REPORT
NATIONAL WEATHER SERVICE SPRINGFIELD MO
1236 AM CST FRI DEC 9 2016


...................................

...THE JOPLIN MO CLIMATE SUMMARY FOR DECEMBER 8 2016...

CLIMATE NORMAL PERIOD 1981 TO 2010
CLIMATE RECORD PERIOD 1902 TO 2016


WEATHER ITEM   OBSERVED TIME   RECORD YEAR NORMAL DEPARTURE LAST
                VALUE   (LST)  VALUE       VALUE  FROM      YEAR
                                                  NORMAL
..................................................................
TEMPERATURE (F)
 YESTERDAY
  MAXIMUM         30    240 PM  73    1991  49    -19       67
  MINIMUM         14   1147 PM   7    1995  29    -15       43
                                      2005
                                      2006
  AVERAGE         22                        39    -17       55

PRECIPITATION (IN)
  YESTERDAY        0.00          1.54 1980   0.10  -0.10     0.00
  MONTH TO DATE    0.21                      0.83  -0.62     0.00
  SINCE DEC 1      0.21                      0.83  -0.62     0.00
  SINCE JAN 1     38.85                     44.56  -5.71    48.63

DEGREE DAYS
 HEATING
  YESTERDAY       43                        26     17       10
  MONTH TO DATE  221                       200     21      169
  SINCE DEC 1    221                       200     21      169
  SINCE JUL 1    676                       957   -281      787

 COOLING
  YESTERDAY        0                         0      0        0
  MONTH TO DATE    0                         0      0        0
  SINCE DEC 1      0                         0      0        0
  SINCE JAN 1   1878                      1698    180     1703
..................................................................


WIND (MPH)
  HIGHEST WIND SPEED    17   HIGHEST WIND DIRECTION     N (340)
  HIGHEST GUST SPEED    20   HIGHEST GUST DIRECTION     N (340)
  AVERAGE WIND SPEED     7.4


SKY COVER
  AVERAGE SKY COVER 0.0


WEATHER CONDITIONS
 THE FOLLOWING WEATHER WAS RECORDED YESTERDAY.
  NO SIGNIFICANT WEATHER WAS OBSERVED.


RELATIVE HUMIDITY (PERCENT)
 HIGHEST    92          1200 AM
 LOWEST     50           100 PM
 AVERAGE    71

..........................................................


THE JOPLIN MO CLIMATE NORMALS FOR TODAY
                         NORMAL    RECORD    YEAR
 MAXIMUM TEMPERATURE (F)   48        71      1993
 MINIMUM TEMPERATURE (F)   29         0      1995


SUNRISE AND SUNSET
DECEMBER  9 2016......SUNRISE   720 AM CST   SUNSET   501 PM CST
DECEMBER 10 2016......SUNRISE   721 AM CST   SUNSET   501 PM CST


-  INDICATES NEGATIVE NUMBERS.
R  INDICATES RECORD WAS SET OR TIED.
MM INDICATES DATA IS MISSING.
T  INDICATES TRACE AMOUNT.




$$
