000
CDUS43 KBIS 250725
CLIJMS


CLIMATE REPORT
NATIONAL WEATHER SERVICE BISMARCK ND
224 AM CDT MON SEP 25 2017


...................................

...THE JAMESTOWN ND CLIMATE SUMMARY FOR SEPTEMBER 24 2017...

CLIMATE NORMAL PERIOD 1981 TO 2010
CLIMATE RECORD PERIOD 1891 TO 2017


WEATHER ITEM   OBSERVED TIME   RECORD YEAR NORMAL DEPARTURE LAST
                VALUE   (LST)  VALUE       VALUE  FROM      YEAR
                                                  NORMAL
..................................................................
TEMPERATURE (F)
 YESTERDAY
  MAXIMUM         52    334 PM  85    1992  66    -14       77
                                      1897
  MINIMUM         46   1159 PM  23    1951  41      5       56
                                      1928
  AVERAGE         49                        54     -5       67

PRECIPITATION (IN)
  YESTERDAY        0.96          2.37 1973   0.06   0.90     0.00
  MONTH TO DATE    2.68                      1.67   1.01     3.91
  SINCE SEP 1      2.68                      1.67   1.01     3.91
  SINCE JAN 1     11.99                     15.86  -3.87    22.66

DEGREE DAYS
 HEATING
  YESTERDAY       16                        12      4        0
  MONTH TO DATE  128                       176    -48      121
  SINCE SEP 1    128                       176    -48      121
  SINCE JUL 1    162                       242    -80      154

 COOLING
  YESTERDAY        0                         0      0        2
  MONTH TO DATE   35                        28      7       22
  SINCE SEP 1     35                        28      7       22
  SINCE JAN 1    397                       443    -46      415
..................................................................


WIND (MPH)
  HIGHEST WIND SPEED    21   HIGHEST WIND DIRECTION     N (360)
  HIGHEST GUST SPEED    27   HIGHEST GUST DIRECTION     N (10)
  AVERAGE WIND SPEED    12.9


SKY COVER
  POSSIBLE SUNSHINE  MM
  AVERAGE SKY COVER 1.0


WEATHER CONDITIONS
 THE FOLLOWING WEATHER WAS RECORDED YESTERDAY.
  RAIN
  LIGHT RAIN
  FOG


RELATIVE HUMIDITY (PERCENT)
 HIGHEST   100           600 AM
 LOWEST     83           400 PM
 AVERAGE    92

..........................................................


THE JAMESTOWN ND CLIMATE NORMALS FOR TODAY
                         NORMAL    RECORD    YEAR
 MAXIMUM TEMPERATURE (F)   66        95      1938
 MINIMUM TEMPERATURE (F)   41        18      1926


SUNRISE AND SUNSET
SEPTEMBER 25 2017.....SUNRISE   726 AM CDT   SUNSET   726 PM CDT
SEPTEMBER 26 2017.....SUNRISE   727 AM CDT   SUNSET   724 PM CDT


-  INDICATES NEGATIVE NUMBERS.
R  INDICATES RECORD WAS SET OR TIED.
MM INDICATES DATA IS MISSING.
T  INDICATES TRACE AMOUNT.




$$
