000
CDUS43 KBIS 240023
CLIJMS


CLIMATE REPORT
NATIONAL WEATHER SERVICE BISMARCK ND
722 PM CDT TUE SEP 23 2014


...................................

...THE JAMESTOWN ND CLIMATE SUMMARY FOR SEPTEMBER 23 2014...
VALID TODAY AS OF 0700 PM LOCAL TIME.

CLIMATE NORMAL PERIOD 1981 TO 2010
CLIMATE RECORD PERIOD 1891 TO 2014


WEATHER ITEM   OBSERVED TIME   RECORD YEAR NORMAL DEPARTURE LAST
                VALUE   (LST)  VALUE       VALUE  FROM      YEAR
                                                  NORMAL
..................................................................
TEMPERATURE (F)
 TODAY
  MAXIMUM         70    100 PM  92    1958  67      3       79
  MINIMUM         54    700 AM  23    1928  42     12       58
  AVERAGE         62                        54      8       69

PRECIPITATION (IN)
  TODAY            0.00          1.35 1977   0.06  -0.06     0.00
  MONTH TO DATE    1.59                      1.61  -0.02     1.69
  SINCE SEP 1      1.59                      1.61  -0.02     1.69
  SINCE JAN 1     20.27                     15.80   4.47    10.89

DEGREE DAYS
 HEATING
  TODAY            3                        11     -8        0
  MONTH TO DATE  183                       164     19       84
  SINCE SEP 1    183                       164     19       84
  SINCE JUL 1    238                       230      8      128

 COOLING
  TODAY            0                         0      0        4
  MONTH TO DATE   11                        28    -17       55
  SINCE SEP 1     11                        28    -17       55
  SINCE JAN 1    349                       443    -94      521
..................................................................


WIND (MPH)
  RESULTANT WIND SPEED  13   RESULTANT WIND DIRECTION   S (170)
  HIGHEST WIND SPEED    25   HIGHEST WIND DIRECTION     S (170)
  HIGHEST GUST SPEED    32   HIGHEST GUST DIRECTION     S (180)
  AVERAGE WIND SPEED    13.0


SKY COVER
  POSSIBLE SUNSHINE  MM
  AVERAGE SKY COVER 0.3


WEATHER CONDITIONS
 THE FOLLOWING WEATHER WAS RECORDED TODAY.
  NO SIGNIFICANT WEATHER WAS OBSERVED.


RELATIVE HUMIDITY (PERCENT)
 HIGHEST    93           700 AM
 LOWEST     66           100 PM
 AVERAGE    80

..........................................................


THE JAMESTOWN ND CLIMATE NORMALS FOR TOMORROW
                         NORMAL    RECORD    YEAR
 MAXIMUM TEMPERATURE (F)   66        85      1992
 MINIMUM TEMPERATURE (F)   41        23      1951


SUNRISE AND SUNSET
SEPTEMBER 23 2014.....SUNRISE   723 AM CDT   SUNSET   730 PM CDT
SEPTEMBER 24 2014.....SUNRISE   724 AM CDT   SUNSET   728 PM CDT


-  INDICATES NEGATIVE NUMBERS.
R  INDICATES RECORD WAS SET OR TIED.
MM INDICATES DATA IS MISSING.
T  INDICATES TRACE AMOUNT.




$$
