000
CDUS43 KBIS 270021
CLIJMS


CLIMATE REPORT
NATIONAL WEATHER SERVICE BISMARCK ND
721 PM CDT SUN MAR 26 2017


...................................

...THE JAMESTOWN ND CLIMATE SUMMARY FOR MARCH 26 2017...
VALID TODAY AS OF 0700 PM LOCAL TIME.

CLIMATE NORMAL PERIOD 1981 TO 2010
CLIMATE RECORD PERIOD 1891 TO 2017


WEATHER ITEM   OBSERVED TIME   RECORD YEAR NORMAL DEPARTURE LAST
                VALUE   (LST)  VALUE       VALUE  FROM      YEAR
                                                  NORMAL
..................................................................
TEMPERATURE (F)
 TODAY
  MAXIMUM         52    523 PM  70    1946  43      9       39
  MINIMUM         32    144 AM -17    1964  22     10       14
  AVERAGE         42                        32     10       27

PRECIPITATION (IN)
  TODAY            0.00          1.27 1902   0.03  -0.03     0.00
  MONTH TO DATE    0.08                      0.68  -0.60     0.32
  SINCE MAR 1      0.08                      0.68  -0.60     0.32
  SINCE JAN 1      0.50                      1.53  -1.03     0.43

DEGREE DAYS
 HEATING
  TODAY           23                        33    -10       38
  MONTH TO DATE 1050                      1006     44      751
  SINCE MAR 1   1050                      1006     44      751
  SINCE JUL 1   7059                      7765   -706     6493

 COOLING
  TODAY            0                         0      0        0
  MONTH TO DATE    0                         0      0        0
  SINCE MAR 1      0                         0      0        0
  SINCE JAN 1      0                         0      0        0
..................................................................


WIND (MPH)
  RESULTANT WIND SPEED   3   RESULTANT WIND DIRECTION   S (180)
  HIGHEST WIND SPEED    14   HIGHEST WIND DIRECTION     S (180)
  HIGHEST GUST SPEED    18   HIGHEST GUST DIRECTION     S (180)
  AVERAGE WIND SPEED     4.8


SKY COVER
  POSSIBLE SUNSHINE  MM
  AVERAGE SKY COVER 0.8


WEATHER CONDITIONS
 THE FOLLOWING WEATHER WAS RECORDED TODAY.
  FOG
  FOG W/VISIBILITY <= 1/4 MILE


RELATIVE HUMIDITY (PERCENT)
 HIGHEST   100           100 AM
 LOWEST     63           500 PM
 AVERAGE    82

..........................................................


THE JAMESTOWN ND CLIMATE NORMALS FOR TOMORROW
                         NORMAL    RECORD    YEAR
 MAXIMUM TEMPERATURE (F)   43        80      1946
 MINIMUM TEMPERATURE (F)   23       -14      1899


SUNRISE AND SUNSET
MARCH 26 2017.........SUNRISE   725 AM CDT   SUNSET   756 PM CDT
MARCH 27 2017.........SUNRISE   723 AM CDT   SUNSET   758 PM CDT


-  INDICATES NEGATIVE NUMBERS.
R  INDICATES RECORD WAS SET OR TIED.
MM INDICATES DATA IS MISSING.
T  INDICATES TRACE AMOUNT.




$$
