744
CDUS43 KBIS 150740
CLIJMS


CLIMATE REPORT
NATIONAL WEATHER SERVICE BISMARCK ND
139 AM CST FRI DEC 15 2017


...................................

...THE JAMESTOWN ND CLIMATE SUMMARY FOR DECEMBER 14 2017...

CLIMATE NORMAL PERIOD 1981 TO 2010
CLIMATE RECORD PERIOD 1891 TO 2017


WEATHER ITEM   OBSERVED TIME   RECORD YEAR NORMAL DEPARTURE LAST
                VALUE   (LST)  VALUE       VALUE  FROM      YEAR
                                                  NORMAL
..................................................................
TEMPERATURE (F)
 YESTERDAY
  MAXIMUM         32    957 PM  53    1998  23      9        3
  MINIMUM         25   1123 AM -31    1901   5     20       -9
  AVERAGE         29                        14     15       -3

PRECIPITATION (IN)
  YESTERDAY        T             0.42 1893   0.01  -0.01      T
  MONTH TO DATE    0.05                      0.18  -0.13     0.23
  SINCE DEC 1      0.05                      0.18  -0.13     0.23
  SINCE JAN 1     12.43                     18.55  -6.12    25.09

DEGREE DAYS
 HEATING
  YESTERDAY       36                        51    -15       68
  MONTH TO DATE  536                       678   -142      771
  SINCE DEC 1    536                       678   -142      771
  SINCE JUL 1   2506                      2762   -256     2332

 COOLING
  YESTERDAY        0                         0      0        0
  MONTH TO DATE    0                         0      0        0
  SINCE DEC 1      0                         0      0        0
  SINCE JAN 1    397                       446    -49      419
..................................................................


WIND (MPH)
  HIGHEST WIND SPEED    20   HIGHEST WIND DIRECTION    NW (310)
  HIGHEST GUST SPEED    26   HIGHEST GUST DIRECTION    NW (310)
  AVERAGE WIND SPEED     8.5


SKY COVER
  POSSIBLE SUNSHINE  MM
  AVERAGE SKY COVER 1.0


WEATHER CONDITIONS
 THE FOLLOWING WEATHER WAS RECORDED YESTERDAY.
  LIGHT SNOW
  FOG


RELATIVE HUMIDITY (PERCENT)
 HIGHEST   100           100 AM
 LOWEST     78          1000 PM
 AVERAGE    89

..........................................................


THE JAMESTOWN ND CLIMATE NORMALS FOR TODAY
                         NORMAL    RECORD    YEAR
 MAXIMUM TEMPERATURE (F)   23        55      1939
 MINIMUM TEMPERATURE (F)    5       -29      1901


SUNRISE AND SUNSET
DECEMBER 15 2017......SUNRISE   814 AM CST   SUNSET   446 PM CST
DECEMBER 16 2017......SUNRISE   814 AM CST   SUNSET   447 PM CST


-  INDICATES NEGATIVE NUMBERS.
R  INDICATES RECORD WAS SET OR TIED.
MM INDICATES DATA IS MISSING.
T  INDICATES TRACE AMOUNT.




$$
