000
CDUS43 KBIS 010045
CLIJMS


CLIMATE REPORT
NATIONAL WEATHER SERVICE BISMARCK ND
744 PM CDT SUN APR 30 2017


...................................

...THE JAMESTOWN ND CLIMATE SUMMARY FOR APRIL 30 2017...
VALID TODAY AS OF 0700 PM LOCAL TIME.

CLIMATE NORMAL PERIOD 1981 TO 2010
CLIMATE RECORD PERIOD 1891 TO 2017


WEATHER ITEM   OBSERVED TIME   RECORD YEAR NORMAL DEPARTURE LAST
                VALUE   (LST)  VALUE       VALUE  FROM      YEAR
                                                  NORMAL
..................................................................
TEMPERATURE (F)
 TODAY
  MAXIMUM         61    441 PM  97    1992  63     -2       62
  MINIMUM         29    420 AM  16    1903  36     -7       37
  AVERAGE         45                        49     -4       50

PRECIPITATION (IN)
  TODAY            0.00          1.18 1953   0.06  -0.06     0.00
  MONTH TO DATE    1.40                      1.20   0.20     2.57
  SINCE MAR 1      1.48                      2.04  -0.56     2.93
  SINCE JAN 1      1.90                      2.89  -0.99     3.04

DEGREE DAYS
 HEATING
  TODAY           20                        16      4       15
  MONTH TO DATE  650                       677    -27      687
  SINCE MAR 1   1805                      1835    -30     1545
  SINCE JUL 1   7814                      8594   -780     7287

 COOLING
  TODAY            0                         0      0        0
  MONTH TO DATE    0                         2     -2        0
  SINCE MAR 1      0                         2     -2        0
  SINCE JAN 1      0                         2     -2        0
..................................................................


WIND (MPH)
  RESULTANT WIND SPEED   6   RESULTANT WIND DIRECTION   E (70)
  HIGHEST WIND SPEED    18   HIGHEST WIND DIRECTION     E (80)
  HIGHEST GUST SPEED    26   HIGHEST GUST DIRECTION     E (90)
  AVERAGE WIND SPEED     7.9


SKY COVER
  POSSIBLE SUNSHINE  MM
  AVERAGE SKY COVER 0.0


WEATHER CONDITIONS
 THE FOLLOWING WEATHER WAS RECORDED TODAY.
  NO SIGNIFICANT WEATHER WAS OBSERVED.


RELATIVE HUMIDITY (PERCENT)
 HIGHEST    89           400 AM
 LOWEST     25           200 PM
 AVERAGE    57

..........................................................


THE JAMESTOWN ND CLIMATE NORMALS FOR TOMORROW
                         NORMAL    RECORD    YEAR
 MAXIMUM TEMPERATURE (F)   63        88      1959
 MINIMUM TEMPERATURE (F)   37         8      1909


SUNRISE AND SUNSET
APRIL 30 2017.........SUNRISE   620 AM CDT   SUNSET   844 PM CDT
MAY  1 2017...........SUNRISE   619 AM CDT   SUNSET   845 PM CDT


-  INDICATES NEGATIVE NUMBERS.
R  INDICATES RECORD WAS SET OR TIED.
MM INDICATES DATA IS MISSING.
T  INDICATES TRACE AMOUNT.




$$
