000
CDUS43 KBIS 210742
CLIJMS


CLIMATE REPORT
NATIONAL WEATHER SERVICE BISMARCK ND
141 AM CST FRI NOV 21 2014


...................................

...THE JAMESTOWN ND CLIMATE SUMMARY FOR NOVEMBER 20 2014...

CLIMATE NORMAL PERIOD 1981 TO 2010
CLIMATE RECORD PERIOD 1891 TO 2014


WEATHER ITEM   OBSERVED TIME   RECORD YEAR NORMAL DEPARTURE LAST
                VALUE   (LST)  VALUE       VALUE  FROM      YEAR
                                                  NORMAL
..................................................................
TEMPERATURE (F)
 YESTERDAY
  MAXIMUM         21    233 PM  65    1908  34    -13       33
  MINIMUM          2    729 AM -14    1921  16    -14       16
  AVERAGE         12                        25    -13       25

PRECIPITATION (IN)
  YESTERDAY        0.00          0.64 1996   0.02  -0.02      T
  MONTH TO DATE    0.13                      0.47  -0.34     0.01
  SINCE SEP 1      2.15                      4.02  -1.87     6.67
  SINCE JAN 1     20.83                     18.21   2.62    15.87

DEGREE DAYS
 HEATING
  YESTERDAY       53                        40     13       40
  MONTH TO DATE  800                       686    114      658
  SINCE SEP 1   1584                      1587     -3     1482
  SINCE JUL 1   1639                      1653    -14     1526

 COOLING
  YESTERDAY        0                         0      0        0
  MONTH TO DATE    0                         0      0        0
  SINCE SEP 1     29                        31     -2       55
  SINCE JAN 1    367                       446    -79      521
..................................................................


WIND (MPH)
  HIGHEST WIND SPEED    18   HIGHEST WIND DIRECTION     S (180)
  HIGHEST GUST SPEED    23   HIGHEST GUST DIRECTION     S (190)
  AVERAGE WIND SPEED     8.0


SKY COVER
  POSSIBLE SUNSHINE  MM
  AVERAGE SKY COVER 0.0


WEATHER CONDITIONS
 THE FOLLOWING WEATHER WAS RECORDED YESTERDAY.
  NO SIGNIFICANT WEATHER WAS OBSERVED.


RELATIVE HUMIDITY (PERCENT)
 HIGHEST    86           600 AM
 LOWEST     56           100 PM
 AVERAGE    71

..........................................................


THE JAMESTOWN ND CLIMATE NORMALS FOR TODAY
                         NORMAL    RECORD    YEAR
 MAXIMUM TEMPERATURE (F)   34        64      2006
 MINIMUM TEMPERATURE (F)   15       -10      1978


SUNRISE AND SUNSET
NOVEMBER 21 2014......SUNRISE   746 AM CST   SUNSET   454 PM CST
NOVEMBER 22 2014......SUNRISE   748 AM CST   SUNSET   454 PM CST


-  INDICATES NEGATIVE NUMBERS.
R  INDICATES RECORD WAS SET OR TIED.
MM INDICATES DATA IS MISSING.
T  INDICATES TRACE AMOUNT.




$$
