251
CDUS43 KBIS 080729
CLIJMS


CLIMATE REPORT
NATIONAL WEATHER SERVICE BISMARCK ND
129 AM CST MON FEB 8 2016


...................................

...THE JAMESTOWN ND CLIMATE SUMMARY FOR FEBRUARY 7 2016...

CLIMATE NORMAL PERIOD 1981 TO 2010
CLIMATE RECORD PERIOD 1891 TO 2016


WEATHER ITEM   OBSERVED TIME   RECORD YEAR NORMAL DEPARTURE LAST
                VALUE   (LST)  VALUE       VALUE  FROM      YEAR
                                                  NORMAL
..................................................................
TEMPERATURE (F)
 YESTERDAY
  MAXIMUM         38   1248 AM  57    1991  23     15       37
  MINIMUM         21   1039 PM -38    1933   3     18       13
  AVERAGE         30                        12     18       25

PRECIPITATION (IN)
  YESTERDAY        T             0.50 1937   0.01  -0.01     0.00
  MONTH TO DATE    0.01                      0.07  -0.06     0.03
  SINCE DEC 1      0.15                      0.92  -0.77     0.33
  SINCE JAN 1      0.01                      0.52  -0.51     0.30

DEGREE DAYS
 HEATING
  YESTERDAY       35                        52    -17       40
  MONTH TO DATE  273                       372    -99      388
  SINCE DEC 1   3191                      3650   -459     3350
  SINCE JUL 1   4839                      5734   -895     5513

 COOLING
  YESTERDAY        0                         0      0        0
  MONTH TO DATE    0                         0      0        0
  SINCE DEC 1      0                         0      0        0
  SINCE JAN 1      0                         0      0        0
..................................................................


WIND (MPH)
  HIGHEST WIND SPEED    43   HIGHEST WIND DIRECTION    NW (330)
  HIGHEST GUST SPEED    58   HIGHEST GUST DIRECTION     N (340)
  AVERAGE WIND SPEED    29.9


SKY COVER
  POSSIBLE SUNSHINE  MM
  AVERAGE SKY COVER 0.8


WEATHER CONDITIONS
 THE FOLLOWING WEATHER WAS RECORDED YESTERDAY.
  LIGHT SNOW
  FOG


RELATIVE HUMIDITY (PERCENT)
 HIGHEST    84           400 PM
 LOWEST     56           500 AM
 AVERAGE    70

..........................................................


THE JAMESTOWN ND CLIMATE NORMALS FOR TODAY
                         NORMAL    RECORD    YEAR
 MAXIMUM TEMPERATURE (F)   23        56      2000
 MINIMUM TEMPERATURE (F)    3       -35      1933


SUNRISE AND SUNSET
FEBRUARY  8 2016......SUNRISE   750 AM CST   SUNSET   548 PM CST
FEBRUARY  9 2016......SUNRISE   749 AM CST   SUNSET   549 PM CST


-  INDICATES NEGATIVE NUMBERS.
R  INDICATES RECORD WAS SET OR TIED.
MM INDICATES DATA IS MISSING.
T  INDICATES TRACE AMOUNT.




$$
