000
CDUS43 KBIS 250101
CLIJMS


CLIMATE REPORT
NATIONAL WEATHER SERVICE BISMARCK ND
800 PM CDT SAT JUN 24 2017


...................................

...THE JAMESTOWN ND CLIMATE SUMMARY FOR JUNE 24 2017...
VALID TODAY AS OF 0800 PM LOCAL TIME.

CLIMATE NORMAL PERIOD 1981 TO 2010
CLIMATE RECORD PERIOD 1891 TO 2017


WEATHER ITEM   OBSERVED TIME   RECORD YEAR NORMAL DEPARTURE LAST
                VALUE   (LST)  VALUE       VALUE  FROM      YEAR
                                                  NORMAL
..................................................................
TEMPERATURE (F)
 TODAY
  MAXIMUM         58    343 PM 107    1936  79    -21       91
  MINIMUM         47    541 AM  36    2004  55     -8       58
  AVERAGE         53                        67    -14       75

PRECIPITATION (IN)
  TODAY            T             1.82 1966   0.11  -0.11     0.05
  MONTH TO DATE    2.07                      2.53  -0.46     2.45
  SINCE JUN 1      2.07                      2.53  -0.46     2.45
  SINCE JAN 1      4.86                      8.08  -3.22     8.28

DEGREE DAYS
 HEATING
  TODAY           12                         2     10        0
  MONTH TO DATE   27                        87    -60       38
  SINCE JUN 1     27                        87    -60       38
  SINCE JUL 1   8146                      9003   -857     7577

 COOLING
  TODAY            0                         4     -4       10
  MONTH TO DATE   79                        55     24       88
  SINCE JUN 1     79                        55     24       88
  SINCE JAN 1     79                        75      4      102
..................................................................


WIND (MPH)
  RESULTANT WIND SPEED  18   RESULTANT WIND DIRECTION  NW (320)
  HIGHEST WIND SPEED    29   HIGHEST WIND DIRECTION    NW (320)
  HIGHEST GUST SPEED    35   HIGHEST GUST DIRECTION    NW (330)
  AVERAGE WIND SPEED    18.3


SKY COVER
  POSSIBLE SUNSHINE  MM
  AVERAGE SKY COVER 0.6


WEATHER CONDITIONS
 THE FOLLOWING WEATHER WAS RECORDED TODAY.
  NO SIGNIFICANT WEATHER WAS OBSERVED.


RELATIVE HUMIDITY (PERCENT)
 HIGHEST    80           500 AM
 LOWEST     55          1000 AM
 AVERAGE    68

..........................................................


THE JAMESTOWN ND CLIMATE NORMALS FOR TOMORROW
                         NORMAL    RECORD    YEAR
 MAXIMUM TEMPERATURE (F)   79       102      1936
 MINIMUM TEMPERATURE (F)   55        34      1907


SUNRISE AND SUNSET
JUNE 24 2017..........SUNRISE   541 AM CDT   SUNSET   933 PM CDT
JUNE 25 2017..........SUNRISE   541 AM CDT   SUNSET   934 PM CDT


-  INDICATES NEGATIVE NUMBERS.
R  INDICATES RECORD WAS SET OR TIED.
MM INDICATES DATA IS MISSING.
T  INDICATES TRACE AMOUNT.




$$
