000
CDUS43 KBIS 240741
CLIJMS


CLIMATE REPORT
NATIONAL WEATHER SERVICE BISMARCK ND
241 AM CDT SUN JUL 24 2016


...................................

...THE JAMESTOWN ND CLIMATE SUMMARY FOR JULY 23 2016...

CLIMATE NORMAL PERIOD 1981 TO 2010
CLIMATE RECORD PERIOD 1891 TO 2016


WEATHER ITEM   OBSERVED TIME   RECORD YEAR NORMAL DEPARTURE LAST
                VALUE   (LST)  VALUE       VALUE  FROM      YEAR
                                                  NORMAL
..................................................................
TEMPERATURE (F)
 YESTERDAY
  MAXIMUM         79    522 PM 104    1931  83     -4       88
  MINIMUM         65   1101 AM  43    1914  58      7       65
                                      1904
  AVERAGE         72                        70      2       77

PRECIPITATION (IN)
  YESTERDAY        0.01          1.67 2008   0.10  -0.09     0.56
  MONTH TO DATE    3.89                      2.67   1.22     2.69
  SINCE JUN 1      6.34                      5.86   0.48     8.35
  SINCE JAN 1     12.17                     11.41   0.76    18.51

DEGREE DAYS
 HEATING
  YESTERDAY        0                         0      0        0
  MONTH TO DATE    7                        19    -12        9
  SINCE JUN 1     56                       116    -60       51
  SINCE JUL 1      7                        19    -12        9

 COOLING
  YESTERDAY        7                         6      1       12
  MONTH TO DATE  120                       127     -7      134
  SINCE JUN 1    224                       207     17      236
  SINCE JAN 1    238                       227     11      244
..................................................................


WIND (MPH)
  HIGHEST WIND SPEED    35   HIGHEST WIND DIRECTION    NW (320)
  HIGHEST GUST SPEED    39   HIGHEST GUST DIRECTION    NW (310)
  AVERAGE WIND SPEED     8.4


SKY COVER
  POSSIBLE SUNSHINE  MM
  AVERAGE SKY COVER 0.4


WEATHER CONDITIONS
 THE FOLLOWING WEATHER WAS RECORDED YESTERDAY.
  THUNDERSTORM
  HEAVY RAIN
  RAIN
  LIGHT RAIN
  FOG


RELATIVE HUMIDITY (PERCENT)
 HIGHEST   100          1100 AM
 LOWEST     48          1200 AM
 AVERAGE    74

..........................................................


THE JAMESTOWN ND CLIMATE NORMALS FOR TODAY
                         NORMAL    RECORD    YEAR
 MAXIMUM TEMPERATURE (F)   83       109      1931
 MINIMUM TEMPERATURE (F)   58        37      1916


SUNRISE AND SUNSET
JULY 24 2016..........SUNRISE   605 AM CDT   SUNSET   916 PM CDT
JULY 25 2016..........SUNRISE   607 AM CDT   SUNSET   915 PM CDT


-  INDICATES NEGATIVE NUMBERS.
R  INDICATES RECORD WAS SET OR TIED.
MM INDICATES DATA IS MISSING.
T  INDICATES TRACE AMOUNT.




$$
