000
CDUS43 KBIS 250019
CLIJMS


CLIMATE REPORT
NATIONAL WEATHER SERVICE BISMARCK ND
618 PM CST SAT JAN 24 2015


...................................

...THE JAMESTOWN ND CLIMATE SUMMARY FOR JANUARY 24 2015...
VALID TODAY AS OF 0600 PM LOCAL TIME.

CLIMATE NORMAL PERIOD 1981 TO 2010
CLIMATE RECORD PERIOD 1891 TO 2015


WEATHER ITEM   OBSERVED TIME   RECORD YEAR NORMAL DEPARTURE LAST
                VALUE   (LST)  VALUE       VALUE  FROM      YEAR
                                                  NORMAL
..................................................................
TEMPERATURE (F)
 TODAY
  MAXIMUM         34   1251 PM  51    1942  20     14       36
  MINIMUM         29    739 AM -38    1904   0     29       16
  AVERAGE         32                        10     22       26

PRECIPITATION (IN)
  TODAY            0.11          0.40 1972   0.01   0.10      T
  MONTH TO DATE    0.23                      0.37  -0.14     0.15
  SINCE DEC 1      0.26                      0.77  -0.51     0.41
  SINCE JAN 1      0.23                      0.37  -0.14     0.15

DEGREE DAYS
 HEATING
  TODAY           33                        55    -22       39
  MONTH TO DATE 1225                      1318    -93     1315
  SINCE DEC 1   2688                      2894   -206     3177
  SINCE JUL 1   4851                      4978   -127     5185

 COOLING
  TODAY            0                         0      0        0
  MONTH TO DATE    0                         0      0        0
  SINCE DEC 1      0                         0      0        0
  SINCE JAN 1      0                         0      0        0
..................................................................


WIND (MPH)
  RESULTANT WIND SPEED   8   RESULTANT WIND DIRECTION  NW (300)
  HIGHEST WIND SPEED    16   HIGHEST WIND DIRECTION     W (270)
  HIGHEST GUST SPEED    20   HIGHEST GUST DIRECTION     W (280)
  AVERAGE WIND SPEED    10.7


SKY COVER
  POSSIBLE SUNSHINE  MM
  AVERAGE SKY COVER 0.5


WEATHER CONDITIONS
 THE FOLLOWING WEATHER WAS RECORDED TODAY.
  LIGHT RAIN
  LT FREEZING RAIN
  LIGHT SNOW
  FOG


RELATIVE HUMIDITY (PERCENT)
 HIGHEST    92           400 PM
 LOWEST     78           300 AM
 AVERAGE    85

..........................................................


THE JAMESTOWN ND CLIMATE NORMALS FOR TOMORROW
                         NORMAL    RECORD    YEAR
 MAXIMUM TEMPERATURE (F)   20        49      2002
                                             1973
 MINIMUM TEMPERATURE (F)    0       -35      1918


SUNRISE AND SUNSET
JANUARY 24 2015.......SUNRISE   809 AM CST   SUNSET   525 PM CST
JANUARY 25 2015.......SUNRISE   808 AM CST   SUNSET   527 PM CST


-  INDICATES NEGATIVE NUMBERS.
R  INDICATES RECORD WAS SET OR TIED.
MM INDICATES DATA IS MISSING.
T  INDICATES TRACE AMOUNT.




$$
