000
CDUS43 KBIS 280019
CLIJMS


CLIMATE REPORT
NATIONAL WEATHER SERVICE BISMARCK ND
618 PM CST FRI FEB 27 2015


...................................

...THE JAMESTOWN ND CLIMATE SUMMARY FOR FEBRUARY 27 2015...
VALID TODAY AS OF 0600 PM LOCAL TIME.

CLIMATE NORMAL PERIOD 1981 TO 2010
CLIMATE RECORD PERIOD 1891 TO 2015


WEATHER ITEM   OBSERVED TIME   RECORD YEAR NORMAL DEPARTURE LAST
                VALUE   (LST)  VALUE       VALUE  FROM      YEAR
                                                  NORMAL
..................................................................
TEMPERATURE (F)
 TODAY
  MAXIMUM         16    347 PM  60    1924  29    -13        8
  MINIMUM        -13    657 AM -25    1925  11    -24      -18
  AVERAGE          2                        20    -18       -5

PRECIPITATION (IN)
  TODAY            0.00          1.18 1958   0.02  -0.02     0.00
  MONTH TO DATE    0.15                      0.38  -0.23     0.10
  SINCE DEC 1      0.45                      1.23  -0.78     0.65
  SINCE JAN 1      0.42                      0.83  -0.41     0.39

DEGREE DAYS
 HEATING
  TODAY           63                        45     18       70
  MONTH TO DATE 1559                      1352    207     1589
  SINCE DEC 1   4521                      4630   -109     5196
  SINCE JUL 1   6684                      6714    -30     7204

 COOLING
  TODAY            0                         0      0        0
  MONTH TO DATE    0                         0      0        0
  SINCE DEC 1      0                         0      0        0
  SINCE JAN 1      0                         0      0        0
..................................................................


WIND (MPH)
  RESULTANT WIND SPEED   7   RESULTANT WIND DIRECTION  SW (240)
  HIGHEST WIND SPEED    15   HIGHEST WIND DIRECTION     S (190)
  HIGHEST GUST SPEED    18   HIGHEST GUST DIRECTION     S (190)
  AVERAGE WIND SPEED     8.2


SKY COVER
  POSSIBLE SUNSHINE  MM
  AVERAGE SKY COVER 0.0


WEATHER CONDITIONS
 THE FOLLOWING WEATHER WAS RECORDED TODAY.
  NO SIGNIFICANT WEATHER WAS OBSERVED.


RELATIVE HUMIDITY (PERCENT)
 HIGHEST    79           200 AM
 LOWEST     51           300 PM
 AVERAGE    65

..........................................................


THE JAMESTOWN ND CLIMATE NORMALS FOR TOMORROW
                         NORMAL    RECORD    YEAR
 MAXIMUM TEMPERATURE (F)   29        55      1905
 MINIMUM TEMPERATURE (F)   11       -29      1962


SUNRISE AND SUNSET
FEBRUARY 27 2015......SUNRISE   719 AM CST   SUNSET   617 PM CST
FEBRUARY 28 2015......SUNRISE   717 AM CST   SUNSET   618 PM CST


-  INDICATES NEGATIVE NUMBERS.
R  INDICATES RECORD WAS SET OR TIED.
MM INDICATES DATA IS MISSING.
T  INDICATES TRACE AMOUNT.




$$
