000
CDUS43 KBIS 280033
CLIJMS


CLIMATE REPORT
NATIONAL WEATHER SERVICE BISMARCK ND
733 PM CDT SUN JUL 27 2014


...................................

...THE JAMESTOWN ND CLIMATE SUMMARY FOR JULY 27 2014...
VALID TODAY AS OF 0700 PM LOCAL TIME.

CLIMATE NORMAL PERIOD 1981 TO 2010
CLIMATE RECORD PERIOD 1891 TO 2014


WEATHER ITEM   OBSERVED TIME   RECORD YEAR NORMAL DEPARTURE LAST
                VALUE   (LST)  VALUE       VALUE  FROM      YEAR
                                                  NORMAL
..................................................................
TEMPERATURE (F)
 TODAY
  MAXIMUM         67    553 PM 107    1988  84    -17       71
  MINIMUM         58    628 AM  42    2013  58      0       42
  AVERAGE         63                        71     -8       57

PRECIPITATION (IN)
  TODAY            T             1.80 1995   0.09  -0.09     0.00
  MONTH TO DATE    0.82                      3.03  -2.21     0.39
  SINCE JUN 1      7.18                      6.22   0.96     2.12
  SINCE JAN 1     15.62                     11.77   3.85     7.71

DEGREE DAYS
 HEATING
  TODAY            2                         0      2        8
  MONTH TO DATE   26                        19      7       20
  SINCE JUN 1     85                       116    -31      105
  SINCE JUL 1     26                        19      7       20

 COOLING
  TODAY            0                         6     -6        0
  MONTH TO DATE  112                       151    -39      179
  SINCE JUN 1    168                       231    -63      279
  SINCE JAN 1    222                       251    -29      290
..................................................................


WIND (MPH)
  RESULTANT WIND SPEED  16   RESULTANT WIND DIRECTION  NW (330)
  HIGHEST WIND SPEED    25   HIGHEST WIND DIRECTION     N (340)
  HIGHEST GUST SPEED    31   HIGHEST GUST DIRECTION    NW (320)
  AVERAGE WIND SPEED    16.6


SKY COVER
  POSSIBLE SUNSHINE  MM
  AVERAGE SKY COVER 0.8


WEATHER CONDITIONS
 THE FOLLOWING WEATHER WAS RECORDED TODAY.
  NO SIGNIFICANT WEATHER WAS OBSERVED.


RELATIVE HUMIDITY (PERCENT)
 HIGHEST    86           400 AM
 LOWEST     63           500 PM
 AVERAGE    75

..........................................................


THE JAMESTOWN ND CLIMATE NORMALS FOR TOMORROW
                         NORMAL    RECORD    YEAR
 MAXIMUM TEMPERATURE (F)   84       112      1917
 MINIMUM TEMPERATURE (F)   58        42      1934


SUNRISE AND SUNSET
JULY 27 2014..........SUNRISE   608 AM CDT   SUNSET   913 PM CDT
JULY 28 2014..........SUNRISE   609 AM CDT   SUNSET   912 PM CDT


-  INDICATES NEGATIVE NUMBERS.
R  INDICATES RECORD WAS SET OR TIED.
MM INDICATES DATA IS MISSING.
T  INDICATES TRACE AMOUNT.




$$
