000
CDAK47 PAJK 011149
CLIJNU
AKZ025-012300-
NATIONAL WEATHER SERVICE JUNEAU, AK
348 AM AKDT TUE SEP 1 2015


...................................

...THE JUNEAU CLIMATE SUMMARY FOR AUGUST 31 2015...

CLIMATE NORMAL PERIOD 1981 TO 2010
CLIMATE RECORD PERIOD 1936 TO 2015


WEATHER ITEM   OBSERVED TIME   RECORD YEAR NORMAL DEPARTURE LAST
                VALUE   (LST)  VALUE       VALUE  FROM      YEAR
                                                  NORMAL
..................................................................
TEMPERATURE (F)
 YESTERDAY
  MAXIMUM         51   1200 PM  74    1963  60     -9       54
  MINIMUM         44   1136 PM  27    1941  47     -3       50
  AVERAGE         48                        53     -5       52

PRECIPITATION (IN)
  YESTERDAY        0.77          1.60 1998   0.24   0.53     0.36
  MONTH TO DATE    8.92                      5.73   3.19     8.53
  SINCE JUN 1     23.98                     13.57  10.41    24.27
  SINCE JAN 1     51.80                     33.17  18.63    44.19

DEGREE DAYS
 HEATING
  YESTERDAY       17                        12      5       13
  MONTH TO DATE  251                       285    -34      246
  SINCE JUN 1    713                       850   -137      830
  SINCE JUL 1    479                       535    -56      476

 COOLING
  YESTERDAY        0                         0      0        0
  MONTH TO DATE    1                         0      1        0
  SINCE JUN 1      8                         2      6        0
  SINCE JAN 1      8                         2      6        0
..................................................................


WIND (MPH)
  HIGHEST WIND SPEED    20   HIGHEST WIND DIRECTION    SE (120)
  HIGHEST GUST SPEED    24   HIGHEST GUST DIRECTION    SE (120)
  AVERAGE WIND SPEED     5.2


SKY COVER
  AVERAGE SKY COVER 1.0


WEATHER CONDITIONS
 THE FOLLOWING WEATHER WAS RECORDED YESTERDAY.
  RAIN
  LIGHT RAIN
  FOG


RELATIVE HUMIDITY (PERCENT)
 HIGHEST   100          1100 PM
 LOWEST     86           800 AM
 AVERAGE    93

..........................................................


THE JUNEAU CLIMATE NORMALS FOR TODAY
                         NORMAL    RECORD    YEAR
 MAXIMUM TEMPERATURE (F)   60        70      1974
 MINIMUM TEMPERATURE (F)   46        29      1941


SUNRISE AND SUNSET
SEPTEMBER  1 2015.....SUNRISE   557 AM AKDT  SUNSET   758 PM AKDT
SEPTEMBER  2 2015.....SUNRISE   559 AM AKDT  SUNSET   755 PM AKDT


-  INDICATES NEGATIVE NUMBERS.
R  INDICATES RECORD WAS SET OR TIED.
MM INDICATES DATA IS MISSING.
T  INDICATES TRACE AMOUNT.




$$

&&
----------------------------
AMOUNT OF DAYLIGHT TODAY  (HOUR:MIN)........14:01
GAIN/LOSS SINCE YESTERDAY (HOUR:MIN:SEC)....-0:04:59
