000
CDAK47 PAJK 301451
CLIJNU
AKZ025-310200-
CLIMATE REPORT
NATIONAL WEATHER SERVICE JUNEAU, AK
600 AM AKDT THU OCT 30 2014


...................................

...THE JUNEAU CLIMATE SUMMARY FOR OCTOBER 29 2014...

CLIMATE NORMAL PERIOD 1981 TO 2010
CLIMATE RECORD PERIOD 1943 TO 2014


WEATHER ITEM   OBSERVED TIME   RECORD YEAR NORMAL DEPARTURE LAST
                VALUE   (LST)  VALUE       VALUE  FROM      YEAR
                                                  NORMAL
..................................................................
TEMPERATURE (F)
 YESTERDAY
  MAXIMUM         47    156 PM  53    1993  43      4       46
  MINIMUM         38    753 AM  16    1984  33      5       43
  AVERAGE         43                        38      5       45

PRECIPITATION (IN)
  YESTERDAY        T             1.12 1949   0.24  -0.24     0.06
  MONTH TO DATE    6.71                      8.15  -1.44     9.59
  SINCE SEP 1     16.02                     16.79  -0.77    17.12
  SINCE JAN 1     60.21                     49.96  10.25    58.03

SNOWFALL (IN)
  YESTERDAY        0.0           5.3  1991   0.1   -0.1      0.0
  MONTH TO DATE    0.0                       0.6   -0.6       T
  SINCE SEP 1      T                         0.6   -0.6       T
  SINCE JUL 1      T                         0.6   -0.6       T
  SNOW DEPTH       0

DEGREE DAYS
 HEATING
  YESTERDAY       22                        27     -5       20
  MONTH TO DATE  604                       645    -41      580
  SINCE SEP 1    995                      1094    -99      967
  SINCE JUL 1   1471                      1629   -158     1402

 COOLING
  YESTERDAY        0                         0      0        0
  MONTH TO DATE    0                         0      0        0
  SINCE SEP 1      0                         0      0        0
  SINCE JAN 1      0                         2     -2        9
..................................................................


WIND (MPH)
  HIGHEST WIND SPEED    20   HIGHEST WIND DIRECTION     E (100)
  HIGHEST GUST SPEED    23   HIGHEST GUST DIRECTION     E (100)
  AVERAGE WIND SPEED     4.4


SKY COVER
  POSSIBLE SUNSHINE  MM
  AVERAGE SKY COVER 1.0


WEATHER CONDITIONS
 THE FOLLOWING WEATHER WAS RECORDED YESTERDAY.
  LIGHT RAIN


RELATIVE HUMIDITY (PERCENT)
 HIGHEST   100           500 AM
 LOWEST     76           200 PM
 AVERAGE    88

..........................................................


THE JUNEAU CLIMATE NORMALS FOR TODAY
                         NORMAL    RECORD    YEAR
 MAXIMUM TEMPERATURE (F)   42        55      1949
 MINIMUM TEMPERATURE (F)   33        11      1984


SUNRISE AND SUNSET
OCTOBER 30 2014.......SUNRISE   810 AM AKDT  SUNSET   514 PM AKDT
OCTOBER 31 2014.......SUNRISE   812 AM AKDT  SUNSET   511 PM AKDT


-  INDICATES NEGATIVE NUMBERS.
R  INDICATES RECORD WAS SET OR TIED.
MM INDICATES DATA IS MISSING.
T  INDICATES TRACE AMOUNT.




$$


&&
----------------------------
AMOUNT OF DAYLIGHT TODAY  (HOUR:MIN)........ 9:04
GAIN/LOSS SINCE YESTERDAY (HOUR:MIN:SEC)....-0:04:49
