000
CDAK47 PAJK 180052
CLIJNU
AKZ025-181200-
CLIMATE REPORT
NATIONAL WEATHER SERVICE JUNEAU, AK
451 PM AKDT WED SEP 17 2014


...................................

...THE JUNEAU CLIMATE SUMMARY FOR SEPTEMBER 17 2014...
VALID TODAY AS OF 0300 PM LOCAL TIME.

CLIMATE NORMAL PERIOD 1981 TO 2010
CLIMATE RECORD PERIOD 1943 TO 2014


WEATHER ITEM   OBSERVED TIME   RECORD YEAR NORMAL DEPARTURE LAST
                VALUE   (LST)  VALUE       VALUE  FROM      YEAR
                                                  NORMAL
..................................................................
TEMPERATURE (F)
 TODAY
  MAXIMUM         60    158 PM  70    1995  55      5       53
  MINIMUM         47    637 AM  31    1973  44      3       49
  AVERAGE         54                        50      4       51

PRECIPITATION (IN)
  TODAY            T             1.28 1948   0.30  -0.30     0.35
  MONTH TO DATE    3.50                      4.68  -1.18     4.27
  SINCE SEP 1      3.50                      4.68  -1.18     4.27
  SINCE JAN 1     47.60                     37.85   9.75    45.18

DEGREE DAYS
 HEATING
  TODAY           11                        15     -4       14
  MONTH TO DATE  213                       232    -19      168
  SINCE SEP 1    213                       232    -19      168
  SINCE JUL 1    689                       767    -78      603

 COOLING
  TODAY            0                         0      0        0
  MONTH TO DATE    0                         0      0        0
  SINCE SEP 1      0                         0      0        0
  SINCE JAN 1      0                         2     -2        9
..................................................................


WIND (MPH)
  HIGHEST WIND SPEED    13   HIGHEST WIND DIRECTION     E (100)
  HIGHEST GUST SPEED    14   HIGHEST GUST DIRECTION     E (100)
  AVERAGE WIND SPEED     2.8


SKY COVER
  POSSIBLE SUNSHINE  MM
  AVERAGE SKY COVER 0.9


WEATHER CONDITIONS
 THE FOLLOWING WEATHER WAS RECORDED TODAY.
  LIGHT RAIN
  FOG
  FOG W/VISIBILITY <= 1/4 MILE


RELATIVE HUMIDITY (PERCENT)
 HIGHEST   100          1200 AM
 LOWEST     75           200 PM
 AVERAGE    88

..........................................................


THE JUNEAU CLIMATE NORMALS FOR TOMORROW
                         NORMAL    RECORD    YEAR
 MAXIMUM TEMPERATURE (F)   55        70      2010
 MINIMUM TEMPERATURE (F)   44        31      1985


SUNRISE AND SUNSET
SEPTEMBER 17 2014.....SUNRISE   632 AM AKDT  SUNSET   712 PM AKDT
SEPTEMBER 18 2014.....SUNRISE   635 AM AKDT  SUNSET   709 PM AKDT


-  INDICATES NEGATIVE NUMBERS.
R  INDICATES RECORD WAS SET OR TIED.
MM INDICATES DATA IS MISSING.
T  INDICATES TRACE AMOUNT.




$$


&&
----------------------------
AMOUNT OF DAYLIGHT TODAY  (HOUR:MIN)........12:39
GAIN/LOSS SINCE YESTERDAY (HOUR:MIN:SEC)....-0:05:02
