000
CDAK47 PAJK 051126
CLIJNU
AKZ025-052300-
CLIMATE REPORT
NATIONAL WEATHER SERVICE JUNEAU, AK
225 AM AKST THU MAR 5 2015

...................................

...THE JUNEAU CLIMATE SUMMARY FOR MARCH 4 2015...

CLIMATE NORMAL PERIOD 1981 TO 2010
CLIMATE RECORD PERIOD 1943 TO 2015

WEATHER ITEM   OBSERVED TIME   RECORD YEAR NORMAL DEPARTURE LAST
                VALUE   (LST)  VALUE       VALUE  FROM      YEAR
                                                  NORMAL
..................................................................
TEMPERATURE (F)
 YESTERDAY
  MAXIMUM         39   1159 PM  49    1957  37      2       22
  MINIMUM         38    911 PM  -2    1951  26     12        8
  AVERAGE         39                        32      7       15

PRECIPITATION (IN)
  YESTERDAY        0.06          0.58 1948   0.14  -0.08     0.00
  MONTH TO DATE    0.07                      0.55  -0.48     0.00
  SINCE MAR 1      0.07                      0.55  -0.48     0.00
  SINCE JAN 1     15.67                     10.03   5.64    12.13

SNOWFALL (IN)
  YESTERDAY        0.0           8.4  1971   0.5   -0.5      0.0
  MONTH TO DATE    T                         2.1   -2.1      0.0
  SINCE MAR 1      T                         2.1   -2.1      0.0
  SINCE JUL 1     38.7                      76.1  -37.4     90.8
  SNOW DEPTH       0

DEGREE DAYS
 HEATING
  YESTERDAY       26                        33     -7       50
  MONTH TO DATE  115                       133    -18      166
  SINCE MAR 1    115                       133    -18      166
  SINCE JUL 1   5336                      5970   -634     5807

 COOLING
  YESTERDAY        0                         0      0        0
  MONTH TO DATE    0                         0      0        0
  SINCE MAR 1      0                         0      0        0
  SINCE JAN 1      0                         0      0        0
..................................................................

WIND (MPH)
  HIGHEST WIND SPEED    21   HIGHEST WIND DIRECTION    SE (120)
  HIGHEST GUST SPEED    25   HIGHEST GUST DIRECTION    SE (120)
  AVERAGE WIND SPEED    13.7

SKY COVER
  POSSIBLE SUNSHINE  MM
  AVERAGE SKY COVER 1.0

WEATHER CONDITIONS
 THE FOLLOWING WEATHER WAS RECORDED YESTERDAY.
  LIGHT RAIN

RELATIVE HUMIDITY (PERCENT)
 HIGHEST   100           700 PM
 LOWEST     85           100 AM
 AVERAGE    93
..........................................................

THE JUNEAU CLIMATE NORMALS FOR TODAY
                         NORMAL    RECORD    YEAR
 MAXIMUM TEMPERATURE (F)   37        46      2005
 MINIMUM TEMPERATURE (F)   26        -7      1956

SUNRISE AND SUNSET
MARCH  5 2015.........SUNRISE   643 AM AKST  SUNSET   538 PM AKST
MARCH  6 2015.........SUNRISE   640 AM AKST  SUNSET   540 PM AKST

-  INDICATES NEGATIVE NUMBERS.
R  INDICATES RECORD WAS SET OR TIED.
MM INDICATES DATA IS MISSING.
T  INDICATES TRACE AMOUNT.

$$
&&
----------------------------
AMOUNT OF DAYLIGHT TODAY  (HOUR:MIN)........10:55
GAIN/LOSS SINCE YESTERDAY (HOUR:MIN:SEC)....+0:05:06
