000
CDAK47 PAJK 270032
CLIJNU
AKZ025-271200-
CLIMATE REPORT
NATIONAL WEATHER SERVICE JUNEAU, AK
430 PM AKDT TUE MAY 26 2015


...................................

...THE JUNEAU CLIMATE SUMMARY FOR MAY 26 2015...
VALID TODAY AS OF 0300 PM LOCAL TIME.

CLIMATE NORMAL PERIOD 1981 TO 2010
CLIMATE RECORD PERIOD 1943 TO 2015


WEATHER ITEM   OBSERVED TIME   RECORD YEAR NORMAL DEPARTURE LAST
                VALUE   (LST)  VALUE       VALUE  FROM      YEAR
                                                  NORMAL
..................................................................
TEMPERATURE (F)
 TODAY
  MAXIMUM         67    113 PM  78    1947  59      8       66
  MINIMUM         43    340 AM  31    2000  43      0       37
  AVERAGE         55                        51      4       52

PRECIPITATION (IN)
  TODAY            0.00          1.36 1981   0.11  -0.11     0.00
  MONTH TO DATE    0.47                      2.85  -2.38     1.20
  SINCE MAR 1     12.17                      9.57   2.60     7.32
  SINCE JAN 1     27.77                     19.05   8.72    19.45

DEGREE DAYS
 HEATING
  TODAY           10                        14     -4       13
  MONTH TO DATE  299                       443   -144      319
  SINCE MAR 1   1843                      2134   -291     2062
  SINCE JUL 1   7064                      7971   -907     7703

 COOLING
  TODAY            0                         0      0        0
  MONTH TO DATE    0                         0      0        0
  SINCE MAR 1      0                         0      0        0
  SINCE JAN 1      0                         0      0        0
..................................................................


WIND (MPH)
  HIGHEST WIND SPEED    18   HIGHEST WIND DIRECTION     W (270)
  HIGHEST GUST SPEED    22   HIGHEST GUST DIRECTION     W (270)
  AVERAGE WIND SPEED     4.7


SKY COVER
  POSSIBLE SUNSHINE  MM
  AVERAGE SKY COVER 0.7


WEATHER CONDITIONS
 THE FOLLOWING WEATHER WAS RECORDED TODAY.
  NO SIGNIFICANT WEATHER WAS OBSERVED.


RELATIVE HUMIDITY (PERCENT)
 HIGHEST    86          1200 AM
 LOWEST     52           100 PM
 AVERAGE    69

..........................................................


THE JUNEAU CLIMATE NORMALS FOR TOMORROW
                         NORMAL    RECORD    YEAR
 MAXIMUM TEMPERATURE (F)   59        82      1947
 MINIMUM TEMPERATURE (F)   44        32      1949


SUNRISE AND SUNSET
MAY 26 2015...........SUNRISE   411 AM AKDT  SUNSET   941 PM AKDT
MAY 27 2015...........SUNRISE   410 AM AKDT  SUNSET   943 PM AKDT


-  INDICATES NEGATIVE NUMBERS.
R  INDICATES RECORD WAS SET OR TIED.
MM INDICATES DATA IS MISSING.
T  INDICATES TRACE AMOUNT.




$$


&&
----------------------------
AMOUNT OF DAYLIGHT TODAY  (HOUR:MIN)........17:30
GAIN/LOSS SINCE YESTERDAY (HOUR:MIN:SEC)....+0:03:28
