000
CDUS43 KGRR 302128
CLIJXN


CLIMATE REPORT
NATIONAL WEATHER SERVICE GRAND RAPIDS, MI
528 PM EDT SAT MAY 30 2015


...................................

...THE JACKSON MI CLIMATE SUMMARY FOR MAY 30 2015...
VALID TODAY AS OF 0500 PM LOCAL TIME.

CLIMATE NORMAL PERIOD 1981 TO 2010
CLIMATE RECORD PERIOD 1944 TO 9999


WEATHER ITEM   OBSERVED TIME   NORMAL DEPARTURE LAST
                VALUE   (LST)  VALUE  FROM      YEAR
                                      NORMAL
......................................................
TEMPERATURE (F)
 TODAY
  MAXIMUM         77    130 PM  74      3       81
  MINIMUM         67    919 AM  51     16       50
  AVERAGE         72            62     10       66

PRECIPITATION (IN)
  TODAY            0.53          0.11   0.42     0.00
  MONTH TO DATE    3.59          3.20   0.39     4.12
  SINCE MAR 1      6.66          7.71  -1.05     8.05
  SINCE JAN 1      8.74         10.49  -1.75    12.33

DEGREE DAYS
 HEATING
  TODAY            0             5     -5        0
  MONTH TO DATE  139           253   -114      237
  SINCE MAR 1   1643          1685    -42     1938
  SINCE JUL 1   7147          6599    548     7502

 COOLING
  TODAY            7             2      5        1
  MONTH TO DATE   62            30     32       31
  SINCE MAR 1     62            36     26       31
  SINCE JAN 1     62            36     26       31
......................................................


WIND (MPH)
  RESULTANT WIND SPEED   6   RESULTANT WIND DIRECTION  SW (230)
  HIGHEST WIND SPEED    20   HIGHEST WIND DIRECTION     W (260)
  HIGHEST GUST SPEED    27   HIGHEST GUST DIRECTION     W (270)
  AVERAGE WIND SPEED     7.6


SKY COVER
  AVERAGE SKY COVER 0.4


WEATHER CONDITIONS
 THE FOLLOWING WEATHER WAS RECORDED TODAY.
  THUNDERSTORM
  HEAVY RAIN
  RAIN
  LIGHT RAIN
  FOG


RELATIVE HUMIDITY (PERCENT)
 HIGHEST    93           300 PM
 LOWEST     64          1200 AM
 AVERAGE    79

..........................................................


THE JACKSON MI CLIMATE NORMALS FOR TOMORROW
                         NORMAL
 MAXIMUM TEMPERATURE (F)   74
 MINIMUM TEMPERATURE (F)   51


SUNRISE AND SUNSET
MAY 30 2015...........SUNRISE   605 AM EDT   SUNSET   906 PM EDT
MAY 31 2015...........SUNRISE   605 AM EDT   SUNSET   907 PM EDT


-  INDICATES NEGATIVE NUMBERS.
R  INDICATES RECORD WAS SET OR TIED.
MM INDICATES DATA IS MISSING.
T  INDICATES TRACE AMOUNT.




$$
