000
CDUS43 KGRR 260523
CLIJXN


CLIMATE REPORT
NATIONAL WEATHER SERVICE GRAND RAPIDS, MI
1221 AM EST FRI DEC 26 2014


...................................

...THE JACKSON MI CLIMATE SUMMARY FOR DECEMBER 25 2014...

CLIMATE NORMAL PERIOD 1981 TO 2010
CLIMATE RECORD PERIOD 1944 TO 9999


WEATHER ITEM   OBSERVED TIME   NORMAL DEPARTURE LAST
                VALUE   (LST)  VALUE  FROM      YEAR
                                      NORMAL
......................................................
TEMPERATURE (F)
 YESTERDAY
  MAXIMUM         36    521 PM  32      4       24
  MINIMUM         33    905 PM  19     14       10
  AVERAGE         35            26      9       17

PRECIPITATION (IN)
  YESTERDAY        0.01          0.06  -0.05     0.01
  MONTH TO DATE    1.33          1.52  -0.19     1.81
  SINCE DEC 1      1.33          1.52  -0.19     1.81
  SINCE JAN 1     29.50         31.15  -1.65    32.81

DEGREE DAYS
 HEATING
  YESTERDAY       30            39     -9       48
  MONTH TO DATE  802           902   -100      986
  SINCE DEC 1    802           902   -100      986
  SINCE JUL 1   2413          2306    107     2457

 COOLING
  YESTERDAY        0             0      0        0
  MONTH TO DATE    0             0      0        0
  SINCE DEC 1      0             0      0        0
  SINCE JAN 1    496           592    -96      616
......................................................


WIND (MPH)
  RESULTANT WIND SPEED  10   RESULTANT WIND DIRECTION  SW (240)
  HIGHEST WIND SPEED    20   HIGHEST WIND DIRECTION    SW (240)
  HIGHEST GUST SPEED    28   HIGHEST GUST DIRECTION    SW (240)
  AVERAGE WIND SPEED    10.7


SKY COVER
  AVERAGE SKY COVER 0.7


WEATHER CONDITIONS
 THE FOLLOWING WEATHER WAS RECORDED YESTERDAY.
  LIGHT RAIN
  FOG


RELATIVE HUMIDITY (PERCENT)
 HIGHEST    92           100 AM
 LOWEST     75          1200 PM
 AVERAGE    84

..........................................................


THE JACKSON MI CLIMATE NORMALS FOR TODAY
                         NORMAL
 MAXIMUM TEMPERATURE (F)   32
 MINIMUM TEMPERATURE (F)   19


SUNRISE AND SUNSET
DECEMBER 26 2014......SUNRISE   805 AM EST   SUNSET   512 PM EST
DECEMBER 27 2014......SUNRISE   806 AM EST   SUNSET   512 PM EST


-  INDICATES NEGATIVE NUMBERS.
R  INDICATES RECORD WAS SET OR TIED.
MM INDICATES DATA IS MISSING.
T  INDICATES TRACE AMOUNT.




$$

63
