000
CDUS43 KGRR 261437
CLIJXN


CLIMATE REPORT
NATIONAL WEATHER SERVICE GRAND RAPIDS, MI
937 AM EST MON JAN 26 2015


...................................

...THE JACKSON MI CLIMATE SUMMARY FOR JANUARY 26 2015...
VALID AS OF 0900 AM LOCAL TIME.

CLIMATE NORMAL PERIOD 1981 TO 2010
CLIMATE RECORD PERIOD 1944 TO 9999


WEATHER ITEM   OBSERVED TIME   RECORD YEAR NORMAL DEPARTURE LAST
                VALUE   (LST)  VALUE       VALUE  FROM      YEAR
                                                  NORMAL
..................................................................
TEMPERATURE (F)
 TODAY
  MAXIMUM         16   1202 AM  MM      MM  31    -15       27
  MINIMUM          8    819 AM  MM      MM  16     -8       -1
  AVERAGE         12                        24    -12       13

PRECIPITATION (IN)
  TODAY            0.00         MM      MM   0.04  -0.04     0.04
  MONTH TO DATE    0.98                      1.30  -0.32     1.84
  SINCE DEC 1      2.38                      3.17  -0.79     3.76
  SINCE JAN 1      0.98                      1.30  -0.32     1.84

DEGREE DAYS
 HEATING
  TODAY           53                        42     11       52
  MONTH TO DATE 1160                      1081     79     1279
  SINCE DEC 1   2179                      2225    -46     2488

 COOLING
  TODAY            0                         0      0        0
  MONTH TO DATE    0                         0      0        0
  SINCE DEC 1      0                         0      0        0
..................................................................


WIND (MPH)
  HIGHEST WIND SPEED    12   HIGHEST WIND DIRECTION    NE (30)
  HIGHEST GUST SPEED    17   HIGHEST GUST DIRECTION     N (20)



WEATHER CONDITIONS
 THE FOLLOWING WEATHER WAS RECORDED TODAY.
  NO SIGNIFICANT WEATHER WAS OBSERVED.


..........................................................




SUNRISE AND SUNSET
JANUARY 26 2015.......SUNRISE   757 AM EST   SUNSET   544 PM EST
JANUARY 27 2015.......SUNRISE   756 AM EST   SUNSET   545 PM EST


-  INDICATES NEGATIVE NUMBERS.
R  INDICATES RECORD WAS SET OR TIED.
MM INDICATES DATA IS MISSING.
T  INDICATES TRACE AMOUNT.




$$

CAS
