000
CDUS43 KGRR 190528
CLIJXN


CLIMATE REPORT
NATIONAL WEATHER SERVICE GRAND RAPIDS, MI
1228 AM EST SUN NOV 19 2017


...................................

...THE JACKSON MI CLIMATE SUMMARY FOR NOVEMBER 18 2017...

CLIMATE NORMAL PERIOD 1981 TO 2010
CLIMATE RECORD PERIOD 1944 TO 9999


WEATHER ITEM   OBSERVED TIME   NORMAL DEPARTURE LAST
                VALUE   (LST)  VALUE  FROM      YEAR
                                      NORMAL
......................................................
TEMPERATURE (F)
 YESTERDAY
  MAXIMUM         45    322 PM  47     -2       71
  MINIMUM         34    803 PM  31      3       51
  AVERAGE         40            39      1       61

PRECIPITATION (IN)
  YESTERDAY        1.21          0.09   1.12     0.77
  MONTH TO DATE    4.40          1.60   2.80     1.03
  SINCE SEP 1     12.75          7.71   5.04     8.60
  SINCE JAN 1     35.81         28.63   7.18    34.91

DEGREE DAYS
 HEATING
  YESTERDAY       25            26     -1        4
  MONTH TO DATE  480           409     71      267
  SINCE SEP 1    909          1022   -113      643
  SINCE JUL 1    936          1057   -121      647

 COOLING
  YESTERDAY        0             0      0        0
  MONTH TO DATE    0             0      0        0
  SINCE SEP 1    130            63     67      101
  SINCE JAN 1    657           592     65      829
......................................................


WIND (MPH)
  RESULTANT WIND SPEED   2   RESULTANT WIND DIRECTION  NW (300)
  HIGHEST WIND SPEED    22   HIGHEST WIND DIRECTION    NW (330)
  HIGHEST GUST SPEED    31   HIGHEST GUST DIRECTION    NW (320)
  AVERAGE WIND SPEED     8.2


SKY COVER
  AVERAGE SKY COVER 1.0


WEATHER CONDITIONS
 THE FOLLOWING WEATHER WAS RECORDED YESTERDAY.
  HEAVY RAIN
  RAIN
  LIGHT RAIN
  LIGHT SNOW
  FOG


RELATIVE HUMIDITY (PERCENT)
 HIGHEST   100          1200 AM
 LOWEST     79          1100 PM
 AVERAGE    90

..........................................................


THE JACKSON MI CLIMATE NORMALS FOR TODAY
                         NORMAL
 MAXIMUM TEMPERATURE (F)   46
 MINIMUM TEMPERATURE (F)   31


SUNRISE AND SUNSET
NOVEMBER 19 2017......SUNRISE   734 AM EST   SUNSET   513 PM EST
NOVEMBER 20 2017......SUNRISE   735 AM EST   SUNSET   512 PM EST


-  INDICATES NEGATIVE NUMBERS.
R  INDICATES RECORD WAS SET OR TIED.
MM INDICATES DATA IS MISSING.
T  INDICATES TRACE AMOUNT.




$$
