000
CDUS43 KGRR 141434
CLIJXN


CLIMATE REPORT
NATIONAL WEATHER SERVICE GRAND RAPIDS, MI
933 AM EST SUN FEB 14 2016


...................................

...THE JACKSON MI CLIMATE SUMMARY FOR FEBRUARY 14 2016...
VALID AS OF 0900 AM LOCAL TIME.

CLIMATE NORMAL PERIOD 1981 TO 2010
CLIMATE RECORD PERIOD 1944 TO 9999


WEATHER ITEM   OBSERVED TIME   NORMAL DEPARTURE LAST
                VALUE   (LST)  VALUE  FROM      YEAR
                                      NORMAL
......................................................
TEMPERATURE (F)
 TODAY
  MAXIMUM          7   1205 AM  34    -27       24
  MINIMUM         -4    746 AM  18    -22        0
  AVERAGE          2            26    -24       12

PRECIPITATION (IN)
  TODAY            0.00          0.04  -0.04     0.03
  MONTH TO DATE    0.27          0.59  -0.32     1.00
  SINCE DEC 1      3.30          3.95  -0.65     3.47
  SINCE JAN 1      0.99          2.08  -1.09     2.07

DEGREE DAYS
 HEATING
  TODAY           63            39     24       53
  MONTH TO DATE  558           562     -4      668
  SINCE DEC 1   2530          2989   -459     3059
  SINCE JUL 1   3651          4393   -742     4670

 COOLING
  TODAY            0             0      0        0
  MONTH TO DATE    0             0      0        0
  SINCE DEC 1      0             0      0        0
  SINCE JAN 1      0             0      0        0
......................................................


WIND (MPH)
  RESULTANT WIND SPEED   1   RESULTANT WIND DIRECTION  SW (210)
  HIGHEST WIND SPEED     6   HIGHEST WIND DIRECTION    SE (140)
  HIGHEST GUST SPEED     6   HIGHEST GUST DIRECTION    SE (140)
  AVERAGE WIND SPEED     1.3


SKY COVER
  AVERAGE SKY COVER 0.0


WEATHER CONDITIONS
 THE FOLLOWING WEATHER WAS RECORDED TODAY.
  NO SIGNIFICANT WEATHER WAS OBSERVED.


RELATIVE HUMIDITY (PERCENT)
 HIGHEST    79           100 AM
 LOWEST     69          1200 AM
 AVERAGE    74

..........................................................


THE JACKSON MI CLIMATE NORMALS FOR TOMORROW
                         NORMAL
 MAXIMUM TEMPERATURE (F)   34
 MINIMUM TEMPERATURE (F)   18


SUNRISE AND SUNSET
FEBRUARY 14 2016......SUNRISE   736 AM EST   SUNSET   608 PM EST
FEBRUARY 15 2016......SUNRISE   735 AM EST   SUNSET   610 PM EST


-  INDICATES NEGATIVE NUMBERS.
R  INDICATES RECORD WAS SET OR TIED.
MM INDICATES DATA IS MISSING.
T  INDICATES TRACE AMOUNT.




$$
