000
CDUS43 KGRR 250515
CLIJXN


CLIMATE REPORT
NATIONAL WEATHER SERVICE GRAND RAPIDS, MI
113 AM EDT FRI JUL 25 2014


...................................

...THE JACKSON MI CLIMATE SUMMARY FOR JULY 24 2014...

CLIMATE NORMAL PERIOD 1981 TO 2010
CLIMATE RECORD PERIOD 9999 TO 9999


WEATHER ITEM   OBSERVED TIME   NORMAL DEPARTURE LAST
                VALUE   (LST)  VALUE  FROM      YEAR
                                      NORMAL
......................................................
TEMPERATURE (F)
 YESTERDAY
  MAXIMUM         75    528 PM  82     -7       73
  MINIMUM         53    552 AM  60     -7       50
  AVERAGE         64            71     -7       62

PRECIPITATION (IN)
  YESTERDAY        0.00          0.11  -0.11     0.00
  MONTH TO DATE    3.09          2.70   0.39     1.45
  SINCE JUN 1      7.85          5.97   1.88     6.07
  SINCE JAN 1     20.18         16.57   3.61    18.69

DEGREE DAYS
 HEATING
  YESTERDAY        1             0      1        3
  MONTH TO DATE   18             1     17        4
  SINCE JUN 1     49            56     -7       61
  SINCE JUL 1     18             1     17        4

 COOLING
  YESTERDAY        0             6     -6        0
  MONTH TO DATE   87           162    -75      208
  SINCE JUN 1    228           288    -60      325
  SINCE JAN 1    262           325    -63      392
......................................................


WIND (MPH)
  RESULTANT WIND SPEED   2   RESULTANT WIND DIRECTION   E (70)
  HIGHEST WIND SPEED    10   HIGHEST WIND DIRECTION     N (20)
  HIGHEST GUST SPEED    16   HIGHEST GUST DIRECTION    NE (30)
  AVERAGE WIND SPEED     2.5


SKY COVER
  AVERAGE SKY COVER 0.3


WEATHER CONDITIONS
 THE FOLLOWING WEATHER WAS RECORDED YESTERDAY.
  NO SIGNIFICANT WEATHER WAS OBSERVED.


RELATIVE HUMIDITY (PERCENT)
 HIGHEST    93           200 AM
 LOWEST     44           500 PM
 AVERAGE    69

..........................................................


THE JACKSON MI CLIMATE NORMALS FOR TODAY
                         NORMAL
 MAXIMUM TEMPERATURE (F)   82
 MINIMUM TEMPERATURE (F)   60


SUNRISE AND SUNSET
JULY 25 2014..........SUNRISE   624 AM EDT   SUNSET   904 PM EDT
JULY 26 2014..........SUNRISE   625 AM EDT   SUNSET   904 PM EDT


-  INDICATES NEGATIVE NUMBERS.
R  INDICATES RECORD WAS SET OR TIED.
MM INDICATES DATA IS MISSING.
T  INDICATES TRACE AMOUNT.




$$
