085
CDUS43 KGRR 202125
CLIJXN


CLIMATE REPORT
NATIONAL WEATHER SERVICE GRAND RAPIDS, MI
524 PM EDT WED SEP 20 2017


...................................

...THE JACKSON MI CLIMATE SUMMARY FOR SEPTEMBER 20 2017...
VALID TODAY AS OF 0500 PM LOCAL TIME.

CLIMATE NORMAL PERIOD 1981 TO 2010
CLIMATE RECORD PERIOD 1944 TO 9999


WEATHER ITEM   OBSERVED TIME   NORMAL DEPARTURE LAST
                VALUE   (LST)  VALUE  FROM      YEAR
                                      NORMAL
......................................................
TEMPERATURE (F)
 TODAY
  MAXIMUM         84    359 PM  71     13       80
  MINIMUM         66    709 AM  49     17       56
  AVERAGE         75            60     15       68

PRECIPITATION (IN)
  TODAY            0.00          0.13  -0.13     0.00
  MONTH TO DATE    0.56          2.31  -1.75     1.72
  SINCE SEP 1      0.56          2.31  -1.75     1.72
  SINCE JAN 1     23.62         23.23   0.39    28.03

DEGREE DAYS
 HEATING
  TODAY            0             6     -6        0
  MONTH TO DATE   82            72     10       11
  SINCE SEP 1     82            72     10       11
  SINCE JUL 1    109           107      2       15

 COOLING
  TODAY           10             1      9        3
  MONTH TO DATE   38            49    -11       73
  SINCE SEP 1     38            49    -11       73
  SINCE JAN 1    565           578    -13      801
......................................................


WIND (MPH)
  RESULTANT WIND SPEED   4   RESULTANT WIND DIRECTION   S (170)
  HIGHEST WIND SPEED    12   HIGHEST WIND DIRECTION    SW (210)
  HIGHEST GUST SPEED    15   HIGHEST GUST DIRECTION    SW (220)
  AVERAGE WIND SPEED     6.0


SKY COVER
  AVERAGE SKY COVER 0.6


WEATHER CONDITIONS
 THE FOLLOWING WEATHER WAS RECORDED TODAY.
  FOG


RELATIVE HUMIDITY (PERCENT)
 HIGHEST    93           100 AM
 LOWEST     44           300 PM
 AVERAGE    69

..........................................................


THE JACKSON MI CLIMATE NORMALS FOR TOMORROW
                         NORMAL
 MAXIMUM TEMPERATURE (F)   71
 MINIMUM TEMPERATURE (F)   49


SUNRISE AND SUNSET
SEPTEMBER 20 2017.....SUNRISE   723 AM EDT   SUNSET   738 PM EDT
SEPTEMBER 21 2017.....SUNRISE   724 AM EDT   SUNSET   736 PM EDT


-  INDICATES NEGATIVE NUMBERS.
R  INDICATES RECORD WAS SET OR TIED.
MM INDICATES DATA IS MISSING.
T  INDICATES TRACE AMOUNT.




$$
