000
CDUS43 KGRR 220525
CLIJXN


CLIMATE REPORT
NATIONAL WEATHER SERVICE GRAND RAPIDS, MI
1224 AM EST WED FEB 22 2017


...................................

...THE JACKSON MI CLIMATE SUMMARY FOR FEBRUARY 21 2017...

CLIMATE NORMAL PERIOD 1981 TO 2010
CLIMATE RECORD PERIOD 1944 TO 9999


WEATHER ITEM   OBSERVED TIME   NORMAL DEPARTURE LAST
                VALUE   (LST)  VALUE  FROM      YEAR
                                      NORMAL
......................................................
TEMPERATURE (F)
 YESTERDAY
  MAXIMUM         62    443 PM  36     26       42
  MINIMUM         39    310 AM  19     20       29
  AVERAGE         51            28     23       36

PRECIPITATION (IN)
  YESTERDAY        0.03          0.04  -0.01     0.00
  MONTH TO DATE    1.39          0.91   0.48     0.38
  SINCE DEC 1      4.75          4.27   0.48     3.41
  SINCE JAN 1      3.87          2.40   1.47     1.10

DEGREE DAYS
 HEATING
  YESTERDAY       14            37    -23       29
  MONTH TO DATE  651           829   -178      788
  SINCE DEC 1   2897          3256   -359     2760
  SINCE JUL 1   3867          4660   -793     3881

 COOLING
  YESTERDAY        0             0      0        0
  MONTH TO DATE    0             0      0        0
  SINCE DEC 1      0             0      0        0
  SINCE JAN 1      0             0      0        0
......................................................


WIND (MPH)
  RESULTANT WIND SPEED   5   RESULTANT WIND DIRECTION   S (200)
  HIGHEST WIND SPEED    15   HIGHEST WIND DIRECTION    SW (220)
  HIGHEST GUST SPEED    19   HIGHEST GUST DIRECTION    SW (230)
  AVERAGE WIND SPEED     6.6


SKY COVER
  AVERAGE SKY COVER 0.4


WEATHER CONDITIONS
 THE FOLLOWING WEATHER WAS RECORDED YESTERDAY.
  LIGHT RAIN
  FOG


RELATIVE HUMIDITY (PERCENT)
 HIGHEST    93          1100 PM
 LOWEST     63           900 AM
 AVERAGE    78

..........................................................


THE JACKSON MI CLIMATE NORMALS FOR TODAY
                         NORMAL
 MAXIMUM TEMPERATURE (F)   36
 MINIMUM TEMPERATURE (F)   20


SUNRISE AND SUNSET
FEBRUARY 22 2017......SUNRISE   724 AM EST   SUNSET   620 PM EST
FEBRUARY 23 2017......SUNRISE   722 AM EST   SUNSET   621 PM EST


-  INDICATES NEGATIVE NUMBERS.
R  INDICATES RECORD WAS SET OR TIED.
MM INDICATES DATA IS MISSING.
T  INDICATES TRACE AMOUNT.




$$
