000
CDUS43 KGRR 251348
CLIJXN


CLIMATE REPORT
NATIONAL WEATHER SERVICE GRAND RAPIDS, MI
947 AM EDT TUE JUL 25 2017


...................................

...THE JACKSON MI CLIMATE SUMMARY FOR JULY 25 2017...
VALID AS OF 0900 AM LOCAL TIME.

CLIMATE NORMAL PERIOD 1981 TO 2010
CLIMATE RECORD PERIOD 1944 TO 9999


WEATHER ITEM   OBSERVED TIME   NORMAL DEPARTURE LAST
                VALUE   (LST)  VALUE  FROM      YEAR
                                      NORMAL
......................................................
TEMPERATURE (F)
 TODAY
  MAXIMUM         66    759 AM  82    -16       86
  MINIMUM         49    542 AM  60    -11       68
  AVERAGE         58            71    -13       77

PRECIPITATION (IN)
  TODAY            0.00          0.13  -0.13     0.00
  MONTH TO DATE    2.18          2.83  -0.65     5.46
  SINCE JUN 1      3.48          6.10  -2.62     6.49
  SINCE JAN 1     21.45         16.70   4.75    15.99

DEGREE DAYS
 HEATING
  TODAY            7             0      7        0
  MONTH TO DATE    7             1      6        4
  SINCE JUN 1     38            56    -18       34
  SINCE JUL 1      7             1      6        4

 COOLING
  TODAY            0             6     -6       12
  MONTH TO DATE  190           168     22      214
  SINCE JUN 1    354           294     60      366
  SINCE JAN 1    390           331     59      419
......................................................


WIND (MPH)
  RESULTANT WIND SPEED   0   RESULTANT WIND DIRECTION  NE (50)
  HIGHEST WIND SPEED     5   HIGHEST WIND DIRECTION     E (70)
  HIGHEST GUST SPEED     6   HIGHEST GUST DIRECTION     E (70)
  AVERAGE WIND SPEED     1.8


SKY COVER
  AVERAGE SKY COVER 0.0


WEATHER CONDITIONS
 THE FOLLOWING WEATHER WAS RECORDED TODAY.
  NO SIGNIFICANT WEATHER WAS OBSERVED.


RELATIVE HUMIDITY (PERCENT)
 HIGHEST    96           400 AM
 LOWEST     63           800 AM
 AVERAGE    80

..........................................................


THE JACKSON MI CLIMATE NORMALS FOR TOMORROW
                         NORMAL
 MAXIMUM TEMPERATURE (F)   82
 MINIMUM TEMPERATURE (F)   60


SUNRISE AND SUNSET
JULY 25 2017..........SUNRISE   624 AM EDT   SUNSET   904 PM EDT
JULY 26 2017..........SUNRISE   625 AM EDT   SUNSET   903 PM EDT


-  INDICATES NEGATIVE NUMBERS.
R  INDICATES RECORD WAS SET OR TIED.
MM INDICATES DATA IS MISSING.
T  INDICATES TRACE AMOUNT.




$$
