000
CDUS43 KGRR 050518
CLIJXN


CLIMATE REPORT
NATIONAL WEATHER SERVICE GRAND RAPIDS, MI
118 AM EDT THU MAY 5 2016


...................................

...THE JACKSON MI CLIMATE SUMMARY FOR MAY 4 2016...

CLIMATE NORMAL PERIOD 1981 TO 2010
CLIMATE RECORD PERIOD 1944 TO 9999


WEATHER ITEM   OBSERVED TIME   NORMAL DEPARTURE LAST
                VALUE   (LST)  VALUE  FROM      YEAR
                                      NORMAL
......................................................
TEMPERATURE (F)
 YESTERDAY
  MAXIMUM         54   1004 AM  66    -12       76
  MINIMUM         42    925 PM  43     -1       56
  AVERAGE         48            54     -6       66

PRECIPITATION (IN)
  YESTERDAY        0.10          0.11  -0.01     0.15
  MONTH TO DATE    0.33          0.41  -0.08     0.15
  SINCE MAR 1      6.25          4.92   1.33     3.22
  SINCE JAN 1      8.12          7.70   0.42     5.30

DEGREE DAYS
 HEATING
  YESTERDAY       17            11      6        0
  MONTH TO DATE   63            47     16       14
  SINCE MAR 1   1329          1479   -150     1518
  SINCE JUL 1   5451          6393   -942     7022

 COOLING
  YESTERDAY        0             0      0        1
  MONTH TO DATE    0             0      0        1
  SINCE MAR 1      0             6     -6        1
  SINCE JAN 1      0             6     -6        1
......................................................


WIND (MPH)
  RESULTANT WIND SPEED   6   RESULTANT WIND DIRECTION  SW (220)
  HIGHEST WIND SPEED    18   HIGHEST WIND DIRECTION     W (270)
  HIGHEST GUST SPEED    25   HIGHEST GUST DIRECTION     W (290)
  AVERAGE WIND SPEED     8.3


SKY COVER
  AVERAGE SKY COVER 0.9


WEATHER CONDITIONS
 THE FOLLOWING WEATHER WAS RECORDED YESTERDAY.
  LIGHT RAIN
  FOG


RELATIVE HUMIDITY (PERCENT)
 HIGHEST    96           600 PM
 LOWEST     66           200 AM
 AVERAGE    81

..........................................................


THE JACKSON MI CLIMATE NORMALS FOR TODAY
                         NORMAL
 MAXIMUM TEMPERATURE (F)   66
 MINIMUM TEMPERATURE (F)   43


SUNRISE AND SUNSET
MAY  5 2016...........SUNRISE   627 AM EDT   SUNSET   842 PM EDT
MAY  6 2016...........SUNRISE   626 AM EDT   SUNSET   843 PM EDT


-  INDICATES NEGATIVE NUMBERS.
R  INDICATES RECORD WAS SET OR TIED.
MM INDICATES DATA IS MISSING.
T  INDICATES TRACE AMOUNT.




$$
