000
CDUS43 KGRR 272125
CLIJXN


CLIMATE REPORT
NATIONAL WEATHER SERVICE GRAND RAPIDS, MI
524 PM EDT MON MAR 27 2017


...................................

...THE JACKSON MI CLIMATE SUMMARY FOR MARCH 27 2017...
VALID TODAY AS OF 0500 PM LOCAL TIME.

CLIMATE NORMAL PERIOD 1981 TO 2010
CLIMATE RECORD PERIOD 1944 TO 9999


WEATHER ITEM   OBSERVED TIME   NORMAL DEPARTURE LAST
                VALUE   (LST)  VALUE  FROM      YEAR
                                      NORMAL
......................................................
TEMPERATURE (F)
 TODAY
  MAXIMUM         59    338 PM  50      9       70
  MINIMUM         49   1245 AM  30     19       32
  AVERAGE         54            40     14       51

PRECIPITATION (IN)
  TODAY            0.01          0.07  -0.06     0.45
  MONTH TO DATE    2.85          1.61   1.24     1.82
  SINCE MAR 1      2.85          1.61   1.24     1.82
  SINCE JAN 1      7.79          4.39   3.40     3.69

DEGREE DAYS
 HEATING
  TODAY           11            25    -14       14
  MONTH TO DATE  819           814      5      634
  SINCE MAR 1    819           814      5      634
  SINCE JUL 1   4827          5728   -901     4756

 COOLING
  TODAY            0             0      0        0
  MONTH TO DATE    0             0      0        0
  SINCE MAR 1      0             0      0        0
  SINCE JAN 1      0             0      0        0
......................................................


WIND (MPH)
  RESULTANT WIND SPEED   7   RESULTANT WIND DIRECTION   W (250)
  HIGHEST WIND SPEED    15   HIGHEST WIND DIRECTION     W (250)
  HIGHEST GUST SPEED    19   HIGHEST GUST DIRECTION     W (250)
  AVERAGE WIND SPEED     7.8


SKY COVER
  AVERAGE SKY COVER 1.0


WEATHER CONDITIONS
 THE FOLLOWING WEATHER WAS RECORDED TODAY.
  FOG


RELATIVE HUMIDITY (PERCENT)
 HIGHEST   100           400 AM
 LOWEST     72           300 PM
 AVERAGE    86

..........................................................


THE JACKSON MI CLIMATE NORMALS FOR TOMORROW
                         NORMAL
 MAXIMUM TEMPERATURE (F)   51
 MINIMUM TEMPERATURE (F)   30


SUNRISE AND SUNSET
MARCH 27 2017.........SUNRISE   729 AM EDT   SUNSET   758 PM EDT
MARCH 28 2017.........SUNRISE   727 AM EDT   SUNSET   759 PM EDT


-  INDICATES NEGATIVE NUMBERS.
R  INDICATES RECORD WAS SET OR TIED.
MM INDICATES DATA IS MISSING.
T  INDICATES TRACE AMOUNT.




$$
