000
CDUS43 KIND 020538
CLILAF


CLIMATE REPORT
NATIONAL WEATHER SERVICE INDIANAPOLIS IN
138 AM EDT MON MAY 2 2016


...................................

...THE LAFAYETTE IN CLIMATE SUMMARY FOR MAY 1 2016...

CLIMATE NORMAL PERIOD 1981 TO 2010
CLIMATE RECORD PERIOD 9999 TO 9999


WEATHER ITEM   OBSERVED TIME   NORMAL DEPARTURE LAST
                VALUE   (LST)  VALUE  FROM      YEAR
                                      NORMAL
......................................................
TEMPERATURE (F)
 YESTERDAY
  MAXIMUM         68    403 PM  68      0       71
  MINIMUM         52   1159 PM  46      6       31
  AVERAGE         60            57      3       51

PRECIPITATION (IN)
  YESTERDAY        0.03          0.13  -0.10     0.00
  MONTH TO DATE    0.03          0.13  -0.10     0.00
  SINCE MAR 1      7.46          6.34   1.12     3.08
  SINCE JAN 1     10.19          9.96   0.23     4.81

DEGREE DAYS
 HEATING
  YESTERDAY        5             9     -4       14
  MONTH TO DATE    5             9     -4       14
  SINCE MAR 1   1008          1165   -157     1301
  SINCE JUL 1   4816          5499   -683     6379

 COOLING
  YESTERDAY        0             1     -1        0
  MONTH TO DATE    0             1     -1        0
  SINCE MAR 1      2            14    -12        2
  SINCE JAN 1      2            14    -12        2
......................................................


WIND (MPH)
  HIGHEST WIND SPEED    16   HIGHEST WIND DIRECTION    NE (30)
  HIGHEST GUST SPEED    20   HIGHEST GUST DIRECTION    NW (330)
  AVERAGE WIND SPEED     5.4


SKY COVER
  AVERAGE SKY COVER 0.8


WEATHER CONDITIONS
 THE FOLLOWING WEATHER WAS RECORDED YESTERDAY.
  THUNDERSTORM
  LIGHT RAIN
  FOG
  FOG W/VISIBILITY <= 1/4 MILE


RELATIVE HUMIDITY (PERCENT)
 HIGHEST   100          1200 AM
 LOWEST     78           300 PM
 AVERAGE    89

..........................................................


THE LAFAYETTE IN CLIMATE NORMALS FOR TODAY
                         NORMAL
 MAXIMUM TEMPERATURE (F)   69
 MINIMUM TEMPERATURE (F)   46


SUNRISE AND SUNSET
MAY  2 2016...........SUNRISE   645 AM EDT   SUNSET   845 PM EDT
MAY  3 2016...........SUNRISE   644 AM EDT   SUNSET   846 PM EDT


-  INDICATES NEGATIVE NUMBERS.
R  INDICATES RECORD WAS SET OR TIED.
MM INDICATES DATA IS MISSING.
T  INDICATES TRACE AMOUNT.




$$
