000
CDUS43 KIND 160541
CLILAF


CLIMATE REPORT
NATIONAL WEATHER SERVICE INDIANAPOLIS IN
138 AM EDT TUE SEP 16 2014


...................................

...THE LAFAYETTE IN CLIMATE SUMMARY FOR SEPTEMBER 15 2014...

CLIMATE NORMAL PERIOD 1981 TO 2010
CLIMATE RECORD PERIOD 9999 TO 9999


WEATHER ITEM   OBSERVED TIME   NORMAL DEPARTURE LAST
                VALUE   (LST)  VALUE  FROM      YEAR
                                      NORMAL
......................................................
TEMPERATURE (F)
 YESTERDAY
  MAXIMUM         58    527 PM  78    -20       75
  MINIMUM         46    657 AM  55     -9       47
  AVERAGE         52            67    -15       61

PRECIPITATION (IN)
  YESTERDAY        0.41          0.09   0.32     0.31
  MONTH TO DATE    3.08          1.36   1.72     1.11
  SINCE SEP 1      3.08          1.36   1.72     1.11
  SINCE JAN 1     28.40         26.91   1.49    28.74

DEGREE DAYS
 HEATING
  YESTERDAY       13             2     11        4
  MONTH TO DATE   62            17     45       20
  SINCE SEP 1     62            17     45       20
  SINCE JUL 1     86            23     63       40

 COOLING
  YESTERDAY        0             4     -4        0
  MONTH TO DATE   56            78    -22      110
  SINCE SEP 1     56            78    -22      110
  SINCE JAN 1    732           930   -198      836
......................................................


WIND (MPH)
  HIGHEST WIND SPEED    14   HIGHEST WIND DIRECTION    SE (130)
  HIGHEST GUST SPEED    19   HIGHEST GUST DIRECTION    SE (140)
  AVERAGE WIND SPEED     1.9


SKY COVER
  AVERAGE SKY COVER 0.7


WEATHER CONDITIONS
 THE FOLLOWING WEATHER WAS RECORDED YESTERDAY.
  THUNDERSTORM
  RAIN
  LIGHT RAIN
  FOG


RELATIVE HUMIDITY (PERCENT)
 HIGHEST   100          1200 AM
 LOWEST     83           900 AM
 AVERAGE    92

..........................................................


THE LAFAYETTE IN CLIMATE NORMALS FOR TODAY
                         NORMAL
 MAXIMUM TEMPERATURE (F)   78
 MINIMUM TEMPERATURE (F)   54


SUNRISE AND SUNSET
SEPTEMBER 16 2014.....SUNRISE   729 AM EDT   SUNSET   755 PM EDT
SEPTEMBER 17 2014.....SUNRISE   730 AM EDT   SUNSET   753 PM EDT


-  INDICATES NEGATIVE NUMBERS.
R  INDICATES RECORD WAS SET OR TIED.
MM INDICATES DATA IS MISSING.
T  INDICATES TRACE AMOUNT.




$$
