000
CDUS43 KIND 220532
CLILAF


CLIMATE REPORT
NATIONAL WEATHER SERVICE INDIANAPOLIS IN
132 AM EDT SUN OCT 22 2017


...................................

...THE LAFAYETTE IN CLIMATE SUMMARY FOR OCTOBER 21 2017...

CLIMATE NORMAL PERIOD 1981 TO 2010
CLIMATE RECORD PERIOD 9999 TO 9999


WEATHER ITEM   OBSERVED TIME   NORMAL DEPARTURE LAST
                VALUE   (LST)  VALUE  FROM      YEAR
                                      NORMAL
......................................................
TEMPERATURE (F)
 YESTERDAY
  MAXIMUM         76    330 PM  63     13       54
  MINIMUM         50    715 AM  42      8       40
  AVERAGE         63            53     10       47

PRECIPITATION (IN)
  YESTERDAY        0.00          0.10  -0.10     0.00
  MONTH TO DATE    0.46          1.97  -1.51     1.02
  SINCE SEP 1      1.92          4.63  -2.71     3.93
  SINCE JAN 1     38.31         30.18   8.13    31.27

DEGREE DAYS
 HEATING
  YESTERDAY        2            13    -11       18
  MONTH TO DATE   74           205   -131      114
  SINCE SEP 1    143           284   -141      139
  SINCE JUL 1    152           290   -138      149

 COOLING
  YESTERDAY        0             0      0        0
  MONTH TO DATE   42            13     29       29
  SINCE SEP 1    178           126     52      183
  SINCE JAN 1    851           978   -127     1095
......................................................


WIND (MPH)
  HIGHEST WIND SPEED    17   HIGHEST WIND DIRECTION    SW (210)
  HIGHEST GUST SPEED    23   HIGHEST GUST DIRECTION     S (190)
  AVERAGE WIND SPEED     7.0


SKY COVER
  AVERAGE SKY COVER 0.0


WEATHER CONDITIONS
 THE FOLLOWING WEATHER WAS RECORDED YESTERDAY.
  NO SIGNIFICANT WEATHER WAS OBSERVED.


RELATIVE HUMIDITY (PERCENT)
 HIGHEST    89           300 AM
 LOWEST     49           100 PM
 AVERAGE    69

..........................................................


THE LAFAYETTE IN CLIMATE NORMALS FOR TODAY
                         NORMAL
 MAXIMUM TEMPERATURE (F)   63
 MINIMUM TEMPERATURE (F)   42


SUNRISE AND SUNSET
OCTOBER 22 2017.......SUNRISE   806 AM EDT   SUNSET   657 PM EDT
OCTOBER 23 2017.......SUNRISE   808 AM EDT   SUNSET   656 PM EDT


-  INDICATES NEGATIVE NUMBERS.
R  INDICATES RECORD WAS SET OR TIED.
MM INDICATES DATA IS MISSING.
T  INDICATES TRACE AMOUNT.




$$
