000
CDUS43 KIND 310531
CLILAF


CLIMATE REPORT
NATIONAL WEATHER SERVICE INDIANAPOLIS IN
130 AM EDT FRI JUL 31 2015


...................................

...THE LAFAYETTE IN CLIMATE SUMMARY FOR JULY 30 2015...

CLIMATE NORMAL PERIOD 1981 TO 2010
CLIMATE RECORD PERIOD 9999 TO 9999


WEATHER ITEM   OBSERVED TIME   NORMAL DEPARTURE LAST
                VALUE   (LST)  VALUE  FROM      YEAR
                                      NORMAL
......................................................
TEMPERATURE (F)
 YESTERDAY
  MAXIMUM         85    324 PM  84      1       79
  MINIMUM         59    531 AM  64     -5       57
  AVERAGE         72            74     -2       68

PRECIPITATION (IN)
  YESTERDAY        0.00          0.11  -0.11      T
  MONTH TO DATE    6.67          3.86   2.81     3.99
  SINCE JUN 1     14.33          7.96   6.37     8.46
  SINCE JAN 1     23.27         21.98   1.29    21.29

DEGREE DAYS
 HEATING
  YESTERDAY        0             0      0        0
  MONTH TO DATE    6             0      6       18
  SINCE JUN 1     26            22      4       24
  SINCE JUL 1      6             0      6       18

 COOLING
  YESTERDAY        7             9     -2        3
  MONTH TO DATE  208           290    -82      123
  SINCE JUN 1    391           507   -116      348
  SINCE JAN 1    480           584   -104      445
......................................................


WIND (MPH)
  HIGHEST WIND SPEED    17   HIGHEST WIND DIRECTION     W (290)
  HIGHEST GUST SPEED    24   HIGHEST GUST DIRECTION    NW (310)
  AVERAGE WIND SPEED     5.7


SKY COVER
  AVERAGE SKY COVER 0.0


WEATHER CONDITIONS
 THE FOLLOWING WEATHER WAS RECORDED YESTERDAY.
  NO SIGNIFICANT WEATHER WAS OBSERVED.


RELATIVE HUMIDITY (PERCENT)
 HIGHEST   100           400 AM
 LOWEST     40           300 PM
 AVERAGE    70

..........................................................


THE LAFAYETTE IN CLIMATE NORMALS FOR TODAY
                         NORMAL
 MAXIMUM TEMPERATURE (F)   84
 MINIMUM TEMPERATURE (F)   64


SUNRISE AND SUNSET
JULY 31 2015..........SUNRISE   644 AM EDT   SUNSET   904 PM EDT
AUGUST  1 2015........SUNRISE   645 AM EDT   SUNSET   903 PM EDT


-  INDICATES NEGATIVE NUMBERS.
R  INDICATES RECORD WAS SET OR TIED.
MM INDICATES DATA IS MISSING.
T  INDICATES TRACE AMOUNT.




$$
