000
CDUS43 KIND 210540
CLILAF


CLIMATE REPORT
NATIONAL WEATHER SERVICE INDIANAPOLIS IN
134 AM EDT MON AUG 21 2017


...................................

...THE LAFAYETTE IN CLIMATE SUMMARY FOR AUGUST 20 2017...

CLIMATE NORMAL PERIOD 1981 TO 2010
CLIMATE RECORD PERIOD 9999 TO 9999


WEATHER ITEM   OBSERVED TIME   NORMAL DEPARTURE LAST
                VALUE   (LST)  VALUE  FROM      YEAR
                                      NORMAL
......................................................
TEMPERATURE (F)
 YESTERDAY
  MAXIMUM         88    415 PM  84      4       81
  MINIMUM         61    533 AM  63     -2       64
  AVERAGE         75            73      2       73

PRECIPITATION (IN)
  YESTERDAY        0.00          0.12  -0.12     0.51
  MONTH TO DATE    0.89          2.24  -1.35     2.68
  SINCE JUN 1     13.52         10.31   3.21    12.71
  SINCE JAN 1     33.93         24.33   9.60    24.82

DEGREE DAYS
 HEATING
  YESTERDAY        0             0      0        0
  MONTH TO DATE    4             0      4        0
  SINCE JUN 1     23            23      0       20
  SINCE JUL 1      4             1      3       10

 COOLING
  YESTERDAY       10             8      2        8
  MONTH TO DATE  105           178    -73      229
  SINCE JUN 1    582           692   -110      741
  SINCE JAN 1    639           769   -130      809
......................................................


WIND (MPH)
  HIGHEST WIND SPEED    10   HIGHEST WIND DIRECTION     S (190)
  HIGHEST GUST SPEED    12   HIGHEST GUST DIRECTION     S (180)
  AVERAGE WIND SPEED     3.0


SKY COVER
  AVERAGE SKY COVER 0.1


WEATHER CONDITIONS
 THE FOLLOWING WEATHER WAS RECORDED YESTERDAY.
  NO SIGNIFICANT WEATHER WAS OBSERVED.


RELATIVE HUMIDITY (PERCENT)
 HIGHEST   100           500 AM
 LOWEST     46           400 PM
 AVERAGE    73

..........................................................


THE LAFAYETTE IN CLIMATE NORMALS FOR TODAY
                         NORMAL
 MAXIMUM TEMPERATURE (F)   84
 MINIMUM TEMPERATURE (F)   62


SUNRISE AND SUNSET
AUGUST 21 2017........SUNRISE   705 AM EDT   SUNSET   836 PM EDT
AUGUST 22 2017........SUNRISE   706 AM EDT   SUNSET   835 PM EDT


-  INDICATES NEGATIVE NUMBERS.
R  INDICATES RECORD WAS SET OR TIED.
MM INDICATES DATA IS MISSING.
T  INDICATES TRACE AMOUNT.




$$
