000
CDUS43 KGRR 250517
CLILAN


CLIMATE REPORT
NATIONAL WEATHER SERVICE GRAND RAPIDS, MI
117 AM EDT THU MAY 25 2017


...................................

...THE LANSING MI CLIMATE SUMMARY FOR MAY 24 2017...

CLIMATE NORMAL PERIOD 1981 TO 2010
CLIMATE RECORD PERIOD 1864 TO 2017


WEATHER ITEM   OBSERVED TIME   RECORD YEAR NORMAL DEPARTURE LAST
                VALUE   (LST)  VALUE       VALUE  FROM      YEAR
                                                  NORMAL
..................................................................
TEMPERATURE (F)
 YESTERDAY
  MAXIMUM         69    231 PM  88    1975  71     -2       84
  MINIMUM         54    602 AM  30    1897  49      5       49
  AVERAGE         62                        60      2       67

PRECIPITATION (IN)
  YESTERDAY        0.56          1.28 1971   0.12   0.44     0.00
  MONTH TO DATE    2.44                      2.57  -0.13     2.66
  SINCE MAR 1     10.73                      7.66   3.07     9.42
  SINCE JAN 1     17.01                     10.78   6.23    12.58

SNOWFALL (IN)
  YESTERDAY        0.0           T    1950   0.0    0.0      0.0
                                      1925
  MONTH TO DATE    0.0                       0.0    0.0       T
  SINCE MAR 1      2.6                       8.9   -6.3     16.4
  SINCE JUL 1     30.2                      51.1  -20.9     50.0
  SNOW DEPTH       0

DEGREE DAYS
 HEATING
  YESTERDAY        3                         6     -3        0
  MONTH TO DATE  230                       222      8      247
  SINCE MAR 1   1529                      1685   -156     1612
  SINCE JUL 1   5574                      6620  -1046     5772

 COOLING
  YESTERDAY        0                         2     -2        2
  MONTH TO DATE   20                        20      0        2
  SINCE MAR 1     28                        27      1        3
  SINCE JAN 1     28                        27      1        3
..................................................................


WIND (MPH)
  RESULTANT WIND SPEED   9   RESULTANT WIND DIRECTION  NE (40)
  HIGHEST WIND SPEED    16   HIGHEST WIND DIRECTION    NE (60)
  HIGHEST GUST SPEED    21   HIGHEST GUST DIRECTION    NE (60)
  AVERAGE WIND SPEED     9.4


SKY COVER
  AVERAGE SKY COVER 0.7


WEATHER CONDITIONS
 THE FOLLOWING WEATHER WAS RECORDED YESTERDAY.
  HEAVY RAIN
  RAIN
  LIGHT RAIN
  FOG
  HAZE


RELATIVE HUMIDITY (PERCENT)
 HIGHEST    89           600 AM
 LOWEST     68           300 PM
 AVERAGE    79

..........................................................


THE LANSING MI CLIMATE NORMALS FOR TODAY
                         NORMAL    RECORD    YEAR
 MAXIMUM TEMPERATURE (F)   72        89      1977
                                             1875
 MINIMUM TEMPERATURE (F)   50        29      1992


SUNRISE AND SUNSET
MAY 25 2017...........SUNRISE   607 AM EDT   SUNSET   904 PM EDT
MAY 26 2017...........SUNRISE   606 AM EDT   SUNSET   905 PM EDT


-  INDICATES NEGATIVE NUMBERS.
R  INDICATES RECORD WAS SET OR TIED.
MM INDICATES DATA IS MISSING.
T  INDICATES TRACE AMOUNT.




$$
