000
CDUS45 KCYS 140325
CLILAR


CLIMATE REPORT
NATIONAL WEATHER SERVICE CHEYENNE WY
925 PM MDT SUN JUL 13 2014


...................................

...THE LARAMIE WY AIRPORT CLIMATE SUMMARY FOR JULY 13 2014...
VALID TODAY AS OF 0900 PM LOCAL TIME.

CLIMATE NORMAL PERIOD 1981 TO 2010
CLIMATE RECORD PERIOD 1948 TO 2014


WEATHER ITEM   OBSERVED TIME   RECORD YEAR NORMAL DEPARTURE LAST
                VALUE   (LST)  VALUE       VALUE  FROM      YEAR
                                                  NORMAL
..................................................................
TEMPERATURE (F)
 TODAY
  MAXIMUM         77    444 PM  90    2005  80     -3       81
                                      2004
                                      2003
  MINIMUM         50    447 AM  36    1987  48      2       53
  AVERAGE         64                        64      0       67

PRECIPITATION (IN)
  TODAY            0.00          0.82 2013   0.05  -0.05     0.82
  MONTH TO DATE    1.45                      0.54   0.91     1.28
  SINCE JAN 1      7.29                      6.03   1.26     4.69

DEGREE DAYS
 HEATING
  TODAY            1                         2     -1        0
  MONTH TO DATE   21                        36    -15        6
  SINCE JUN 1    263                       277    -14      109
  SINCE JUL 1     21                        36    -15        6

 COOLING
  TODAY            0                         1     -1        2
  MONTH TO DATE   23                        13     10       39
  SINCE JUN 1     26                        20      6       75
  SINCE JAN 1     26                        20      6       75
..................................................................


WIND (MPH)
  HIGHEST WIND SPEED    23   HIGHEST WIND DIRECTION     E (70)
  HIGHEST GUST SPEED    27   HIGHEST GUST DIRECTION     E (70)
  AVERAGE WIND SPEED     6.5


SKY COVER
  AVERAGE SKY COVER 0.1


WEATHER CONDITIONS
 THE FOLLOWING WEATHER WAS RECORDED TODAY.
  THUNDERSTORM
  FOG


RELATIVE HUMIDITY (PERCENT)
 HIGHEST   100           400 AM
 LOWEST     35          1000 AM
 AVERAGE    68

..........................................................


THE LARAMIE WY AIRPORT CLIMATE NORMALS FOR TOMORROW
                         NORMAL    RECORD    YEAR
 MAXIMUM TEMPERATURE (F)   81        91      2002
                                             2000
 MINIMUM TEMPERATURE (F)   48        36      1962


SUNRISE AND SUNSET
JULY 13 2014..........SUNRISE   541 AM MDT   SUNSET   836 PM MDT
JULY 14 2014..........SUNRISE   542 AM MDT   SUNSET   835 PM MDT


-  INDICATES NEGATIVE NUMBERS.
R  INDICATES RECORD WAS SET OR TIED.
MM INDICATES DATA IS MISSING.
T  INDICATES TRACE AMOUNT.




$$
