000
CDUS45 KCYS 200729
CLILAR


CLIMATE REPORT
NATIONAL WEATHER SERVICE CHEYENNE WY
129 AM MDT MON OCT 20 2014


...................................

...THE LARAMIE WY AIRPORT CLIMATE SUMMARY FOR OCTOBER 19 2014...

CLIMATE NORMAL PERIOD 1981 TO 2010
CLIMATE RECORD PERIOD 1948 TO 2014


WEATHER ITEM   OBSERVED TIME   RECORD YEAR NORMAL DEPARTURE LAST
                VALUE   (LST)  VALUE       VALUE  FROM      YEAR
                                                  NORMAL
..................................................................
TEMPERATURE (F)
 YESTERDAY
  MAXIMUM         65    320 PM  76    2003  55     10       51
  MINIMUM         32    544 AM   7    1976  27      5       28
  AVERAGE         49                        41      8       40

PRECIPITATION (IN)
  YESTERDAY        0.00          0.46 1957   0.03  -0.03     0.00
  MONTH TO DATE    0.24                      0.53  -0.29     1.83
  SINCE JAN 1     13.10                      9.79   3.31    11.21

DEGREE DAYS
 HEATING
  YESTERDAY       16                        24     -8       25
  MONTH TO DATE  343                       399    -56      487
  SINCE SEP 1    615                       752   -137      740
  SINCE JUL 1    794                       924   -130      811

 COOLING
  YESTERDAY        0                         0      0        0
  MONTH TO DATE    0                         0      0        0
  SINCE SEP 1      0                         1     -1       24
  SINCE JAN 1     67                        67      0      162
..................................................................


WIND (MPH)
  HIGHEST WIND SPEED    14   HIGHEST WIND DIRECTION     S (180)
  HIGHEST GUST SPEED    16   HIGHEST GUST DIRECTION     N (360)
  AVERAGE WIND SPEED     7.8


SKY COVER
  AVERAGE SKY COVER 0.0


WEATHER CONDITIONS
 THE FOLLOWING WEATHER WAS RECORDED YESTERDAY.
  HAZE


RELATIVE HUMIDITY (PERCENT)
 HIGHEST    76          1200 AM
 LOWEST     24           400 PM
 AVERAGE    50

..........................................................


THE LARAMIE WY AIRPORT CLIMATE NORMALS FOR TODAY
                         NORMAL    RECORD    YEAR
 MAXIMUM TEMPERATURE (F)   54        72      1950
 MINIMUM TEMPERATURE (F)   27         7      1976


SUNRISE AND SUNSET
OCTOBER 20 2014.......SUNRISE   720 AM MDT   SUNSET   614 PM MDT
OCTOBER 21 2014.......SUNRISE   721 AM MDT   SUNSET   613 PM MDT


-  INDICATES NEGATIVE NUMBERS.
R  INDICATES RECORD WAS SET OR TIED.
MM INDICATES DATA IS MISSING.
T  INDICATES TRACE AMOUNT.




$$
