000
CDUS45 KVEF 250033
CLILAS


CLIMATE REPORT
NATIONAL WEATHER SERVICE LAS VEGAS, NV
532 PM PDT THU APR 24 2014


...................................

...THE LAS VEGAS NV CLIMATE SUMMARY FOR APRIL 24 2014...
VALID TODAY AS OF 0500 PM LOCAL TIME.

CLIMATE NORMAL PERIOD 1981 TO 2010
CLIMATE RECORD PERIOD 1937 TO 2014


WEATHER ITEM   OBSERVED TIME   RECORD YEAR NORMAL DEPARTURE LAST
                VALUE   (LST)  VALUE       VALUE  FROM      YEAR
                                                  NORMAL
..................................................................
TEMPERATURE (F)
 TODAY
  MAXIMUM         85    359 PM  99    1946  81      4       80
  MINIMUM         57    524 AM  38    1937  59     -2       55
  AVERAGE         71                        70      1       68

PRECIPITATION (IN)
  TODAY            0.00          0.15 1999   0.00   0.00     0.00
  MONTH TO DATE    T                         0.13  -0.13     0.03
  SINCE OCT 1      1.72                      3.00  -1.28     2.04
  SINCE JAN 1      0.30                      1.87  -1.57     0.61

SNOWFALL (IN)
  TODAY            0.0           T    1964   0.0    0.0      0.0
  MONTH TO DATE    0.0                       0.0    0.0      0.0
  SINCE MAR 1      0.0                       0.0    0.0      0.0
  SINCE JUL 1      0.0                       0.3   -0.3       T
  SNOW DEPTH      MM

DEGREE DAYS
 HEATING
  TODAY            0                         1     -1        0
  MONTH TO DATE   35                        58    -23       34
  SINCE MAR 1    120                       247   -127      120
  SINCE JUL 1   1506                      1938   -432     1757

 COOLING
  TODAY            6                         6      0        3
  MONTH TO DATE  176                        87     89      109
  SINCE MAR 1    207                       117     90      195
  SINCE JAN 1    210                       118     92      195
..................................................................


WIND (MPH)
  RESULTANT WIND SPEED   6   RESULTANT WIND DIRECTION   S (190)
  HIGHEST WIND SPEED    17   HIGHEST WIND DIRECTION     S (170)
  HIGHEST GUST SPEED    21   HIGHEST GUST DIRECTION     S (170)
  AVERAGE WIND SPEED     6.3


SKY COVER
  POSSIBLE SUNSHINE  MM
  AVERAGE SKY COVER 0.3


WEATHER CONDITIONS
 THE FOLLOWING WEATHER WAS RECORDED TODAY.
  NO SIGNIFICANT WEATHER WAS OBSERVED.


RELATIVE HUMIDITY (PERCENT)
 HIGHEST    19           500 AM
 LOWEST      6           200 PM
 AVERAGE    13

..........................................................


THE LAS VEGAS NV CLIMATE NORMALS FOR TOMORROW
                         NORMAL    RECORD    YEAR
 MAXIMUM TEMPERATURE (F)   81        96      1946
 MINIMUM TEMPERATURE (F)   59        37      1960


SUNRISE AND SUNSET
APRIL 24 2014.........SUNRISE   556 AM PDT   SUNSET   722 PM PDT
APRIL 25 2014.........SUNRISE   555 AM PDT   SUNSET   723 PM PDT


-  INDICATES NEGATIVE NUMBERS.
R  INDICATES RECORD WAS SET OR TIED.
MM INDICATES DATA IS MISSING.
T  INDICATES TRACE AMOUNT.




$$
