000
CDUS45 KVEF 230029
CLILAS


CLIMATE REPORT
NATIONAL WEATHER SERVICE LAS VEGAS, NV
428 PM PST MON DEC 22 2014


...................................

...THE LAS VEGAS NV CLIMATE SUMMARY FOR DECEMBER 22 2014...
VALID TODAY AS OF 0400 PM LOCAL TIME.

CLIMATE NORMAL PERIOD 1981 TO 2010
CLIMATE RECORD PERIOD 1937 TO 2014


WEATHER ITEM   OBSERVED TIME   RECORD YEAR NORMAL DEPARTURE LAST
                VALUE   (LST)  VALUE       VALUE  FROM      YEAR
                                                  NORMAL
..................................................................
TEMPERATURE (F)
 TODAY
  MAXIMUM         75R   318 PM  68    1950  56     19       59
  MINIMUM         44    440 AM  12    1990  38      6       39
  AVERAGE         60                        47     13       49

PRECIPITATION (IN)
  TODAY            0.00          1.01 2010   0.02  -0.02     0.00
  MONTH TO DATE    0.30                      0.32  -0.02     0.05
  SINCE OCT 1      0.30                      0.95  -0.65     1.42
  SINCE JAN 1      1.81                      4.01  -2.20     2.96

SNOWFALL (IN)
  TODAY            0.0           T    2006   0.0    0.0      0.0
  MONTH TO DATE    0.0                       0.1   -0.1      0.0
  SINCE DEC 1      0.0                       0.1   -0.1      0.0
  SINCE JUL 1      0.0                       0.1   -0.1      0.0
  SNOW DEPTH       0

DEGREE DAYS
 HEATING
  TODAY            5                        18    -13       16
  MONTH TO DATE  243                       377   -134      415
  SINCE DEC 1    243                       377   -134      415
  SINCE JUL 1    416                       686   -270      678

 COOLING
  TODAY            0                         0      0        0
  MONTH TO DATE    0                         0      0        0
  SINCE DEC 1      0                         0      0        0
  SINCE JAN 1   3970                      3568    402     3766
..................................................................


WIND (MPH)
  RESULTANT WIND SPEED   3   RESULTANT WIND DIRECTION   S (200)
  HIGHEST WIND SPEED    18   HIGHEST WIND DIRECTION    SW (230)
  HIGHEST GUST SPEED    23   HIGHEST GUST DIRECTION    SW (210)
  AVERAGE WIND SPEED     5.8


SKY COVER
  POSSIBLE SUNSHINE  MM
  AVERAGE SKY COVER 0.3


WEATHER CONDITIONS
 THE FOLLOWING WEATHER WAS RECORDED TODAY.
  NO SIGNIFICANT WEATHER WAS OBSERVED.


RELATIVE HUMIDITY (PERCENT)
 HIGHEST    76           100 AM
 LOWEST     25           200 PM
 AVERAGE    51

..........................................................


THE LAS VEGAS NV CLIMATE NORMALS FOR TOMORROW
                         NORMAL    RECORD    YEAR
 MAXIMUM TEMPERATURE (F)   56        74      1955
 MINIMUM TEMPERATURE (F)   38        11      1990


SUNRISE AND SUNSET
DECEMBER 22 2014......SUNRISE   648 AM PST   SUNSET   431 PM PST
DECEMBER 23 2014......SUNRISE   649 AM PST   SUNSET   431 PM PST


-  INDICATES NEGATIVE NUMBERS.
R  INDICATES RECORD WAS SET OR TIED.
MM INDICATES DATA IS MISSING.
T  INDICATES TRACE AMOUNT.




$$
