000
CDUS45 KVEF 230834
CLILAS


CLIMATE REPORT
NATIONAL WEATHER SERVICE LAS VEGAS, NV
133 AM PDT SAT JUL 23 2016


...................................

...THE LAS VEGAS NV CLIMATE SUMMARY FOR JULY 22 2016...

CLIMATE NORMAL PERIOD 1981 TO 2010
CLIMATE RECORD PERIOD 1937 TO 2016


WEATHER ITEM   OBSERVED TIME   RECORD YEAR NORMAL DEPARTURE LAST
                VALUE   (LST)  VALUE       VALUE  FROM      YEAR
                                                  NORMAL
..................................................................
TEMPERATURE (F)
 YESTERDAY
  MAXIMUM        112    345 PM 114    1937 105      7      101
  MINIMUM         87    454 AM  62    1943  82      5       80
  AVERAGE        100                        93      7       91

PRECIPITATION (IN)
  YESTERDAY        0.00          0.41 1960   0.01  -0.01     0.00
  MONTH TO DATE    0.17                      0.25  -0.08     0.19
  SINCE OCT 1      4.92                      3.46   1.46     2.68
  SINCE JAN 1      3.51                      2.33   1.18     2.38

SNOWFALL (IN)
  YESTERDAY        0.0           0.0    MM   0.0    0.0      0.0
  MONTH TO DATE    0.0                       0.0    0.0      0.0
  SINCE JUN 1      0.0                       0.0    0.0      0.0
  SINCE JUL 1      0.0                       0.0    0.0      0.0
  SNOW DEPTH       0

DEGREE DAYS
 HEATING
  YESTERDAY        0                         0      0        0
  MONTH TO DATE    0                         0      0        0
  SINCE JUN 1      0                         1     -1        0
  SINCE JUL 1      0                         0      0        0

 COOLING
  YESTERDAY       35                        28      7       26
  MONTH TO DATE  631                       603     28      555
  SINCE JUN 1   1474                      1253    221     1369
  SINCE JAN 1   2010                      1803    207     1972
..................................................................


WIND (MPH)
  RESULTANT WIND SPEED   6   RESULTANT WIND DIRECTION  SW (210)
  HIGHEST WIND SPEED    20   HIGHEST WIND DIRECTION    SW (230)
  HIGHEST GUST SPEED    28   HIGHEST GUST DIRECTION    SW (240)
  AVERAGE WIND SPEED     7.3


SKY COVER
  POSSIBLE SUNSHINE  MM
  AVERAGE SKY COVER 0.2


WEATHER CONDITIONS
 THE FOLLOWING WEATHER WAS RECORDED YESTERDAY.
  NO SIGNIFICANT WEATHER WAS OBSERVED.


RELATIVE HUMIDITY (PERCENT)
 HIGHEST    11           500 AM
 LOWEST      5           600 PM
 AVERAGE     8

..........................................................


THE LAS VEGAS NV CLIMATE NORMALS FOR TODAY
                         NORMAL    RECORD    YEAR
 MAXIMUM TEMPERATURE (F)  105       115      1942
 MINIMUM TEMPERATURE (F)   82        61      1938


SUNRISE AND SUNSET
JULY 23 2016..........SUNRISE   541 AM PDT   SUNSET   753 PM PDT
JULY 24 2016..........SUNRISE   542 AM PDT   SUNSET   752 PM PDT


-  INDICATES NEGATIVE NUMBERS.
R  INDICATES RECORD WAS SET OR TIED.
MM INDICATES DATA IS MISSING.
T  INDICATES TRACE AMOUNT.




$$
