000
CDUS45 KVEF 220826
CLILAS


CLIMATE REPORT
NATIONAL WEATHER SERVICE LAS VEGAS, NV
125 AM PDT SUN OCT 22 2017


...................................

...THE LAS VEGAS NV CLIMATE SUMMARY FOR OCTOBER 21 2017...

CLIMATE NORMAL PERIOD 1981 TO 2010
CLIMATE RECORD PERIOD 1937 TO 2017


WEATHER ITEM   OBSERVED TIME   RECORD YEAR NORMAL DEPARTURE LAST
                VALUE   (LST)  VALUE       VALUE  FROM      YEAR
                                                  NORMAL
..................................................................
TEMPERATURE (F)
 YESTERDAY
  MAXIMUM         73    345 PM  94    2003  78     -5       85
  MINIMUM         58    547 AM  32    1949  57      1       57
  AVERAGE         66                        67     -1       71

PRECIPITATION (IN)
  YESTERDAY        0.00          0.25 1969   0.01  -0.01     0.00
  MONTH TO DATE    0.00                      0.16  -0.16     0.00
  SINCE OCT 1      0.00                      0.16  -0.16     0.00
  SINCE JAN 1      2.38                      3.22  -0.84     3.71

SNOWFALL (IN)
  YESTERDAY        0.0           0.0    MM   0.0    0.0      0.0
  MONTH TO DATE    0.0                       0.0    0.0      0.0
  SINCE SEP 1      0.0                       0.0    0.0      0.0
  SINCE JUL 1      0.0                       0.0    0.0      0.0
  SNOW DEPTH       0

DEGREE DAYS
 HEATING
  YESTERDAY        0                         1     -1        0
  MONTH TO DATE    0                        11    -11        0
  SINCE SEP 1      0                        12    -12        0
  SINCE JUL 1      0                        12    -12        0

 COOLING
  YESTERDAY        1                         4     -3        6
  MONTH TO DATE  133                       151    -18      213
  SINCE SEP 1    649                       679    -30      741
  SINCE JAN 1   3941                      3528    413     3887
..................................................................


WIND (MPH)
  RESULTANT WIND SPEED   6   RESULTANT WIND DIRECTION  NE (30)
  HIGHEST WIND SPEED    21   HIGHEST WIND DIRECTION     N (10)
  HIGHEST GUST SPEED    27   HIGHEST GUST DIRECTION     N (350)
  AVERAGE WIND SPEED     8.0


SKY COVER
  POSSIBLE SUNSHINE  MM
  AVERAGE SKY COVER 0.1


WEATHER CONDITIONS
 THE FOLLOWING WEATHER WAS RECORDED YESTERDAY.
  NO SIGNIFICANT WEATHER WAS OBSERVED.


RELATIVE HUMIDITY (PERCENT)
 HIGHEST    20          1100 PM
 LOWEST     10          1200 AM
 AVERAGE    15

..........................................................


THE LAS VEGAS NV CLIMATE NORMALS FOR TODAY
                         NORMAL    RECORD    YEAR
 MAXIMUM TEMPERATURE (F)   78        92      2003
 MINIMUM TEMPERATURE (F)   56        38      1996


SUNRISE AND SUNSET
OCTOBER 22 2017.......SUNRISE   654 AM PDT   SUNSET   555 PM PDT
OCTOBER 23 2017.......SUNRISE   655 AM PDT   SUNSET   554 PM PDT


-  INDICATES NEGATIVE NUMBERS.
R  INDICATES RECORD WAS SET OR TIED.
MM INDICATES DATA IS MISSING.
T  INDICATES TRACE AMOUNT.




$$
