000
CDUS45 KVEF 290826
CLILAS


CLIMATE REPORT
NATIONAL WEATHER SERVICE LAS VEGAS, NV
125 AM PDT SAT APR 29 2017


...................................

...THE LAS VEGAS NV CLIMATE SUMMARY FOR APRIL 28 2017...

CLIMATE NORMAL PERIOD 1981 TO 2010
CLIMATE RECORD PERIOD 1937 TO 2017


WEATHER ITEM   OBSERVED TIME   RECORD YEAR NORMAL DEPARTURE LAST
                VALUE   (LST)  VALUE       VALUE  FROM      YEAR
                                                  NORMAL
..................................................................
TEMPERATURE (F)
 YESTERDAY
  MAXIMUM         72    230 PM  97    2013  82    -10       69
                                      2007
  MINIMUM         59   1159 PM  39    1955  60     -1       51
  AVERAGE         66                        71     -5       60

PRECIPITATION (IN)
  YESTERDAY        0.00          0.24 2016   0.00   0.00     0.24
  MONTH TO DATE    0.04                      0.14  -0.10     1.33
  SINCE OCT 1      2.57                      3.01  -0.44     3.29
  SINCE JAN 1      1.51                      1.88  -0.37     1.88

SNOWFALL (IN)
  YESTERDAY        0.0           T    1970   0.0    0.0      0.0
  MONTH TO DATE    0.0                       0.0    0.0      0.0
  SINCE MAR 1      0.0                       0.0    0.0      0.0
  SINCE JUL 1      0.0                       0.3   -0.3       T
  SNOW DEPTH       0

DEGREE DAYS
 HEATING
  YESTERDAY        0                         1     -1        5
  MONTH TO DATE    9                        62    -53       29
  SINCE MAR 1     91                       251   -160      107
  SINCE JUL 1   1463                      1942   -479     1686

 COOLING
  YESTERDAY        1                         7     -6        0
  MONTH TO DATE  158                       114     44      142
  SINCE MAR 1    266                       144    122      197
  SINCE JAN 1    269                       145    124      206
..................................................................


WIND (MPH)
  RESULTANT WIND SPEED  19   RESULTANT WIND DIRECTION   N (0)
  HIGHEST WIND SPEED    35   HIGHEST WIND DIRECTION     N (350)
  HIGHEST GUST SPEED    42   HIGHEST GUST DIRECTION     N (340)
  AVERAGE WIND SPEED    20.6


SKY COVER
  POSSIBLE SUNSHINE  MM
  AVERAGE SKY COVER 0.3


WEATHER CONDITIONS
 THE FOLLOWING WEATHER WAS RECORDED YESTERDAY.
  NO SIGNIFICANT WEATHER WAS OBSERVED.


RELATIVE HUMIDITY (PERCENT)
 HIGHEST    16           400 AM
 LOWEST      5           500 PM
 AVERAGE    11

..........................................................


THE LAS VEGAS NV CLIMATE NORMALS FOR TODAY
                         NORMAL    RECORD    YEAR
 MAXIMUM TEMPERATURE (F)   83        99      2013
 MINIMUM TEMPERATURE (F)   61        35      1970


SUNRISE AND SUNSET
APRIL 29 2017.........SUNRISE   550 AM PDT   SUNSET   727 PM PDT
APRIL 30 2017.........SUNRISE   549 AM PDT   SUNSET   727 PM PDT


-  INDICATES NEGATIVE NUMBERS.
R  INDICATES RECORD WAS SET OR TIED.
MM INDICATES DATA IS MISSING.
T  INDICATES TRACE AMOUNT.




$$
