000
CDUS45 KVEF 270829
CLILAS


CLIMATE REPORT
NATIONAL WEATHER SERVICE LAS VEGAS, NV
128 AM PDT WED MAY 27 2015


...................................

...THE LAS VEGAS NV CLIMATE SUMMARY FOR MAY 26 2015...

CLIMATE NORMAL PERIOD 1981 TO 2010
CLIMATE RECORD PERIOD 1937 TO 2015


WEATHER ITEM   OBSERVED TIME   RECORD YEAR NORMAL DEPARTURE LAST
                VALUE   (LST)  VALUE       VALUE  FROM      YEAR
                                                  NORMAL
..................................................................
TEMPERATURE (F)
 YESTERDAY
  MAXIMUM         92    305 PM 109    1951  92      0      104
  MINIMUM         72    515 AM  50    1980  69      3       75
  AVERAGE         82                        80      2       90

PRECIPITATION (IN)
  YESTERDAY        0.00          0.11 1996   0.00   0.00     0.00
  MONTH TO DATE    0.24                      0.10   0.14      T
  SINCE OCT 1      2.49                      3.12  -0.63     1.72
  SINCE JAN 1      2.19                      1.99   0.20     0.30

SNOWFALL (IN)
  YESTERDAY        0.0           0.0    MM   0.0    0.0      0.0
  MONTH TO DATE    0.0                       0.0    0.0      0.0
  SINCE MAR 1      0.0                       0.0    0.0      0.0
  SINCE JUL 1      T                         0.3   -0.3      0.0
  SNOW DEPTH       0

DEGREE DAYS
 HEATING
  YESTERDAY        0                         0      0        0
  MONTH TO DATE   12                         4      8        1
  SINCE MAR 1    114                       256   -142      126
  SINCE JUL 1   1221                      1947   -726     1512

 COOLING
  YESTERDAY       17                        16      1       25
  MONTH TO DATE  202                       308   -106      308
  SINCE MAR 1    487                       467     20      532
  SINCE JAN 1    497                       468     29      535
..................................................................


WIND (MPH)
  RESULTANT WIND SPEED   8   RESULTANT WIND DIRECTION   S (180)
  HIGHEST WIND SPEED    20   HIGHEST WIND DIRECTION     S (180)
  HIGHEST GUST SPEED    25   HIGHEST GUST DIRECTION     S (200)
  AVERAGE WIND SPEED     9.8


SKY COVER
  POSSIBLE SUNSHINE  MM
  AVERAGE SKY COVER 0.5


WEATHER CONDITIONS
 THE FOLLOWING WEATHER WAS RECORDED YESTERDAY.
  NO SIGNIFICANT WEATHER WAS OBSERVED.


RELATIVE HUMIDITY (PERCENT)
 HIGHEST    31           500 AM
 LOWEST     12           200 PM
 AVERAGE    22

..........................................................


THE LAS VEGAS NV CLIMATE NORMALS FOR TODAY
                         NORMAL    RECORD    YEAR
 MAXIMUM TEMPERATURE (F)   93       108      1974
 MINIMUM TEMPERATURE (F)   69        44      1953


SUNRISE AND SUNSET
MAY 27 2015...........SUNRISE   527 AM PDT   SUNSET   749 PM PDT
MAY 28 2015...........SUNRISE   527 AM PDT   SUNSET   749 PM PDT


-  INDICATES NEGATIVE NUMBERS.
R  INDICATES RECORD WAS SET OR TIED.
MM INDICATES DATA IS MISSING.
T  INDICATES TRACE AMOUNT.




$$
