000
CDUS45 KVEF 220827
CLILAS


CLIMATE REPORT
NATIONAL WEATHER SERVICE LAS VEGAS, NV
127 AM PDT WED MAR 22 2017


...................................

...THE LAS VEGAS NV CLIMATE SUMMARY FOR MARCH 21 2017...

CLIMATE NORMAL PERIOD 1981 TO 2010
CLIMATE RECORD PERIOD 1937 TO 2017


WEATHER ITEM   OBSERVED TIME   RECORD YEAR NORMAL DEPARTURE LAST
                VALUE   (LST)  VALUE       VALUE  FROM      YEAR
                                                  NORMAL
..................................................................
TEMPERATURE (F)
 YESTERDAY
  MAXIMUM         82    218 PM  92    2004  72     10       82
  MINIMUM         69   1159 PM  26    1955  50     19       63
  AVERAGE         76                        61     15       73

PRECIPITATION (IN)
  YESTERDAY        0.00          0.15 2011   0.01  -0.01     0.00
  MONTH TO DATE    T                         0.35  -0.35      T
  SINCE OCT 1      2.52                      2.78  -0.26     1.96
  SINCE JAN 1      1.46                      1.65  -0.19     0.55

SNOWFALL (IN)
  YESTERDAY        0.0           0.0  2015   0.0    0.0      0.0
  MONTH TO DATE    0.0                       0.0    0.0      0.0
  SINCE MAR 1      0.0                       0.0    0.0      0.0
  SINCE JUL 1      0.0                       0.3   -0.3       T
  SNOW DEPTH       0

DEGREE DAYS
 HEATING
  YESTERDAY        0                         5     -5        0
  MONTH TO DATE   66                       144    -78       36
  SINCE MAR 1     66                       144    -78       36
  SINCE JUL 1   1438                      1835   -397     1615

 COOLING
  YESTERDAY       11                         1     10        8
  MONTH TO DATE  108                        13     95       51
  SINCE MAR 1    108                        13     95       51
  SINCE JAN 1    111                        14     97       60
..................................................................


WIND (MPH)
  RESULTANT WIND SPEED  10   RESULTANT WIND DIRECTION  SW (210)
  HIGHEST WIND SPEED    22   HIGHEST WIND DIRECTION     W (250)
  HIGHEST GUST SPEED    33   HIGHEST GUST DIRECTION     S (180)
  AVERAGE WIND SPEED    11.5


SKY COVER
  POSSIBLE SUNSHINE  MM
  AVERAGE SKY COVER 0.7


WEATHER CONDITIONS
 THE FOLLOWING WEATHER WAS RECORDED YESTERDAY.
  NO SIGNIFICANT WEATHER WAS OBSERVED.


RELATIVE HUMIDITY (PERCENT)
 HIGHEST    40          1100 PM
 LOWEST     15           600 AM
 AVERAGE    28

..........................................................


THE LAS VEGAS NV CLIMATE NORMALS FOR TODAY
                         NORMAL    RECORD    YEAR
 MAXIMUM TEMPERATURE (F)   72        91      2004
 MINIMUM TEMPERATURE (F)   50        28      1948


SUNRISE AND SUNSET
MARCH 22 2017.........SUNRISE   641 AM PDT   SUNSET   654 PM PDT
MARCH 23 2017.........SUNRISE   639 AM PDT   SUNSET   655 PM PDT


-  INDICATES NEGATIVE NUMBERS.
R  INDICATES RECORD WAS SET OR TIED.
MM INDICATES DATA IS MISSING.
T  INDICATES TRACE AMOUNT.




$$
