775
CDUS45 KVEF 230828
CLILAS


CLIMATE REPORT
NATIONAL WEATHER SERVICE LAS VEGAS, NV
128 AM PDT FRI JUN 23 2017


...................................

...THE LAS VEGAS NV CLIMATE SUMMARY FOR JUNE 22 2017...

CLIMATE NORMAL PERIOD 1981 TO 2010
CLIMATE RECORD PERIOD 1937 TO 2017


WEATHER ITEM   OBSERVED TIME   RECORD YEAR NORMAL DEPARTURE LAST
                VALUE   (LST)  VALUE       VALUE  FROM      YEAR
                                                  NORMAL
..................................................................
TEMPERATURE (F)
 YESTERDAY
  MAXIMUM        115R   247 PM 115    1954 101     14      109
  MINIMUM         86    425 AM  56    1944  77      9       87
  AVERAGE        101                        89     12       98

PRECIPITATION (IN)
  YESTERDAY        0.00          0.07 2005   0.00   0.00     0.00
  MONTH TO DATE    0.00                      0.05  -0.05     0.02
  SINCE OCT 1      2.65                      3.19  -0.54     4.28
  SINCE JAN 1      1.59                      2.06  -0.47     2.87

SNOWFALL (IN)
  YESTERDAY        0.0           0.0    MM   0.0    0.0      0.0
  MONTH TO DATE    0.0                       0.0    0.0      0.0
  SINCE JUN 1      0.0                       0.0    0.0      0.0
  SINCE JUL 1      0.0                       0.3   -0.3       T
  SNOW DEPTH       0

DEGREE DAYS
 HEATING
  YESTERDAY        0                         0      0        0
  MONTH TO DATE    0                         0      0        0
  SINCE JUN 1      0                         0      0        0
  SINCE JUL 1   1470                      1950   -480     1696

 COOLING
  YESTERDAY       36                        24     12       33
  MONTH TO DATE  551                       451    100      594
  SINCE JUN 1    551                       451    100      594
  SINCE JAN 1   1228                      1001    227     1130
..................................................................


WIND (MPH)
  RESULTANT WIND SPEED   5   RESULTANT WIND DIRECTION  SW (240)
  HIGHEST WIND SPEED    23   HIGHEST WIND DIRECTION     W (260)
  HIGHEST GUST SPEED    32   HIGHEST GUST DIRECTION     W (250)
  AVERAGE WIND SPEED     7.9


SKY COVER
  POSSIBLE SUNSHINE  MM
  AVERAGE SKY COVER 0.1


WEATHER CONDITIONS
 THE FOLLOWING WEATHER WAS RECORDED YESTERDAY.
  NO SIGNIFICANT WEATHER WAS OBSERVED.


RELATIVE HUMIDITY (PERCENT)
 HIGHEST    15           400 AM
 LOWEST      1           200 PM
 AVERAGE     8

..........................................................


THE LAS VEGAS NV CLIMATE NORMALS FOR TODAY
                         NORMAL    RECORD    YEAR
 MAXIMUM TEMPERATURE (F)  101       113      1959
 MINIMUM TEMPERATURE (F)   77        55      1944


SUNRISE AND SUNSET
JUNE 23 2017..........SUNRISE   525 AM PDT   SUNSET   801 PM PDT
JUNE 24 2017..........SUNRISE   525 AM PDT   SUNSET   801 PM PDT


-  INDICATES NEGATIVE NUMBERS.
R  INDICATES RECORD WAS SET OR TIED.
MM INDICATES DATA IS MISSING.
T  INDICATES TRACE AMOUNT.




$$
