000
CDUS45 KVEF 220826
CLILAS


CLIMATE REPORT
NATIONAL WEATHER SERVICE LAS VEGAS, NV
125 AM PDT TUE AUG 22 2017


...................................

...THE LAS VEGAS NV CLIMATE SUMMARY FOR AUGUST 21 2017...

CLIMATE NORMAL PERIOD 1981 TO 2010
CLIMATE RECORD PERIOD 1937 TO 2017


WEATHER ITEM   OBSERVED TIME   RECORD YEAR NORMAL DEPARTURE LAST
                VALUE   (LST)  VALUE       VALUE  FROM      YEAR
                                                  NORMAL
..................................................................
TEMPERATURE (F)
 YESTERDAY
  MAXIMUM         93    343 PM 110    2009 101     -8      101
  MINIMUM         79   1008 AM  63    1957  79      0       81
                                      1944
  AVERAGE         86                        90     -4       91

PRECIPITATION (IN)
  YESTERDAY        0.01          2.58 1957   0.01   0.00     0.00
  MONTH TO DATE    0.24                      0.23   0.01     0.13
  SINCE OCT 1      2.98                      3.84  -0.86     5.08
  SINCE JAN 1      1.92                      2.71  -0.79     3.67

SNOWFALL (IN)
  YESTERDAY        0.0           0.0    MM   0.0    0.0      0.0
  MONTH TO DATE    0.0                       0.0    0.0      0.0
  SINCE JUN 1      0.0                       0.0    0.0      0.0
  SINCE JUL 1      0.0                       0.0    0.0      0.0
  SNOW DEPTH       0

DEGREE DAYS
 HEATING
  YESTERDAY        0                         0      0        0
  MONTH TO DATE    0                         0      0        0
  SINCE JUN 1      0                         1     -1        0
  SINCE JUL 1      0                         0      0        0

 COOLING
  YESTERDAY       21                        25     -4       26
  MONTH TO DATE  564                       554     10      588
  SINCE JUN 1   2337                      2058    279     2379
  SINCE JAN 1   3014                      2608    406     2915
..................................................................


WIND (MPH)
  RESULTANT WIND SPEED   1   RESULTANT WIND DIRECTION   E (80)
  HIGHEST WIND SPEED    17   HIGHEST WIND DIRECTION     E (70)
  HIGHEST GUST SPEED    23   HIGHEST GUST DIRECTION     S (180)
  AVERAGE WIND SPEED     6.4


SKY COVER
  POSSIBLE SUNSHINE  MM
  AVERAGE SKY COVER 0.7


WEATHER CONDITIONS
 THE FOLLOWING WEATHER WAS RECORDED YESTERDAY.
  THUNDERSTORM
  LIGHT RAIN


RELATIVE HUMIDITY (PERCENT)
 HIGHEST    43          1100 AM
 LOWEST     23          1200 AM
 AVERAGE    33

..........................................................


THE LAS VEGAS NV CLIMATE NORMALS FOR TODAY
                         NORMAL    RECORD    YEAR
 MAXIMUM TEMPERATURE (F)  101       110      1939
 MINIMUM TEMPERATURE (F)   79        60      1968


SUNRISE AND SUNSET
AUGUST 22 2017........SUNRISE   605 AM PDT   SUNSET   721 PM PDT
AUGUST 23 2017........SUNRISE   606 AM PDT   SUNSET   720 PM PDT


-  INDICATES NEGATIVE NUMBERS.
R  INDICATES RECORD WAS SET OR TIED.
MM INDICATES DATA IS MISSING.
T  INDICATES TRACE AMOUNT.




$$
