000
CDUS46 KLOX 220859
CLILAX


CLIMATE REPORT
NATIONAL WEATHER SERVICE LOS ANGELES/OXNARD CA
1259 AM PST MON DEC 22 2014


...................................

...THE LOS ANGELES INTL AIRPORT CA CLIMATE SUMMARY FOR DECEMBER 21 2014...

CLIMATE NORMAL PERIOD 1981 TO 2010
CLIMATE RECORD PERIOD 1944 TO 2014


WEATHER ITEM   OBSERVED TIME   RECORD YEAR NORMAL DEPARTURE LAST
                VALUE   (LST)  VALUE       VALUE  FROM      YEAR
                                                  NORMAL
..................................................................
TEMPERATURE (F)
 YESTERDAY
  MAXIMUM         65   1217 PM  79    2005  64      1       63
                                      1954
  MINIMUM         51    635 AM  32    1968  48      3       47
  AVERAGE         58                        56      2       55

PRECIPITATION (IN)
  YESTERDAY        0.00          1.62 1945   0.07  -0.07     0.00
  MONTH TO DATE    3.73                      1.24   2.49     0.30
  SINCE JUL 1      4.58                      3.20   1.38     1.04
  SINCE JAN 1      7.99                     12.01  -4.02     3.65

SNOWFALL (IN)
  YESTERDAY        0.0
  MONTH TO DATE    0.0
  SINCE DEC 1      0.0
  SINCE JUL 1      0.0

DEGREE DAYS
 HEATING
  YESTERDAY        7                         9     -2       10
  MONTH TO DATE  111                       174    -63      160
  SINCE DEC 1    111                       174    -63      160
  SINCE JUL 1    153                       356   -203      260

 COOLING
  YESTERDAY        0                         0      0        0
  MONTH TO DATE    1                         0      1       12
  SINCE DEC 1      1                         0      1       12
  SINCE JAN 1   1175                       550    625      714
..................................................................


WIND (MPH)
  HIGHEST WIND SPEED    13   HIGHEST WIND DIRECTION     W (270)
  HIGHEST GUST SPEED    15   HIGHEST GUST DIRECTION     W (270)
  AVERAGE WIND SPEED     4.3


SKY COVER
  POSSIBLE SUNSHINE  MM
  AVERAGE SKY COVER 0.7


WEATHER CONDITIONS
 THE FOLLOWING WEATHER WAS RECORDED YESTERDAY.
  FOG
  HAZE


RELATIVE HUMIDITY (PERCENT)
 HIGHEST    93           900 PM
 LOWEST     63           100 PM
 AVERAGE    78

..........................................................


THE LOS ANGELES INTL AIRPORT CA CLIMATE NORMALS FOR TODAY
                         NORMAL    RECORD    YEAR
 MAXIMUM TEMPERATURE (F)   64        78      1960
 MINIMUM TEMPERATURE (F)   48        35      1990


SUNRISE AND SUNSET
DECEMBER 22 2014......SUNRISE   655 AM PST   SUNSET   449 PM PST
DECEMBER 23 2014......SUNRISE   656 AM PST   SUNSET   450 PM PST


-  INDICATES NEGATIVE NUMBERS.
R  INDICATES RECORD WAS SET OR TIED.
MM INDICATES DATA IS MISSING.
T  INDICATES TRACE AMOUNT.




$$
