000
CDUS46 KLOX 060312
CLILAX


CLIMATE REPORT
NATIONAL WEATHER SERVICE LOS ANGELES/OXNARD CA
711 PM PST THU MAR 5 2015


...................................

...THE LOS ANGELES AIRPORT CLIMATE SUMMARY FOR MARCH 5 2015...
VALID TODAY AS OF 0700 PM LOCAL TIME.

CLIMATE NORMAL PERIOD 1981 TO 2010
CLIMATE RECORD PERIOD 1944 TO 2015


WEATHER ITEM   OBSERVED TIME   RECORD YEAR NORMAL DEPARTURE LAST
                VALUE   (LST)  VALUE       VALUE  FROM      YEAR
                                                  NORMAL
..................................................................
TEMPERATURE (F)
 TODAY
  MAXIMUM         73    130 PM  81    2007  64      9       65
  MINIMUM         49    344 AM  35    1945  51     -2       55
  AVERAGE         61                        58      3       60

PRECIPITATION (IN)
  TODAY            0.00          1.89 1995   0.08  -0.08     0.00
  MONTH TO DATE    0.49                      0.43   0.06     0.35
  SINCE OCT 1      6.71                     10.11  -3.40     4.15
  SINCE JAN 1      2.01                      6.39  -4.38     3.14

SNOWFALL (IN)
  TODAY            0.0
  MONTH TO DATE    0.0
  SINCE MAR 1      0.0
  SINCE JUL 1      0.0

DEGREE DAYS
 HEATING
  TODAY            4                         7     -3        5
  MONTH TO DATE   40                        38      2       29
  SINCE MAR 1     40                        38      2       29
  SINCE JUL 1    573                       967   -394      584

 COOLING
  TODAY            0                         0      0        0
  MONTH TO DATE    0                         0      0        0
  SINCE MAR 1      0                         0      0        0
  SINCE JAN 1     27                         9     18       16
..................................................................


WIND (MPH)
  HIGHEST WIND SPEED    14   HIGHEST WIND DIRECTION     W (270)
  HIGHEST GUST SPEED    17   HIGHEST GUST DIRECTION     W (280)
  AVERAGE WIND SPEED     6.0


SKY COVER
  POSSIBLE SUNSHINE  MM
  AVERAGE SKY COVER 0.3


WEATHER CONDITIONS
 THE FOLLOWING WEATHER WAS RECORDED TODAY.
  NO SIGNIFICANT WEATHER WAS OBSERVED.


RELATIVE HUMIDITY (PERCENT)
 HIGHEST    72          1200 AM
 LOWEST     15           100 PM
 AVERAGE    44

..........................................................


THE LOS ANGELES AIRPORT CLIMATE NORMALS FOR TOMORROW
                         NORMAL    RECORD    YEAR
 MAXIMUM TEMPERATURE (F)   64        84      1979
 MINIMUM TEMPERATURE (F)   51        42      1976


SUNRISE AND SUNSET
MARCH  5 2015.........SUNRISE   617 AM PST   SUNSET   553 PM PST
MARCH  6 2015.........SUNRISE   616 AM PST   SUNSET   554 PM PST


-  INDICATES NEGATIVE NUMBERS.
R  INDICATES RECORD WAS SET OR TIED.
MM INDICATES DATA IS MISSING.
T  INDICATES TRACE AMOUNT.




$$
