654
CDUS46 KLOX 261031
CLILAX


CLIMATE REPORT
NATIONAL WEATHER SERVICE LOS ANGELES/OXNARD CA
330 AM PDT WED APR 26 2017


...................................

...THE LOS ANGELES INTL AIRPORT CA CLIMATE SUMMARY FOR APRIL 25 2017...

CLIMATE NORMAL PERIOD 1981 TO 2010
CLIMATE RECORD PERIOD 1944 TO 2017


WEATHER ITEM   OBSERVED TIME   RECORD YEAR NORMAL DEPARTURE LAST
                VALUE   (LST)  VALUE       VALUE  FROM      YEAR
                                                  NORMAL
..................................................................
TEMPERATURE (F)
 YESTERDAY
  MAXIMUM         72   1032 PM  80    1992  67      5       65
  MINIMUM         59    214 AM  46    1974  55      4       54
                                      1960
  AVERAGE         66                        61      5       60

PRECIPITATION (IN)
  YESTERDAY        0.00          0.36 1959   0.02  -0.02     0.00
  MONTH TO DATE    0.38                      0.62  -0.24     0.29
  SINCE OCT 1     16.19                     12.15   4.04     6.66
  SINCE JAN 1     11.94                      8.43   3.51     5.42

SNOWFALL (IN)
  YESTERDAY        0.0
  MONTH TO DATE    0.0
  SINCE MAR 1      0.0
  SINCE JUL 1      0.0

DEGREE DAYS
 HEATING
  YESTERDAY        0                         4     -4        5
  MONTH TO DATE   66                       137    -71       46
  SINCE MAR 1    178                       358   -180      178
  SINCE JUL 1    951                      1287   -336      874

 COOLING
  YESTERDAY        1                         1      0        0
  MONTH TO DATE   14                         4     10       34
  SINCE MAR 1     16                        10      6       35
  SINCE JAN 1     16                        19     -3       92
..................................................................


WIND (MPH)
  HIGHEST WIND SPEED    26   HIGHEST WIND DIRECTION     N (10)
  HIGHEST GUST SPEED    40   HIGHEST GUST DIRECTION     N (10)
  AVERAGE WIND SPEED    13.6


SKY COVER
  POSSIBLE SUNSHINE  MM
  AVERAGE SKY COVER 0.6


WEATHER CONDITIONS
 THE FOLLOWING WEATHER WAS RECORDED YESTERDAY.
  NO SIGNIFICANT WEATHER WAS OBSERVED.


RELATIVE HUMIDITY (PERCENT)
 HIGHEST    84           200 AM
 LOWEST     25           900 PM
 AVERAGE    55

..........................................................


THE LOS ANGELES INTL AIRPORT CA CLIMATE NORMALS FOR TODAY
                         NORMAL    RECORD    YEAR
 MAXIMUM TEMPERATURE (F)   67        90      2004
 MINIMUM TEMPERATURE (F)   55        44      1994


SUNRISE AND SUNSET
APRIL 26 2017.........SUNRISE   609 AM PDT   SUNSET   734 PM PDT
APRIL 27 2017.........SUNRISE   608 AM PDT   SUNSET   734 PM PDT


-  INDICATES NEGATIVE NUMBERS.
R  INDICATES RECORD WAS SET OR TIED.
MM INDICATES DATA IS MISSING.
T  INDICATES TRACE AMOUNT.




$$
