000
CDUS46 KLOX 150111
CLILAX


CLIMATE REPORT
NATIONAL WEATHER SERVICE LOS ANGELES/OXNARD CA
511 PM PST THU DEC 14 2017


...................................

...THE LOS ANGELES AIRPORT CLIMATE SUMMARY FOR DECEMBER 14 2017...
VALID TODAY AS OF 0500 PM LOCAL TIME.

CLIMATE NORMAL PERIOD 1981 TO 2010
CLIMATE RECORD PERIOD 1944 TO 2017


WEATHER ITEM   OBSERVED TIME   RECORD YEAR NORMAL DEPARTURE LAST
                VALUE   (LST)  VALUE       VALUE  FROM      YEAR
                                                  NORMAL
..................................................................
TEMPERATURE (F)
 TODAY
  MAXIMUM         72    238 PM  86    1953  64      8       66
  MINIMUM         49    550 AM  38    1967  49      0       52
  AVERAGE         61                        56      5       59

PRECIPITATION (IN)
  TODAY            0.00          0.38 1993   0.06  -0.06     0.00
  MONTH TO DATE    0.00                      0.77  -0.77     0.05
  SINCE OCT 1      0.10                      2.44  -2.34     1.52
  SINCE JAN 1     12.25                     11.54   0.71     7.54

SNOWFALL (IN)
  TODAY            0.0
  MONTH TO DATE    0.0
  SINCE DEC 1      0.0
  SINCE JUL 1      0.0

DEGREE DAYS
 HEATING
  TODAY            4                         9     -5        6
  MONTH TO DATE   25                       111    -86       85
  SINCE DEC 1     25                       111    -86       85
  SINCE JUL 1     56                       293   -237      164

 COOLING
  TODAY            0                         0      0        0
  MONTH TO DATE   16                         0     16        0
  SINCE DEC 1     16                         0     16        0
  SINCE JAN 1   1043                       550    493      962
..................................................................


WIND (MPH)
  HIGHEST WIND SPEED    12   HIGHEST WIND DIRECTION     W (270)
  HIGHEST GUST SPEED    15   HIGHEST GUST DIRECTION     W (290)
  AVERAGE WIND SPEED     5.6


SKY COVER
  POSSIBLE SUNSHINE  MM
  AVERAGE SKY COVER 0.2


WEATHER CONDITIONS
 THE FOLLOWING WEATHER WAS RECORDED TODAY.
  NO SIGNIFICANT WEATHER WAS OBSERVED.


RELATIVE HUMIDITY (PERCENT)
 HIGHEST    63           100 PM
 LOWEST     37          1000 AM
 AVERAGE    50

..........................................................


THE LOS ANGELES AIRPORT CLIMATE NORMALS FOR TOMORROW
                         NORMAL    RECORD    YEAR
 MAXIMUM TEMPERATURE (F)   64        80      2013
                                             1998
 MINIMUM TEMPERATURE (F)   49        37      1948


SUNRISE AND SUNSET
DECEMBER 14 2017......SUNRISE   651 AM PST   SUNSET   446 PM PST
DECEMBER 15 2017......SUNRISE   652 AM PST   SUNSET   446 PM PST


-  INDICATES NEGATIVE NUMBERS.
R  INDICATES RECORD WAS SET OR TIED.
MM INDICATES DATA IS MISSING.
T  INDICATES TRACE AMOUNT.




$$
