000
CDUS46 KLOX 250909
CLILAX


CLIMATE REPORT
NATIONAL WEATHER SERVICE LOS ANGELES/OXNARD CA
208 AM PDT MON MAY 25 2015


...................................

...THE LOS ANGELES INTL AIRPORT CA CLIMATE SUMMARY FOR MAY 24 2015...

CLIMATE NORMAL PERIOD 1981 TO 2010
CLIMATE RECORD PERIOD 1944 TO 2015


WEATHER ITEM   OBSERVED TIME   RECORD YEAR NORMAL DEPARTURE LAST
                VALUE   (LST)  VALUE       VALUE  FROM      YEAR
                                                  NORMAL
..................................................................
TEMPERATURE (F)
 YESTERDAY
  MAXIMUM         66    215 PM  80    1949  68     -2       69
  MINIMUM         58   1159 PM  50    1980  58      0       63
                                      1945
  AVERAGE         62                        63     -1       66

PRECIPITATION (IN)
  YESTERDAY        0.00          0.06 1977   0.01  -0.01     0.00
  MONTH TO DATE    0.43                      0.19   0.24     0.00
  SINCE OCT 1      7.25                     12.42  -5.17     4.42
  SINCE JAN 1      2.55                      8.70  -6.15     3.41

SNOWFALL (IN)
  YESTERDAY        0.0
  MONTH TO DATE    0.0
  SINCE MAR 1      0.0
  SINCE JUL 1      0.0

DEGREE DAYS
 HEATING
  YESTERDAY        3                         2      1        0
  MONTH TO DATE   95                        72     23       20
  SINCE MAR 1    262                       451   -189      203
  SINCE JUL 1    795                      1380   -585      758

 COOLING
  YESTERDAY        0                         0      0        1
  MONTH TO DATE    0                         4     -4      124
  SINCE MAR 1     86                        21     65      171
  SINCE JAN 1    113                        30     83      187
..................................................................


WIND (MPH)
  HIGHEST WIND SPEED    16   HIGHEST WIND DIRECTION     W (260)
  HIGHEST GUST SPEED    22   HIGHEST GUST DIRECTION     W (250)
  AVERAGE WIND SPEED     8.2


SKY COVER
  POSSIBLE SUNSHINE  MM
  AVERAGE SKY COVER 0.5


WEATHER CONDITIONS
 THE FOLLOWING WEATHER WAS RECORDED YESTERDAY.
  NO SIGNIFICANT WEATHER WAS OBSERVED.


RELATIVE HUMIDITY (PERCENT)
 HIGHEST    86          1200 AM
 LOWEST     63          1100 AM
 AVERAGE    75

..........................................................


THE LOS ANGELES INTL AIRPORT CA CLIMATE NORMALS FOR TODAY
                         NORMAL    RECORD    YEAR
 MAXIMUM TEMPERATURE (F)   68        79      1986
 MINIMUM TEMPERATURE (F)   58        49      1980
                                             1945


SUNRISE AND SUNSET
MAY 25 2015...........SUNRISE   546 AM PDT   SUNSET   755 PM PDT
MAY 26 2015...........SUNRISE   546 AM PDT   SUNSET   756 PM PDT


-  INDICATES NEGATIVE NUMBERS.
R  INDICATES RECORD WAS SET OR TIED.
MM INDICATES DATA IS MISSING.
T  INDICATES TRACE AMOUNT.




$$
