000
CDUS44 KLUB 260627
CLILBB


CLIMATE REPORT
NATIONAL WEATHER SERVICE LUBBOCK, TX
127 AM CDT TUE MAY 26 2015


...................................

...THE LUBBOCK CLIMATE SUMMARY FOR MAY 25 2015...

CLIMATE NORMAL PERIOD 1981 TO 2010
CLIMATE RECORD PERIOD 1911 TO 2015


WEATHER ITEM   OBSERVED TIME   RECORD YEAR NORMAL DEPARTURE LAST
                VALUE   (LST)  VALUE       VALUE  FROM      YEAR
                                                  NORMAL
..................................................................
TEMPERATURE (F)
 YESTERDAY
  MAXIMUM         73    631 PM 102    2012  86    -13       73
  MINIMUM         55   1022 AM  44    1924  59     -4       55
  AVERAGE         64                        72     -8       64

PRECIPITATION (IN)
  YESTERDAY        0.09          1.22 2014   0.09   0.00     1.22
  MONTH TO DATE    8.41                      1.74   6.67     3.63
  SINCE MAR 1      9.95                      4.25   5.70     4.37
  SINCE JAN 1     12.22                      5.65   6.57     4.53

SNOWFALL (IN)
  YESTERDAY        0.0           T    2000   0.0    0.0      0.0
  MONTH TO DATE    0.0                       0.0    0.0      0.0
  SINCE MAR 1      1.1                       0.8    0.3       T
  SINCE JUL 1     14.7                       8.2    6.5      4.2
  SNOW DEPTH       0

DEGREE DAYS
 HEATING
  YESTERDAY        1                         1      0        1
  MONTH TO DATE   42                        38      4       47
  SINCE MAR 1    554                       636    -82      657
  SINCE JUL 1   3273                      3375   -102     3509

 COOLING
  YESTERDAY        0                         8     -8        0
  MONTH TO DATE   63                       137    -74      178
  SINCE MAR 1    118                       193    -75      236
  SINCE JAN 1    118                       193    -75      236
..................................................................


WIND (MPH)
  RESULTANT WIND SPEED   9   RESULTANT WIND DIRECTION   S (160)
  HIGHEST WIND SPEED    38   HIGHEST WIND DIRECTION     E (70)
  HIGHEST GUST SPEED    46   HIGHEST GUST DIRECTION     E (80)
  AVERAGE WIND SPEED    12.4


SKY COVER
  AVERAGE SKY COVER 0.4


WEATHER CONDITIONS
 THE FOLLOWING WEATHER WAS RECORDED YESTERDAY.
  THUNDERSTORM
  RAIN
  LIGHT RAIN
  FOG


RELATIVE HUMIDITY (PERCENT)
 HIGHEST    87          1100 PM
 LOWEST     43          1200 AM
 AVERAGE    65

..........................................................


THE LUBBOCK CLIMATE NORMALS FOR TODAY
                         NORMAL    RECORD    YEAR
 MAXIMUM TEMPERATURE (F)   86       101      1945
 MINIMUM TEMPERATURE (F)   59        43      1950


SUNRISE AND SUNSET
MAY 26 2015...........SUNRISE   640 AM CDT   SUNSET   849 PM CDT
MAY 27 2015...........SUNRISE   640 AM CDT   SUNSET   849 PM CDT


-  INDICATES NEGATIVE NUMBERS.
R  INDICATES RECORD WAS SET OR TIED.
MM INDICATES DATA IS MISSING.
T  INDICATES TRACE AMOUNT.




$$
