000
CDUS44 KLUB 270630
CLILBB


CLIMATE REPORT
NATIONAL WEATHER SERVICE LUBBOCK, TX
1230 AM CST TUE JAN 27 2015


...................................

...THE LUBBOCK CLIMATE SUMMARY FOR JANUARY 26 2015...

CLIMATE NORMAL PERIOD 1981 TO 2010
CLIMATE RECORD PERIOD 1911 TO 2015


WEATHER ITEM   OBSERVED TIME   RECORD YEAR NORMAL DEPARTURE LAST
                VALUE   (LST)  VALUE       VALUE  FROM      YEAR
                                                  NORMAL
..................................................................
TEMPERATURE (F)
 YESTERDAY
  MAXIMUM         73    416 PM  78    1975  55     18       69
                                      1953
  MINIMUM         30    648 AM   7    1966  27      3       30
  AVERAGE         52                        41     11       50

PRECIPITATION (IN)
  YESTERDAY        0.00          0.37 1944   0.02  -0.02     0.00
  MONTH TO DATE    1.03                      0.52   0.51     0.00
  SINCE DEC 1      1.42                      1.28   0.14     0.60
  SINCE JAN 1      1.03                      0.52   0.51     0.00

SNOWFALL (IN)
  YESTERDAY        0.0           1.5  1919   0.1   -0.1      0.0
  MONTH TO DATE    4.2                       2.1    2.1      0.0
  SINCE DEC 1      6.6                       4.4    2.2      0.2
  SINCE JUL 1      7.1                       5.3    1.8      2.4
  SNOW DEPTH       0

DEGREE DAYS
 HEATING
  YESTERDAY       13                        24    -11       15
  MONTH TO DATE  713                       648     65      636
  SINCE DEC 1   1372                      1404    -32     1440
  SINCE JUL 1   2047                      2046      1     2093

 COOLING
  YESTERDAY        0                         0      0        0
  MONTH TO DATE    0                         0      0        0
  SINCE DEC 1      0                         0      0        0
  SINCE JAN 1      0                         0      0        0
..................................................................


WIND (MPH)
  RESULTANT WIND SPEED   8   RESULTANT WIND DIRECTION   W (290)
  HIGHEST WIND SPEED    21   HIGHEST WIND DIRECTION     W (280)
  HIGHEST GUST SPEED    24   HIGHEST GUST DIRECTION     W (260)
  AVERAGE WIND SPEED     8.9


SKY COVER
  AVERAGE SKY COVER 0.3


WEATHER CONDITIONS
 THE FOLLOWING WEATHER WAS RECORDED YESTERDAY.
  NO SIGNIFICANT WEATHER WAS OBSERVED.


RELATIVE HUMIDITY (PERCENT)
 HIGHEST    89          1200 AM
 LOWEST     16           300 PM
 AVERAGE    53

..........................................................


THE LUBBOCK CLIMATE NORMALS FOR TODAY
                         NORMAL    RECORD    YEAR
 MAXIMUM TEMPERATURE (F)   55        78      1970
                                             1956
 MINIMUM TEMPERATURE (F)   27         5      1925


SUNRISE AND SUNSET
JANUARY 27 2015.......SUNRISE   747 AM CST   SUNSET   613 PM CST
JANUARY 28 2015.......SUNRISE   746 AM CST   SUNSET   614 PM CST


-  INDICATES NEGATIVE NUMBERS.
R  INDICATES RECORD WAS SET OR TIED.
MM INDICATES DATA IS MISSING.
T  INDICATES TRACE AMOUNT.




$$
