000
CDUS44 KLUB 030632
CLILBB


CLIMATE REPORT
NATIONAL WEATHER SERVICE LUBBOCK, TX
1229 AM CST TUE MAR 3 2015


...................................

...THE LUBBOCK CLIMATE SUMMARY FOR MARCH 2 2015...

CLIMATE NORMAL PERIOD 1981 TO 2010
CLIMATE RECORD PERIOD 1911 TO 2015


WEATHER ITEM   OBSERVED TIME   RECORD YEAR NORMAL DEPARTURE LAST
                VALUE   (LST)  VALUE       VALUE  FROM      YEAR
                                                  NORMAL
..................................................................
TEMPERATURE (F)
 YESTERDAY
  MAXIMUM         34   1159 PM  86    1974  63    -29       31
  MINIMUM         27    900 AM  -2    1922  34     -7       12
  AVERAGE         31                        48    -17       22

PRECIPITATION (IN)
  YESTERDAY        T             0.33 1957   0.03  -0.03     0.01
  MONTH TO DATE    T                         0.06  -0.06     0.01
  SINCE MAR 1      T                         0.06  -0.06     0.01
  SINCE JAN 1      2.27                      1.46   0.81     0.17

SNOWFALL (IN)
  YESTERDAY       0.0            2.1  1971   0.0    0.0        T
  MONTH TO DATE   0.0                        0.0    0.0        T
  SINCE MAR 1     0.0                        0.0    0.0        T
  SINCE JUL 1     13.6                       7.4    6.2      4.2
  SNOW DEPTH       1

DEGREE DAYS
 HEATING
  YESTERDAY       34                        17     17       43
  MONTH TO DATE   71                        34     37       50
  SINCE MAR 1     71                        34     37       50
  SINCE JUL 1   2790                      2773     17     2902

 COOLING
  YESTERDAY        0                         0      0        0
  MONTH TO DATE    0                         0      0        0
  SINCE MAR 1      0                         0      0        0
  SINCE JAN 1      0                         0      0        0
..................................................................


WIND (MPH)
  RESULTANT WIND SPEED   5   RESULTANT WIND DIRECTION  SE (140)
  HIGHEST WIND SPEED    15   HIGHEST WIND DIRECTION     S (200)
  HIGHEST GUST SPEED    18   HIGHEST GUST DIRECTION     S (200)
  AVERAGE WIND SPEED     8.7


SKY COVER
  AVERAGE SKY COVER 1.0


WEATHER CONDITIONS
 THE FOLLOWING WEATHER WAS RECORDED YESTERDAY.
  FOG
  FOG W/VISIBILITY <= 1/4 MILE


RELATIVE HUMIDITY (PERCENT)
 HIGHEST   100           400 AM
 LOWEST     92          1200 AM
 AVERAGE    96

..........................................................


THE LUBBOCK CLIMATE NORMALS FOR TODAY
                         NORMAL    RECORD    YEAR
 MAXIMUM TEMPERATURE (F)   63        88      2009
 MINIMUM TEMPERATURE (F)   34         7      1943


SUNRISE AND SUNSET
MARCH  3 2015.........SUNRISE   713 AM CST   SUNSET   645 PM CST
MARCH  4 2015.........SUNRISE   712 AM CST   SUNSET   646 PM CST


-  INDICATES NEGATIVE NUMBERS.
R  INDICATES RECORD WAS SET OR TIED.
MM INDICATES DATA IS MISSING.
T  INDICATES TRACE AMOUNT.




$$
