000
CDUS43 KLBF 221116
CLILBF


CLIMATE REPORT
NATIONAL WEATHER SERVICE NORTH PLATTE
615 AM CDT TUE AUG 22 2017


...................................

...THE NORTH PLATTE NE CLIMATE SUMMARY FOR AUGUST 21 2017...

CLIMATE NORMAL PERIOD 1981 TO 2010
CLIMATE RECORD PERIOD 1874 TO 2017


WEATHER ITEM   OBSERVED TIME   RECORD YEAR NORMAL DEPARTURE LAST
                VALUE   (LST)  VALUE       VALUE  FROM      YEAR
                                                  NORMAL
..................................................................
TEMPERATURE (F)
 YESTERDAY
  MAXIMUM         86    418 PM 101    1878  86      0       89
  MINIMUM         63   1159 PM  43    2016  57      6       43
  AVERAGE         75                        72      3       66

PRECIPITATION (IN)
  YESTERDAY        0.00          1.84 1993   0.06  -0.06     0.00
  MONTH TO DATE    3.56                      1.74   1.82     0.80
  SINCE JUN 1      9.18                      8.23   0.95     7.90
  SINCE JAN 1     17.72                     15.67   2.05    19.08

SNOWFALL (IN)
  YESTERDAY        0.0           0.0  2002   0.0    0.0      0.0
                                      2001
  MONTH TO DATE    0.0                       0.0    0.0      0.0
  SINCE JUN 1      T                         0.0    0.0      0.0
  SINCE JUL 1      T                         0.0    0.0      0.0
  SNOW DEPTH       0

DEGREE DAYS
 HEATING
  YESTERDAY        0                         0      0        0
  MONTH TO DATE    4                         0      4        5
  SINCE JUN 1     11                        56    -45       21
  SINCE JUL 1      4                         5     -1       11

 COOLING
  YESTERDAY       10                         7      3        1
  MONTH TO DATE  114                       175    -61      182
  SINCE JUN 1    745                       606    139      734
  SINCE JAN 1    762                       634    128      744
..................................................................


WIND (MPH)
  HIGHEST WIND SPEED    20   HIGHEST WIND DIRECTION     N (10)
  HIGHEST GUST SPEED    25   HIGHEST GUST DIRECTION     N (360)
  AVERAGE WIND SPEED     7.3


SKY COVER
  POSSIBLE SUNSHINE  MM
  AVERAGE SKY COVER 0.5


WEATHER CONDITIONS
 THE FOLLOWING WEATHER WAS RECORDED YESTERDAY.
  FOG
  FOG W/VISIBILITY <= 1/4 MILE


RELATIVE HUMIDITY (PERCENT)
 HIGHEST   100           100 AM
 LOWEST     61           100 PM
 AVERAGE    81

..........................................................


THE NORTH PLATTE NE CLIMATE NORMALS FOR TODAY
                         NORMAL    RECORD    YEAR
 MAXIMUM TEMPERATURE (F)   86       103      1938
 MINIMUM TEMPERATURE (F)   57        41      1891


SUNRISE AND SUNSET
AUGUST 22 2017........SUNRISE   700 AM CDT   SUNSET   831 PM CDT
AUGUST 23 2017........SUNRISE   701 AM CDT   SUNSET   829 PM CDT


-  INDICATES NEGATIVE NUMBERS.
R  INDICATES RECORD WAS SET OR TIED.
MM INDICATES DATA IS MISSING.
T  INDICATES TRACE AMOUNT.




$$
