000
CDUS43 KLBF 210904
CLILBF

CLIMATE REPORT
NATIONAL WEATHER SERVICE NORTH PLATTE
403 AM CDT TUE OCT 21 2014


...................................

...THE NORTH PLATTE NE CLIMATE SUMMARY FOR OCTOBER 20 2014...

CLIMATE NORMAL PERIOD 1981 TO 2010
CLIMATE RECORD PERIOD 1874 TO 2014


WEATHER ITEM   OBSERVED TIME   RECORD YEAR NORMAL DEPARTURE LAST
                VALUE   (LST)  VALUE       VALUE  FROM      YEAR
                                                  NORMAL
..................................................................
TEMPERATURE (F)
 YESTERDAY
  MAXIMUM         78    320 PM  92    1947  63     15       61
  MINIMUM         32    713 AM  14    1916  32      0       29
  AVERAGE         55                        48      7       45

PRECIPITATION (IN)
  YESTERDAY        0.00          0.94 1953   0.05  -0.05      T
  MONTH TO DATE    0.70                      1.07  -0.37     1.60
  SINCE SEP 1      2.09                      2.48  -0.39     6.68
  SINCE JAN 1     20.37                     18.70   1.67    21.04

SNOWFALL (IN)
  YESTERDAY        0.0           2.5  1936   0.1   -0.1      0.0
  MONTH TO DATE    0.0                       1.1   -1.1      0.0
  SINCE SEP 1      T                         1.3   -1.3      0.0
  SINCE JUL 1      T                         1.3   -1.3      0.0
  SNOW DEPTH       0

DEGREE DAYS
 HEATING
  YESTERDAY       10                        18     -8       20
  MONTH TO DATE  243                       279    -36      305
  SINCE SEP 1    366                       430    -64      375
  SINCE JUL 1    383                       450    -67      388

 COOLING
  YESTERDAY        0                         0      0        0
  MONTH TO DATE    0                         0      0        0
  SINCE SEP 1     75                        70      5      161
  SINCE JAN 1    744                       765    -21      998
..................................................................


WIND (MPH)
  HIGHEST WIND SPEED    13   HIGHEST WIND DIRECTION     S (170)
  HIGHEST GUST SPEED    16   HIGHEST GUST DIRECTION     S (160)
  AVERAGE WIND SPEED     5.2


SKY COVER
  POSSIBLE SUNSHINE  MM
  AVERAGE SKY COVER 0.0


WEATHER CONDITIONS
 THE FOLLOWING WEATHER WAS RECORDED YESTERDAY.
  NO SIGNIFICANT WEATHER WAS OBSERVED.


RELATIVE HUMIDITY (PERCENT)
 HIGHEST    92           300 AM
 LOWEST     26           200 PM
 AVERAGE    59

..........................................................


THE NORTH PLATTE NE CLIMATE NORMALS FOR TODAY
                         NORMAL    RECORD    YEAR
 MAXIMUM TEMPERATURE (F)   63        90      1921
 MINIMUM TEMPERATURE (F)   32        16      1987


SUNRISE AND SUNSET
OCTOBER 21 2014.......SUNRISE   801 AM CDT   SUNSET   653 PM CDT
OCTOBER 22 2014.......SUNRISE   802 AM CDT   SUNSET   652 PM CDT


-  INDICATES NEGATIVE NUMBERS.
R  INDICATES RECORD WAS SET OR TIED.
MM INDICATES DATA IS MISSING.
T  INDICATES TRACE AMOUNT.

$$
