000
CDUS43 KLBF 290938
CLILBF

CLIMATE REPORT
NATIONAL WEATHER SERVICE NORTH PLATTE
438 AM CDT FRI MAY 29 2015


...................................

...THE NORTH PLATTE NE CLIMATE SUMMARY FOR MAY 28 2015...

CLIMATE NORMAL PERIOD 1981 TO 2010
CLIMATE RECORD PERIOD 1874 TO 2015


WEATHER ITEM   OBSERVED TIME   RECORD YEAR NORMAL DEPARTURE LAST
                VALUE   (LST)  VALUE       VALUE  FROM      YEAR
                                                  NORMAL
..................................................................
TEMPERATURE (F)
 YESTERDAY
  MAXIMUM         76    356 PM  98    2006  75      1       89
  MINIMUM         50    437 AM  33    1992  48      2       55
                                      1947
  AVERAGE         63                        62      1       72

PRECIPITATION (IN)
  YESTERDAY        0.23          2.00 1962   0.12   0.11     0.00
  MONTH TO DATE    4.23                      2.90   1.33     1.77
  SINCE MAR 1      7.25                      6.22   1.03     3.20
  SINCE JAN 1      7.99                      7.06   0.93     4.25

SNOWFALL (IN)
  YESTERDAY        0.0           0.5  1947   0.0    0.0      0.0
  MONTH TO DATE    T                         0.0    0.0       T
  SINCE MAR 1      2.4                       7.6   -5.2      7.4
  SINCE JUL 1     21.3                      28.5   -7.2     29.8
  SNOW DEPTH       0

DEGREE DAYS
 HEATING
  YESTERDAY        2                         5     -3        0
  MONTH TO DATE  259                       231     28      263
  SINCE MAR 1   1354                      1593   -239     1639
  SINCE JUL 1   6243                      6621   -378     6830

 COOLING
  YESTERDAY        0                         1     -1        7
  MONTH TO DATE    0                        18    -18       22
  SINCE MAR 1      2                        21    -19       24
  SINCE JAN 1      2                        21    -19       24
..................................................................


WIND (MPH)
  HIGHEST WIND SPEED    32   HIGHEST WIND DIRECTION     W (280)
  HIGHEST GUST SPEED    39   HIGHEST GUST DIRECTION     W (280)
  AVERAGE WIND SPEED    10.1


SKY COVER
  POSSIBLE SUNSHINE  MM
  AVERAGE SKY COVER 0.6


WEATHER CONDITIONS
 THE FOLLOWING WEATHER WAS RECORDED YESTERDAY.
  THUNDERSTORM
  RAIN
  LIGHT RAIN
  FOG
  FOG W/VISIBILITY <= 1/4 MILE


RELATIVE HUMIDITY (PERCENT)
 HIGHEST   100           500 AM
 LOWEST     57           200 PM
 AVERAGE    79

..........................................................


THE NORTH PLATTE NE CLIMATE NORMALS FOR TODAY
                         NORMAL    RECORD    YEAR
 MAXIMUM TEMPERATURE (F)   76        98      1934
 MINIMUM TEMPERATURE (F)   49        28      1947


SUNRISE AND SUNSET
MAY 29 2015...........SUNRISE   614 AM CDT   SUNSET   907 PM CDT
MAY 30 2015...........SUNRISE   614 AM CDT   SUNSET   907 PM CDT


-  INDICATES NEGATIVE NUMBERS.
R  INDICATES RECORD WAS SET OR TIED.
MM INDICATES DATA IS MISSING.
T  INDICATES TRACE AMOUNT.

$$
