000
CDUS43 KLBF 290943 RRB
CLILBF

CLIMATE REPORT
NATIONAL WEATHER SERVICE NORTH PLATTE
441 AM CDT SAT AUG 29 2015


...................................

...THE NORTH PLATTE NE CLIMATE SUMMARY FOR AUGUST 28 2015...

CLIMATE NORMAL PERIOD 1981 TO 2010
CLIMATE RECORD PERIOD 1874 TO 2015


WEATHER ITEM   OBSERVED TIME   RECORD YEAR NORMAL DEPARTURE LAST
                VALUE   (LST)  VALUE       VALUE  FROM      YEAR
                                                  NORMAL
..................................................................
TEMPERATURE (F)
 YESTERDAY
  MAXIMUM         82    432 PM 102    2012  84     -2       82
  MINIMUM         57   1159 PM  35    1976  55      2       58
  AVERAGE         70                        70      0       70

PRECIPITATION (IN)
  YESTERDAY        0.00          3.82 1929   0.05  -0.05     0.22
  MONTH TO DATE    3.19                      2.14   1.05     5.05
  SINCE JUN 1      8.47                      8.63  -0.16    13.94
  SINCE JAN 1     16.57                     16.07   0.50    18.23

SNOWFALL (IN)
  YESTERDAY        0.0           0.0  2002   0.0    0.0      0.0
                                      2001
  MONTH TO DATE    0.0                       0.0    0.0      0.0
  SINCE JUN 1      0.0                       0.0    0.0       T
  SINCE JUL 1      0.0                       0.0    0.0      0.0
  SNOW DEPTH       0

DEGREE DAYS
 HEATING
  YESTERDAY        0                         1     -1        0
  MONTH TO DATE   23                         7     16        0
  SINCE JUN 1     34                        63    -29       56
  SINCE JUL 1     29                        12     17       17

 COOLING
  YESTERDAY        5                         6     -1        5
  MONTH TO DATE  169                       219    -50      245
  SINCE JUN 1    645                       650     -5      611
  SINCE JAN 1    647                       678    -31      660
..................................................................


WIND (MPH)
  HIGHEST WIND SPEED    20   HIGHEST WIND DIRECTION     N (20)
  HIGHEST GUST SPEED    25   HIGHEST GUST DIRECTION    NE (30)
  AVERAGE WIND SPEED     7.8


SKY COVER
  POSSIBLE SUNSHINE  MM
  AVERAGE SKY COVER 0.2


WEATHER CONDITIONS
 THE FOLLOWING WEATHER WAS RECORDED YESTERDAY.
  NO SIGNIFICANT WEATHER WAS OBSERVED.


RELATIVE HUMIDITY (PERCENT)
 HIGHEST   100           400 AM
 LOWEST     51           300 PM
 AVERAGE    76

..........................................................


THE NORTH PLATTE NE CLIMATE NORMALS FOR TODAY
                         NORMAL    RECORD    YEAR
 MAXIMUM TEMPERATURE (F)   84       103      2012
 MINIMUM TEMPERATURE (F)   55        44      1931


SUNRISE AND SUNSET
AUGUST 29 2015........SUNRISE   706 AM CDT   SUNSET   821 PM CDT
AUGUST 30 2015........SUNRISE   707 AM CDT   SUNSET   819 PM CDT


-  INDICATES NEGATIVE NUMBERS.
R  INDICATES RECORD WAS SET OR TIED.
MM INDICATES DATA IS MISSING.
T  INDICATES TRACE AMOUNT.

$$
