000
CDUS43 KLBF 200948
CLILBF


CLIMATE REPORT
NATIONAL WEATHER SERVICE NORTH PLATTE
345 AM CST MON FEB 20 2017


...................................

...THE NORTH PLATTE NE CLIMATE SUMMARY FOR FEBRUARY 19 2017...

CLIMATE NORMAL PERIOD 1981 TO 2010
CLIMATE RECORD PERIOD 1874 TO 2017


WEATHER ITEM   OBSERVED TIME   RECORD YEAR NORMAL DEPARTURE LAST
                VALUE   (LST)  VALUE       VALUE  FROM      YEAR
                                                  NORMAL
..................................................................
TEMPERATURE (F)
 YESTERDAY
  MAXIMUM         70    513 PM  73    1930  44     26       68
  MINIMUM         37    231 AM -11    1959  16     21       26
  AVERAGE         54                        30     24       47

PRECIPITATION (IN)
  YESTERDAY        0.10          0.88 1951   0.02   0.08     0.00
  MONTH TO DATE    0.22                      0.28  -0.06     0.75
  SINCE DEC 1      1.51                      1.03   0.48     1.51
  SINCE JAN 1      0.89                      0.62   0.27     1.23

SNOWFALL (IN)
  YESTERDAY       MM             4.4  1953   0.2   MM        0.0
  MONTH TO DATE    1.5                       3.6   -2.1     12.0
  SINCE DEC 1     10.9                      13.0   -2.1     21.0
  SINCE JUL 1     15.9                      19.2   -3.3     25.6
  SNOW DEPTH       0

DEGREE DAYS
 HEATING
  YESTERDAY       11                        35    -24       18
  MONTH TO DATE  544                       707   -163      628
  SINCE DEC 1   3006                      3176   -170     2836
  SINCE JUL 1   4047                      4727   -680     4022

 COOLING
  YESTERDAY        0                         0      0        0
  MONTH TO DATE    0                         0      0        0
  SINCE DEC 1      0                         0      0        0
  SINCE JAN 1      0                         0      0        0
..................................................................


WIND (MPH)
  HIGHEST WIND SPEED    23   HIGHEST WIND DIRECTION    SE (140)
  HIGHEST GUST SPEED    33   HIGHEST GUST DIRECTION    SE (130)
  AVERAGE WIND SPEED    10.4


SKY COVER
  POSSIBLE SUNSHINE  MM
  AVERAGE SKY COVER 0.0


WEATHER CONDITIONS
 THE FOLLOWING WEATHER WAS RECORDED YESTERDAY.
  THUNDERSTORM
  LIGHT RAIN


RELATIVE HUMIDITY (PERCENT)
 HIGHEST    82           200 AM
 LOWEST     39           500 PM
 AVERAGE    61

..........................................................


THE NORTH PLATTE NE CLIMATE NORMALS FOR TODAY
                         NORMAL    RECORD    YEAR
 MAXIMUM TEMPERATURE (F)   44        74      1930
 MINIMUM TEMPERATURE (F)   16       -19      1959


SUNRISE AND SUNSET
FEBRUARY 20 2017......SUNRISE   730 AM CST   SUNSET   623 PM CST
FEBRUARY 21 2017......SUNRISE   729 AM CST   SUNSET   625 PM CST


-  INDICATES NEGATIVE NUMBERS.
R  INDICATES RECORD WAS SET OR TIED.
MM INDICATES DATA IS MISSING.
T  INDICATES TRACE AMOUNT.




$$
