000
CDUS43 KLBF 210931
CLILBF


CLIMATE REPORT
NATIONAL WEATHER SERVICE NORTH PLATTE
430 AM CDT SAT OCT 21 2017


...................................

...THE NORTH PLATTE NE CLIMATE SUMMARY FOR OCTOBER 20 2017...

CLIMATE NORMAL PERIOD 1981 TO 2010
CLIMATE RECORD PERIOD 1874 TO 2017


WEATHER ITEM   OBSERVED TIME   RECORD YEAR NORMAL DEPARTURE LAST
                VALUE   (LST)  VALUE       VALUE  FROM      YEAR
                                                  NORMAL
..................................................................
TEMPERATURE (F)
 YESTERDAY
  MAXIMUM         76    511 PM  92    1947  63     13       61
  MINIMUM         55    728 AM  14    1916  32     23       34
  AVERAGE         66                        48     18       48

PRECIPITATION (IN)
  YESTERDAY        0.00          0.94 1953   0.05  -0.05     0.00
  MONTH TO DATE    3.05                      1.07   1.98     1.54
  SINCE SEP 1      7.80                      2.48   5.32     2.48
  SINCE JAN 1     25.56                     18.70   6.86    21.64

SNOWFALL (IN)
  YESTERDAY        0.0           2.5  1936   0.1   -0.1      0.0
  MONTH TO DATE    0.0                       1.1   -1.1       T
  SINCE SEP 1      0.0                       1.3   -1.3       T
  SINCE JUL 1      T                         1.3   -1.3       T
  SNOW DEPTH       0

DEGREE DAYS
 HEATING
  YESTERDAY        0                        18    -18       17
  MONTH TO DATE  196                       279    -83      188
  SINCE SEP 1    301                       430   -129      267
  SINCE JUL 1    305                       450   -145      279

 COOLING
  YESTERDAY        1                         0      1        0
  MONTH TO DATE    1                         0      1        3
  SINCE SEP 1    131                        70     61      104
  SINCE JAN 1    954                       765    189      911
..................................................................


WIND (MPH)
  HIGHEST WIND SPEED    26   HIGHEST WIND DIRECTION     S (170)
  HIGHEST GUST SPEED    35   HIGHEST GUST DIRECTION     S (160)
  AVERAGE WIND SPEED    13.2


SKY COVER
  POSSIBLE SUNSHINE  MM
  AVERAGE SKY COVER 0.0


WEATHER CONDITIONS
 THE FOLLOWING WEATHER WAS RECORDED YESTERDAY.
  NO SIGNIFICANT WEATHER WAS OBSERVED.


RELATIVE HUMIDITY (PERCENT)
 HIGHEST    77           700 AM
 LOWEST     43           500 PM
 AVERAGE    60

..........................................................


THE NORTH PLATTE NE CLIMATE NORMALS FOR TODAY
                         NORMAL    RECORD    YEAR
 MAXIMUM TEMPERATURE (F)   63        90      1921
 MINIMUM TEMPERATURE (F)   32        16      1987


SUNRISE AND SUNSET
OCTOBER 21 2017.......SUNRISE   801 AM CDT   SUNSET   653 PM CDT
OCTOBER 22 2017.......SUNRISE   802 AM CDT   SUNSET   651 PM CDT


-  INDICATES NEGATIVE NUMBERS.
R  INDICATES RECORD WAS SET OR TIED.
MM INDICATES DATA IS MISSING.
T  INDICATES TRACE AMOUNT.




$$
