000
CDUS43 KLBF 230931
CLILBF

CLIMATE REPORT
NATIONAL WEATHER SERVICE NORTH PLATTE
431 AM CDT THU OCT 23 2014

...................................

...THE NORTH PLATTE NE CLIMATE SUMMARY FOR OCTOBER 22 2014...

CLIMATE NORMAL PERIOD 1981 TO 2010
CLIMATE RECORD PERIOD 1874 TO 2014


WEATHER ITEM   OBSERVED TIME   RECORD YEAR NORMAL DEPARTURE LAST
                VALUE   (LST)  VALUE       VALUE  FROM      YEAR
                                                  NORMAL
..................................................................
TEMPERATURE (F)
 YESTERDAY
  MAXIMUM         70    407 PM  87    2003  62      8       60
  MINIMUM         43   1159 PM  14    1936  31     12       38
  AVERAGE         57                        47     10       49

PRECIPITATION (IN)
  YESTERDAY        0.03          1.32 1906   0.05  -0.02     0.00
  MONTH TO DATE    0.73                      1.18  -0.45     1.60
  SINCE SEP 1      2.12                      2.59  -0.47     6.68
  SINCE JAN 1     20.40                     18.81   1.59    21.04

SNOWFALL (IN)
  YESTERDAY        0.0           4.2  2009   0.1   -0.1      0.0
  MONTH TO DATE    0.0                       1.2   -1.2      0.0
  SINCE SEP 1      T                         1.4   -1.4      0.0
  SINCE JUL 1      T                         1.4   -1.4      0.0
  SNOW DEPTH       0

DEGREE DAYS
 HEATING
  YESTERDAY        8                        18    -10       16
  MONTH TO DATE  255                       315    -60      342
  SINCE SEP 1    378                       466    -88      412
  SINCE JUL 1    395                       486    -91      425

 COOLING
  YESTERDAY        0                         0      0        0
  MONTH TO DATE    0                         0      0        0
  SINCE SEP 1     75                        70      5      161
  SINCE JAN 1    744                       765    -21      998
..................................................................


WIND (MPH)
  HIGHEST WIND SPEED    17   HIGHEST WIND DIRECTION     S (170)
  HIGHEST GUST SPEED    24   HIGHEST GUST DIRECTION     S (170)
  AVERAGE WIND SPEED     5.0


SKY COVER
  POSSIBLE SUNSHINE  MM
  AVERAGE SKY COVER 0.2


WEATHER CONDITIONS
 THE FOLLOWING WEATHER WAS RECORDED YESTERDAY.
  FOG
  FOG W/VISIBILITY <= 1/4 MILE


RELATIVE HUMIDITY (PERCENT)
 HIGHEST   100          1000 PM
 LOWEST     47           400 PM
 AVERAGE    74

..........................................................


THE NORTH PLATTE NE CLIMATE NORMALS FOR TODAY
                         NORMAL    RECORD    YEAR
 MAXIMUM TEMPERATURE (F)   62        88      1899
 MINIMUM TEMPERATURE (F)   31         9      1917


SUNRISE AND SUNSET
OCTOBER 23 2014.......SUNRISE   803 AM CDT   SUNSET   650 PM CDT
OCTOBER 24 2014.......SUNRISE   804 AM CDT   SUNSET   649 PM CDT


-  INDICATES NEGATIVE NUMBERS.
R  INDICATES RECORD WAS SET OR TIED.
MM INDICATES DATA IS MISSING.
T  INDICATES TRACE AMOUNT.

$$
