000
CDUS43 KLBF 230940
CLILBF


CLIMATE REPORT
NATIONAL WEATHER SERVICE NORTH PLATTE
439 AM CDT SAT JUL 23 2016


...................................

...THE NORTH PLATTE NE CLIMATE SUMMARY FOR JULY 22 2016...

CLIMATE NORMAL PERIOD 1981 TO 2010
CLIMATE RECORD PERIOD 1874 TO 2016


WEATHER ITEM   OBSERVED TIME   RECORD YEAR NORMAL DEPARTURE LAST
                VALUE   (LST)  VALUE       VALUE  FROM      YEAR
                                                  NORMAL
..................................................................
TEMPERATURE (F)
 YESTERDAY
  MAXIMUM         96    241 PM 108    2012  89      7       83
  MINIMUM         68    413 AM  46    1990  61      7       63
  AVERAGE         82                        75      7       73

PRECIPITATION (IN)
  YESTERDAY        0.09          2.23 1907   0.10  -0.01     0.11
  MONTH TO DATE    2.58                      2.15   0.43     2.36
  SINCE JUN 1      5.84                      5.57   0.27     5.09
  SINCE JAN 1     17.02                     13.01   4.01    13.19

SNOWFALL (IN)
  YESTERDAY        0.0           0.0  2002   0.0    0.0      0.0
                                      2001
  MONTH TO DATE    0.0                       0.0    0.0      0.0
  SINCE JUN 1      0.0                       0.0    0.0      0.0
  SINCE JUL 1      0.0                       0.0    0.0      0.0
  SNOW DEPTH       0

DEGREE DAYS
 HEATING
  YESTERDAY        0                         0      0        0
  MONTH TO DATE    6                         0      6        6
  SINCE JUN 1     16                        51    -35       11
  SINCE JUL 1      6                         0      6        6

 COOLING
  YESTERDAY       17                        10      7        8
  MONTH TO DATE  218                       206     12      209
  SINCE JUN 1    466                       344    122      387
  SINCE JAN 1    476                       372    104      389
..................................................................


WIND (MPH)
  HIGHEST WIND SPEED    25   HIGHEST WIND DIRECTION    NW (320)
  HIGHEST GUST SPEED    35   HIGHEST GUST DIRECTION    NW (320)
  AVERAGE WIND SPEED     7.4


SKY COVER
  POSSIBLE SUNSHINE  MM
  AVERAGE SKY COVER 0.0


WEATHER CONDITIONS
 THE FOLLOWING WEATHER WAS RECORDED YESTERDAY.
  THUNDERSTORM
  RAIN
  LIGHT RAIN
  FOG


RELATIVE HUMIDITY (PERCENT)
 HIGHEST    97           200 AM
 LOWEST     48           200 PM
 AVERAGE    73

..........................................................


THE NORTH PLATTE NE CLIMATE NORMALS FOR TODAY
                         NORMAL    RECORD    YEAR
 MAXIMUM TEMPERATURE (F)   89       104      2012
                                             2005
                                             1940
 MINIMUM TEMPERATURE (F)   61        49      1990
                                             1989
                                             1978


SUNRISE AND SUNSET
JULY 23 2016..........SUNRISE   630 AM CDT   SUNSET   908 PM CDT
JULY 24 2016..........SUNRISE   631 AM CDT   SUNSET   907 PM CDT


-  INDICATES NEGATIVE NUMBERS.
R  INDICATES RECORD WAS SET OR TIED.
MM INDICATES DATA IS MISSING.
T  INDICATES TRACE AMOUNT.




$$
