000
CDUS43 KLBF 282246
CLILBF


CLIMATE REPORT
NATIONAL WEATHER SERVICE NORTH PLATTE
543 PM CDT THU APR 28 2016


...................................

...THE NORTH PLATTE NE CLIMATE SUMMARY FOR APRIL 28 2016...
VALID TODAY AS OF 0500 PM LOCAL TIME.

CLIMATE NORMAL PERIOD 1981 TO 2010
CLIMATE RECORD PERIOD 1874 TO 2016


WEATHER ITEM   OBSERVED TIME   RECORD YEAR NORMAL DEPARTURE LAST
                VALUE   (LST)  VALUE       VALUE  FROM      YEAR
                                                  NORMAL
..................................................................
TEMPERATURE (F)
 TODAY
  MAXIMUM         48    339 PM  95    1910  66    -18       64
  MINIMUM         30    627 AM  21    1965  38     -8       38
  AVERAGE         39                        52    -13       51

PRECIPITATION (IN)
  TODAY            0.02          2.74 1875   0.09  -0.07     0.00
  MONTH TO DATE    3.98                      2.09   1.89     2.99
  SINCE MAR 1      4.64                      3.14   1.50     3.00
  SINCE JAN 1      5.90                      3.98   1.92     3.74

SNOWFALL (IN)
  TODAY            0.0           5.1  1994   0.0    0.0      0.0
  MONTH TO DATE    T                         3.1   -3.1      2.1
  SINCE MAR 1      4.3                       7.5   -3.2      2.4
  SINCE JUL 1     29.9                      28.4    1.5     21.3
  SNOW DEPTH       0

DEGREE DAYS
 HEATING
  TODAY           26                        13     13       14
  MONTH TO DATE  422                       499    -77      419
  SINCE MAR 1   1108                      1336   -228     1078
  SINCE JUL 1   5385                      6364   -979     5967

 COOLING
  TODAY            0                         0      0        0
  MONTH TO DATE    1                         0      1        2
  SINCE MAR 1      1                         0      1        2
  SINCE JAN 1      1                         0      1        2
..................................................................


WIND (MPH)
  HIGHEST WIND SPEED    20   HIGHEST WIND DIRECTION     N (350)
  HIGHEST GUST SPEED    26   HIGHEST GUST DIRECTION     N (340)
  AVERAGE WIND SPEED     9.2


SKY COVER
  POSSIBLE SUNSHINE  MM
  AVERAGE SKY COVER 0.4


WEATHER CONDITIONS
 THE FOLLOWING WEATHER WAS RECORDED TODAY.
  NO SIGNIFICANT WEATHER WAS OBSERVED.


RELATIVE HUMIDITY (PERCENT)
 HIGHEST    92           300 AM
 LOWEST     60           200 PM
 AVERAGE    76

..........................................................


THE NORTH PLATTE NE CLIMATE NORMALS FOR TOMORROW
                         NORMAL    RECORD    YEAR
 MAXIMUM TEMPERATURE (F)   67        93      1887
 MINIMUM TEMPERATURE (F)   38        19      1908


SUNRISE AND SUNSET
APRIL 28 2016.........SUNRISE   644 AM CDT   SUNSET   837 PM CDT
APRIL 29 2016.........SUNRISE   642 AM CDT   SUNSET   838 PM CDT


-  INDICATES NEGATIVE NUMBERS.
R  INDICATES RECORD WAS SET OR TIED.
MM INDICATES DATA IS MISSING.
T  INDICATES TRACE AMOUNT.




$$
