000
CDUS42 KILM 242041
CLILBT


CLIMATE REPORT
NATIONAL WEATHER SERVICE WILMINGTON NC
441 PM EDT FRI OCT 24 2014


...................................

...THE LUMBERTON NC CLIMATE SUMMARY FOR OCTOBER 24 2014...
VALID TODAY AS OF 0400 PM LOCAL TIME.

CLIMATE NORMAL PERIOD 1981 TO 2010
CLIMATE RECORD PERIOD 9999 TO 9999


WEATHER ITEM   OBSERVED TIME   NORMAL DEPARTURE LAST
                VALUE   (LST)  VALUE  FROM      YEAR
                                      NORMAL
......................................................
TEMPERATURE (F)
 TODAY
  MAXIMUM         74    228 PM  73      1       64
  MINIMUM         43    625 AM  48     -5       36
  AVERAGE         59            61     -2       50

PRECIPITATION (IN)
  TODAY            0.00          0.05  -0.05     0.00
  MONTH TO DATE    0.60          2.16  -1.56     0.26
  SINCE SEP 1      4.52          6.96  -2.44     1.66
  SINCE JAN 1     36.68         37.35  -0.67    37.64

DEGREE DAYS
 HEATING
  TODAY            6             6      0       15
  MONTH TO DATE   62            75    -13       46
  SINCE SEP 1     68            84    -16       46
  SINCE JUL 1     68            84    -16       46

 COOLING
  TODAY            0             2     -2        0
  MONTH TO DATE   87            65     22       80
  SINCE SEP 1    385           314     71      336
  SINCE JAN 1   2042          1886    156     1847
......................................................


WIND (MPH)
  HIGHEST WIND SPEED     8   HIGHEST WIND DIRECTION    NE (40)
  HIGHEST GUST SPEED    12   HIGHEST GUST DIRECTION    NE (30)
  AVERAGE WIND SPEED     3.1


SKY COVER
  POSSIBLE SUNSHINE  MM
  AVERAGE SKY COVER 0.0


WEATHER CONDITIONS
 THE FOLLOWING WEATHER WAS RECORDED TODAY.
  NO SIGNIFICANT WEATHER WAS OBSERVED.


RELATIVE HUMIDITY (PERCENT)
 HIGHEST    96           400 AM
 LOWEST     35           300 PM
 AVERAGE    66

..........................................................


THE LUMBERTON NC CLIMATE NORMALS FOR TOMORROW
                         NORMAL    RECORD    YEAR
 MAXIMUM TEMPERATURE (F)   73        MM        MM
 MINIMUM TEMPERATURE (F)   48        MM        MM


SUNRISE AND SUNSET
OCTOBER 24 2014.......SUNRISE   729 AM EDT   SUNSET   631 PM EDT
OCTOBER 25 2014.......SUNRISE   730 AM EDT   SUNSET   630 PM EDT


-  INDICATES NEGATIVE NUMBERS.
R  INDICATES RECORD WAS SET OR TIED.
MM INDICATES DATA IS MISSING.
T  INDICATES TRACE AMOUNT.




$$
