000
CDUS42 KILM 252043
CLILBT


CLIMATE REPORT
NATIONAL WEATHER SERVICE WILMINGTON NC
443 PM EDT TUE APR 25 2017


...................................

...THE LUMBERTON NC CLIMATE SUMMARY FOR APRIL 25 2017...
VALID TODAY AS OF 0400 PM LOCAL TIME.

CLIMATE NORMAL PERIOD 1981 TO 2010
CLIMATE RECORD PERIOD 9999 TO 9999


WEATHER ITEM   OBSERVED TIME   NORMAL DEPARTURE LAST
                VALUE   (LST)  VALUE  FROM      YEAR
                                      NORMAL
......................................................
TEMPERATURE (F)
 TODAY
  MAXIMUM         70    135 PM  77     -7       81
  MINIMUM         58    625 AM  51      7       49
  AVERAGE         64            64      0       65

PRECIPITATION (IN)
  TODAY            0.19          0.09   0.10     0.00
  MONTH TO DATE    6.07          2.44   3.63     3.17
  SINCE MAR 1      9.97          5.77   4.20     4.35
  SINCE JAN 1     13.46         11.64   1.82    12.63

SNOWFALL (IN)
  TODAY           MM
  MONTH TO DATE   MM
  SINCE MAR 1     MM
  SINCE JUL 1     MM
  SNOW DEPTH      MM

DEGREE DAYS
 HEATING
  TODAY            1             3     -2        0
  MONTH TO DATE   53           138    -85      136
  SINCE MAR 1    418           484    -66      317
  SINCE JUL 1   2065          2714   -649     1996

 COOLING
  TODAY            0             2     -2        0
  MONTH TO DATE   70            42     28       32
  SINCE MAR 1     97            52     45       78
  SINCE JAN 1    107            55     52       79
......................................................


WIND (MPH)
  HIGHEST WIND SPEED    14   HIGHEST WIND DIRECTION    NW (300)
  HIGHEST GUST SPEED    17   HIGHEST GUST DIRECTION     W (270)
  AVERAGE WIND SPEED     6.0


SKY COVER
  POSSIBLE SUNSHINE  MM
  AVERAGE SKY COVER 0.8


WEATHER CONDITIONS
 THE FOLLOWING WEATHER WAS RECORDED TODAY.
  RAIN
  LIGHT RAIN
  FOG


RELATIVE HUMIDITY (PERCENT)
 HIGHEST   100           300 AM
 LOWEST     81           200 PM
 AVERAGE    91

..........................................................


THE LUMBERTON NC CLIMATE NORMALS FOR TOMORROW
                         NORMAL
 MAXIMUM TEMPERATURE (F)   77
 MINIMUM TEMPERATURE (F)   51


SUNRISE AND SUNSET
APRIL 25 2017.........SUNRISE   632 AM EDT   SUNSET   756 PM EDT
APRIL 26 2017.........SUNRISE   631 AM EDT   SUNSET   757 PM EDT


-  INDICATES NEGATIVE NUMBERS.
R  INDICATES RECORD WAS SET OR TIED.
MM INDICATES DATA IS MISSING.
T  INDICATES TRACE AMOUNT.




$$
