000
CDUS42 KILM 191320
CLILBT


CLIMATE REPORT
NATIONAL WEATHER SERVICE WILMINGTON NC
820 AM EST MON FEB 19 2018


...................................

...THE LUMBERTON NORTH CAROLINA CLIMATE SUMMARY FOR FEBRUARY 18 2018...

CLIMATE NORMAL PERIOD 1981 TO 2010
CLIMATE RECORD PERIOD 1903 TO 2018


WEATHER ITEM   OBSERVED TIME   RECORD YEAR NORMAL DEPARTURE LAST
                VALUE   (LST)  VALUE       VALUE  FROM      YEAR
                                                  NORMAL
..................................................................
TEMPERATURE (F)
 YESTERDAY
  MAXIMUM         66    344 PM  79    1976  59      7       72
  MINIMUM         49    741 AM  11    1958  36     13       37
  AVERAGE         58                        47     11       55

PRECIPITATION (IN)
  YESTERDAY        T             2.28 2008   0.12  -0.12      T
  MONTH TO DATE    0.75                      1.76  -1.01     1.09
  SINCE DEC 1      6.73                      7.62  -0.89     7.79
  SINCE JAN 1      2.65                      4.73  -2.08     3.49

SNOWFALL (IN)
  YESTERDAY       MM             2.3  1979  MM
  MONTH TO DATE   MM                        MM
  SINCE DEC 1     MM                        MM
  SINCE JUL 1     MM                        MM
  SNOW DEPTH      MM

DEGREE DAYS
 HEATING
  YESTERDAY        7                        18    -11       10
  MONTH TO DATE  219                       348   -129      224
  SINCE DEC 1   1580                      1601    -21     1235
  SINCE JUL 1   2040                      2067    -27     1597

 COOLING
  YESTERDAY        0                         0      0        0
  MONTH TO DATE   18                         0     18        7
  SINCE DEC 1     19                         3     16        7
  SINCE JAN 1     19                         1     18        7
..................................................................


WIND (MPH)
  RESULTANT WIND SPEED   5   RESULTANT WIND DIRECTION  NE (60)
  HIGHEST WIND SPEED    18   HIGHEST WIND DIRECTION    SE (130)
  HIGHEST GUST SPEED    23   HIGHEST GUST DIRECTION    SE (140)
  AVERAGE WIND SPEED     8.4


SKY COVER
  POSSIBLE SUNSHINE  MM
  AVERAGE SKY COVER 0.8


WEATHER CONDITIONS
 THE FOLLOWING WEATHER WAS RECORDED YESTERDAY.
  LIGHT RAIN
  FOG
  FOG W/VISIBILITY <= 1/4 MILE


RELATIVE HUMIDITY (PERCENT)
 HIGHEST   100          1200 AM
 LOWEST     40           200 PM
 AVERAGE    70

..........................................................


THE LUMBERTON NORTH CAROLINA CLIMATE NORMALS FOR TODAY
                         NORMAL    RECORD    YEAR
 MAXIMUM TEMPERATURE (F)   59        79      1976
 MINIMUM TEMPERATURE (F)   36        15      1980


SUNRISE AND SUNSET
FEBRUARY 19 2018......SUNRISE   657 AM EST   SUNSET   603 PM EST
FEBRUARY 20 2018......SUNRISE   656 AM EST   SUNSET   604 PM EST


-  INDICATES NEGATIVE NUMBERS.
R  INDICATES RECORD WAS SET OR TIED.
MM INDICATES DATA IS MISSING.
T  INDICATES TRACE AMOUNT.




$$
