038
CDUS42 KILM 300909
CLILBT


CLIMATE REPORT
NATIONAL WEATHER SERVICE WILMINGTON NC
507 AM EDT TUE MAY 30 2017


...................................

...THE LUMBERTON NC CLIMATE SUMMARY FOR MAY 29 2017...

CLIMATE NORMAL PERIOD 1981 TO 2010
CLIMATE RECORD PERIOD 9999 TO 9999


WEATHER ITEM   OBSERVED TIME   NORMAL DEPARTURE LAST
                VALUE   (LST)  VALUE  FROM      YEAR
                                      NORMAL
......................................................
TEMPERATURE (F)
 YESTERDAY
  MAXIMUM         92    346 PM  85      7       87
  MINIMUM         68    559 AM  62      6       72
  AVERAGE         80            74      6       80

PRECIPITATION (IN)
  YESTERDAY        0.03          0.12  -0.09     1.09
  MONTH TO DATE    3.85          2.79   1.06     6.19
  SINCE MAR 1     13.82          8.94   4.88    10.54
  SINCE JAN 1     17.31         14.81   2.50    18.82

DEGREE DAYS
 HEATING
  YESTERDAY        0             0      0        0
  MONTH TO DATE   14            30    -16       22
  SINCE MAR 1    432           529    -97      339
  SINCE JUL 1   2079          2759   -680     2018

 COOLING
  YESTERDAY       15             9      6       15
  MONTH TO DATE  220           164     56      174
  SINCE MAR 1    369           229    140      290
  SINCE JAN 1    379           232    147      291
......................................................


WIND (MPH)
  HIGHEST WIND SPEED    30   HIGHEST WIND DIRECTION    NW (330)
  HIGHEST GUST SPEED    34   HIGHEST GUST DIRECTION    NW (330)
  AVERAGE WIND SPEED     5.1


SKY COVER
  POSSIBLE SUNSHINE  MM
  AVERAGE SKY COVER 0.1


WEATHER CONDITIONS
 THE FOLLOWING WEATHER WAS RECORDED YESTERDAY.
  THUNDERSTORM
  LIGHT RAIN
  FOG


RELATIVE HUMIDITY (PERCENT)
 HIGHEST   100          1200 AM
 LOWEST     36           200 PM
 AVERAGE    68

..........................................................


THE LUMBERTON NC CLIMATE NORMALS FOR TODAY
                         NORMAL
 MAXIMUM TEMPERATURE (F)   85
 MINIMUM TEMPERATURE (F)   63


SUNRISE AND SUNSET
MAY 30 2017...........SUNRISE   605 AM EDT   SUNSET   823 PM EDT
MAY 31 2017...........SUNRISE   605 AM EDT   SUNSET   824 PM EDT


-  INDICATES NEGATIVE NUMBERS.
R  INDICATES RECORD WAS SET OR TIED.
MM INDICATES DATA IS MISSING.
T  INDICATES TRACE AMOUNT.




$$
