000
CDUS42 KILM 280846
CLILBT


CLIMATE REPORT
NATIONAL WEATHER SERVICE WILMINGTON NC
445 AM EDT MON JUL 28 2014


...................................

...THE LUMBERTON NC CLIMATE SUMMARY FOR JULY 27 2014...

CLIMATE NORMAL PERIOD 1981 TO 2010
CLIMATE RECORD PERIOD 9999 TO 9999


WEATHER ITEM   OBSERVED TIME   NORMAL DEPARTURE LAST
                VALUE   (LST)  VALUE  FROM      YEAR
                                      NORMAL
......................................................
TEMPERATURE (F)
 YESTERDAY
  MAXIMUM         93    401 PM  90      3       90
  MINIMUM         76    603 AM  72      4       69
  AVERAGE         85            81      4       80

PRECIPITATION (IN)
  YESTERDAY        0.02          0.20  -0.18     0.33
  MONTH TO DATE    3.87          4.70  -0.83     5.53
  SINCE JUN 1     11.44          9.04   2.40    16.24
  SINCE JAN 1     28.70         24.11   4.59    30.72

DEGREE DAYS
 HEATING
  YESTERDAY        0             0      0        0
  MONTH TO DATE    0             0      0        0
  SINCE JUN 1      0             0      0        0
  SINCE JUL 1      0             0      0        0

 COOLING
  YESTERDAY       20            16      4       15
  MONTH TO DATE  425           432     -7      432
  SINCE JUN 1    883           820     63      833
  SINCE JAN 1   1171          1070    101     1025
......................................................


WIND (MPH)
  HIGHEST WIND SPEED    16   HIGHEST WIND DIRECTION    SW (240)
  HIGHEST GUST SPEED    22   HIGHEST GUST DIRECTION    SW (230)
  AVERAGE WIND SPEED     7.3


SKY COVER
  POSSIBLE SUNSHINE  MM
  AVERAGE SKY COVER 0.0


WEATHER CONDITIONS
 THE FOLLOWING WEATHER WAS RECORDED YESTERDAY.
  LIGHT RAIN
  FOG
  HAZE


RELATIVE HUMIDITY (PERCENT)
 HIGHEST   100           600 AM
 LOWEST     52           200 PM
 AVERAGE    76

..........................................................


THE LUMBERTON NC CLIMATE NORMALS FOR TODAY
                         NORMAL
 MAXIMUM TEMPERATURE (F)   90
 MINIMUM TEMPERATURE (F)   72


SUNRISE AND SUNSET
JULY 28 2014..........SUNRISE   624 AM EDT   SUNSET   822 PM EDT
JULY 29 2014..........SUNRISE   624 AM EDT   SUNSET   821 PM EDT


-  INDICATES NEGATIVE NUMBERS.
R  INDICATES RECORD WAS SET OR TIED.
MM INDICATES DATA IS MISSING.
T  INDICATES TRACE AMOUNT.




$$
