000
CDUS42 KILM 080940
CLILBT


CLIMATE REPORT
NATIONAL WEATHER SERVICE WILMINGTON NC
440 AM EST THU DEC 8 2016


...................................

...THE LUMBERTON NC CLIMATE SUMMARY FOR DECEMBER 7 2016...

CLIMATE NORMAL PERIOD 1981 TO 2010
CLIMATE RECORD PERIOD 9999 TO 9999


WEATHER ITEM   OBSERVED TIME   NORMAL DEPARTURE LAST
                VALUE   (LST)  VALUE  FROM      YEAR
                                      NORMAL
......................................................
TEMPERATURE (F)
 YESTERDAY
  MAXIMUM         62    309 PM  59      3       55
  MINIMUM         42    727 AM  37      5       48
  AVERAGE         52            48      4       52

PRECIPITATION (IN)
  YESTERDAY        0.00          0.10  -0.10     0.51
  MONTH TO DATE    1.36          0.75   0.61     0.63
  SINCE DEC 1      1.36          0.75   0.61     0.63
  SINCE JAN 1     54.71         41.38  13.33    43.58

SNOWFALL (IN)
  YESTERDAY       MM
  MONTH TO DATE   MM
  SINCE DEC 1     MM
  SINCE JUL 1     MM
  SNOW DEPTH      MM

DEGREE DAYS
 HEATING
  YESTERDAY       13            17     -4       13
  MONTH TO DATE  107           113     -6       80
  SINCE DEC 1    107           113     -6       80
  SINCE JUL 1    469           579   -110      361

 COOLING
  YESTERDAY        0             0      0        0
  MONTH TO DATE    0             0      0        0
  SINCE DEC 1      0             0      0        0
  SINCE JAN 1   2371          1907    464     2391
......................................................


WIND (MPH)
  HIGHEST WIND SPEED    12   HIGHEST WIND DIRECTION    NW (310)
  HIGHEST GUST SPEED    14   HIGHEST GUST DIRECTION    NW (310)
  AVERAGE WIND SPEED     3.3


SKY COVER
  POSSIBLE SUNSHINE  MM
  AVERAGE SKY COVER 0.7


WEATHER CONDITIONS
 THE FOLLOWING WEATHER WAS RECORDED YESTERDAY.
  FOG


RELATIVE HUMIDITY (PERCENT)
 HIGHEST   100          1200 AM
 LOWEST     52           200 PM
 AVERAGE    76

..........................................................


THE LUMBERTON NC CLIMATE NORMALS FOR TODAY
                         NORMAL
 MAXIMUM TEMPERATURE (F)   59
 MINIMUM TEMPERATURE (F)   37


SUNRISE AND SUNSET
DECEMBER  8 2016......SUNRISE   711 AM EST   SUNSET   506 PM EST
DECEMBER  9 2016......SUNRISE   712 AM EST   SUNSET   506 PM EST


-  INDICATES NEGATIVE NUMBERS.
R  INDICATES RECORD WAS SET OR TIED.
MM INDICATES DATA IS MISSING.
T  INDICATES TRACE AMOUNT.




$$
