000
CDUS42 KILM 282046
CLILBT


CLIMATE REPORT
NATIONAL WEATHER SERVICE WILMINGTON NC
445 PM EDT THU JUL 28 2016


...................................

...THE LUMBERTON NC CLIMATE SUMMARY FOR JULY 28 2016...
VALID TODAY AS OF 0400 PM LOCAL TIME.

CLIMATE NORMAL PERIOD 1981 TO 2010
CLIMATE RECORD PERIOD 9999 TO 9999


WEATHER ITEM   OBSERVED TIME   NORMAL DEPARTURE LAST
                VALUE   (LST)  VALUE  FROM      YEAR
                                      NORMAL
......................................................
TEMPERATURE (F)
 TODAY
  MAXIMUM         96    239 PM  90      6       95
  MINIMUM         77    549 AM  72      5       71
  AVERAGE         87            81      6       83

PRECIPITATION (IN)
  TODAY            0.00          0.19  -0.19     0.00
  MONTH TO DATE    7.51          4.89   2.62     1.27
  SINCE JUN 1      9.39          9.23   0.16     7.51
  SINCE JAN 1     28.33         24.30   4.03    24.97

DEGREE DAYS
 HEATING
  TODAY            0             0      0        0
  MONTH TO DATE    0             0      0        0
  SINCE JUN 1      0             0      0        0
  SINCE JUL 1      0             0      0        0

 COOLING
  TODAY           22            16      6       18
  MONTH TO DATE  507           448     59      510
  SINCE JUN 1    978           836    142     1054
  SINCE JAN 1   1301          1086    215     1393
......................................................


WIND (MPH)
  HIGHEST WIND SPEED    17   HIGHEST WIND DIRECTION    SW (220)
  HIGHEST GUST SPEED    23   HIGHEST GUST DIRECTION    SW (210)
  AVERAGE WIND SPEED     8.8


SKY COVER
  POSSIBLE SUNSHINE  MM
  AVERAGE SKY COVER 0.0


WEATHER CONDITIONS
 THE FOLLOWING WEATHER WAS RECORDED TODAY.
  NO SIGNIFICANT WEATHER WAS OBSERVED.


RELATIVE HUMIDITY (PERCENT)
 HIGHEST    88           500 AM
 LOWEST     43           200 PM
 AVERAGE    66

..........................................................


THE LUMBERTON NC CLIMATE NORMALS FOR TOMORROW
                         NORMAL
 MAXIMUM TEMPERATURE (F)   90
 MINIMUM TEMPERATURE (F)   72


SUNRISE AND SUNSET
JULY 28 2016..........SUNRISE   624 AM EDT   SUNSET   821 PM EDT
JULY 29 2016..........SUNRISE   625 AM EDT   SUNSET   820 PM EDT


-  INDICATES NEGATIVE NUMBERS.
R  INDICATES RECORD WAS SET OR TIED.
MM INDICATES DATA IS MISSING.
T  INDICATES TRACE AMOUNT.




$$
