102
CDUS42 KILM 212102
CLILBT


CLIMATE REPORT
NATIONAL WEATHER SERVICE WILMINGTON NC
501 PM EDT THU SEP 21 2017


...................................

...THE LUMBERTON NC CLIMATE SUMMARY FOR SEPTEMBER 21 2017...
VALID TODAY AS OF 0400 PM LOCAL TIME.

CLIMATE NORMAL PERIOD 1981 TO 2010
CLIMATE RECORD PERIOD 9999 TO 9999


WEATHER ITEM   OBSERVED TIME   NORMAL DEPARTURE LAST
                VALUE   (LST)  VALUE  FROM      YEAR
                                      NORMAL
......................................................
TEMPERATURE (F)
 TODAY
  MAXIMUM         93    233 PM  83     10       82
  MINIMUM         64    552 AM  61      3       69
  AVERAGE         79            72      7       76

PRECIPITATION (IN)
  TODAY            0.00          0.15  -0.15     0.44
  MONTH TO DATE    4.94          3.40   1.54     5.31
  SINCE SEP 1      4.94          3.40   1.54     5.31
  SINCE JAN 1     36.75         33.79   2.96    37.82

DEGREE DAYS
 HEATING
  TODAY            0             0      0        0
  MONTH TO DATE    0             0      0        0
  SINCE SEP 1      0             0      0        0
  SINCE JUL 1      0             0      0        0

 COOLING
  TODAY           14             7      7       11
  MONTH TO DATE  182           196    -14      271
  SINCE SEP 1    182           196    -14      271
  SINCE JAN 1   1916          1768    148     2170
......................................................


WIND (MPH)
  HIGHEST WIND SPEED    13   HIGHEST WIND DIRECTION    NE (30)
  HIGHEST GUST SPEED    15   HIGHEST GUST DIRECTION     N (20)
  AVERAGE WIND SPEED     2.2


SKY COVER
  POSSIBLE SUNSHINE  MM
  AVERAGE SKY COVER 0.1


WEATHER CONDITIONS
 THE FOLLOWING WEATHER WAS RECORDED TODAY.
  THUNDERSTORM
  FOG


RELATIVE HUMIDITY (PERCENT)
 HIGHEST   100           400 AM
 LOWEST     47           200 PM
 AVERAGE    74

..........................................................


THE LUMBERTON NC CLIMATE NORMALS FOR TOMORROW
                         NORMAL
 MAXIMUM TEMPERATURE (F)   82
 MINIMUM TEMPERATURE (F)   60


SUNRISE AND SUNSET
SEPTEMBER 21 2017.....SUNRISE   704 AM EDT   SUNSET   714 PM EDT
SEPTEMBER 22 2017.....SUNRISE   704 AM EDT   SUNSET   713 PM EDT


-  INDICATES NEGATIVE NUMBERS.
R  INDICATES RECORD WAS SET OR TIED.
MM INDICATES DATA IS MISSING.
T  INDICATES TRACE AMOUNT.




$$
