000
CDUS44 KLCH 060823
CLILCH


CLIMATE REPORT
NATIONAL WEATHER SERVICE LAKE CHARLES, LA
223 AM CST FRI MAR 6 2015


...................................

...THE LAKE CHARLES CLIMATE SUMMARY FOR MARCH 5 2015...

CLIMATE NORMAL PERIOD 1981 TO 2010
CLIMATE RECORD PERIOD 1895 TO 2015


WEATHER ITEM   OBSERVED TIME   RECORD YEAR NORMAL DEPARTURE LAST
                VALUE   (LST)  VALUE       VALUE  FROM      YEAR
                                                  NORMAL
..................................................................
TEMPERATURE (F)
 YESTERDAY
  MAXIMUM         70   1245 AM  86    1910  69      1       53
  MINIMUM         34   1159 PM  26    1917  49    -15       35
  AVERAGE         52                        59     -7       44

PRECIPITATION (IN)
  YESTERDAY        0.31          3.81 2011   0.12   0.19      T
  MONTH TO DATE    3.82                      0.61   3.21     0.68
  SINCE MAR 1      3.82                      0.61   3.21     0.68
  SINCE JAN 1     12.30                      9.30   3.00     7.47

SNOWFALL (IN)
  YESTERDAY       MM             T    1954   0.0   MM       MM
  MONTH TO DATE    0.0                       0.0    0.0      0.0
  SINCE MAR 1      0.0                       0.0    0.0      0.0
  SINCE JUL 1      0.0                       0.1   -0.1      0.1
  SNOW DEPTH       0

DEGREE DAYS
 HEATING
  YESTERDAY       13                         7      6       21
  MONTH TO DATE   21                        37    -16       82
  SINCE MAR 1     21                        37    -16       82
  SINCE JUL 1   1459                      1319    140     1733

 COOLING
  YESTERDAY        0                         1     -1        0
  MONTH TO DATE    7                         5      2        3
  SINCE MAR 1      7                         5      2        3
  SINCE JAN 1     13                        28    -15       18
..................................................................


WIND (MPH)
  HIGHEST WIND SPEED    31   HIGHEST WIND DIRECTION     N (20)
  HIGHEST GUST SPEED    40   HIGHEST GUST DIRECTION     N (10)
  AVERAGE WIND SPEED    18.6


SKY COVER
  POSSIBLE SUNSHINE  MM
  AVERAGE SKY COVER 0.5


WEATHER CONDITIONS
 THE FOLLOWING WEATHER WAS RECORDED YESTERDAY.
  HEAVY RAIN
  RAIN
  LIGHT RAIN
  LIGHT SNOW
  FOG


RELATIVE HUMIDITY (PERCENT)
 HIGHEST    93           400 AM
 LOWEST     53           600 PM
 AVERAGE    73

..........................................................


THE LAKE CHARLES CLIMATE NORMALS FOR TODAY
                         NORMAL    RECORD    YEAR
 MAXIMUM TEMPERATURE (F)   69        84      1911
                                             1910
 MINIMUM TEMPERATURE (F)   49        25      1989


SUNRISE AND SUNSET
MARCH  6 2015.........SUNRISE   634 AM CST   SUNSET   615 PM CST
MARCH  7 2015.........SUNRISE   632 AM CST   SUNSET   616 PM CST


-  INDICATES NEGATIVE NUMBERS.
R  INDICATES RECORD WAS SET OR TIED.
MM INDICATES DATA IS MISSING.
T  INDICATES TRACE AMOUNT.




$$
