000
CDUS44 KLCH 220823
CLILCH


CLIMATE REPORT
NATIONAL WEATHER SERVICE LAKE CHARLES, LA
322 AM CDT THU JUN 22 2017


...................................

...THE LAKE CHARLES CLIMATE SUMMARY FOR JUNE 21 2017...

CLIMATE NORMAL PERIOD 1981 TO 2010
CLIMATE RECORD PERIOD 1895 TO 2017


WEATHER ITEM   OBSERVED TIME   RECORD YEAR NORMAL DEPARTURE LAST
                VALUE   (LST)  VALUE       VALUE  FROM      YEAR
                                                  NORMAL
..................................................................
TEMPERATURE (F)
 YESTERDAY
  MAXIMUM         83    105 PM 100    1936  90     -7       89
                                      1915
  MINIMUM         75    640 AM  58    1912  74      1       75
  AVERAGE         79                        82     -3       82

PRECIPITATION (IN)
  YESTERDAY        2.53          3.90 1900   0.24   2.29     0.12
  MONTH TO DATE    6.70                      4.68   2.02     8.20
  SINCE JUN 1      6.70                      4.68   2.02     8.20
  SINCE JAN 1     33.35                     25.56   7.79    37.52

SNOWFALL (IN)
  YESTERDAY        0.0           0.0    MM   0.0    0.0      0.0
  MONTH TO DATE    0.0                       0.0    0.0      0.0
  SINCE JUN 1      0.0                       0.0    0.0      0.0
  SINCE JUL 1      T                         0.1   -0.1      0.0
  SNOW DEPTH       0

DEGREE DAYS
 HEATING
  YESTERDAY        0                         0      0        0
  MONTH TO DATE    0                         0      0        0
  SINCE JUN 1      0                         0      0        0
  SINCE JUL 1    743                      1490   -747     1034

 COOLING
  YESTERDAY       14                        17     -3       17
  MONTH TO DATE  331                       326      5      341
  SINCE JUN 1    331                       326      5      341
  SINCE JAN 1   1034                       864    170      957
..................................................................


WIND (MPH)
  HIGHEST WIND SPEED    30   HIGHEST WIND DIRECTION    NE (40)
  HIGHEST GUST SPEED    36   HIGHEST GUST DIRECTION    NE (30)
  AVERAGE WIND SPEED    18.9


SKY COVER
  POSSIBLE SUNSHINE  MM
  AVERAGE SKY COVER 0.9


WEATHER CONDITIONS
 THE FOLLOWING WEATHER WAS RECORDED YESTERDAY.
  THUNDERSTORM
  HEAVY RAIN
  RAIN
  LIGHT RAIN
  FOG
  FOG W/VISIBILITY <= 1/4 MILE


RELATIVE HUMIDITY (PERCENT)
 HIGHEST   100           500 PM
 LOWEST     74          1200 AM
 AVERAGE    87

..........................................................


THE LAKE CHARLES CLIMATE NORMALS FOR TODAY
                         NORMAL    RECORD    YEAR
 MAXIMUM TEMPERATURE (F)   90       102      1915
 MINIMUM TEMPERATURE (F)   74        61      1912


SUNRISE AND SUNSET
JUNE 22 2017..........SUNRISE   612 AM CDT   SUNSET   818 PM CDT
JUNE 23 2017..........SUNRISE   613 AM CDT   SUNSET   818 PM CDT


-  INDICATES NEGATIVE NUMBERS.
R  INDICATES RECORD WAS SET OR TIED.
MM INDICATES DATA IS MISSING.
T  INDICATES TRACE AMOUNT.




$$
