000
CDUS44 KLCH 132212
CLILCH


CLIMATE REPORT
NATIONAL WEATHER SERVICE LAKE CHARLES, LA
511 PM CDT SUN JUL 13 2014


...................................

...THE LAKE CHARLES CLIMATE SUMMARY FOR JULY 13 2014...
VALID TODAY AS OF 0500 PM LOCAL TIME.

CLIMATE NORMAL PERIOD 1981 TO 2010
CLIMATE RECORD PERIOD 1895 TO 2014


WEATHER ITEM   OBSERVED TIME   RECORD YEAR NORMAL DEPARTURE LAST
                VALUE   (LST)  VALUE       VALUE  FROM      YEAR
                                                  NORMAL
..................................................................
TEMPERATURE (F)
 TODAY
  MAXIMUM         92    145 PM 103    1901  91      1       96
  MINIMUM         72    334 AM  67    1990  75     -3       73
                                      1905
                                      1898
  AVERAGE         82                        83     -1       85

PRECIPITATION (IN)
  TODAY            0.00          2.82 1960   0.18  -0.18     0.00
  MONTH TO DATE    0.83                      2.56  -1.73     0.49
  SINCE JUN 1     15.37                      9.41   5.96     4.55
  SINCE JAN 1     30.54                     30.29   0.25    34.07

SNOWFALL (IN)
  TODAY            0.0           0.0    MM   0.0    0.0      0.0
  MONTH TO DATE    0.0                       0.0    0.0      0.0
  SINCE JUN 1      0.0                       0.0    0.0      0.0
  SINCE JUL 1      0.0                       0.0    0.0      0.0
  SNOW DEPTH      MM

DEGREE DAYS
 HEATING
  TODAY            0                         0      0        0
  MONTH TO DATE    0                         0      0        0
  SINCE JUN 1      0                         0      0        0
  SINCE JUL 1      0                         0      0        0

 COOLING
  TODAY           17                        18     -1       20
  MONTH TO DATE  230                       231     -1      236
  SINCE JUN 1    706                       711     -5      781
  SINCE JAN 1   1145                      1249   -104     1266
..................................................................


WIND (MPH)
  HIGHEST WIND SPEED    12   HIGHEST WIND DIRECTION     S (190)
  HIGHEST GUST SPEED    16   HIGHEST GUST DIRECTION     S (200)
  AVERAGE WIND SPEED     3.8


SKY COVER
  POSSIBLE SUNSHINE  MM
  AVERAGE SKY COVER 0.0


WEATHER CONDITIONS
 THE FOLLOWING WEATHER WAS RECORDED TODAY.
  THUNDERSTORM
  FOG
  HAZE


RELATIVE HUMIDITY (PERCENT)
 HIGHEST   100           100 AM
 LOWEST     93           200 AM
 AVERAGE    97

..........................................................


THE LAKE CHARLES CLIMATE NORMALS FOR TOMORROW
                         NORMAL    RECORD    YEAR
 MAXIMUM TEMPERATURE (F)   91       101      1909
 MINIMUM TEMPERATURE (F)   75        63      1990


SUNRISE AND SUNSET
JULY 13 2014..........SUNRISE   621 AM CDT   SUNSET   816 PM CDT
JULY 14 2014..........SUNRISE   621 AM CDT   SUNSET   816 PM CDT


-  INDICATES NEGATIVE NUMBERS.
R  INDICATES RECORD WAS SET OR TIED.
MM INDICATES DATA IS MISSING.
T  INDICATES TRACE AMOUNT.




$$
