000
CDUS44 KLCH 270148
CLILCH


CLIMATE REPORT
NATIONAL WEATHER SERVICE LAKE CHARLES, LA
848 PM CDT SUN MAR 26 2017


...................................

...THE LAKE CHARLES CLIMATE SUMMARY FOR MARCH 26 2017...
VALID TODAY AS OF 0500 PM LOCAL TIME.

CLIMATE NORMAL PERIOD 1981 TO 2010
CLIMATE RECORD PERIOD 1895 TO 2017


WEATHER ITEM   OBSERVED TIME   RECORD YEAR NORMAL DEPARTURE LAST
                VALUE   (LST)  VALUE       VALUE  FROM      YEAR
                                                  NORMAL
..................................................................
TEMPERATURE (F)
 TODAY
  MAXIMUM         81    203 PM  87    1910  74      7       76
  MINIMUM         63    519 AM  32    1915  53     10       50
  AVERAGE         72                        64      8       63

PRECIPITATION (IN)
  TODAY            0.00          1.86 1916   0.12  -0.12     0.00
  MONTH TO DATE    1.50                      3.08  -1.58     1.48
  SINCE MAR 1      1.50                      3.08  -1.58     1.48
  SINCE JAN 1      8.45                     11.77  -3.32     6.65

SNOWFALL (IN)
  TODAY            0.0           0.0    MM   0.0    0.0      0.0
  MONTH TO DATE    0.0                       0.0    0.0      0.0
  SINCE MAR 1      0.0                       0.0    0.0      0.0
  SINCE JUL 1      T                         0.1   -0.1      0.0
  SNOW DEPTH       0

DEGREE DAYS
 HEATING
  TODAY            0                         4     -4        2
  MONTH TO DATE   77                       147    -70       68
  SINCE MAR 1     77                       147    -70       68
  SINCE JUL 1    735                      1429   -694     1017

 COOLING
  TODAY            7                         2      5        0
  MONTH TO DATE   74                        39     35       80
  SINCE MAR 1     74                        39     35       80
  SINCE JAN 1    205                        62    143       95
..................................................................


WIND (MPH)
  HIGHEST WIND SPEED    20   HIGHEST WIND DIRECTION    SE (150)
  HIGHEST GUST SPEED    26   HIGHEST GUST DIRECTION    SE (150)
  AVERAGE WIND SPEED     6.6


SKY COVER
  POSSIBLE SUNSHINE  MM
  AVERAGE SKY COVER 0.8


WEATHER CONDITIONS
 THE FOLLOWING WEATHER WAS RECORDED TODAY.
  LIGHT RAIN
  FOG
  FOG W/VISIBILITY <= 1/4 MILE


RELATIVE HUMIDITY (PERCENT)
 HIGHEST   100           100 AM
 LOWEST     62          1200 PM
 AVERAGE    81

..........................................................


THE LAKE CHARLES CLIMATE NORMALS FOR TOMORROW
                         NORMAL    RECORD    YEAR
 MAXIMUM TEMPERATURE (F)   74        90      1910
 MINIMUM TEMPERATURE (F)   53        28      1913


SUNRISE AND SUNSET
MARCH 26 2017.........SUNRISE   709 AM CDT   SUNSET   728 PM CDT
MARCH 27 2017.........SUNRISE   708 AM CDT   SUNSET   729 PM CDT


-  INDICATES NEGATIVE NUMBERS.
R  INDICATES RECORD WAS SET OR TIED.
MM INDICATES DATA IS MISSING.
T  INDICATES TRACE AMOUNT.




$$
