000
CDUS44 KLCH 162204
CLILCH


CLIMATE REPORT
NATIONAL WEATHER SERVICE LAKE CHARLES, LA
504 PM CDT WED AUG 16 2017


...................................

...THE LAKE CHARLES CLIMATE SUMMARY FOR AUGUST 16 2017...
VALID TODAY AS OF 0500 PM LOCAL TIME.

CLIMATE NORMAL PERIOD 1981 TO 2010
CLIMATE RECORD PERIOD 1895 TO 2017


WEATHER ITEM   OBSERVED TIME   RECORD YEAR NORMAL DEPARTURE LAST
                VALUE   (LST)  VALUE       VALUE  FROM      YEAR
                                                  NORMAL
..................................................................
TEMPERATURE (F)
 TODAY
  MAXIMUM         90   1012 AM 102    1951  92     -2       87
  MINIMUM         79    556 AM  62    2004  74      5       74
                                      1992
                                      1963
  AVERAGE         85                        83      2       81

PRECIPITATION (IN)
  TODAY            0.00          1.80 1899   0.14  -0.14     1.16
  MONTH TO DATE    8.48                      2.53   5.95    11.22
  SINCE JUN 1     22.02                     15.01   7.01    23.11
  SINCE JAN 1     48.67                     35.89  12.78    52.43

SNOWFALL (IN)
  TODAY            0.0           0.0    MM   0.0    0.0      0.0
  MONTH TO DATE    0.0                       0.0    0.0      0.0
  SINCE JUN 1      0.0                       0.0    0.0      0.0
  SINCE JUL 1      0.0                       0.0    0.0      0.0
  SNOW DEPTH       0

DEGREE DAYS
 HEATING
  TODAY            0                         0      0        0
  MONTH TO DATE    0                         0      0        0
  SINCE JUN 1      0                         0      0        0
  SINCE JUL 1      0                         0      0        0

 COOLING
  TODAY           20                        18      2       16
  MONTH TO DATE  297                       288      9      313
  SINCE JUN 1   1374                      1321     53     1445
  SINCE JAN 1   2077                      1859    218     2061
..................................................................


WIND (MPH)
  HIGHEST WIND SPEED    14   HIGHEST WIND DIRECTION     S (200)
  HIGHEST GUST SPEED    22   HIGHEST GUST DIRECTION    SW (210)
  AVERAGE WIND SPEED     4.9


SKY COVER
  POSSIBLE SUNSHINE  MM
  AVERAGE SKY COVER 0.1


WEATHER CONDITIONS
 THE FOLLOWING WEATHER WAS RECORDED TODAY.
  THUNDERSTORM


RELATIVE HUMIDITY (PERCENT)
 HIGHEST   100          1200 AM
 LOWEST     70          1000 AM
 AVERAGE    85

..........................................................


THE LAKE CHARLES CLIMATE NORMALS FOR TOMORROW
                         NORMAL    RECORD    YEAR
 MAXIMUM TEMPERATURE (F)   92       102      1909
 MINIMUM TEMPERATURE (F)   74        62      2004
                                             1992


SUNRISE AND SUNSET
AUGUST 16 2017........SUNRISE   641 AM CDT   SUNSET   753 PM CDT
AUGUST 17 2017........SUNRISE   641 AM CDT   SUNSET   752 PM CDT


-  INDICATES NEGATIVE NUMBERS.
R  INDICATES RECORD WAS SET OR TIED.
MM INDICATES DATA IS MISSING.
T  INDICATES TRACE AMOUNT.




$$
