000
CDUS44 KLCH 010811
CLILCH


CLIMATE REPORT
NATIONAL WEATHER SERVICE LAKE CHARLES, LA
311 AM CDT FRI AUG 1 2014


...................................

...THE LAKE CHARLES CLIMATE SUMMARY FOR JULY 31 2014...

CLIMATE NORMAL PERIOD 1981 TO 2010
CLIMATE RECORD PERIOD 1895 TO 2014


WEATHER ITEM   OBSERVED TIME   RECORD YEAR NORMAL DEPARTURE LAST
                VALUE   (LST)  VALUE       VALUE  FROM      YEAR
                                                  NORMAL
..................................................................
TEMPERATURE (F)
 YESTERDAY
  MAXIMUM         91    306 PM 100    1948  92     -1       95
                                      1914
                                      1899
  MINIMUM         72    127 AM  67    1984  75     -3       74
                                      1923
                                      1913
  AVERAGE         82                        83     -1       85

PRECIPITATION (IN)
  YESTERDAY        0.01          2.04 2009   0.17  -0.16     0.00
  MONTH TO DATE    6.62                      5.63   0.99     1.71
  SINCE JUN 1     21.16                     12.48   8.68     5.77
  SINCE JAN 1     36.33                     33.36   2.97    35.29

SNOWFALL (IN)
  YESTERDAY        0.0           0.0    MM   0.0    0.0      0.0
  MONTH TO DATE    0.0                       0.0    0.0      0.0
  SINCE JUN 1      0.0                       0.0    0.0      0.0
  SINCE JUL 1      0.0                       0.0    0.0      0.0
  SNOW DEPTH       0

DEGREE DAYS
 HEATING
  YESTERDAY        0                         0      0        0
  MONTH TO DATE    0                         0      0        0
  SINCE JUN 1      0                         0      0        0
  SINCE JUL 1      0                         0      0        0

 COOLING
  YESTERDAY       17                        18     -1       20
  MONTH TO DATE  536                       553    -17      574
  SINCE JUN 1   1012                      1033    -21     1119
  SINCE JAN 1   1451                      1571   -120     1604
..................................................................


WIND (MPH)
  HIGHEST WIND SPEED    12   HIGHEST WIND DIRECTION    SE (130)
  HIGHEST GUST SPEED    17   HIGHEST GUST DIRECTION    SE (140)
  AVERAGE WIND SPEED     5.7


SKY COVER
  POSSIBLE SUNSHINE  MM
  AVERAGE SKY COVER 0.3


WEATHER CONDITIONS
 THE FOLLOWING WEATHER WAS RECORDED YESTERDAY.
  LIGHT RAIN
  FOG


RELATIVE HUMIDITY (PERCENT)
 HIGHEST    97          1000 PM
 LOWEST     59          1100 AM
 AVERAGE    78

..........................................................


THE LAKE CHARLES CLIMATE NORMALS FOR TODAY
                         NORMAL    RECORD    YEAR
 MAXIMUM TEMPERATURE (F)   92        99      2010
                                             1998
                                             1930
 MINIMUM TEMPERATURE (F)   75        67      1936
                                             1913


SUNRISE AND SUNSET
AUGUST  1 2014........SUNRISE   632 AM CDT   SUNSET   806 PM CDT
AUGUST  2 2014........SUNRISE   632 AM CDT   SUNSET   806 PM CDT


-  INDICATES NEGATIVE NUMBERS.
R  INDICATES RECORD WAS SET OR TIED.
MM INDICATES DATA IS MISSING.
T  INDICATES TRACE AMOUNT.




$$
