000
CDUS44 KLCH 231005
CLILCH


CLIMATE REPORT
NATIONAL WEATHER SERVICE LAKE CHARLES, LA
504 AM CDT SAT MAY 23 2015


...................................

...THE LAKE CHARLES CLIMATE SUMMARY FOR MAY 22 2015...

CLIMATE NORMAL PERIOD 1981 TO 2010
CLIMATE RECORD PERIOD 1895 TO 2015


WEATHER ITEM   OBSERVED TIME   RECORD YEAR NORMAL DEPARTURE LAST
                VALUE   (LST)  VALUE       VALUE  FROM      YEAR
                                                  NORMAL
..................................................................
TEMPERATURE (F)
 YESTERDAY
  MAXIMUM         81    254 PM 100    1915  86     -5       87
  MINIMUM         62    635 AM  50    1901  68     -6       62
  AVERAGE         72                        77     -5       75

PRECIPITATION (IN)
  YESTERDAY        0.00          2.30 1907   0.19  -0.19     0.00
  MONTH TO DATE    2.96                      3.50  -0.54     0.12
  SINCE MAR 1     22.35                     10.49  11.86     3.04
  SINCE JAN 1     30.83                     19.18  11.65     9.83

SNOWFALL (IN)
  YESTERDAY        0.0           0.0    MM   0.0    0.0      0.0
  MONTH TO DATE    0.0                       0.0    0.0      0.0
  SINCE MAR 1      T                         0.0    0.0      0.0
  SINCE JUL 1      T                         0.1   -0.1      0.1
  SNOW DEPTH       0

DEGREE DAYS
 HEATING
  YESTERDAY        0                         0      0        0
  MONTH TO DATE    0                         0      0       12
  SINCE MAR 1    105                       207   -102      311
  SINCE JUL 1   1543                      1489     54     1962

 COOLING
  YESTERDAY        7                        12     -5       10
  MONTH TO DATE  266                       212     54      164
  SINCE MAR 1    519                       397    122      318
  SINCE JAN 1    525                       420    105      333
..................................................................


WIND (MPH)
  HIGHEST WIND SPEED    16   HIGHEST WIND DIRECTION    NE (40)
  HIGHEST GUST SPEED    21   HIGHEST GUST DIRECTION    NE (50)
  AVERAGE WIND SPEED     9.5


SKY COVER
  POSSIBLE SUNSHINE  MM
  AVERAGE SKY COVER 0.7


WEATHER CONDITIONS
 THE FOLLOWING WEATHER WAS RECORDED YESTERDAY.
  NO SIGNIFICANT WEATHER WAS OBSERVED.


RELATIVE HUMIDITY (PERCENT)
 HIGHEST    93          1000 PM
 LOWEST     69           300 PM
 AVERAGE    81

..........................................................


THE LAKE CHARLES CLIMATE NORMALS FOR TODAY
                         NORMAL    RECORD    YEAR
 MAXIMUM TEMPERATURE (F)   86        95      1911
 MINIMUM TEMPERATURE (F)   68        51      2001


SUNRISE AND SUNSET
MAY 23 2015...........SUNRISE   615 AM CDT   SUNSET   804 PM CDT
MAY 24 2015...........SUNRISE   615 AM CDT   SUNSET   805 PM CDT


-  INDICATES NEGATIVE NUMBERS.
R  INDICATES RECORD WAS SET OR TIED.
MM INDICATES DATA IS MISSING.
T  INDICATES TRACE AMOUNT.




$$
