633
CDUS44 KLCH 190817
CLILCH


CLIMATE REPORT
NATIONAL WEATHER SERVICE LAKE CHARLES, LA
216 AM CST FRI JAN 19 2018


...................................

...THE LAKE CHARLES CLIMATE SUMMARY FOR JANUARY 18 2018...

CLIMATE NORMAL PERIOD 1981 TO 2010
CLIMATE RECORD PERIOD 1895 TO 2018


WEATHER ITEM   OBSERVED TIME   RECORD YEAR NORMAL DEPARTURE LAST
                VALUE   (LST)  VALUE       VALUE  FROM      YEAR
                                                  NORMAL
..................................................................
TEMPERATURE (F)
 YESTERDAY
  MAXIMUM         44    310 PM  79    1952  61    -17       78
                                      1950
                                      1935
  MINIMUM         20    614 AM  13    1930  42    -22       70
  AVERAGE         32                        52    -20       74

PRECIPITATION (IN)
  YESTERDAY        0.00          2.60 1915   0.18  -0.18     0.17
  MONTH TO DATE    2.38                      3.16  -0.78     1.50
  SINCE DEC 1      7.28                      7.84  -0.56    13.55
  SINCE JAN 1      2.38                      3.16  -0.78     1.50

SNOWFALL (IN)
  YESTERDAY        0.0           0.3  1940   0.0    0.0      0.0
  MONTH TO DATE    0.1                       0.0    0.1       T
  SINCE DEC 1      2.2                       T      2.2       T
  SINCE JUL 1      2.2                       T      2.2       T
  SNOW DEPTH       0

DEGREE DAYS
 HEATING
  YESTERDAY       33                        14     19        0
  MONTH TO DATE  397                       252    145      136
  SINCE DEC 1    764                       619    145      389
  SINCE JUL 1    912                       826     86      483

 COOLING
  YESTERDAY        0                         0      0        9
  MONTH TO DATE    0                         0      0       48
  SINCE DEC 1     24                        20      4      104
  SINCE JAN 1      0                         0      0       48
..................................................................


WIND (MPH)
  HIGHEST WIND SPEED    16   HIGHEST WIND DIRECTION    NE (50)
  HIGHEST GUST SPEED    18   HIGHEST GUST DIRECTION    NE (50)
  AVERAGE WIND SPEED     5.1


SKY COVER
  POSSIBLE SUNSHINE  MM
  AVERAGE SKY COVER 0.3


WEATHER CONDITIONS
 THE FOLLOWING WEATHER WAS RECORDED YESTERDAY.
  NO SIGNIFICANT WEATHER WAS OBSERVED.


RELATIVE HUMIDITY (PERCENT)
 HIGHEST    77           700 AM
 LOWEST     39           200 PM
 AVERAGE    58

..........................................................


THE LAKE CHARLES CLIMATE NORMALS FOR TODAY
                         NORMAL    RECORD    YEAR
 MAXIMUM TEMPERATURE (F)   61        86      1914
 MINIMUM TEMPERATURE (F)   42        14      1940


SUNRISE AND SUNSET
JANUARY 19 2018.......SUNRISE   709 AM CST   SUNSET   539 PM CST
JANUARY 20 2018.......SUNRISE   709 AM CST   SUNSET   540 PM CST


-  INDICATES NEGATIVE NUMBERS.
R  INDICATES RECORD WAS SET OR TIED.
MM INDICATES DATA IS MISSING.
T  INDICATES TRACE AMOUNT.




$$
