000
CDUS44 KLCH 051245
CLILCH


CLIMATE REPORT
NATIONAL WEATHER SERVICE LAKE CHARLES, LA
745 AM CDT THU MAY 5 2016


...................................

...THE LAKE CHARLES CLIMATE SUMMARY FOR MAY 4 2016...

CLIMATE NORMAL PERIOD 1981 TO 2010
CLIMATE RECORD PERIOD 1895 TO 2016


WEATHER ITEM   OBSERVED TIME   RECORD YEAR NORMAL DEPARTURE LAST
                VALUE   (LST)  VALUE       VALUE  FROM      YEAR
                                                  NORMAL
..................................................................
TEMPERATURE (F)
 YESTERDAY
  MAXIMUM         88   1105 AM  91    1943  82      6       83
  MINIMUM         56    554 AM  42    2013  63     -7       61
  AVERAGE         72                        73     -1       72

PRECIPITATION (IN)
  YESTERDAY        0.00          1.60 1944   0.14  -0.14     0.70
  MONTH TO DATE    5.24                      0.54   4.70     0.70
  SINCE MAR 1     18.57                      7.53  11.04    20.09
  SINCE JAN 1     23.74                     16.22   7.52    28.57

SNOWFALL (IN)
  YESTERDAY        0.0           0.0    MM   0.0    0.0      0.0
  MONTH TO DATE    0.0                       0.0    0.0      0.0
  SINCE MAR 1      0.0                       0.0    0.0       T
  SINCE JUL 1      0.0                       0.1   -0.1       T
  SNOW DEPTH       0

DEGREE DAYS
 HEATING
  YESTERDAY        0                         0      0        0
  MONTH TO DATE    0                         0      0        0
  SINCE MAR 1     85                       207   -122      105
  SINCE JUL 1   1034                      1489   -455     1543

 COOLING
  YESTERDAY        7                         8     -1        7
  MONTH TO DATE   27                        30     -3       26
  SINCE MAR 1    301                       215     86      279
  SINCE JAN 1    316                       238     78      285
..................................................................


WIND (MPH)
  HIGHEST WIND SPEED    16   HIGHEST WIND DIRECTION     N (340)
  HIGHEST GUST SPEED    21   HIGHEST GUST DIRECTION    NW (330)
  AVERAGE WIND SPEED     6.8


SKY COVER
  POSSIBLE SUNSHINE  MM
  AVERAGE SKY COVER 0.1


WEATHER CONDITIONS
 THE FOLLOWING WEATHER WAS RECORDED YESTERDAY.
  FOG
  HAZE


RELATIVE HUMIDITY (PERCENT)
 HIGHEST    86           600 AM
 LOWEST     30          1100 AM
 AVERAGE    58

..........................................................


THE LAKE CHARLES CLIMATE NORMALS FOR TODAY
                         NORMAL    RECORD    YEAR
 MAXIMUM TEMPERATURE (F)   82        92      1908
 MINIMUM TEMPERATURE (F)   64        48      2013
                                             1921


SUNRISE AND SUNSET
MAY  5 2016...........SUNRISE   626 AM CDT   SUNSET   753 PM CDT
MAY  6 2016...........SUNRISE   625 AM CDT   SUNSET   754 PM CDT


-  INDICATES NEGATIVE NUMBERS.
R  INDICATES RECORD WAS SET OR TIED.
MM INDICATES DATA IS MISSING.
T  INDICATES TRACE AMOUNT.




$$
