000
CDUS44 KLCH 110833
CLILCH


CLIMATE REPORT
NATIONAL WEATHER SERVICE LAKE CHARLES, LA
232 AM CST SUN DEC 11 2016


...................................

...THE LAKE CHARLES CLIMATE SUMMARY FOR DECEMBER 10 2016...

CLIMATE NORMAL PERIOD 1981 TO 2010
CLIMATE RECORD PERIOD 1895 TO 2016


WEATHER ITEM   OBSERVED TIME   RECORD YEAR NORMAL DEPARTURE LAST
                VALUE   (LST)  VALUE       VALUE  FROM      YEAR
                                                  NORMAL
..................................................................
TEMPERATURE (F)
 YESTERDAY
  MAXIMUM         55    341 PM  84    1918  64     -9       77
  MINIMUM         32    723 AM  24    1978  45    -13       53
  AVERAGE         44                        55    -11       65

PRECIPITATION (IN)
  YESTERDAY        0.00          4.50 1964   0.14  -0.14     0.00
  MONTH TO DATE    8.43                      1.47   6.96     0.32
  SINCE DEC 1      8.43                      1.47   6.96     0.32
  SINCE JAN 1     71.25                     54.28  16.97    61.92

SNOWFALL (IN)
  YESTERDAY        0.0           0.0    MM   0.0    0.0      0.0
  MONTH TO DATE    0.0                       0.0    0.0      0.0
  SINCE DEC 1      0.0                       0.0    0.0      0.0
  SINCE JUL 1      0.0                       0.0    0.0      0.0
  SNOW DEPTH       0

DEGREE DAYS
 HEATING
  YESTERDAY       21                        11     10        0
  MONTH TO DATE  127                       101     26       82
  SINCE DEC 1    127                       101     26       82
  SINCE JUL 1    221                       308    -87      158

 COOLING
  YESTERDAY        0                         1     -1        0
  MONTH TO DATE    0                        10    -10        0
  SINCE DEC 1      0                        10    -10        0
  SINCE JAN 1   3199                      2799    400     3116
..................................................................


WIND (MPH)
  HIGHEST WIND SPEED    15   HIGHEST WIND DIRECTION     E (110)
  HIGHEST GUST SPEED    18   HIGHEST GUST DIRECTION     E (110)
  AVERAGE WIND SPEED     8.1


SKY COVER
  POSSIBLE SUNSHINE  MM
  AVERAGE SKY COVER 0.2


WEATHER CONDITIONS
 THE FOLLOWING WEATHER WAS RECORDED YESTERDAY.
  NO SIGNIFICANT WEATHER WAS OBSERVED.


RELATIVE HUMIDITY (PERCENT)
 HIGHEST    89           500 AM
 LOWEST     29           100 PM
 AVERAGE    59

..........................................................


THE LAKE CHARLES CLIMATE NORMALS FOR TODAY
                         NORMAL    RECORD    YEAR
 MAXIMUM TEMPERATURE (F)   64        81      2007
 MINIMUM TEMPERATURE (F)   45        28      1995
                                             1934


SUNRISE AND SUNSET
DECEMBER 11 2016......SUNRISE   659 AM CST   SUNSET   514 PM CST
DECEMBER 12 2016......SUNRISE   700 AM CST   SUNSET   514 PM CST


-  INDICATES NEGATIVE NUMBERS.
R  INDICATES RECORD WAS SET OR TIED.
MM INDICATES DATA IS MISSING.
T  INDICATES TRACE AMOUNT.




$$
