433
CDUS43 KLMK 270629
CLILEX


CLIMATE REPORT
NATIONAL WEATHER SERVICE LOUISVILLE KY
229 AM EDT TUE JUN 27 2017


...................................

...THE LEXINGTON KY CLIMATE SUMMARY FOR JUNE 26 2017...

CLIMATE NORMAL PERIOD 1981 TO 2010
CLIMATE RECORD PERIOD 1872 TO 2017


WEATHER ITEM   OBSERVED TIME   RECORD YEAR NORMAL DEPARTURE LAST
                VALUE   (LST)  VALUE       VALUE  FROM      YEAR
                                                  NORMAL
..................................................................
TEMPERATURE (F)
 YESTERDAY
  MAXIMUM         77    336 PM 101    1954  85     -8       92
  MINIMUM         56    618 AM  52    2012  65     -9       68
                                      1958
  AVERAGE         67                        75     -8       80

PRECIPITATION (IN)
  YESTERDAY        0.00          4.25 1995   0.13  -0.13     0.00
  MONTH TO DATE    5.65                      3.92   1.73     4.56
  SINCE JUN 1      5.65                      3.92   1.73     4.56
  SINCE JAN 1     24.51                     23.25   1.26    22.85

SNOWFALL (IN)
  YESTERDAY        0.0          MM      MM   0.0    0.0      0.0
  MONTH TO DATE    0.0                       0.0    0.0      0.0
  SINCE JUN 1      0.0                       0.0    0.0      0.0
  SINCE JUL 1      3.4                      13.0   -9.6     15.3
  SNOW DEPTH       0

DEGREE DAYS
 HEATING
  YESTERDAY        0                         0      0        0
  MONTH TO DATE    5                         8     -3        1
  SINCE JUN 1      5                         8     -3        1
  SINCE JUL 1   3476                      4608  -1132     3765

 COOLING
  YESTERDAY        2                        10     -8       15
  MONTH TO DATE  216                       200     16      276
  SINCE JUN 1    216                       200     16      276
  SINCE JAN 1    413                       307    106      390
..................................................................


WIND (MPH)
  HIGHEST WIND SPEED    15   HIGHEST WIND DIRECTION     W (290)
  HIGHEST GUST SPEED    19   HIGHEST GUST DIRECTION     W (260)
  AVERAGE WIND SPEED     5.0


SKY COVER
  POSSIBLE SUNSHINE  MM
  AVERAGE SKY COVER 0.2


WEATHER CONDITIONS
 THE FOLLOWING WEATHER WAS RECORDED YESTERDAY.
  NO SIGNIFICANT WEATHER WAS OBSERVED.


RELATIVE HUMIDITY (PERCENT)
 HIGHEST    72           300 AM
 LOWEST     36           200 PM
 AVERAGE    54

..........................................................


THE LEXINGTON KY CLIMATE NORMALS FOR TODAY
                         NORMAL    RECORD    YEAR
 MAXIMUM TEMPERATURE (F)   85       101      1944
 MINIMUM TEMPERATURE (F)   65        51      2012


SUNRISE AND SUNSET
JUNE 27 2017..........SUNRISE   618 AM EDT   SUNSET   905 PM EDT
JUNE 28 2017..........SUNRISE   618 AM EDT   SUNSET   905 PM EDT


-  INDICATES NEGATIVE NUMBERS.
R  INDICATES RECORD WAS SET OR TIED.
MM INDICATES DATA IS MISSING.
T  INDICATES TRACE AMOUNT.




$$
