000
CDUS43 KLMK 040628
CLILEX


CLIMATE REPORT
NATIONAL WEATHER SERVICE LOUISVILLE KY
228 AM EDT FRI SEP 4 2015


...................................

...THE LEXINGTON KY CLIMATE SUMMARY FOR SEPTEMBER 3 2015...

CLIMATE NORMAL PERIOD 1981 TO 2010
CLIMATE RECORD PERIOD 1872 TO 2015


WEATHER ITEM   OBSERVED TIME   RECORD YEAR NORMAL DEPARTURE LAST
                VALUE   (LST)  VALUE       VALUE  FROM      YEAR
                                                  NORMAL
..................................................................
TEMPERATURE (F)
 YESTERDAY
  MAXIMUM         93    258 PM 100    1953  83     10       85
  MINIMUM         65    635 AM  48    1952  62      3       69
  AVERAGE         79                        73      6       77

PRECIPITATION (IN)
  YESTERDAY        0.00          5.45 1922   0.09  -0.09     0.00
  MONTH TO DATE    0.00                      0.28  -0.28     1.14
  SINCE SEP 1      0.00                      0.28  -0.28     1.14
  SINCE JAN 1     43.29                     31.95  11.34    40.87

SNOWFALL (IN)
  YESTERDAY        0.0          MM      MM   0.0    0.0      0.0
  MONTH TO DATE    0.0                       0.0    0.0      0.0
  SINCE SEP 1      0.0                       0.0    0.0      0.0
  SINCE JUL 1      0.0                       0.0    0.0      0.0
  SNOW DEPTH       0

DEGREE DAYS
 HEATING
  YESTERDAY        0                         0      0        0
  MONTH TO DATE    0                         0      0        0
  SINCE SEP 1      0                         0      0        0
  SINCE JUL 1      0                         2     -2        2

 COOLING
  YESTERDAY       14                         8      6       12
  MONTH TO DATE   38                        24     14       41
  SINCE SEP 1     38                        24     14       41
  SINCE JAN 1   1100                      1041     59     1122
..................................................................


WIND (MPH)
  HIGHEST WIND SPEED    10   HIGHEST WIND DIRECTION    NW (320)
  HIGHEST GUST SPEED    13   HIGHEST GUST DIRECTION    NW (310)
  AVERAGE WIND SPEED     2.8


SKY COVER
  POSSIBLE SUNSHINE  MM
  AVERAGE SKY COVER 0.0


WEATHER CONDITIONS
 THE FOLLOWING WEATHER WAS RECORDED YESTERDAY.
  FOG
  HAZE


RELATIVE HUMIDITY (PERCENT)
 HIGHEST    93           200 AM
 LOWEST     38           200 PM
 AVERAGE    66

..........................................................


THE LEXINGTON KY CLIMATE NORMALS FOR TODAY
                         NORMAL    RECORD    YEAR
 MAXIMUM TEMPERATURE (F)   83        98      1954
 MINIMUM TEMPERATURE (F)   62        45      1997


SUNRISE AND SUNSET
SEPTEMBER  4 2015.....SUNRISE   711 AM EDT   SUNSET   804 PM EDT
SEPTEMBER  5 2015.....SUNRISE   711 AM EDT   SUNSET   802 PM EDT


-  INDICATES NEGATIVE NUMBERS.
R  INDICATES RECORD WAS SET OR TIED.
MM INDICATES DATA IS MISSING.
T  INDICATES TRACE AMOUNT.




$$
