000
CDUS43 KLMK 010635
CLILEX


CLIMATE REPORT
NATIONAL WEATHER SERVICE LOUISVILLE KY
135 AM EST SUN MAR 1 2015


...................................

...THE LEXINGTON KY CLIMATE SUMMARY FOR FEBRUARY 28 2015...

CLIMATE NORMAL PERIOD 1981 TO 2010
CLIMATE RECORD PERIOD 1872 TO 2015


WEATHER ITEM   OBSERVED TIME   RECORD YEAR NORMAL DEPARTURE LAST
                VALUE   (LST)  VALUE       VALUE  FROM      YEAR
                                                  NORMAL
..................................................................
TEMPERATURE (F)
 YESTERDAY
  MAXIMUM         34   1026 PM  75    1918  50    -16       43
  MINIMUM         16    709 AM   4    1888  31    -15       14
  AVERAGE         25                        40    -15       29

PRECIPITATION (IN)
  YESTERDAY        T             1.40 2011   0.11  -0.11     0.00
  MONTH TO DATE    3.00                      3.20  -0.20     4.73
  SINCE DEC 1      8.15                     10.33  -2.18    12.62
  SINCE JAN 1      4.85                      6.40  -1.55     7.04

SNOWFALL (IN)
  YESTERDAY        T             2.6  1984   0.1   -0.1      0.0
  MONTH TO DATE   15.4                       4.6   10.8      8.7
  SINCE DEC 1     21.3                      11.0   10.3     17.9
  SINCE JUL 1     22.9                      11.3   11.6     19.3
  SNOW DEPTH       3

DEGREE DAYS
 HEATING
  YESTERDAY       40                        24     16       36
  MONTH TO DATE 1116                       787    329      909
  SINCE DEC 1   2971                      2684    287     2916
  SINCE JUL 1   3978                      3571    407     3843

 COOLING
  YESTERDAY        0                         0      0        0
  MONTH TO DATE    0                         0      0        0
  SINCE DEC 1      0                         0      0        0
  SINCE JAN 1      0                         0      0        0
..................................................................


WIND (MPH)
  HIGHEST WIND SPEED    14   HIGHEST WIND DIRECTION     E (70)
  HIGHEST GUST SPEED    18   HIGHEST GUST DIRECTION     E (80)
  AVERAGE WIND SPEED     8.7


SKY COVER
  POSSIBLE SUNSHINE  MM
  AVERAGE SKY COVER 0.9


WEATHER CONDITIONS
 THE FOLLOWING WEATHER WAS RECORDED YESTERDAY.
  LIGHT SNOW


RELATIVE HUMIDITY (PERCENT)
 HIGHEST    61          1200 AM
 LOWEST     47           300 PM
 AVERAGE    54

..........................................................


THE LEXINGTON KY CLIMATE NORMALS FOR TODAY
                         NORMAL    RECORD    YEAR
 MAXIMUM TEMPERATURE (F)   50        73      1976
 MINIMUM TEMPERATURE (F)   32         7      1960


SUNRISE AND SUNSET
MARCH  1 2015.........SUNRISE   710 AM EST   SUNSET   632 PM EST
MARCH  2 2015.........SUNRISE   709 AM EST   SUNSET   633 PM EST


-  INDICATES NEGATIVE NUMBERS.
R  INDICATES RECORD WAS SET OR TIED.
MM INDICATES DATA IS MISSING.
T  INDICATES TRACE AMOUNT.




$$
