000
CDUS43 KLMK 240629
CLILEX


CLIMATE REPORT
NATIONAL WEATHER SERVICE LOUISVILLE KY
128 AM EST MON NOV 24 2014


...................................

...THE LEXINGTON KY CLIMATE SUMMARY FOR NOVEMBER 23 2014...

CLIMATE NORMAL PERIOD 1981 TO 2010
CLIMATE RECORD PERIOD 1872 TO 2014


WEATHER ITEM   OBSERVED TIME   RECORD YEAR NORMAL DEPARTURE LAST
                VALUE   (LST)  VALUE       VALUE  FROM      YEAR
                                                  NORMAL
..................................................................
TEMPERATURE (F)
 YESTERDAY
  MAXIMUM         58   1159 PM  73    1931  52      6       44
  MINIMUM         48    806 AM  12    1970  35     13       23
  AVERAGE         53                        43     10       34

PRECIPITATION (IN)
  YESTERDAY        0.94          2.05 1875   0.13   0.81     0.00
  MONTH TO DATE    2.31                      2.65  -0.34     2.19
  SINCE SEP 1     11.13                      8.69   2.44    10.05
  SINCE JAN 1     50.86                     40.36  10.50    53.69

SNOWFALL (IN)
  YESTERDAY        0.0           1.5  1950   0.0    0.0      0.0
  MONTH TO DATE    1.6                       0.1    1.5      0.4
  SINCE SEP 1      1.6                       0.1    1.5      0.4
  SINCE JUL 1      1.6                       0.1    1.5      0.4
  SNOW DEPTH       0

DEGREE DAYS
 HEATING
  YESTERDAY       12                        22    -10       31
  MONTH TO DATE  597                       398    199      405
  SINCE SEP 1    843                       722    121      687
  SINCE JUL 1    845                       724    121      690

 COOLING
  YESTERDAY        0                         0      0        0
  MONTH TO DATE    0                         0      0        0
  SINCE SEP 1    193                       171     22      207
  SINCE JAN 1   1274                      1188     86     1245
..................................................................


WIND (MPH)
  HIGHEST WIND SPEED    25   HIGHEST WIND DIRECTION     S (200)
  HIGHEST GUST SPEED    34   HIGHEST GUST DIRECTION     S (190)
  AVERAGE WIND SPEED    12.9


SKY COVER
  POSSIBLE SUNSHINE  MM
  AVERAGE SKY COVER 0.9


WEATHER CONDITIONS
 THE FOLLOWING WEATHER WAS RECORDED YESTERDAY.
  HEAVY RAIN
  RAIN
  LIGHT RAIN
  FOG


RELATIVE HUMIDITY (PERCENT)
 HIGHEST    96           300 PM
 LOWEST     56           200 AM
 AVERAGE    76

..........................................................


THE LEXINGTON KY CLIMATE NORMALS FOR TODAY
                         NORMAL    RECORD    YEAR
 MAXIMUM TEMPERATURE (F)   51        70      1973
                                             1931
 MINIMUM TEMPERATURE (F)   34         3      1950


SUNRISE AND SUNSET
NOVEMBER 24 2014......SUNRISE   729 AM EST   SUNSET   521 PM EST
NOVEMBER 25 2014......SUNRISE   730 AM EST   SUNSET   521 PM EST


-  INDICATES NEGATIVE NUMBERS.
R  INDICATES RECORD WAS SET OR TIED.
MM INDICATES DATA IS MISSING.
T  INDICATES TRACE AMOUNT.




$$
