000
CDUS44 KSHV 012251
CLILFK


CLIMATE REPORT
NATIONAL WEATHER SERVICE SHREVEPORT, LA
445 PM CST SUN MAR 1 2015


...................................

...THE LUFKIN CLIMATE SUMMARY FOR MARCH 1 2015...
VALID TODAY AS OF 0400 PM LOCAL TIME.

CLIMATE NORMAL PERIOD 1981 TO 2010
CLIMATE RECORD PERIOD 1906 TO 2015


WEATHER ITEM   OBSERVED TIME   RECORD YEAR NORMAL DEPARTURE LAST
                VALUE   (LST)  VALUE       VALUE  FROM      YEAR
                                                  NORMAL
..................................................................
TEMPERATURE (F)
 TODAY
  MAXIMUM         52    233 PM  86    1918  67    -15       82
  MINIMUM         47    433 AM  20    1968  45      2       64
  AVERAGE         50                        56     -6       73

PRECIPITATION (IN)
  TODAY            0.10          1.07 1927   0.13  -0.03     0.00
  MONTH TO DATE    0.10                      0.13  -0.03     0.00
  SINCE DEC 1     10.89                     12.62  -1.73     5.03
  SINCE JAN 1      8.84                      8.18   0.66     2.82

SNOWFALL (IN)
  TODAY            0.0
  MONTH TO DATE    0.0
  SINCE MAR 1      0.0
  SINCE JUL 1      T
  SNOW DEPTH       0

DEGREE DAYS
 HEATING
  TODAY           15                        10      5        0
  MONTH TO DATE   15                        10      5        0
  SINCE MAR 1     15                        10      5        0
  SINCE JUL 1   1535                      1644   -109     1803

 COOLING
  TODAY            0                         1     -1        8
  MONTH TO DATE    0                         1     -1        8
  SINCE MAR 1      0                         1     -1        8
  SINCE JAN 1      6                        20    -14       26
..................................................................


WIND (MPH)
  HIGHEST WIND SPEED     9   HIGHEST WIND DIRECTION     N (10)
  HIGHEST GUST SPEED    12   HIGHEST GUST DIRECTION     N (10)
  AVERAGE WIND SPEED     4.8


SKY COVER
  POSSIBLE SUNSHINE  MM
  AVERAGE SKY COVER 0.8


WEATHER CONDITIONS
 THE FOLLOWING WEATHER WAS RECORDED TODAY.
  RAIN
  LIGHT RAIN
  FOG
  HAZE


RELATIVE HUMIDITY (PERCENT)
 HIGHEST    83          1000 AM
 LOWEST     80           300 AM
 AVERAGE    82

..........................................................


THE LUFKIN CLIMATE NORMALS FOR TOMORROW
                         NORMAL    RECORD    YEAR
 MAXIMUM TEMPERATURE (F)   68        87      1946
 MINIMUM TEMPERATURE (F)   45        18      1980


SUNRISE AND SUNSET
MARCH  1 2015.........SUNRISE   646 AM CST   SUNSET   617 PM CST
MARCH  2 2015.........SUNRISE   645 AM CST   SUNSET   618 PM CST


-  INDICATES NEGATIVE NUMBERS.
R  INDICATES RECORD WAS SET OR TIED.
MM INDICATES DATA IS MISSING.
T  INDICATES TRACE AMOUNT.




$$
