000
CDUS44 KSHV 232132
CLILFK


CLIMATE REPORT
NATIONAL WEATHER SERVICE SHREVEPORT, LA
431 PM CDT SAT MAY 23 2015


...................................

...THE LUFKIN CLIMATE SUMMARY FOR MAY 23 2015...
VALID TODAY AS OF 0400 PM LOCAL TIME.

CLIMATE NORMAL PERIOD 1981 TO 2010
CLIMATE RECORD PERIOD 1906 TO 2015


WEATHER ITEM   OBSERVED TIME   RECORD YEAR NORMAL DEPARTURE LAST
                VALUE   (LST)  VALUE       VALUE  FROM      YEAR
                                                  NORMAL
..................................................................
TEMPERATURE (F)
 TODAY
  MAXIMUM         89    140 PM  96    1996  87      2       87
  MINIMUM         69    530 AM  50    2001  66      3       68
  AVERAGE         79                        76      3       78

PRECIPITATION (IN)
  TODAY            0.00          2.95 1940   0.15  -0.15     0.00
  MONTH TO DATE   11.70                      3.33   8.37     5.35
  SINCE DEC 1     34.08                     22.65  11.43    15.80
  SINCE JAN 1     32.03                     18.21  13.82    13.59

DEGREE DAYS
 HEATING
  TODAY            0                         0      0        0
  MONTH TO DATE    0                         1     -1       11
  SINCE MAR 1    171                       280   -109      322
  SINCE JUL 1   1691                      1914   -223     2125

 COOLING
  TODAY           14                        11      3       13
  MONTH TO DATE  269                       196     73      202
  SINCE MAR 1    566                       353    213      378
  SINCE JAN 1    572                       372    200      396
..................................................................


WIND (MPH)
  HIGHEST WIND SPEED    16   HIGHEST WIND DIRECTION    SE (130)
  HIGHEST GUST SPEED    20   HIGHEST GUST DIRECTION    SE (130)
  AVERAGE WIND SPEED     7.9


SKY COVER
  POSSIBLE SUNSHINE  MM
  AVERAGE SKY COVER 0.5


WEATHER CONDITIONS
 THE FOLLOWING WEATHER WAS RECORDED TODAY.
  FOG
  HAZE


RELATIVE HUMIDITY (PERCENT)
 HIGHEST    90           300 AM
 LOWEST     59          1200 PM
 AVERAGE    75

..........................................................


THE LUFKIN CLIMATE NORMALS FOR TOMORROW
                         NORMAL    RECORD    YEAR
 MAXIMUM TEMPERATURE (F)   87        95      1937
 MINIMUM TEMPERATURE (F)   66        50      1910


SUNRISE AND SUNSET
MAY 23 2015...........SUNRISE   619 AM CDT   SUNSET   813 PM CDT
MAY 24 2015...........SUNRISE   618 AM CDT   SUNSET   814 PM CDT


-  INDICATES NEGATIVE NUMBERS.
R  INDICATES RECORD WAS SET OR TIED.
MM INDICATES DATA IS MISSING.
T  INDICATES TRACE AMOUNT.




$$
