000
CDUS44 KSHV 240736
CLILFK


CLIMATE REPORT
NATIONAL WEATHER SERVICE SHREVEPORT, LA
236 AM CDT SUN SEP 24 2017


...................................

...THE LUFKIN CLIMATE SUMMARY FOR SEPTEMBER 23 2017...

CLIMATE NORMAL PERIOD 1981 TO 2010
CLIMATE RECORD PERIOD 1906 TO 2017


WEATHER ITEM   OBSERVED TIME   RECORD YEAR NORMAL DEPARTURE LAST
                VALUE   (LST)  VALUE       VALUE  FROM      YEAR
                                                  NORMAL
..................................................................
TEMPERATURE (F)
 YESTERDAY
  MAXIMUM         90    307 PM 101    1931  87      3       94
  MINIMUM         69    626 AM  44    1994  64      5       72
  AVERAGE         80                        75      5       83

PRECIPITATION (IN)
  YESTERDAY        0.00          2.00 1914   0.13  -0.13     0.00
  MONTH TO DATE    2.89                      3.19  -0.30     0.75
  SINCE DEC 1     52.94                     38.22  14.72    46.13
  SINCE JAN 1     48.03                     33.78  14.25    42.08

SNOWFALL (IN)
  YESTERDAY        0.0
  MONTH TO DATE    0.0
  SINCE SEP 1      0.0
  SINCE JUL 1      0.0
  SNOW DEPTH      MM

DEGREE DAYS
 HEATING
  YESTERDAY        0                         0      0        0
  MONTH TO DATE    0                         0      0        0
  SINCE SEP 1      0                         0      0        0
  SINCE JUL 1      0                         0      0        0

 COOLING
  YESTERDAY       15                        10      5       18
  MONTH TO DATE  263                       310    -47      384
  SINCE SEP 1    263                       310    -47      384
  SINCE JAN 1   2286                      2333    -47     2472
..................................................................


WIND (MPH)
  HIGHEST WIND SPEED    14   HIGHEST WIND DIRECTION    SE (120)
  HIGHEST GUST SPEED    17   HIGHEST GUST DIRECTION    SE (130)
  AVERAGE WIND SPEED     2.1


SKY COVER
  POSSIBLE SUNSHINE  MM
  AVERAGE SKY COVER  MM


WEATHER CONDITIONS
 THE FOLLOWING WEATHER WAS RECORDED YESTERDAY.
  FOG


RELATIVE HUMIDITY (PERCENT)
 HIGHEST    MM
 LOWEST     MM
 AVERAGE    MM

..........................................................


THE LUFKIN CLIMATE NORMALS FOR TODAY
                         NORMAL    RECORD    YEAR
 MAXIMUM TEMPERATURE (F)   86       102      1931
 MINIMUM TEMPERATURE (F)   63        46      1990


SUNRISE AND SUNSET
SEPTEMBER 24 2017.....SUNRISE   709 AM CDT   SUNSET   713 PM CDT
SEPTEMBER 25 2017.....SUNRISE   709 AM CDT   SUNSET   711 PM CDT


-  INDICATES NEGATIVE NUMBERS.
R  INDICATES RECORD WAS SET OR TIED.
MM INDICATES DATA IS MISSING.
T  INDICATES TRACE AMOUNT.




$$
