000
CDUS44 KSHV 200838
CLILFK


CLIMATE REPORT
NATIONAL WEATHER SERVICE SHREVEPORT, LA
238 AM CST TUE FEB 20 2018


...................................

...THE LUFKIN CLIMATE SUMMARY FOR FEBRUARY 19 2018...

CLIMATE NORMAL PERIOD 1981 TO 2010
CLIMATE RECORD PERIOD 1906 TO 2018


WEATHER ITEM   OBSERVED TIME   RECORD YEAR NORMAL DEPARTURE LAST
                VALUE   (LST)  VALUE       VALUE  FROM      YEAR
                                                  NORMAL
..................................................................
TEMPERATURE (F)
 YESTERDAY
  MAXIMUM         80    214 PM  86    1986  65     15       75
  MINIMUM         65    723 AM  16    1936  43     22       61
  AVERAGE         73                        54     19       68

PRECIPITATION (IN)
  YESTERDAY        0.01          2.60 1932   0.14  -0.13     0.00
  MONTH TO DATE    3.05                      2.66   0.39     1.41
  SINCE DEC 1      9.08                     11.28  -2.20    11.97
  SINCE JAN 1      5.47                      6.84  -1.37     7.06

SNOWFALL (IN)
  YESTERDAY        0.0
  MONTH TO DATE    0.0
  SINCE DEC 1      1.1
  SINCE JUL 1      1.1
  SNOW DEPTH       0

DEGREE DAYS
 HEATING
  YESTERDAY        0                        12    -12        0
  MONTH TO DATE  225                       257    -32      115
  SINCE DEC 1   1344                      1230    114      801
  SINCE JUL 1   1595                      1537     58      949

 COOLING
  YESTERDAY        8                         0      8        3
  MONTH TO DATE   16                         0     16       35
  SINCE DEC 1     28                        21      7       91
  SINCE JAN 1     20                         8     12       60
..................................................................


WIND (MPH)
  HIGHEST WIND SPEED    24   HIGHEST WIND DIRECTION    SE (150)
  HIGHEST GUST SPEED    32   HIGHEST GUST DIRECTION    SE (150)
  AVERAGE WIND SPEED    12.9


SKY COVER
  POSSIBLE SUNSHINE  MM
  AVERAGE SKY COVER 0.8


WEATHER CONDITIONS
 THE FOLLOWING WEATHER WAS RECORDED YESTERDAY.
  LIGHT RAIN


RELATIVE HUMIDITY (PERCENT)
 HIGHEST    97          1100 PM
 LOWEST     54           200 PM
 AVERAGE    76

..........................................................


THE LUFKIN CLIMATE NORMALS FOR TODAY
                         NORMAL    RECORD    YEAR
 MAXIMUM TEMPERATURE (F)   65        92      1986
 MINIMUM TEMPERATURE (F)   43        24      1908


SUNRISE AND SUNSET
FEBRUARY 20 2018......SUNRISE   655 AM CST   SUNSET   610 PM CST
FEBRUARY 21 2018......SUNRISE   654 AM CST   SUNSET   611 PM CST


-  INDICATES NEGATIVE NUMBERS.
R  INDICATES RECORD WAS SET OR TIED.
MM INDICATES DATA IS MISSING.
T  INDICATES TRACE AMOUNT.




$$
