000
CDUS44 KSHV 282135
CLILFK


CLIMATE REPORT
NATIONAL WEATHER SERVICE SHREVEPORT, LA
431 PM CDT SAT MAY 28 2016


...................................

...THE LUFKIN CLIMATE SUMMARY FOR MAY 28 2016...
VALID TODAY AS OF 0400 PM LOCAL TIME.

CLIMATE NORMAL PERIOD 1981 TO 2010
CLIMATE RECORD PERIOD 1906 TO 2016


WEATHER ITEM   OBSERVED TIME   RECORD YEAR NORMAL DEPARTURE LAST
                VALUE   (LST)  VALUE       VALUE  FROM      YEAR
                                                  NORMAL
..................................................................
TEMPERATURE (F)
 TODAY
  MAXIMUM         89    248 PM  99    1996  88      1       92
  MINIMUM         60    546 AM  48    1961  67     -7       71
  AVERAGE         75                        77     -2       82

PRECIPITATION (IN)
  TODAY            0.00          3.66 1965   0.17  -0.17     0.00
  MONTH TO DATE    5.73                      4.15   1.58    15.30
  SINCE DEC 1     29.62                     23.47   6.15    37.68
  SINCE JAN 1     25.57                     19.03   6.54    35.63

DEGREE DAYS
 HEATING
  TODAY            0                         0      0        0
  MONTH TO DATE    2                         1      1        0
  SINCE MAR 1    150                       280   -130      171
  SINCE JUL 1   1472                      1914   -442     1691

 COOLING
  TODAY           10                        12     -2       17
  MONTH TO DATE  208                       254    -46      336
  SINCE MAR 1    396                       411    -15      633
  SINCE JAN 1    410                       430    -20      639
..................................................................


WIND (MPH)
  HIGHEST WIND SPEED    10   HIGHEST WIND DIRECTION     W (270)
  HIGHEST GUST SPEED    15   HIGHEST GUST DIRECTION    SW (240)
  AVERAGE WIND SPEED     3.9


SKY COVER
  POSSIBLE SUNSHINE  MM
  AVERAGE SKY COVER 0.3


WEATHER CONDITIONS
 THE FOLLOWING WEATHER WAS RECORDED TODAY.
  FOG
  FOG W/VISIBILITY <= 1/4 MILE


RELATIVE HUMIDITY (PERCENT)
 HIGHEST   100          1200 AM
 LOWEST     59           200 PM
 AVERAGE    80

..........................................................


THE LUFKIN CLIMATE NORMALS FOR TOMORROW
                         NORMAL    RECORD    YEAR
 MAXIMUM TEMPERATURE (F)   88        99      1996
 MINIMUM TEMPERATURE (F)   67        55      1961


SUNRISE AND SUNSET
MAY 28 2016...........SUNRISE   617 AM CDT   SUNSET   816 PM CDT
MAY 29 2016...........SUNRISE   616 AM CDT   SUNSET   817 PM CDT


-  INDICATES NEGATIVE NUMBERS.
R  INDICATES RECORD WAS SET OR TIED.
MM INDICATES DATA IS MISSING.
T  INDICATES TRACE AMOUNT.




$$
