000
CDUS44 KSHV 210848
CLILFK


CLIMATE REPORT
NATIONAL WEATHER SERVICE SHREVEPORT, LA
247 AM CST TUE NOV 21 2017


...................................

...THE LUFKIN CLIMATE SUMMARY FOR NOVEMBER 20 2017...

CLIMATE NORMAL PERIOD 1981 TO 2010
CLIMATE RECORD PERIOD 1906 TO 2017


WEATHER ITEM   OBSERVED TIME   RECORD YEAR NORMAL DEPARTURE LAST
                VALUE   (LST)  VALUE       VALUE  FROM      YEAR
                                                  NORMAL
..................................................................
TEMPERATURE (F)
 YESTERDAY
  MAXIMUM         63    323 PM  85    2011  68     -5       63
  MINIMUM         36    547 AM  25    1937  46    -10       28
  AVERAGE         50                        57     -7       46

PRECIPITATION (IN)
  YESTERDAY        0.00          2.64 1907   0.16  -0.16     0.00
  MONTH TO DATE    1.34                      3.41  -2.07     0.57
  SINCE DEC 1     56.96                     47.35   9.61    47.20
  SINCE JAN 1     52.05                     42.91   9.14    43.15

SNOWFALL (IN)
  YESTERDAY        0.0
  MONTH TO DATE    0.0
  SINCE SEP 1      0.0
  SINCE JUL 1      0.0
  SNOW DEPTH       0

DEGREE DAYS
 HEATING
  YESTERDAY       15                         9      6       19
  MONTH TO DATE   66                       133    -67       59
  SINCE SEP 1    155                       199    -44       76
  SINCE JUL 1    155                       199    -44       76

 COOLING
  YESTERDAY        0                         1     -1        0
  MONTH TO DATE   92                        30     62       53
  SINCE SEP 1    633                       551     82      720
  SINCE JAN 1   2656                      2574     82     2808
..................................................................


WIND (MPH)
  HIGHEST WIND SPEED    14   HIGHEST WIND DIRECTION    SE (140)
  HIGHEST GUST SPEED    18   HIGHEST GUST DIRECTION    SE (140)
  AVERAGE WIND SPEED     4.6


SKY COVER
  POSSIBLE SUNSHINE  MM
  AVERAGE SKY COVER 0.0


WEATHER CONDITIONS
 THE FOLLOWING WEATHER WAS RECORDED YESTERDAY.
  HAZE


RELATIVE HUMIDITY (PERCENT)
 HIGHEST   100           100 AM
 LOWEST     34           200 PM
 AVERAGE    67

..........................................................


THE LUFKIN CLIMATE NORMALS FOR TODAY
                         NORMAL    RECORD    YEAR
 MAXIMUM TEMPERATURE (F)   68        84      2011
                                             1933
 MINIMUM TEMPERATURE (F)   45        27      2006
                                             1937


SUNRISE AND SUNSET
NOVEMBER 21 2017......SUNRISE   652 AM CST   SUNSET   518 PM CST
NOVEMBER 22 2017......SUNRISE   653 AM CST   SUNSET   518 PM CST


-  INDICATES NEGATIVE NUMBERS.
R  INDICATES RECORD WAS SET OR TIED.
MM INDICATES DATA IS MISSING.
T  INDICATES TRACE AMOUNT.




$$
