000
CDUS44 KSHV 310830
CLILFK


CLIMATE REPORT
NATIONAL WEATHER SERVICE SHREVEPORT, LA
230 AM CST SAT JAN 31 2015


...................................

...THE LUFKIN CLIMATE SUMMARY FOR JANUARY 30 2015...

CLIMATE NORMAL PERIOD 1981 TO 2010
CLIMATE RECORD PERIOD 1906 TO 2015


WEATHER ITEM   OBSERVED TIME   RECORD YEAR NORMAL DEPARTURE LAST
                VALUE   (LST)  VALUE       VALUE  FROM      YEAR
                                                  NORMAL
..................................................................
TEMPERATURE (F)
 YESTERDAY
  MAXIMUM         63    258 PM  86    1911  61      2       57
  MINIMUM         45    718 AM  10    1949  39      6       23
  AVERAGE         54                        50      4       40

PRECIPITATION (IN)
  YESTERDAY        0.00          2.12 1933   0.15  -0.15     0.00
  MONTH TO DATE    7.36                      4.04   3.32     1.20
  SINCE DEC 1      9.41                      8.48   0.93     3.41
  SINCE JAN 1      7.36                      4.04   3.32     1.20

SNOWFALL (IN)
  YESTERDAY        0.0
  MONTH TO DATE    0.0
  SINCE DEC 1      0.0
  SINCE JUL 1      0.0
  SNOW DEPTH       0

DEGREE DAYS
 HEATING
  YESTERDAY       11                        15     -4       25
  MONTH TO DATE  493                       488      5      558
  SINCE DEC 1    817                       959   -142     1073
  SINCE JUL 1   1113                      1266   -153     1429

 COOLING
  YESTERDAY        0                         0      0        0
  MONTH TO DATE    1                         0      1        0
  SINCE DEC 1     13                        13      0       16
  SINCE JAN 1      1                         0      1        0
..................................................................


WIND (MPH)
  HIGHEST WIND SPEED    18   HIGHEST WIND DIRECTION     E (70)
  HIGHEST GUST SPEED    25   HIGHEST GUST DIRECTION     N (10)
  AVERAGE WIND SPEED     7.7


SKY COVER
  POSSIBLE SUNSHINE  MM
  AVERAGE SKY COVER 0.0


WEATHER CONDITIONS
 THE FOLLOWING WEATHER WAS RECORDED YESTERDAY.
  NO SIGNIFICANT WEATHER WAS OBSERVED.


RELATIVE HUMIDITY (PERCENT)
 HIGHEST    66          1100 PM
 LOWEST     32           300 PM
 AVERAGE    49

..........................................................


THE LUFKIN CLIMATE NORMALS FOR TODAY
                         NORMAL    RECORD    YEAR
 MAXIMUM TEMPERATURE (F)   61        83      1911
 MINIMUM TEMPERATURE (F)   39         5      1949


SUNRISE AND SUNSET
JANUARY 31 2015.......SUNRISE   712 AM CST   SUNSET   553 PM CST
FEBRUARY  1 2015......SUNRISE   711 AM CST   SUNSET   554 PM CST


-  INDICATES NEGATIVE NUMBERS.
R  INDICATES RECORD WAS SET OR TIED.
MM INDICATES DATA IS MISSING.
T  INDICATES TRACE AMOUNT.




$$
