000
CDUS44 KSHV 040734
CLILFK


CLIMATE REPORT
NATIONAL WEATHER SERVICE SHREVEPORT, LA
231 AM CDT FRI SEP 4 2015


...................................

...THE LUFKIN CLIMATE SUMMARY FOR SEPTEMBER 3 2015...

CLIMATE NORMAL PERIOD 1981 TO 2010
CLIMATE RECORD PERIOD 1906 TO 2015


WEATHER ITEM   OBSERVED TIME   RECORD YEAR NORMAL DEPARTURE LAST
                VALUE   (LST)  VALUE       VALUE  FROM      YEAR
                                                  NORMAL
..................................................................
TEMPERATURE (F)
 YESTERDAY
  MAXIMUM         94    217 PM 109    2000  92      2       95
  MINIMUM         68    224 AM  55    1955  70     -2       76
  AVERAGE         81                        81      0       86

PRECIPITATION (IN)
  YESTERDAY        0.00          1.96 2010   0.14  -0.14     0.00
  MONTH TO DATE    0.00                      0.42  -0.42     0.44
  SINCE DEC 1     49.65                     35.45  14.20    34.57
  SINCE JAN 1     47.60                     31.01  16.59    32.36

SNOWFALL (IN)
  YESTERDAY        0.0
  MONTH TO DATE    0.0
  SINCE SEP 1      0.0
  SINCE JUL 1      0.0
  SNOW DEPTH       0

DEGREE DAYS
 HEATING
  YESTERDAY        0                         0      0        0
  MONTH TO DATE    0                         0      0        0
  SINCE SEP 1      0                         0      0        0
  SINCE JUL 1      0                         0      0        0

 COOLING
  YESTERDAY       16                        16      0       21
  MONTH TO DATE   48                        48      0       62
  SINCE SEP 1     48                        48      0       62
  SINCE JAN 1   2482                      2071    411     2296
..................................................................


WIND (MPH)
  HIGHEST WIND SPEED    14   HIGHEST WIND DIRECTION     E (110)
  HIGHEST GUST SPEED    21   HIGHEST GUST DIRECTION    SE (120)
  AVERAGE WIND SPEED     4.2


SKY COVER
  POSSIBLE SUNSHINE  MM
  AVERAGE SKY COVER 0.4


WEATHER CONDITIONS
 THE FOLLOWING WEATHER WAS RECORDED YESTERDAY.
  NO SIGNIFICANT WEATHER WAS OBSERVED.


RELATIVE HUMIDITY (PERCENT)
 HIGHEST   100           500 AM
 LOWEST     46           500 PM
 AVERAGE    73

..........................................................


THE LUFKIN CLIMATE NORMALS FOR TODAY
                         NORMAL    RECORD    YEAR
 MAXIMUM TEMPERATURE (F)   92       110      2000
 MINIMUM TEMPERATURE (F)   70        53      1934


SUNRISE AND SUNSET
SEPTEMBER  4 2015.....SUNRISE   657 AM CDT   SUNSET   739 PM CDT
SEPTEMBER  5 2015.....SUNRISE   657 AM CDT   SUNSET   738 PM CDT


-  INDICATES NEGATIVE NUMBERS.
R  INDICATES RECORD WAS SET OR TIED.
MM INDICATES DATA IS MISSING.
T  INDICATES TRACE AMOUNT.




$$
