000
CDUS44 KSHV 170848
CLILFK


CLIMATE REPORT
NATIONAL WEATHER SERVICE SHREVEPORT, LA
244 AM CST TUE JAN 17 2017


...................................

...THE LUFKIN CLIMATE SUMMARY FOR JANUARY 16 2017...

CLIMATE NORMAL PERIOD 1981 TO 2010
CLIMATE RECORD PERIOD 1906 TO 2017


WEATHER ITEM   OBSERVED TIME   RECORD YEAR NORMAL DEPARTURE LAST
                VALUE   (LST)  VALUE       VALUE  FROM      YEAR
                                                  NORMAL
..................................................................
TEMPERATURE (F)
 YESTERDAY
  MAXIMUM         75    316 PM  83    1936  60     15       53
  MINIMUM         62   1159 PM  19    1930  38     24       39
  AVERAGE         69                        49     20       46

PRECIPITATION (IN)
  YESTERDAY        0.64          2.93 1950   0.14   0.50     0.04
  MONTH TO DATE    2.00                      2.08  -0.08     1.98
  SINCE DEC 1      6.91                      6.52   0.39     6.03
  SINCE JAN 1      2.00                      2.08  -0.08     1.98

SNOWFALL (IN)
  YESTERDAY        0.0
  MONTH TO DATE    T
  SINCE DEC 1      T
  SINCE JUL 1      T
  SNOW DEPTH       0

DEGREE DAYS
 HEATING
  YESTERDAY        0                        16    -16       19
  MONTH TO DATE  171                       268    -97      293
  SINCE DEC 1    543                       739   -196      616
  SINCE JUL 1    691                      1046   -355      801

 COOLING
  YESTERDAY        4                         0      4        0
  MONTH TO DATE   25                         0     25        0
  SINCE DEC 1     56                        13     43       33
  SINCE JAN 1     25                         0     25        0
..................................................................


WIND (MPH)
  HIGHEST WIND SPEED    21   HIGHEST WIND DIRECTION    SE (140)
  HIGHEST GUST SPEED    28   HIGHEST GUST DIRECTION    SE (140)
  AVERAGE WIND SPEED     8.2


SKY COVER
  POSSIBLE SUNSHINE  MM
  AVERAGE SKY COVER 0.9


WEATHER CONDITIONS
 THE FOLLOWING WEATHER WAS RECORDED YESTERDAY.
  HEAVY RAIN
  RAIN
  LIGHT RAIN
  FOG


RELATIVE HUMIDITY (PERCENT)
 HIGHEST   100           800 AM
 LOWEST     64           500 PM
 AVERAGE    82

..........................................................


THE LUFKIN CLIMATE NORMALS FOR TODAY
                         NORMAL    RECORD    YEAR
 MAXIMUM TEMPERATURE (F)   60        81      1952
 MINIMUM TEMPERATURE (F)   38        18      1965


SUNRISE AND SUNSET
JANUARY 17 2017.......SUNRISE   718 AM CST   SUNSET   541 PM CST
JANUARY 18 2017.......SUNRISE   717 AM CST   SUNSET   542 PM CST


-  INDICATES NEGATIVE NUMBERS.
R  INDICATES RECORD WAS SET OR TIED.
MM INDICATES DATA IS MISSING.
T  INDICATES TRACE AMOUNT.




$$
