000
CDUS44 KLCH 082215
CLILFT


CLIMATE REPORT
NATIONAL WEATHER SERVICE LAKE CHARLES, LA
415 PM CST THU DEC 8 2016


...................................

...THE LAFAYETTE CLIMATE SUMMARY FOR DECEMBER 8 2016...
VALID TODAY AS OF 0400 PM LOCAL TIME.

CLIMATE NORMAL PERIOD 1981 TO 2010
CLIMATE RECORD PERIOD 1893 TO 2016


WEATHER ITEM   OBSERVED TIME   RECORD YEAR NORMAL DEPARTURE LAST
                VALUE   (LST)  VALUE       VALUE  FROM      YEAR
                                                  NORMAL
..................................................................
TEMPERATURE (F)
 TODAY
  MAXIMUM         56    147 AM  84    1922  66    -10       71
  MINIMUM         47    103 PM  25    2006  46      1       43
  AVERAGE         52                        56     -4       57

PRECIPITATION (IN)
  TODAY            0.02          2.85 1921   0.18  -0.16     0.00
  MONTH TO DATE    6.16                      1.36   4.80     0.33
  SINCE DEC 1      6.16                      1.36   4.80     0.33
  SINCE JAN 1     78.03                     56.28  21.75    61.59

SNOWFALL (IN)
  TODAY           MM             0.0    MM   0.0   MM        0.0
  MONTH TO DATE    0.0                       0.0    0.0      0.0
  SINCE DEC 1      0.0                       0.0    0.0      0.0
  SINCE JUL 1      0.0                       0.0    0.0      0.0
  SNOW DEPTH       0

DEGREE DAYS
 HEATING
  TODAY           13                        10      3        8
  MONTH TO DATE   60                        77    -17       73
  SINCE DEC 1     60                        77    -17       73
  SINCE JUL 1    146                       276   -130      161
..................................................................


WIND (MPH)
  HIGHEST WIND SPEED    23   HIGHEST WIND DIRECTION     N (20)
  HIGHEST GUST SPEED    29   HIGHEST GUST DIRECTION     N (20)
  AVERAGE WIND SPEED    14.4


SKY COVER
  POSSIBLE SUNSHINE  MM
  AVERAGE SKY COVER 1.0


WEATHER CONDITIONS
 THE FOLLOWING WEATHER WAS RECORDED TODAY.
  LIGHT RAIN
  FOG


RELATIVE HUMIDITY (PERCENT)
 HIGHEST    96           600 AM
 LOWEST     56           400 PM
 AVERAGE    76

..........................................................


THE LAFAYETTE CLIMATE NORMALS FOR TOMORROW
                         NORMAL    RECORD    YEAR
 MAXIMUM TEMPERATURE (F)   65        83      1894
 MINIMUM TEMPERATURE (F)   45        16      1917


SUNRISE AND SUNSET
DECEMBER  8 2016......SUNRISE   652 AM CST   SUNSET   508 PM CST
DECEMBER  9 2016......SUNRISE   653 AM CST   SUNSET   508 PM CST


-  INDICATES NEGATIVE NUMBERS.
R  INDICATES RECORD WAS SET OR TIED.
MM INDICATES DATA IS MISSING.
T  INDICATES TRACE AMOUNT.




$$
