000
CDUS44 KLCH 250855
CLILFT


CLIMATE REPORT
NATIONAL WEATHER SERVICE LAKE CHARLES, LA
354 AM CDT SAT MAR 25 2017


...................................

...THE LAFAYETTE CLIMATE SUMMARY FOR MARCH 24 2017...

CLIMATE NORMAL PERIOD 1981 TO 2010
CLIMATE RECORD PERIOD 1893 TO 2017


WEATHER ITEM   OBSERVED TIME   RECORD YEAR NORMAL DEPARTURE LAST
                VALUE   (LST)  VALUE       VALUE  FROM      YEAR
                                                  NORMAL
..................................................................
TEMPERATURE (F)
 YESTERDAY
  MAXIMUM         80    148 PM  86    1910  74      6       78
                                      1907
  MINIMUM         70    558 AM  30    1915  54     16       56
  AVERAGE         75                        64     11       67

PRECIPITATION (IN)
  YESTERDAY        T             4.04 1976   0.12  -0.12     0.05
  MONTH TO DATE    0.77                      2.96  -2.19     5.21
  SINCE MAR 1      0.77                      2.96  -2.19     5.21
  SINCE JAN 1      4.29                     13.08  -8.79    14.34

SNOWFALL (IN)
  YESTERDAY        0.0           0.0    MM   0.0    0.0      0.0
  MONTH TO DATE    0.0                       0.0    0.0      0.0
  SINCE MAR 1      0.0                       0.0    0.0      0.0
  SINCE JUL 1      0.0                       T      0.0      0.0
  SNOW DEPTH       0

DEGREE DAYS
 HEATING
  YESTERDAY        0                         4     -4        0
  MONTH TO DATE   60                       129    -69       55
  SINCE MAR 1     60                       129    -69       55
  SINCE JUL 1    637                      1359   -722      973

 COOLING
  YESTERDAY       10                         2      8        2
  MONTH TO DATE   97                        42     55       77
  SINCE MAR 1     97                        42     55       77
  SINCE JAN 1    281                        74    207       87
..................................................................


WIND (MPH)
  HIGHEST WIND SPEED    20   HIGHEST WIND DIRECTION     S (180)
  HIGHEST GUST SPEED    29   HIGHEST GUST DIRECTION     S (160)
  AVERAGE WIND SPEED    11.6


SKY COVER
  POSSIBLE SUNSHINE  MM
  AVERAGE SKY COVER 0.6


WEATHER CONDITIONS
 THE FOLLOWING WEATHER WAS RECORDED YESTERDAY.
  LIGHT RAIN


RELATIVE HUMIDITY (PERCENT)
 HIGHEST    90           400 AM
 LOWEST     62          1200 PM
 AVERAGE    76

..........................................................


THE LAFAYETTE CLIMATE NORMALS FOR TODAY
                         NORMAL    RECORD    YEAR
 MAXIMUM TEMPERATURE (F)   74        89      1899
 MINIMUM TEMPERATURE (F)   54        35      1912


SUNRISE AND SUNSET
MARCH 25 2017.........SUNRISE   705 AM CDT   SUNSET   723 PM CDT
MARCH 26 2017.........SUNRISE   704 AM CDT   SUNSET   723 PM CDT


-  INDICATES NEGATIVE NUMBERS.
R  INDICATES RECORD WAS SET OR TIED.
MM INDICATES DATA IS MISSING.
T  INDICATES TRACE AMOUNT.




$$
