000
CDUS44 KLCH 230819
CLILFT


CLIMATE REPORT
NATIONAL WEATHER SERVICE LAKE CHARLES, LA
219 AM CST SUN NOV 23 2014


...................................

...THE LAFAYETTE CLIMATE SUMMARY FOR NOVEMBER 22 2014...

CLIMATE NORMAL PERIOD 1981 TO 2010
CLIMATE RECORD PERIOD 1893 TO 2014


WEATHER ITEM   OBSERVED TIME   RECORD YEAR NORMAL DEPARTURE LAST
                VALUE   (LST)  VALUE       VALUE  FROM      YEAR
                                                  NORMAL
..................................................................
TEMPERATURE (F)
 YESTERDAY
  MAXIMUM         71    320 PM  88    1900  70      1       73
  MINIMUM         55    647 AM  29    2000  49      6       65
  AVERAGE         63                        60      3       69

PRECIPITATION (IN)
  YESTERDAY        T             2.58 1940   0.13  -0.13     0.05
  MONTH TO DATE    1.81                      3.15  -1.34     0.29
  SINCE SEP 1      9.57                     13.10  -3.53     9.69
  SINCE JAN 1     55.66                     53.72   1.94    52.57

SNOWFALL (IN)
  YESTERDAY        0.0           0.0    MM   0.0    0.0      0.0
  MONTH TO DATE    0.0                       0.0    0.0      0.0
  SINCE SEP 1      0.0                       0.0    0.0      0.0
  SINCE JUL 1      0.0                       0.0    0.0      0.0
  SNOW DEPTH       0

DEGREE DAYS
 HEATING
  YESTERDAY        2                         7     -5        0
  MONTH TO DATE  231                       101    130       98
  SINCE SEP 1    236                       137     99      109
  SINCE JUL 1    236                       137     99      109
..................................................................


WIND (MPH)
  HIGHEST WIND SPEED    14   HIGHEST WIND DIRECTION    SE (130)
  HIGHEST GUST SPEED    23   HIGHEST GUST DIRECTION    SE (140)
  AVERAGE WIND SPEED     5.1


SKY COVER
  POSSIBLE SUNSHINE  MM
  AVERAGE SKY COVER 0.7


WEATHER CONDITIONS
 THE FOLLOWING WEATHER WAS RECORDED YESTERDAY.
  LIGHT RAIN


RELATIVE HUMIDITY (PERCENT)
 HIGHEST    87           900 PM
 LOWEST     66          1200 PM
 AVERAGE    77

..........................................................


THE LAFAYETTE CLIMATE NORMALS FOR TODAY
                         NORMAL    RECORD    YEAR
 MAXIMUM TEMPERATURE (F)   70        85      1955
                                             1900
 MINIMUM TEMPERATURE (F)   49        28      1925


SUNRISE AND SUNSET
NOVEMBER 23 2014......SUNRISE   640 AM CST   SUNSET   509 PM CST
NOVEMBER 24 2014......SUNRISE   641 AM CST   SUNSET   508 PM CST


-  INDICATES NEGATIVE NUMBERS.
R  INDICATES RECORD WAS SET OR TIED.
MM INDICATES DATA IS MISSING.
T  INDICATES TRACE AMOUNT.




$$
