000
CDUS41 KOKX 250616
CLILGA


CLIMATE REPORT
NATIONAL WEATHER SERVICE NEW YORK NY
216 AM EDT TUE APR 25 2017


...................................

...THE LAGUARDIA NY CLIMATE SUMMARY FOR APRIL 24 2017...

CLIMATE NORMAL PERIOD 1981 TO 2010
CLIMATE RECORD PERIOD 1939 TO 2017


WEATHER ITEM   OBSERVED TIME   RECORD YEAR NORMAL DEPARTURE LAST
                VALUE   (LST)  VALUE       VALUE  FROM      YEAR
                                                  NORMAL
..................................................................
TEMPERATURE (F)
 YESTERDAY
  MAXIMUM         59    338 PM  87    2001  64     -5       67
  MINIMUM         48    509 AM  36    1971  47      1       48
                                      1967
  AVERAGE         54                        56     -2       58

PRECIPITATION (IN)
  YESTERDAY        T             2.06 1968   0.13  -0.13     0.00
  MONTH TO DATE    3.10                      3.26  -0.16     1.34
  SINCE MAR 1      7.79                      7.23   0.56     2.60
  SINCE JAN 1     13.79                     13.16   0.63    11.13

SNOWFALL (IN)
  YESTERDAY        0.0           T    1971   0.0    0.0      0.0
  MONTH TO DATE    0.0                       0.5   -0.5       T
  SINCE OCT 1     33.2                      26.9    6.3     36.2
  SINCE JUL 1     33.2                      26.9    6.3     36.2
  SNOW DEPTH       0

DEGREE DAYS
 HEATING
  YESTERDAY       11                        10      1        7
  MONTH TO DATE  222                       326   -104      292
  SINCE MAR 1    957                      1033    -76      787
  SINCE JUL 1   3644                      4462   -818     3449

 COOLING
  YESTERDAY        0                         0      0        0
  MONTH TO DATE   14                         0     14        8
  SINCE MAR 1     14                         0     14       13
  SINCE JAN 1     14                         0     14       13
..................................................................


WIND (MPH)
  HIGHEST WIND SPEED    15   HIGHEST WIND DIRECTION    NE (40)
  HIGHEST GUST SPEED    20   HIGHEST GUST DIRECTION    NE (60)
  AVERAGE WIND SPEED     7.0


SKY COVER
  AVERAGE SKY COVER 0.9


WEATHER CONDITIONS
 THE FOLLOWING WEATHER WAS RECORDED YESTERDAY.
  NO SIGNIFICANT WEATHER WAS OBSERVED.


RELATIVE HUMIDITY (PERCENT)
 HIGHEST    93           600 AM
 LOWEST     57           200 PM
 AVERAGE    75

..........................................................


THE LAGUARDIA NY CLIMATE NORMALS FOR TODAY
                         NORMAL    RECORD    YEAR
 MAXIMUM TEMPERATURE (F)   64        88      2009
                                             1960
 MINIMUM TEMPERATURE (F)   48        36      1971


SUNRISE AND SUNSET
APRIL 25 2017.........SUNRISE   602 AM EDT   SUNSET   746 PM EDT
APRIL 26 2017.........SUNRISE   600 AM EDT   SUNSET   747 PM EDT


-  INDICATES NEGATIVE NUMBERS.
R  INDICATES RECORD WAS SET OR TIED.
MM INDICATES DATA IS MISSING.
T  INDICATES TRACE AMOUNT.




$$
