000
CDUS41 KOKX 292038
CLILGA


CLIMATE REPORT
NATIONAL WEATHER SERVICE NEW YORK NY
437 PM EDT MON MAY 29 2017


...................................

...THE LAGUARDIA NY CLIMATE SUMMARY FOR MAY 29 2017...
VALID TODAY AS OF 0400 PM LOCAL TIME.

CLIMATE NORMAL PERIOD 1981 TO 2010
CLIMATE RECORD PERIOD 1939 TO 2017


WEATHER ITEM   OBSERVED TIME   RECORD YEAR NORMAL DEPARTURE LAST
                VALUE   (LST)  VALUE       VALUE  FROM      YEAR
                                                  NORMAL
..................................................................
TEMPERATURE (F)
 TODAY
  MAXIMUM         62   1203 AM  95    1987  75    -13       87
  MINIMUM         56    211 PM  48    1946  58     -2       70
  AVERAGE         59                        67     -8       79

PRECIPITATION (IN)
  TODAY            0.16          2.41 1968   0.14   0.02      T
  MONTH TO DATE    5.91                      3.51   2.40     2.39
  SINCE MAR 1     14.69                     11.48   3.21     5.31
  SINCE JAN 1     20.69                     17.41   3.28    13.84

SNOWFALL (IN)
  TODAY            0.0           T    2001   0.0    0.0      0.0
  MONTH TO DATE    0.0                       0.0    0.0      0.0
  SINCE OCT 1     33.2                      26.9    6.3     36.2
  SINCE JUL 1     33.2                      26.9    6.3     36.2
  SNOW DEPTH       0

DEGREE DAYS
 HEATING
  TODAY            6                         2      4        0
  MONTH TO DATE  117                       131    -14      141
  SINCE MAR 1   1098                      1216   -118      990
  SINCE JUL 1   3785                      4645   -860     3652

 COOLING
  TODAY            0                         4     -4       14
  MONTH TO DATE   71                        52     19       83
  SINCE MAR 1    102                        60     42       96
  SINCE JAN 1    102                        60     42       96
..................................................................


WIND (MPH)
  HIGHEST WIND SPEED    17   HIGHEST WIND DIRECTION    NE (40)
  HIGHEST GUST SPEED    22   HIGHEST GUST DIRECTION    NE (50)
  AVERAGE WIND SPEED    11.2


SKY COVER
  AVERAGE SKY COVER 1.0


WEATHER CONDITIONS
 THE FOLLOWING WEATHER WAS RECORDED TODAY.
  LIGHT RAIN
  FOG


RELATIVE HUMIDITY (PERCENT)
 HIGHEST    86           400 AM
 LOWEST     67          1200 AM
 AVERAGE    77

..........................................................


THE LAGUARDIA NY CLIMATE NORMALS FOR TOMORROW
                         NORMAL    RECORD    YEAR
 MAXIMUM TEMPERATURE (F)   76        96      1987
 MINIMUM TEMPERATURE (F)   58        48      1949
                                             1940


SUNRISE AND SUNSET
MAY 29 2017...........SUNRISE   528 AM EDT   SUNSET   819 PM EDT
MAY 30 2017...........SUNRISE   527 AM EDT   SUNSET   819 PM EDT


-  INDICATES NEGATIVE NUMBERS.
R  INDICATES RECORD WAS SET OR TIED.
MM INDICATES DATA IS MISSING.
T  INDICATES TRACE AMOUNT.




$$
