000
CDUS41 KOKX 100728
CLILGA


CLIMATE REPORT
NATIONAL WEATHER SERVICE NEW YORK NY
227 AM EST SAT DEC 10 2016


...................................

...THE LAGUARDIA NY CLIMATE SUMMARY FOR DECEMBER 9 2016...

CLIMATE NORMAL PERIOD 1981 TO 2010
CLIMATE RECORD PERIOD 1939 TO 2016


WEATHER ITEM   OBSERVED TIME   RECORD YEAR NORMAL DEPARTURE LAST
                VALUE   (LST)  VALUE       VALUE  FROM      YEAR
                                                  NORMAL
..................................................................
TEMPERATURE (F)
 YESTERDAY
  MAXIMUM         42    147 PM  66    1966  46     -4       55
  MINIMUM         32   1159 PM  13    1968  34     -2       39
  AVERAGE         37                        40     -3       47

PRECIPITATION (IN)
  YESTERDAY        0.00          2.68 2014   0.13  -0.13     0.00
  MONTH TO DATE    0.64                      1.12  -0.48     0.47
  SINCE DEC 1      0.64                      1.12  -0.48     0.47
  SINCE JAN 1     37.08                     42.29  -5.21    33.34

SNOWFALL (IN)
  YESTERDAY        0.0           3.8  2005   0.1   -0.1      0.0
  MONTH TO DATE    0.0                       0.9   -0.9      0.0
  SINCE OCT 1      T                         1.2   -1.2      0.0
  SINCE JUL 1      T                         1.2   -1.2      0.0
  SNOW DEPTH       0

DEGREE DAYS
 HEATING
  YESTERDAY       28                        25      3       18
  MONTH TO DATE  182                       210    -28      150
  SINCE DEC 1    182                       210    -28      150
  SINCE JUL 1    720                       985   -265      712

 COOLING
  YESTERDAY        0                         0      0        0
  MONTH TO DATE    0                         0      0        0
  SINCE DEC 1      0                         0      0        0
  SINCE JAN 1   1745                      1214    531     1554
..................................................................


WIND (MPH)
  HIGHEST WIND SPEED    32   HIGHEST WIND DIRECTION    NW (320)
  HIGHEST GUST SPEED    39   HIGHEST GUST DIRECTION    NW (320)
  AVERAGE WIND SPEED    18.9


SKY COVER
  AVERAGE SKY COVER 0.3


WEATHER CONDITIONS
 THE FOLLOWING WEATHER WAS RECORDED YESTERDAY.
  NO SIGNIFICANT WEATHER WAS OBSERVED.


RELATIVE HUMIDITY (PERCENT)
 HIGHEST    56           800 AM
 LOWEST     38           100 PM
 AVERAGE    47

..........................................................


THE LAGUARDIA NY CLIMATE NORMALS FOR TODAY
                         NORMAL    RECORD    YEAR
 MAXIMUM TEMPERATURE (F)   46        70      1946
 MINIMUM TEMPERATURE (F)   34         9      1968


SUNRISE AND SUNSET
DECEMBER 10 2016......SUNRISE   709 AM EST   SUNSET   428 PM EST
DECEMBER 11 2016......SUNRISE   710 AM EST   SUNSET   428 PM EST


-  INDICATES NEGATIVE NUMBERS.
R  INDICATES RECORD WAS SET OR TIED.
MM INDICATES DATA IS MISSING.
T  INDICATES TRACE AMOUNT.




$$
