000
CDUS46 KLOX 230916
CLILGB


CLIMATE REPORT
NATIONAL WEATHER SERVICE LOS ANGELES/OXNARD CA
115 AM PST THU FEB 23 2017


...................................

...THE LONG BEACH AIRPORT CA CLIMATE SUMMARY FOR FEBRUARY 22 2017...

CLIMATE NORMAL PERIOD 1981 TO 2010
CLIMATE RECORD PERIOD 1958 TO 2017


WEATHER ITEM   OBSERVED TIME   RECORD YEAR NORMAL DEPARTURE LAST
                VALUE   (LST)  VALUE       VALUE  FROM      YEAR
                                                  NORMAL
..................................................................
TEMPERATURE (F)
 YESTERDAY
  MAXIMUM         65    101 PM  90    2002  67     -2       84
  MINIMUM         53    658 AM  38    1967  49      4       52
  AVERAGE         59                        58      1       68

PRECIPITATION (IN)
  YESTERDAY        0.00          1.62 2005   0.12  -0.12     0.00
  MONTH TO DATE    4.66                      2.44   2.22     0.61
  SINCE OCT 1     19.19                      8.62  10.57     3.90
  SINCE JAN 1     13.99                      5.04   8.95     2.90

SNOWFALL (IN)
  YESTERDAY        0.0
  MONTH TO DATE    0.0
  SINCE DEC 1      0.0
  SINCE JUL 1      0.0

DEGREE DAYS
 HEATING
  YESTERDAY        6                         7     -1        0
  MONTH TO DATE  119                       171    -52       80
  SINCE DEC 1    627                       701    -74      546
  SINCE JUL 1    707                       850   -143      638

 COOLING
  YESTERDAY        0                         0      0        3
  MONTH TO DATE    1                         0      1       42
  SINCE DEC 1      2                         4     -2       48
  SINCE JAN 1      1                         3     -2       42
..................................................................


WIND (MPH)
  HIGHEST WIND SPEED    20   HIGHEST WIND DIRECTION     W (290)
  HIGHEST GUST SPEED    23   HIGHEST GUST DIRECTION     W (290)
  AVERAGE WIND SPEED     8.0


SKY COVER
  POSSIBLE SUNSHINE  MM
  AVERAGE SKY COVER 0.2


WEATHER CONDITIONS
 THE FOLLOWING WEATHER WAS RECORDED YESTERDAY.
  FOG


RELATIVE HUMIDITY (PERCENT)
 HIGHEST   100          1200 AM
 LOWEST     43           200 PM
 AVERAGE    72

..........................................................


THE LONG BEACH AIRPORT CA CLIMATE NORMALS FOR TODAY
                         NORMAL    RECORD    YEAR
 MAXIMUM TEMPERATURE (F)   67        88      1986
 MINIMUM TEMPERATURE (F)   49        39      2001


SUNRISE AND SUNSET
FEBRUARY 23 2017......SUNRISE   628 AM PST   SUNSET   544 PM PST
FEBRUARY 24 2017......SUNRISE   627 AM PST   SUNSET   545 PM PST


-  INDICATES NEGATIVE NUMBERS.
R  INDICATES RECORD WAS SET OR TIED.
MM INDICATES DATA IS MISSING.
T  INDICATES TRACE AMOUNT.




$$
