000
CDUS46 KLOX 270906
CLILGB


CLIMATE REPORT
NATIONAL WEATHER SERVICE LOS ANGELES/OXNARD CA
106 AM PST TUE JAN 27 2015


...................................

...THE LONG BEACH AIRPORT CA CLIMATE SUMMARY FOR JANUARY 26 2015...

CLIMATE NORMAL PERIOD 1981 TO 2010
CLIMATE RECORD PERIOD 1958 TO 2015


WEATHER ITEM   OBSERVED TIME   RECORD YEAR NORMAL DEPARTURE LAST
                VALUE   (LST)  VALUE       VALUE  FROM      YEAR
                                                  NORMAL
..................................................................
TEMPERATURE (F)
 YESTERDAY
  MAXIMUM         76    124 PM  87    2003  68      8       67
  MINIMUM         56   1159 PM  37    1989  47      9       50
  AVERAGE         66                        57      9       59

PRECIPITATION (IN)
  YESTERDAY        0.10          1.17 1961   0.07   0.03      T
  MONTH TO DATE    0.85                      2.18  -1.33      T
  SINCE OCT 1      6.11                      5.76   0.35     1.24
  SINCE JAN 1      0.85                      2.18  -1.33      T

SNOWFALL (IN)
  YESTERDAY        0.0
  MONTH TO DATE    0.0
  SINCE DEC 1      0.0
  SINCE JUL 1      0.0

DEGREE DAYS
 HEATING
  YESTERDAY        0                         8     -8        6
  MONTH TO DATE  126                       216    -90      100
  SINCE DEC 1    308                       487   -179      318
  SINCE JUL 1    344                       636   -292      413

 COOLING
  YESTERDAY        1                         0      1        0
  MONTH TO DATE    7                         0      7       15
  SINCE DEC 1     12                         1     11       27
  SINCE JAN 1      7                         0      7       15
..................................................................


WIND (MPH)
  HIGHEST WIND SPEED    15   HIGHEST WIND DIRECTION     S (160)
  HIGHEST GUST SPEED    20   HIGHEST GUST DIRECTION     S (170)
  AVERAGE WIND SPEED     4.1


SKY COVER
  POSSIBLE SUNSHINE  MM
  AVERAGE SKY COVER 0.7


WEATHER CONDITIONS
 THE FOLLOWING WEATHER WAS RECORDED YESTERDAY.
  RAIN
  FOG


RELATIVE HUMIDITY (PERCENT)
 HIGHEST    86           800 PM
 LOWEST     27          1200 PM
 AVERAGE    57

..........................................................


THE LONG BEACH AIRPORT CA CLIMATE NORMALS FOR TODAY
                         NORMAL    RECORD    YEAR
 MAXIMUM TEMPERATURE (F)   68        85      1976
 MINIMUM TEMPERATURE (F)   47        36      1972


SUNRISE AND SUNSET
JANUARY 27 2015.......SUNRISE   653 AM PST   SUNSET   518 PM PST
JANUARY 28 2015.......SUNRISE   652 AM PST   SUNSET   519 PM PST


-  INDICATES NEGATIVE NUMBERS.
R  INDICATES RECORD WAS SET OR TIED.
MM INDICATES DATA IS MISSING.
T  INDICATES TRACE AMOUNT.




$$
