000
CDUS46 KLOX 250912
CLILGB


CLIMATE REPORT
NATIONAL WEATHER SERVICE LOS ANGELES/OXNARD CA
212 AM PDT FRI JUL 25 2014


...................................

...THE LONG BEACH AIRPORT CA CLIMATE SUMMARY FOR JULY 24 2014...

CLIMATE NORMAL PERIOD 1981 TO 2010
CLIMATE RECORD PERIOD 1958 TO 2014


WEATHER ITEM   OBSERVED TIME   RECORD YEAR NORMAL DEPARTURE LAST
                VALUE   (LST)  VALUE       VALUE  FROM      YEAR
                                                  NORMAL
..................................................................
TEMPERATURE (F)
 YESTERDAY
  MAXIMUM         93    148 PM  99    2006  83     10       80
  MINIMUM         67    529 AM  58    1999  65      2       64
  AVERAGE         80                        74      6       72

PRECIPITATION (IN)
  YESTERDAY        0.00          T    1993   0.00   0.00     0.00
  MONTH TO DATE    0.01                      0.02  -0.01     0.03
  SINCE JUL 1      0.01                      0.02  -0.01     0.03
  SINCE JAN 1      3.20                      8.46  -5.26     2.90

SNOWFALL (IN)
  YESTERDAY        0.0
  MONTH TO DATE    0.0
  SINCE JUN 1      0.0
  SINCE JUL 1      0.0

DEGREE DAYS
 HEATING
  YESTERDAY        0                         0      0        0
  MONTH TO DATE    0                         0      0        0
  SINCE JUN 1      0                         6     -6        0
  SINCE JUL 1      0                         0      0        0

 COOLING
  YESTERDAY       15                         9      6        7
  MONTH TO DATE  232                       192     40      198
  SINCE JUN 1    378                       313     65      359
  SINCE JAN 1    647                       416    231      508
..................................................................


WIND (MPH)
  HIGHEST WIND SPEED    17   HIGHEST WIND DIRECTION    NW (300)
  HIGHEST GUST SPEED    21   HIGHEST GUST DIRECTION    NW (300)
  AVERAGE WIND SPEED     5.4


SKY COVER
  POSSIBLE SUNSHINE  MM
  AVERAGE SKY COVER 0.0


WEATHER CONDITIONS
 THE FOLLOWING WEATHER WAS RECORDED YESTERDAY.
  NO SIGNIFICANT WEATHER WAS OBSERVED.


RELATIVE HUMIDITY (PERCENT)
 HIGHEST    81           300 AM
 LOWEST     34           200 PM
 AVERAGE    58

..........................................................


THE LONG BEACH AIRPORT CA CLIMATE NORMALS FOR TODAY
                         NORMAL    RECORD    YEAR
 MAXIMUM TEMPERATURE (F)   83        95      1977
 MINIMUM TEMPERATURE (F)   65        59      2012
                                             1999


SUNRISE AND SUNSET
JULY 25 2014..........SUNRISE   600 AM PDT   SUNSET   758 PM PDT
JULY 26 2014..........SUNRISE   600 AM PDT   SUNSET   758 PM PDT


-  INDICATES NEGATIVE NUMBERS.
R  INDICATES RECORD WAS SET OR TIED.
MM INDICATES DATA IS MISSING.
T  INDICATES TRACE AMOUNT.




$$
