000
CDUS46 KLOX 300111
CLILGB


CLIMATE REPORT
NATIONAL WEATHER SERVICE LOS ANGELES/OXNARD CA
611 PM PDT WED MAR 29 2017


...................................

...THE LONG BEACH AIRPORT CA CLIMATE SUMMARY FOR MARCH 29 2017...
VALID TODAY AS OF 0600 PM LOCAL TIME.

CLIMATE NORMAL PERIOD 1981 TO 2010
CLIMATE RECORD PERIOD 1958 TO 2017


WEATHER ITEM   OBSERVED TIME   RECORD YEAR NORMAL DEPARTURE LAST
                VALUE   (LST)  VALUE       VALUE  FROM      YEAR
                                                  NORMAL
..................................................................
TEMPERATURE (F)
 TODAY
  MAXIMUM         85    157 PM  91    2004  70     15       65
  MINIMUM         53    604 AM  39    1975  51      2       48
  AVERAGE         69                        60      9       57

PRECIPITATION (IN)
  TODAY            0.00          0.40 1982   0.04  -0.04     0.00
  MONTH TO DATE    0.15                      1.79  -1.64     0.91
  SINCE OCT 1     19.40                     11.06   8.34     4.81
  SINCE JAN 1     14.20                      7.48   6.72     3.81

SNOWFALL (IN)
  TODAY            0.0
  MONTH TO DATE    0.0
  SINCE MAR 1      0.0
  SINCE JUL 1      0.0

DEGREE DAYS
 HEATING
  TODAY            0                         5     -5        8
  MONTH TO DATE   66                       168   -102       88
  SINCE MAR 1     66                       168   -102       88
  SINCE JUL 1    844                      1059   -215      731

 COOLING
  TODAY            4                         0      4        0
  MONTH TO DATE   26                         0     26        7
  SINCE MAR 1     26                         0     26        7
  SINCE JAN 1     27                         8     19       54
..................................................................


WIND (MPH)
  HIGHEST WIND SPEED    16   HIGHEST WIND DIRECTION     W (290)
  HIGHEST GUST SPEED    20   HIGHEST GUST DIRECTION     W (280)
  AVERAGE WIND SPEED     4.7


SKY COVER
  POSSIBLE SUNSHINE  MM
  AVERAGE SKY COVER 0.0


WEATHER CONDITIONS
 THE FOLLOWING WEATHER WAS RECORDED TODAY.
  NO SIGNIFICANT WEATHER WAS OBSERVED.


RELATIVE HUMIDITY (PERCENT)
 HIGHEST    83           200 AM
 LOWEST     13           200 PM
 AVERAGE    48

..........................................................


THE LONG BEACH AIRPORT CA CLIMATE NORMALS FOR TOMORROW
                         NORMAL    RECORD    YEAR
 MAXIMUM TEMPERATURE (F)   70        87      2003
 MINIMUM TEMPERATURE (F)   51        38      1967


SUNRISE AND SUNSET
MARCH 29 2017.........SUNRISE   644 AM PDT   SUNSET   711 PM PDT
MARCH 30 2017.........SUNRISE   642 AM PDT   SUNSET   712 PM PDT


-  INDICATES NEGATIVE NUMBERS.
R  INDICATES RECORD WAS SET OR TIED.
MM INDICATES DATA IS MISSING.
T  INDICATES TRACE AMOUNT.




$$
