000
CDUS46 KLOX 070910
CLILGB


CLIMATE REPORT
NATIONAL WEATHER SERVICE LOS ANGELES/OXNARD CA
109 AM PST WED DEC 7 2016


...................................

...THE LONG BEACH AIRPORT CA CLIMATE SUMMARY FOR DECEMBER 6 2016...

CLIMATE NORMAL PERIOD 1981 TO 2010
CLIMATE RECORD PERIOD 1958 TO 2016


WEATHER ITEM   OBSERVED TIME   RECORD YEAR NORMAL DEPARTURE LAST
                VALUE   (LST)  VALUE       VALUE  FROM      YEAR
                                                  NORMAL
..................................................................
TEMPERATURE (F)
 YESTERDAY
  MAXIMUM         64    146 PM  86    1990  67     -3       81
  MINIMUM         52   1159 PM  36    1978  46      6       54
                                      1968
  AVERAGE         58                        57      1       68

PRECIPITATION (IN)
  YESTERDAY        0.00          1.81 1997   0.06  -0.06     0.00
  MONTH TO DATE    0.00                      0.30  -0.30     0.00
  SINCE OCT 1      1.61                      1.93  -0.32     0.10
  SINCE JAN 1      5.60                     10.61  -5.01     4.19

SNOWFALL (IN)
  YESTERDAY        0.0
  MONTH TO DATE    0.0
  SINCE DEC 1      0.0
  SINCE JUL 1      0.0

DEGREE DAYS
 HEATING
  YESTERDAY        7                         8     -1        0
  MONTH TO DATE   51                        47      4       13
  SINCE DEC 1     51                        47      4       13
  SINCE JUL 1    131                       196    -65      105

 COOLING
  YESTERDAY        0                         0      0        3
  MONTH TO DATE    0                         0      0        4
  SINCE DEC 1      0                         0      0        4
  SINCE JAN 1   1446                      1125    321     2006
..................................................................


WIND (MPH)
  HIGHEST WIND SPEED    12   HIGHEST WIND DIRECTION     S (180)
  HIGHEST GUST SPEED    13   HIGHEST GUST DIRECTION     S (170)
  AVERAGE WIND SPEED     3.2


SKY COVER
  POSSIBLE SUNSHINE  MM
  AVERAGE SKY COVER 0.7


WEATHER CONDITIONS
 THE FOLLOWING WEATHER WAS RECORDED YESTERDAY.
  FOG
  HAZE


RELATIVE HUMIDITY (PERCENT)
 HIGHEST    89           400 AM
 LOWEST     60           200 PM
 AVERAGE    75

..........................................................


THE LONG BEACH AIRPORT CA CLIMATE NORMALS FOR TODAY
                         NORMAL    RECORD    YEAR
 MAXIMUM TEMPERATURE (F)   67        83      1990
 MINIMUM TEMPERATURE (F)   46        31      1978
                                             1960


SUNRISE AND SUNSET
DECEMBER  7 2016......SUNRISE   645 AM PST   SUNSET   444 PM PST
DECEMBER  8 2016......SUNRISE   646 AM PST   SUNSET   444 PM PST


-  INDICATES NEGATIVE NUMBERS.
R  INDICATES RECORD WAS SET OR TIED.
MM INDICATES DATA IS MISSING.
T  INDICATES TRACE AMOUNT.




$$
