000
CDUS46 KLOX 200115
CLILGB


CLIMATE REPORT
NATIONAL WEATHER SERVICE LOS ANGELES/OXNARD CA
615 PM PDT TUE SEP 19 2017


...................................

...THE LONG BEACH AIRPORT CA CLIMATE SUMMARY FOR SEPTEMBER 19 2017...
VALID TODAY AS OF 0600 PM LOCAL TIME.

CLIMATE NORMAL PERIOD 1981 TO 2010
CLIMATE RECORD PERIOD 1958 TO 2017


WEATHER ITEM   OBSERVED TIME   RECORD YEAR NORMAL DEPARTURE LAST
                VALUE   (LST)  VALUE       VALUE  FROM      YEAR
                                                  NORMAL
..................................................................
TEMPERATURE (F)
 TODAY
  MAXIMUM         75    341 PM  97    1984  82     -7       89
  MINIMUM         67    139 AM  51    1978  63      4       63
  AVERAGE         71                        72     -1       76

PRECIPITATION (IN)
  TODAY            0.00          0.34 1989   0.01  -0.01     0.00
  MONTH TO DATE    0.07                      0.07   0.00      T
  SINCE OCT 1     20.05                     12.15   7.90     4.99
  SINCE JAN 1     14.85                      8.57   6.28     3.99

SNOWFALL (IN)
  TODAY            0.0
  MONTH TO DATE    0.0
  SINCE SEP 1      0.0
  SINCE JUL 1      0.0

DEGREE DAYS
 HEATING
  TODAY            0                         0      0        0
  MONTH TO DATE    0                         0      0        0
  SINCE SEP 1      0                         0      0        0
  SINCE JUL 1      0                         0      0        0

 COOLING
  TODAY            6                         7     -1       11
  MONTH TO DATE  203                       160     43      120
  SINCE SEP 1    203                       160     43      120
  SINCE JAN 1   1169                       928    241     1064
..................................................................


WIND (MPH)
  HIGHEST WIND SPEED    12   HIGHEST WIND DIRECTION    SW (220)
  HIGHEST GUST SPEED    15   HIGHEST GUST DIRECTION    SW (220)
  AVERAGE WIND SPEED     5.3


SKY COVER
  POSSIBLE SUNSHINE  MM
  AVERAGE SKY COVER 0.8


WEATHER CONDITIONS
 THE FOLLOWING WEATHER WAS RECORDED TODAY.
  NO SIGNIFICANT WEATHER WAS OBSERVED.


RELATIVE HUMIDITY (PERCENT)
 HIGHEST    81          1200 AM
 LOWEST     60           300 PM
 AVERAGE    71

..........................................................


THE LONG BEACH AIRPORT CA CLIMATE NORMALS FOR TOMORROW
                         NORMAL    RECORD    YEAR
 MAXIMUM TEMPERATURE (F)   81       100      2015
 MINIMUM TEMPERATURE (F)   63        53      1978


SUNRISE AND SUNSET
SEPTEMBER 19 2017.....SUNRISE   639 AM PDT   SUNSET   653 PM PDT
SEPTEMBER 20 2017.....SUNRISE   640 AM PDT   SUNSET   652 PM PDT


-  INDICATES NEGATIVE NUMBERS.
R  INDICATES RECORD WAS SET OR TIED.
MM INDICATES DATA IS MISSING.
T  INDICATES TRACE AMOUNT.




$$
