000
CDUS46 KLOX 280908
CLILGB


CLIMATE REPORT
NATIONAL WEATHER SERVICE LOS ANGELES/OXNARD CA
208 AM PDT THU MAY 28 2015


...................................

...THE LONG BEACH AIRPORT CA CLIMATE SUMMARY FOR MAY 27 2015...

CLIMATE NORMAL PERIOD 1981 TO 2010
CLIMATE RECORD PERIOD 1958 TO 2015


WEATHER ITEM   OBSERVED TIME   RECORD YEAR NORMAL DEPARTURE LAST
                VALUE   (LST)  VALUE       VALUE  FROM      YEAR
                                                  NORMAL
..................................................................
TEMPERATURE (F)
 YESTERDAY
  MAXIMUM         72    313 PM  91    1997  74     -2       82
                                      1973
  MINIMUM         60   1159 PM  49    1964  59      1       64
  AVERAGE         66                        66      0       73

PRECIPITATION (IN)
  YESTERDAY        0.00          0.05 1971   0.00   0.00     0.00
  MONTH TO DATE    0.77                      0.19   0.58     0.00
  SINCE OCT 1      7.85                     11.93  -4.08     4.43
  SINCE JAN 1      2.59                      8.35  -5.76     3.19

SNOWFALL (IN)
  YESTERDAY        0.0
  MONTH TO DATE    0.0
  SINCE MAR 1      0.0
  SINCE JUL 1      0.0

DEGREE DAYS
 HEATING
  YESTERDAY        0                         1     -1        0
  MONTH TO DATE   33                        36     -3        7
  SINCE MAR 1    111                       321   -210      138
  SINCE JUL 1    534                      1212   -678      716

 COOLING
  YESTERDAY        1                         2     -1        8
  MONTH TO DATE   22                        54    -32      147
  SINCE MAR 1    212                        93    119      234
  SINCE JAN 1    249                       101    148      249
..................................................................


WIND (MPH)
  HIGHEST WIND SPEED    13   HIGHEST WIND DIRECTION    NW (300)
  HIGHEST GUST SPEED    17   HIGHEST GUST DIRECTION    SW (210)
  AVERAGE WIND SPEED     6.1


SKY COVER
  POSSIBLE SUNSHINE  MM
  AVERAGE SKY COVER 0.5


WEATHER CONDITIONS
 THE FOLLOWING WEATHER WAS RECORDED YESTERDAY.
  NO SIGNIFICANT WEATHER WAS OBSERVED.


RELATIVE HUMIDITY (PERCENT)
 HIGHEST    84          1100 PM
 LOWEST     53           200 PM
 AVERAGE    69

..........................................................


THE LONG BEACH AIRPORT CA CLIMATE NORMALS FOR TODAY
                         NORMAL    RECORD    YEAR
 MAXIMUM TEMPERATURE (F)   74       100      1973
 MINIMUM TEMPERATURE (F)   59        47      1962


SUNRISE AND SUNSET
MAY 28 2015...........SUNRISE   544 AM PDT   SUNSET   756 PM PDT
MAY 29 2015...........SUNRISE   544 AM PDT   SUNSET   756 PM PDT


-  INDICATES NEGATIVE NUMBERS.
R  INDICATES RECORD WAS SET OR TIED.
MM INDICATES DATA IS MISSING.
T  INDICATES TRACE AMOUNT.




$$
