000
CDUS46 KLOX 290114
CLILGB


CLIMATE REPORT
NATIONAL WEATHER SERVICE LOS ANGELES/OXNARD CA
613 PM PDT SAT MAR 28 2015


...................................

...THE LONG BEACH AIRPORT CA CLIMATE SUMMARY FOR MARCH 28 2015...
VALID TODAY AS OF 0600 PM LOCAL TIME.

CLIMATE NORMAL PERIOD 1981 TO 2010
CLIMATE RECORD PERIOD 1958 TO 2015


WEATHER ITEM   OBSERVED TIME   RECORD YEAR NORMAL DEPARTURE LAST
                VALUE   (LST)  VALUE       VALUE  FROM      YEAR
                                                  NORMAL
..................................................................
TEMPERATURE (F)
 TODAY
  MAXIMUM         79    447 PM  92    2004  70      9       69
  MINIMUM         60    311 AM  43    1991  51      9       53
  AVERAGE         70                        60     10       61

PRECIPITATION (IN)
  TODAY            0.00          1.19 2006   0.05  -0.05     0.00
  MONTH TO DATE    0.49                      1.75  -1.26     0.47
  SINCE OCT 1      6.86                     11.02  -4.16     4.06
  SINCE JAN 1      1.60                      7.44  -5.84     2.82

SNOWFALL (IN)
  TODAY            0.0
  MONTH TO DATE    0.0
  SINCE MAR 1      0.0
  SINCE JUL 1      0.0

DEGREE DAYS
 HEATING
  TODAY            0                         5     -5        4
  MONTH TO DATE   40                       163   -123       69
  SINCE MAR 1     40                       163   -123       69
  SINCE JUL 1    463                      1054   -591      647

 COOLING
  TODAY            5                         0      5        0
  MONTH TO DATE  110                         0    110       23
  SINCE MAR 1    110                         0    110       23
  SINCE JAN 1    147                         8    139       38
..................................................................


WIND (MPH)
  HIGHEST WIND SPEED    10   HIGHEST WIND DIRECTION    NW (310)
  HIGHEST GUST SPEED    14   HIGHEST GUST DIRECTION     S (190)
  AVERAGE WIND SPEED     5.0


SKY COVER
  POSSIBLE SUNSHINE  MM
  AVERAGE SKY COVER 0.2


WEATHER CONDITIONS
 THE FOLLOWING WEATHER WAS RECORDED TODAY.
  FOG
  HAZE


RELATIVE HUMIDITY (PERCENT)
 HIGHEST    90           200 AM
 LOWEST     35           400 PM
 AVERAGE    63

..........................................................


THE LONG BEACH AIRPORT CA CLIMATE NORMALS FOR TOMORROW
                         NORMAL    RECORD    YEAR
 MAXIMUM TEMPERATURE (F)   70        91      2004
 MINIMUM TEMPERATURE (F)   51        39      1975


SUNRISE AND SUNSET
MARCH 28 2015.........SUNRISE   646 AM PDT   SUNSET   710 PM PDT
MARCH 29 2015.........SUNRISE   644 AM PDT   SUNSET   711 PM PDT


-  INDICATES NEGATIVE NUMBERS.
R  INDICATES RECORD WAS SET OR TIED.
MM INDICATES DATA IS MISSING.
T  INDICATES TRACE AMOUNT.




$$
