000
CDHW41 PHFO 010244
CLILIH


CLIMATE REPORT
NATIONAL WEATHER SERVICE HONOLULU HI
444 PM HST SAT JAN 31 2015


...................................

...THE LIHUE HI CLIMATE SUMMARY FOR JANUARY 31 2015...
VALID TODAY AS OF 0400 PM LOCAL TIME.

CLIMATE NORMAL PERIOD 1981 TO 2010
CLIMATE RECORD PERIOD 1946 TO 2015


WEATHER ITEM   OBSERVED TIME   RECORD YEAR NORMAL DEPARTURE LAST
                VALUE   (LST)  VALUE       VALUE  FROM      YEAR
                                                  NORMAL
..................................................................
TEMPERATURE (F)
 TODAY
  MAXIMUM         78    209 PM  85    1981  78      0       79
  MINIMUM         58    600 AM  54    1985  65     -7       63
  AVERAGE         68                        72     -4       71

PRECIPITATION (IN)
  TODAY            0.00          3.45 1975   0.12  -0.12      T
  MONTH TO DATE    1.16                      3.75  -2.59     1.71
  SINCE DEC 1      2.56                      8.95  -6.39     6.99
  SINCE JAN 1      1.16                      3.75  -2.59     1.71

SNOWFALL (IN)
  TODAY            0.0
  MONTH TO DATE    0.0
  SINCE DEC 1      0.0
  SINCE JUL 1      0.0
  SNOW DEPTH       0

DEGREE DAYS
 HEATING
  TODAY            0                         0      0        0
  MONTH TO DATE    0                         0      0        0
  SINCE DEC 1      0                         0      0        0
  SINCE JUL 1      0                         0      0        0

 COOLING
  TODAY            3                         7     -4        6
  MONTH TO DATE  208                       209     -1      196
  SINCE DEC 1    424                       463    -39      481
  SINCE JAN 1    208                       209     -1      196
..................................................................


WIND (MPH)
  HIGHEST WIND SPEED    12   HIGHEST WIND DIRECTION    NE (50)
  HIGHEST GUST SPEED    14   HIGHEST GUST DIRECTION    NE (50)
  AVERAGE WIND SPEED     6.5


SKY COVER
  POSSIBLE SUNSHINE  MM
  AVERAGE SKY COVER 0.1


WEATHER CONDITIONS
 THE FOLLOWING WEATHER WAS RECORDED TODAY.
  NO SIGNIFICANT WEATHER WAS OBSERVED.


RELATIVE HUMIDITY (PERCENT)
 HIGHEST    84          1200 AM
 LOWEST     50           100 PM
 AVERAGE    67

..........................................................


THE LIHUE HI CLIMATE NORMALS FOR TOMORROW
                         NORMAL    RECORD    YEAR
 MAXIMUM TEMPERATURE (F)   78        84      1981
 MINIMUM TEMPERATURE (F)   65        54      1985


SUNRISE AND SUNSET
JANUARY 31 2015.......SUNRISE   716 AM HST   SUNSET   626 PM HST
FEBRUARY  1 2015......SUNRISE   716 AM HST   SUNSET   627 PM HST


-  INDICATES NEGATIVE NUMBERS.
R  INDICATES RECORD WAS SET OR TIED.
MM INDICATES DATA IS MISSING.
T  INDICATES TRACE AMOUNT.




$$
