000
CDHW41 PHFO 011245
CLILIH


CLIMATE REPORT
NATIONAL WEATHER SERVICE HONOLULU HI
245 AM HST SUN MAY 1 2016


...................................

...THE LIHUE HI CLIMATE SUMMARY FOR APRIL 30 2016...

CLIMATE NORMAL PERIOD 1981 TO 2010
CLIMATE RECORD PERIOD 1946 TO 2016


WEATHER ITEM   OBSERVED TIME   RECORD YEAR NORMAL DEPARTURE LAST
                VALUE   (LST)  VALUE       VALUE  FROM      YEAR
                                                  NORMAL
..................................................................
TEMPERATURE (F)
 YESTERDAY
  MAXIMUM         86R  1157 AM  85    1978  80      6       82
  MINIMUM         74    448 AM  59    1954  69      5       69
  AVERAGE         80                        75      5       76

PRECIPITATION (IN)
  YESTERDAY        0.04          0.88 1966   0.07  -0.03     0.09
  MONTH TO DATE    0.84                      2.25  -1.41     1.48
  SINCE MAR 1      3.46                      6.86  -3.40     3.12
  SINCE JAN 1      4.63                     13.77  -9.14     5.03

SNOWFALL (IN)
  YESTERDAY        0.0
  MONTH TO DATE    0.0
  SINCE MAR 1      0.0
  SINCE JUL 1      0.0
  SNOW DEPTH       0

DEGREE DAYS
 HEATING
  YESTERDAY        0                         0      0        0
  MONTH TO DATE    0                         0      0        0
  SINCE MAR 1      0                         0      0        0
  SINCE JUL 1      0                         0      0        0

 COOLING
  YESTERDAY       15                        10      5       11
  MONTH TO DATE  333                       270     63      351
  SINCE MAR 1    568                       509     59      605
  SINCE JAN 1   1023                       904    119     1061
..................................................................


WIND (MPH)
  HIGHEST WIND SPEED    21   HIGHEST WIND DIRECTION    NE (40)
  HIGHEST GUST SPEED    24   HIGHEST GUST DIRECTION    NE (50)
  AVERAGE WIND SPEED    12.9


SKY COVER
  POSSIBLE SUNSHINE  MM
  AVERAGE SKY COVER 0.7


WEATHER CONDITIONS
 THE FOLLOWING WEATHER WAS RECORDED YESTERDAY.
  LIGHT RAIN


RELATIVE HUMIDITY (PERCENT)
 HIGHEST    74           600 AM
 LOWEST     59          1100 AM
 AVERAGE    67

..........................................................


THE LIHUE HI CLIMATE NORMALS FOR TODAY
                         NORMAL    RECORD    YEAR
 MAXIMUM TEMPERATURE (F)   80        84      2010
                                             2005
 MINIMUM TEMPERATURE (F)   69        58      1996


SUNRISE AND SUNSET
MAY  1 2016...........SUNRISE   605 AM HST   SUNSET   704 PM HST
MAY  2 2016...........SUNRISE   605 AM HST   SUNSET   704 PM HST


-  INDICATES NEGATIVE NUMBERS.
R  INDICATES RECORD WAS SET OR TIED.
MM INDICATES DATA IS MISSING.
T  INDICATES TRACE AMOUNT.




$$
