000
CDHW41 PHFO 011245
CLILIH


CLIMATE REPORT
NATIONAL WEATHER SERVICE HONOLULU HI
245 AM HST WED MAR 1 2017


...................................

...THE LIHUE HI CLIMATE SUMMARY FOR FEBRUARY 28 2017...

CLIMATE NORMAL PERIOD 1981 TO 2010
CLIMATE RECORD PERIOD 1946 TO 2017


WEATHER ITEM   OBSERVED TIME   RECORD YEAR NORMAL DEPARTURE LAST
                VALUE   (LST)  VALUE       VALUE  FROM      YEAR
                                                  NORMAL
..................................................................
TEMPERATURE (F)
 YESTERDAY
  MAXIMUM         75   1252 PM  84    1986  78     -3       80
  MINIMUM         67   1125 PM  56    1965  66      1       68
  AVERAGE         71                        72     -1       74

PRECIPITATION (IN)
  YESTERDAY        1.75          5.40 1954   0.13   1.62     0.00
  MONTH TO DATE    6.28                      3.16   3.12     0.85
  SINCE DEC 1      7.65                     12.11  -4.46     2.59
  SINCE JAN 1      6.48                      6.91  -0.43     1.17

SNOWFALL (IN)
  YESTERDAY        0.0
  MONTH TO DATE    0.0
  SINCE DEC 1      0.0
  SINCE JUL 1      0.0
  SNOW DEPTH       0

DEGREE DAYS
 HEATING
  YESTERDAY        0                         0      0        0
  MONTH TO DATE    0                         0      0        0
  SINCE DEC 1      0                         0      0        0
  SINCE JUL 1      0                         0      0        0

 COOLING
  YESTERDAY        6                         7     -1        9
  MONTH TO DATE  197                       186     11      205
  SINCE DEC 1    711                       649     62      803
  SINCE JAN 1    441                       395     46      447
..................................................................


WIND (MPH)
  HIGHEST WIND SPEED    25   HIGHEST WIND DIRECTION     E (90)
  HIGHEST GUST SPEED    29   HIGHEST GUST DIRECTION     E (90)
  AVERAGE WIND SPEED    13.6


SKY COVER
  POSSIBLE SUNSHINE  MM
  AVERAGE SKY COVER 0.9


WEATHER CONDITIONS
 THE FOLLOWING WEATHER WAS RECORDED YESTERDAY.
  THUNDERSTORM
  HEAVY RAIN
  RAIN
  LIGHT RAIN
  FOG


RELATIVE HUMIDITY (PERCENT)
 HIGHEST   100           900 PM
 LOWEST     73           700 AM
 AVERAGE    87

..........................................................


THE LIHUE HI CLIMATE NORMALS FOR TODAY
                         NORMAL    RECORD    YEAR
 MAXIMUM TEMPERATURE (F)   78        83      1994
                                             1984
 MINIMUM TEMPERATURE (F)   66        54      1953


SUNRISE AND SUNSET
MARCH  1 2017.........SUNRISE   658 AM HST   SUNSET   642 PM HST
MARCH  2 2017.........SUNRISE   657 AM HST   SUNSET   642 PM HST


-  INDICATES NEGATIVE NUMBERS.
R  INDICATES RECORD WAS SET OR TIED.
MM INDICATES DATA IS MISSING.
T  INDICATES TRACE AMOUNT.




$$
