000
CDHW41 PHFO 240242
CLILIH


CLIMATE REPORT
NATIONAL WEATHER SERVICE HONOLULU HI
432 PM HST SAT MAY 23 2015


...................................

...THE LIHUE HI CLIMATE SUMMARY FOR MAY 23 2015...
VALID TODAY AS OF 0400 PM LOCAL TIME.

CLIMATE NORMAL PERIOD 1981 TO 2010
CLIMATE RECORD PERIOD 1946 TO 2015


WEATHER ITEM   OBSERVED TIME   RECORD YEAR NORMAL DEPARTURE LAST
                VALUE   (LST)  VALUE       VALUE  FROM      YEAR
                                                  NORMAL
..................................................................
TEMPERATURE (F)
 TODAY
  MAXIMUM         80    225 PM  85    2004  82     -2       82
                                      1981
                                      1957
  MINIMUM         68    621 AM  61    1959  71     -3       71
  AVERAGE         74                        76     -2       77

PRECIPITATION (IN)
  TODAY            0.00          0.74 1978   0.05  -0.05     0.70
  MONTH TO DATE    0.55                      1.65  -1.10     1.23
  SINCE MAR 1      3.67                      8.51  -4.84     3.81
  SINCE JAN 1      5.58                     15.42  -9.84    14.21

SNOWFALL (IN)
  TODAY            0.0
  MONTH TO DATE    0.0
  SINCE MAR 1      0.0
  SINCE JUL 1      0.0
  SNOW DEPTH       0

DEGREE DAYS
 HEATING
  TODAY            0                         0      0        0
  MONTH TO DATE    0                         0      0        0
  SINCE MAR 1      0                         0      0        0
  SINCE JUL 1      0                         0      0        0

 COOLING
  TODAY            9                        11     -2       12
  MONTH TO DATE  287                       240     47      250
  SINCE MAR 1    892                       749    143      750
  SINCE JAN 1   1348                      1144    204     1126
..................................................................


WIND (MPH)
  HIGHEST WIND SPEED    26   HIGHEST WIND DIRECTION     N (20)
  HIGHEST GUST SPEED    31   HIGHEST GUST DIRECTION     N (20)
  AVERAGE WIND SPEED    14.2


SKY COVER
  POSSIBLE SUNSHINE  MM
  AVERAGE SKY COVER 0.4


WEATHER CONDITIONS
 THE FOLLOWING WEATHER WAS RECORDED TODAY.
  NO SIGNIFICANT WEATHER WAS OBSERVED.


RELATIVE HUMIDITY (PERCENT)
 HIGHEST    73          1200 AM
 LOWEST     48           100 PM
 AVERAGE    61

..........................................................


THE LIHUE HI CLIMATE NORMALS FOR TOMORROW
                         NORMAL    RECORD    YEAR
 MAXIMUM TEMPERATURE (F)   82        85      1996
                                             1981
 MINIMUM TEMPERATURE (F)   71        62      1985


SUNRISE AND SUNSET
MAY 23 2015...........SUNRISE   555 AM HST   SUNSET   713 PM HST
MAY 24 2015...........SUNRISE   555 AM HST   SUNSET   714 PM HST


-  INDICATES NEGATIVE NUMBERS.
R  INDICATES RECORD WAS SET OR TIED.
MM INDICATES DATA IS MISSING.
T  INDICATES TRACE AMOUNT.




$$
