000
CDHW41 PHFO 190226
CLILIH


CLIMATE REPORT
NATIONAL WEATHER SERVICE HONOLULU HI
426 PM HST THU SEP 18 2014


...................................

...THE LIHUE HI CLIMATE SUMMARY FOR SEPTEMBER 18 2014...
VALID TODAY AS OF 0400 PM LOCAL TIME.

CLIMATE NORMAL PERIOD 1981 TO 2010
CLIMATE RECORD PERIOD 1946 TO 2014


WEATHER ITEM   OBSERVED TIME   RECORD YEAR NORMAL DEPARTURE LAST
                VALUE   (LST)  VALUE       VALUE  FROM      YEAR
                                                  NORMAL
..................................................................
TEMPERATURE (F)
 TODAY
  MAXIMUM         87    218 PM  89    1995  85      2       85
  MINIMUM         73    543 AM  67    1961  74     -1       75
  AVERAGE         80                        79      1       80

PRECIPITATION (IN)
  TODAY            0.01          2.52 1980   0.07  -0.06     0.11
  MONTH TO DATE    0.52                      1.12  -0.60     1.40
  SINCE SEP 1      0.52                      1.12  -0.60     1.40
  SINCE JAN 1     24.69                     22.57   2.12    18.61

SNOWFALL (IN)
  TODAY            0.0
  MONTH TO DATE    0.0
  SINCE SEP 1      0.0
  SINCE JUL 1      0.0
  SNOW DEPTH       0

DEGREE DAYS
 HEATING
  TODAY            0                         0      0        0
  MONTH TO DATE    0                         0      0        0
  SINCE SEP 1      0                         0      0        0
  SINCE JUL 1      0                         0      0        0

 COOLING
  TODAY           15                        14      1       15
  MONTH TO DATE  276                       267      9      274
  SINCE SEP 1    276                       267      9      274
  SINCE JAN 1   2794                      2793      1     2570
..................................................................


WIND (MPH)
  HIGHEST WIND SPEED    15   HIGHEST WIND DIRECTION     E (70)
  HIGHEST GUST SPEED    17   HIGHEST GUST DIRECTION     E (80)
  AVERAGE WIND SPEED     7.7


SKY COVER
  POSSIBLE SUNSHINE  MM
  AVERAGE SKY COVER 0.4


WEATHER CONDITIONS
 THE FOLLOWING WEATHER WAS RECORDED TODAY.
  NO SIGNIFICANT WEATHER WAS OBSERVED.


RELATIVE HUMIDITY (PERCENT)
 HIGHEST    93           500 AM
 LOWEST     59          1200 PM
 AVERAGE    76

..........................................................


THE LIHUE HI CLIMATE NORMALS FOR TOMORROW
                         NORMAL    RECORD    YEAR
 MAXIMUM TEMPERATURE (F)   85        87      2011
                                             1994
                                             1981
 MINIMUM TEMPERATURE (F)   74        68      1986
                                             1957


SUNRISE AND SUNSET
SEPTEMBER 18 2014.....SUNRISE   625 AM HST   SUNSET   637 PM HST
SEPTEMBER 19 2014.....SUNRISE   625 AM HST   SUNSET   636 PM HST


-  INDICATES NEGATIVE NUMBERS.
R  INDICATES RECORD WAS SET OR TIED.
MM INDICATES DATA IS MISSING.
T  INDICATES TRACE AMOUNT.




$$
