000
CDUS44 KLZK 260640
CLILIT


CLIMATE REPORT
NATIONAL WEATHER SERVICE LITTLE ROCK AR
1239 AM CST SUN FEB 26 2017


...................................

...THE LITTLE ROCK ADAMS FIELD CLIMATE SUMMARY FOR FEBRUARY 25 2017...

CLIMATE NORMAL PERIOD 1981 TO 2010
CLIMATE RECORD PERIOD 1874 TO 2017


WEATHER ITEM   OBSERVED TIME   RECORD YEAR NORMAL DEPARTURE LAST
                VALUE   (LST)  VALUE       VALUE  FROM      YEAR
                                                  NORMAL
..................................................................
TEMPERATURE (F)
 YESTERDAY
  MAXIMUM         52    349 PM  87    1918  58     -6       53
  MINIMUM         32    702 AM  16    1965  37     -5       31
  AVERAGE         42                        48     -6       42

PRECIPITATION (IN)
  YESTERDAY        0.00          2.38 1923   0.15  -0.15     0.00
  MONTH TO DATE    3.16                      3.23  -0.07     2.14
  SINCE DEC 1      9.02                     11.75  -2.73    14.07
  SINCE JAN 1      4.63                      6.78  -2.15     5.69

SNOWFALL (IN)
  YESTERDAY        0.0           3.0  1979   0.0    0.0      0.0
  MONTH TO DATE    0.0                       1.2   -1.2      0.0
  SINCE DEC 1      0.2                       3.0   -2.8      5.7
  SINCE JUL 1      0.2                       3.0   -2.8      5.7
  SNOW DEPTH       0

DEGREE DAYS
 HEATING
  YESTERDAY       23                        17      6       23
  MONTH TO DATE  300                       517   -217      405
  SINCE DEC 1   1541                      1949   -408     1517
  SINCE JUL 1   1880                      2463   -583     1841

 COOLING
  YESTERDAY        0                         0      0        0
  MONTH TO DATE    8                         0      8        5
  SINCE DEC 1     10                         3      7       17
  SINCE JAN 1      8                         1      7        6
..................................................................


WIND (MPH)
  HIGHEST WIND SPEED    23   HIGHEST WIND DIRECTION    NW (310)
  HIGHEST GUST SPEED    32   HIGHEST GUST DIRECTION     W (290)
  AVERAGE WIND SPEED     8.7


SKY COVER
  POSSIBLE SUNSHINE  MM
  AVERAGE SKY COVER 0.0


WEATHER CONDITIONS
 THE FOLLOWING WEATHER WAS RECORDED YESTERDAY.
  NO SIGNIFICANT WEATHER WAS OBSERVED.


RELATIVE HUMIDITY (PERCENT)
 HIGHEST    70          1000 PM
 LOWEST     24           300 PM
 AVERAGE    47

..........................................................


THE LITTLE ROCK ADAMS FIELD CLIMATE NORMALS FOR TODAY
                         NORMAL    RECORD    YEAR
 MAXIMUM TEMPERATURE (F)   58        83      1986
 MINIMUM TEMPERATURE (F)   38        19      1934


SUNRISE AND SUNSET
FEBRUARY 26 2017......SUNRISE   641 AM CST   SUNSET   602 PM CST
FEBRUARY 27 2017......SUNRISE   640 AM CST   SUNSET   603 PM CST


-  INDICATES NEGATIVE NUMBERS.
R  INDICATES RECORD WAS SET OR TIED.
MM INDICATES DATA IS MISSING.
T  INDICATES TRACE AMOUNT.




$$
