000
CDUS44 KLZK 100646
CLILIT


CLIMATE REPORT
NATIONAL WEATHER SERVICE LITTLE ROCK AR
1240 AM CST WED FEB 10 2016


...................................

...THE LITTLE ROCK ADAMS FIELD CLIMATE SUMMARY FOR FEBRUARY 9 2016...

CLIMATE NORMAL PERIOD 1981 TO 2010
CLIMATE RECORD PERIOD 1874 TO 2016


WEATHER ITEM   OBSERVED TIME   RECORD YEAR NORMAL DEPARTURE LAST
                VALUE   (LST)  VALUE       VALUE  FROM      YEAR
                                                  NORMAL
..................................................................
TEMPERATURE (F)
 YESTERDAY
  MAXIMUM         51    340 PM  82    1954  54     -3       65
  MINIMUM         33    708 AM   7    1933  33      0       38
                                      1899
  AVERAGE         42                        43     -1       52

PRECIPITATION (IN)
  YESTERDAY        0.00          1.67 1966   0.12  -0.12     0.00
  MONTH TO DATE    T                         1.10  -1.10     0.55
  SINCE DEC 1     11.93                      9.62   2.31     6.68
  SINCE JAN 1      3.55                      4.65  -1.10     3.52

SNOWFALL (IN)
  YESTERDAY        0.0           5.9  2011   0.1   -0.1      0.0
  MONTH TO DATE    0.0                       0.5   -0.5      0.0
  SINCE DEC 1      5.7                       2.3    3.4       T
  SINCE JUL 1      5.7                       2.3    3.4      0.1
  SNOW DEPTH       0

DEGREE DAYS
 HEATING
  YESTERDAY       23                        22      1       13
  MONTH TO DATE  163                       203    -40      181
  SINCE DEC 1   1275                      1635   -360     1510
  SINCE JUL 1   1599                      2149   -550     2081

 COOLING
  YESTERDAY        0                         0      0        0
  MONTH TO DATE    0                         0      0        0
  SINCE DEC 1     12                         3      9        0
  SINCE JAN 1      1                         1      0        0
..................................................................


WIND (MPH)
  HIGHEST WIND SPEED    29   HIGHEST WIND DIRECTION    NW (300)
  HIGHEST GUST SPEED    39   HIGHEST GUST DIRECTION    NW (320)
  AVERAGE WIND SPEED    16.6


SKY COVER
  POSSIBLE SUNSHINE  MM
  AVERAGE SKY COVER 0.2


WEATHER CONDITIONS
 THE FOLLOWING WEATHER WAS RECORDED YESTERDAY.
  NO SIGNIFICANT WEATHER WAS OBSERVED.


RELATIVE HUMIDITY (PERCENT)
 HIGHEST    51           700 AM
 LOWEST     15           400 PM
 AVERAGE    33

..........................................................


THE LITTLE ROCK ADAMS FIELD CLIMATE NORMALS FOR TODAY
                         NORMAL    RECORD    YEAR
 MAXIMUM TEMPERATURE (F)   54        79      1954
 MINIMUM TEMPERATURE (F)   33         7      1899


SUNRISE AND SUNSET
FEBRUARY 10 2016......SUNRISE   700 AM CST   SUNSET   547 PM CST
FEBRUARY 11 2016......SUNRISE   659 AM CST   SUNSET   548 PM CST


-  INDICATES NEGATIVE NUMBERS.
R  INDICATES RECORD WAS SET OR TIED.
MM INDICATES DATA IS MISSING.
T  INDICATES TRACE AMOUNT.




$$
