000
CDUS44 KLZK 252057
CLILIT


CLIMATE REPORT
NATIONAL WEATHER SERVICE LITTLE ROCK AR
356 PM CDT SAT OCT 25 2014


...................................

...THE LITTLE ROCK ADAMS FIELD CLIMATE SUMMARY FOR OCTOBER 25 2014...
VALID TODAY AS OF 0300 PM LOCAL TIME.

CLIMATE NORMAL PERIOD 1981 TO 2010
CLIMATE RECORD PERIOD 1874 TO 2014


WEATHER ITEM   OBSERVED TIME   RECORD YEAR NORMAL DEPARTURE LAST
                VALUE   (LST)  VALUE       VALUE  FROM      YEAR
                                                  NORMAL
..................................................................
TEMPERATURE (F)
 TODAY
  MAXIMUM         87    232 PM  89    1944  72     15       57
  MINIMUM         57    351 AM  31    1965  50      7       38
  AVERAGE         72                        61     11       48

PRECIPITATION (IN)
  TODAY            0.00          1.67 2006   0.16  -0.16     0.00
  MONTH TO DATE    3.28                      3.92  -0.64     2.22
  SINCE SEP 1      5.29                      7.10  -1.81     5.43
  SINCE JAN 1     42.42                     38.51   3.91    40.03

SNOWFALL (IN)
  TODAY            0.0          MM      MM   0.0    0.0      0.0
  MONTH TO DATE    0.0                       0.0    0.0      0.0
  SINCE SEP 1      0.0                       0.0    0.0      0.0
  SINCE JUL 1      0.0                       0.0    0.0      0.0
  SNOW DEPTH       0

DEGREE DAYS
 HEATING
  TODAY            0                         6     -6       17
  MONTH TO DATE   40                        82    -42       87
  SINCE SEP 1     44                        93    -49       87
  SINCE JUL 1     44                        93    -49       87

 COOLING
  TODAY            7                         1      6        0
  MONTH TO DATE   96                        74     22       82
  SINCE SEP 1    426                       386     40      486
  SINCE JAN 1   2036                      2187   -151     2192
..................................................................


WIND (MPH)
  HIGHEST WIND SPEED    12   HIGHEST WIND DIRECTION    SW (240)
  HIGHEST GUST SPEED    15   HIGHEST GUST DIRECTION     W (250)
  AVERAGE WIND SPEED     5.4


SKY COVER
  POSSIBLE SUNSHINE  MM
  AVERAGE SKY COVER 0.0


WEATHER CONDITIONS
 THE FOLLOWING WEATHER WAS RECORDED TODAY.
  FOG


RELATIVE HUMIDITY (PERCENT)
 HIGHEST    93           600 AM
 LOWEST     42           200 PM
 AVERAGE    68

..........................................................


THE LITTLE ROCK ADAMS FIELD CLIMATE NORMALS FOR TOMORROW
                         NORMAL    RECORD    YEAR
 MAXIMUM TEMPERATURE (F)   71        88      1992
 MINIMUM TEMPERATURE (F)   49        33      1898


SUNRISE AND SUNSET
OCTOBER 25 2014.......SUNRISE   723 AM CDT   SUNSET   622 PM CDT
OCTOBER 26 2014.......SUNRISE   724 AM CDT   SUNSET   621 PM CDT


-  INDICATES NEGATIVE NUMBERS.
R  INDICATES RECORD WAS SET OR TIED.
MM INDICATES DATA IS MISSING.
T  INDICATES TRACE AMOUNT.




$$
