000
CDUS44 KLZK 220635
CLILIT


CLIMATE REPORT
NATIONAL WEATHER SERVICE LITTLE ROCK AR
1234 AM CST WED NOV 22 2017


...................................

...THE LITTLE ROCK ADAMS FIELD CLIMATE SUMMARY FOR NOVEMBER 21 2017...

CLIMATE NORMAL PERIOD 1981 TO 2010
CLIMATE RECORD PERIOD 1874 TO 2017


WEATHER ITEM   OBSERVED TIME   RECORD YEAR NORMAL DEPARTURE LAST
                VALUE   (LST)  VALUE       VALUE  FROM      YEAR
                                                  NORMAL
..................................................................
TEMPERATURE (F)
 YESTERDAY
  MAXIMUM         62    213 PM  78    1883  61      1       63
  MINIMUM         35    719 AM  19    1937  40     -5       32
  AVERAGE         49                        50     -1       48

PRECIPITATION (IN)
  YESTERDAY        0.00          6.06 2011   0.18  -0.18     0.00
  MONTH TO DATE    0.42                      3.60  -3.18     0.11
  SINCE SEP 1      2.24                     11.69  -9.45     3.33
  SINCE JAN 1     39.53                     43.10  -3.57    49.28

SNOWFALL (IN)
  YESTERDAY        0.0           2.0  1929   0.0    0.0      0.0
  MONTH TO DATE    0.0                       0.0    0.0      0.0
  SINCE SEP 1      T                         0.0    0.0      0.0
  SINCE JUL 1      T                         0.0    0.0      0.0
  SNOW DEPTH       0

DEGREE DAYS
 HEATING
  YESTERDAY       16                        15      1       17
  MONTH TO DATE  203                       233    -30      163
  SINCE SEP 1    348                       365    -17      196
  SINCE JUL 1    348                       365    -17      196

 COOLING
  YESTERDAY        0                         0      0        0
  MONTH TO DATE   34                         9     25       16
  SINCE SEP 1    460                       402     58      597
  SINCE JAN 1   2028                      2203   -175     2650
..................................................................


WIND (MPH)
  HIGHEST WIND SPEED    15   HIGHEST WIND DIRECTION     N (360)
  HIGHEST GUST SPEED    21   HIGHEST GUST DIRECTION     N (350)
  AVERAGE WIND SPEED     4.3


SKY COVER
  POSSIBLE SUNSHINE  MM
  AVERAGE SKY COVER 0.6


WEATHER CONDITIONS
 THE FOLLOWING WEATHER WAS RECORDED YESTERDAY.
  NO SIGNIFICANT WEATHER WAS OBSERVED.


RELATIVE HUMIDITY (PERCENT)
 HIGHEST   100           900 PM
 LOWEST     51          1200 PM
 AVERAGE    76

..........................................................


THE LITTLE ROCK ADAMS FIELD CLIMATE NORMALS FOR TODAY
                         NORMAL    RECORD    YEAR
 MAXIMUM TEMPERATURE (F)   60        77      1999
 MINIMUM TEMPERATURE (F)   40        17      1964


SUNRISE AND SUNSET
NOVEMBER 22 2017......SUNRISE   650 AM CST   SUNSET   500 PM CST
NOVEMBER 23 2017......SUNRISE   651 AM CST   SUNSET   500 PM CST


-  INDICATES NEGATIVE NUMBERS.
R  INDICATES RECORD WAS SET OR TIED.
MM INDICATES DATA IS MISSING.
T  INDICATES TRACE AMOUNT.




$$
