000
CDUS44 KLZK 292114
CLILIT


CLIMATE REPORT
NATIONAL WEATHER SERVICE LITTLE ROCK AR
413 PM CDT MON MAY 29 2017


...................................

...THE LITTLE ROCK ADAMS FIELD CLIMATE SUMMARY FOR MAY 29 2017...
VALID TODAY AS OF 0400 PM LOCAL TIME.

CLIMATE NORMAL PERIOD 1981 TO 2010
CLIMATE RECORD PERIOD 1874 TO 2017


WEATHER ITEM   OBSERVED TIME   RECORD YEAR NORMAL DEPARTURE LAST
                VALUE   (LST)  VALUE       VALUE  FROM      YEAR
                                                  NORMAL
..................................................................
TEMPERATURE (F)
 TODAY
  MAXIMUM         85    224 PM  97    2012  85      0       92
  MINIMUM         63    532 AM  46    1971  65     -2       65
  AVERAGE         74                        75     -1       79

PRECIPITATION (IN)
  TODAY            0.00          1.82 2014   0.14  -0.14     0.02
  MONTH TO DATE    6.66                      4.60   2.06     2.32
  SINCE MAR 1     20.66                     14.42   6.24    22.38
  SINCE JAN 1     25.66                     21.63   4.03    28.07

SNOWFALL (IN)
  TODAY            0.0          MM      MM   0.0    0.0      0.0
  MONTH TO DATE    0.0                       0.0    0.0      0.0
  SINCE MAR 1      0.0                       0.4   -0.4      0.0
  SINCE JUL 1      0.2                       3.5   -3.3      5.7
  SNOW DEPTH       0

DEGREE DAYS
 HEATING
  TODAY            0                         0      0        0
  MONTH TO DATE   26                        18      8        8
  SINCE MAR 1    380                       537   -157      302
  SINCE JUL 1   2294                      3050   -756     2191

 COOLING
  TODAY            9                        10     -1       14
  MONTH TO DATE  140                       188    -48      157
  SINCE MAR 1    235                       258    -23      246
  SINCE JAN 1    247                       260    -13      252
..................................................................


WIND (MPH)
  HIGHEST WIND SPEED    10   HIGHEST WIND DIRECTION    NW (330)
  HIGHEST GUST SPEED    MM   HIGHEST GUST DIRECTION    MM
  AVERAGE WIND SPEED     4.8


SKY COVER
  POSSIBLE SUNSHINE  MM
  AVERAGE SKY COVER 0.8


WEATHER CONDITIONS
 THE FOLLOWING WEATHER WAS RECORDED TODAY.
  NO SIGNIFICANT WEATHER WAS OBSERVED.


RELATIVE HUMIDITY (PERCENT)
 HIGHEST    93           400 AM
 LOWEST     37          1200 PM
 AVERAGE    65

..........................................................


THE LITTLE ROCK ADAMS FIELD CLIMATE NORMALS FOR TOMORROW
                         NORMAL    RECORD    YEAR
 MAXIMUM TEMPERATURE (F)   85        97      1977
 MINIMUM TEMPERATURE (F)   65        47      1971


SUNRISE AND SUNSET
MAY 29 2017...........SUNRISE   558 AM CDT   SUNSET   815 PM CDT
MAY 30 2017...........SUNRISE   557 AM CDT   SUNSET   816 PM CDT


-  INDICATES NEGATIVE NUMBERS.
R  INDICATES RECORD WAS SET OR TIED.
MM INDICATES DATA IS MISSING.
T  INDICATES TRACE AMOUNT.




$$
