456
CDUS44 KLZK 240645
CLILIT


CLIMATE REPORT
NATIONAL WEATHER SERVICE LITTLE ROCK AR
1245 AM CST SAT FEB 24 2018


...................................

...THE LITTLE ROCK ADAMS FIELD CLIMATE SUMMARY FOR FEBRUARY 23 2018...

CLIMATE NORMAL PERIOD 1981 TO 2010
CLIMATE RECORD PERIOD 1874 TO 2018


WEATHER ITEM   OBSERVED TIME   RECORD YEAR NORMAL DEPARTURE LAST
                VALUE   (LST)  VALUE       VALUE  FROM      YEAR
                                                  NORMAL
..................................................................
TEMPERATURE (F)
 YESTERDAY
  MAXIMUM         55    324 PM  82    2012  57     -2       79
                                      1982
  MINIMUM         47    307 AM  16    1989  37     10       47
  AVERAGE         51                        47      4       63

PRECIPITATION (IN)
  YESTERDAY        1.51          2.08 1909   0.14   1.37     0.00
  MONTH TO DATE    8.92                      2.94   5.98     3.16
  SINCE DEC 1     18.88                     11.46   7.42     9.02
  SINCE JAN 1     11.14                      6.49   4.65     4.63

SNOWFALL (IN)
  YESTERDAY        0.0           8.5  1966   0.0    0.0      0.0
  MONTH TO DATE    0.0                       1.1   -1.1      0.0
  SINCE DEC 1      1.7                       2.9   -1.2      0.2
  SINCE JUL 1      1.7                       2.9   -1.2      0.2
  SNOW DEPTH       0

DEGREE DAYS
 HEATING
  YESTERDAY       14                        18     -4        2
  MONTH TO DATE  473                       482     -9      271
  SINCE DEC 1   2000                      1914     86     1512
  SINCE JUL 1   2466                      2428     38     1851

 COOLING
  YESTERDAY        0                         0      0        0
  MONTH TO DATE    9                         0      9        8
  SINCE DEC 1      9                         3      6       10
  SINCE JAN 1      9                         1      8        8
..................................................................


WIND (MPH)
  HIGHEST WIND SPEED    12   HIGHEST WIND DIRECTION    NE (60)
  HIGHEST GUST SPEED    14   HIGHEST GUST DIRECTION    NE (40)
  AVERAGE WIND SPEED     6.2


SKY COVER
  POSSIBLE SUNSHINE  MM
  AVERAGE SKY COVER 0.9


WEATHER CONDITIONS
 THE FOLLOWING WEATHER WAS RECORDED YESTERDAY.
  THUNDERSTORM
  HEAVY RAIN
  RAIN
  LIGHT RAIN
  FOG


RELATIVE HUMIDITY (PERCENT)
 HIGHEST   100           100 AM
 LOWEST    100           100 AM
 AVERAGE   100

..........................................................


THE LITTLE ROCK ADAMS FIELD CLIMATE NORMALS FOR TODAY
                         NORMAL    RECORD    YEAR
 MAXIMUM TEMPERATURE (F)   58        78      1918
                                             1891
                                             1890
 MINIMUM TEMPERATURE (F)   37        17      1889


SUNRISE AND SUNSET
FEBRUARY 24 2018......SUNRISE   644 AM CST   SUNSET   600 PM CST
FEBRUARY 25 2018......SUNRISE   643 AM CST   SUNSET   601 PM CST


-  INDICATES NEGATIVE NUMBERS.
R  INDICATES RECORD WAS SET OR TIED.
MM INDICATES DATA IS MISSING.
T  INDICATES TRACE AMOUNT.




$$
