000
CDUS44 KLZK 262102
CLILIT


CLIMATE REPORT
NATIONAL WEATHER SERVICE LITTLE ROCK AR
401 PM CDT SUN MAR 26 2017


...................................

...THE LITTLE ROCK ADAMS FIELD CLIMATE SUMMARY FOR MARCH 26 2017...
VALID TODAY AS OF 0400 PM LOCAL TIME.

CLIMATE NORMAL PERIOD 1981 TO 2010
CLIMATE RECORD PERIOD 1874 TO 2017


WEATHER ITEM   OBSERVED TIME   RECORD YEAR NORMAL DEPARTURE LAST
                VALUE   (LST)  VALUE       VALUE  FROM      YEAR
                                                  NORMAL
..................................................................
TEMPERATURE (F)
 TODAY
  MAXIMUM         76    257 PM  85    1907  67      9       72
  MINIMUM         45    617 AM  19    1955  45      0       38
  AVERAGE         61                        56      5       55

PRECIPITATION (IN)
  TODAY            0.00          2.02 1949   0.16  -0.16     0.00
  MONTH TO DATE    3.57                      3.88  -0.31     8.22
  SINCE MAR 1      3.57                      3.88  -0.31     8.22
  SINCE JAN 1      8.57                     11.09  -2.52    13.91

SNOWFALL (IN)
  TODAY            0.0           0.1  1937   0.0    0.0      0.0
  MONTH TO DATE    0.0                       0.4   -0.4      0.0
  SINCE MAR 1      0.0                       0.4   -0.4      0.0
  SINCE JUL 1      0.2                       3.5   -3.3      5.7
  SNOW DEPTH       0

DEGREE DAYS
 HEATING
  TODAY            4                         9     -5       10
  MONTH TO DATE  271                       331    -60      201
  SINCE MAR 1    271                       331    -60      201
  SINCE JUL 1   2185                      2844   -659     2090

 COOLING
  TODAY            0                         1     -1        0
  MONTH TO DATE   13                         6      7       14
  SINCE MAR 1     13                         6      7       14
  SINCE JAN 1     25                         8     17       20
..................................................................


WIND (MPH)
  HIGHEST WIND SPEED    13   HIGHEST WIND DIRECTION     S (180)
  HIGHEST GUST SPEED    17   HIGHEST GUST DIRECTION     S (200)
  AVERAGE WIND SPEED     3.8


SKY COVER
  POSSIBLE SUNSHINE  MM
  AVERAGE SKY COVER 0.2


WEATHER CONDITIONS
 THE FOLLOWING WEATHER WAS RECORDED TODAY.
  NO SIGNIFICANT WEATHER WAS OBSERVED.


RELATIVE HUMIDITY (PERCENT)
 HIGHEST   100           200 AM
 LOWEST     43           200 PM
 AVERAGE    72

..........................................................


THE LITTLE ROCK ADAMS FIELD CLIMATE NORMALS FOR TOMORROW
                         NORMAL    RECORD    YEAR
 MAXIMUM TEMPERATURE (F)   68        87      1895
 MINIMUM TEMPERATURE (F)   46        21      1955


SUNRISE AND SUNSET
MARCH 26 2017.........SUNRISE   704 AM CDT   SUNSET   726 PM CDT
MARCH 27 2017.........SUNRISE   702 AM CDT   SUNSET   726 PM CDT


-  INDICATES NEGATIVE NUMBERS.
R  INDICATES RECORD WAS SET OR TIED.
MM INDICATES DATA IS MISSING.
T  INDICATES TRACE AMOUNT.




$$
