000
CDUS45 KPIH 210733
CLILLJ


CLIMATE REPORT
NATIONAL WEATHER SERVICE POCATELLO ID
131 AM MDT SUN SEP 21 2014


...................................

...THE CHALLIS ID CLIMATE SUMMARY FOR SEPTEMBER 20 2014...

CLIMATE NORMAL PERIOD 1981 TO 2010
CLIMATE RECORD PERIOD 1898 TO 2014


WEATHER ITEM   OBSERVED TIME   RECORD YEAR NORMAL DEPARTURE LAST
                VALUE   (LST)  VALUE       VALUE  FROM      YEAR
                                                  NORMAL
..................................................................
TEMPERATURE (F)
 YESTERDAY
  MAXIMUM         83    439 PM  90    1928  71     12       77
  MINIMUM         43    653 AM  21    1983  38      5       33
  AVERAGE         63                        54      9       55

PRECIPITATION (IN)
  YESTERDAY        0.00          1.10 1968   0.03  -0.03     0.00
  MONTH TO DATE    0.02                      0.54  -0.52     0.56
  SINCE OCT 1      5.57                      9.86  -4.29     5.14
  SINCE JAN 1      4.84                      7.93  -3.09     3.07

SNOWFALL (IN)
  YESTERDAY       MM
  MONTH TO DATE   MM
  SINCE SEP 1     MM
  SINCE JUL 1     MM
  SNOW DEPTH      MM

DEGREE DAYS
 HEATING
  YESTERDAY        2                        11     -9       10
  MONTH TO DATE   92                       150    -58       57
  SINCE SEP 1     92                       150    -58       57
  SINCE JUL 1    160                       223    -63       63

 COOLING
  YESTERDAY        0                         0      0        0
  MONTH TO DATE    0                         4     -4       30
  SINCE SEP 1      0                         4     -4       30
  SINCE JAN 1    305                       246     59      420
..................................................................


WIND (MPH)
  HIGHEST WIND SPEED    10   HIGHEST WIND DIRECTION    NW (320)
  HIGHEST GUST SPEED    12   HIGHEST GUST DIRECTION    NW (320)
  AVERAGE WIND SPEED     3.2


SKY COVER
  POSSIBLE SUNSHINE  MM
  AVERAGE SKY COVER 0.0


WEATHER CONDITIONS
 THE FOLLOWING WEATHER WAS RECORDED YESTERDAY.
  NO SIGNIFICANT WEATHER WAS OBSERVED.


RELATIVE HUMIDITY (PERCENT)
 HIGHEST    76           600 AM
 LOWEST     20           400 PM
 AVERAGE    48

..........................................................


THE CHALLIS ID CLIMATE NORMALS FOR TODAY
                         NORMAL    RECORD    YEAR
 MAXIMUM TEMPERATURE (F)   71        89      1928
 MINIMUM TEMPERATURE (F)   37        23      1983


SUNRISE AND SUNSET
SEPTEMBER 21 2014.....SUNRISE   723 AM MDT   SUNSET   736 PM MDT
SEPTEMBER 22 2014.....SUNRISE   724 AM MDT   SUNSET   734 PM MDT


-  INDICATES NEGATIVE NUMBERS.
R  INDICATES RECORD WAS SET OR TIED.
MM INDICATES DATA IS MISSING.
T  INDICATES TRACE AMOUNT.




$$
