000
CDUS45 KPIH 100731
CLILLJ


CLIMATE REPORT
NATIONAL WEATHER SERVICE POCATELLO ID
1231 AM MST SAT DEC 10 2016


...................................

...THE CHALLIS ID CLIMATE SUMMARY FOR DECEMBER 9 2016...

CLIMATE NORMAL PERIOD 1981 TO 2010
CLIMATE RECORD PERIOD 1898 TO 2016


WEATHER ITEM   OBSERVED TIME   RECORD YEAR NORMAL DEPARTURE LAST
                VALUE   (LST)  VALUE       VALUE  FROM      YEAR
                                                  NORMAL
..................................................................
TEMPERATURE (F)
 YESTERDAY
  MAXIMUM         20   1159 PM  57    1933  28     -8       50
  MINIMUM         10    717 AM -29    1919  10      0       29
  AVERAGE         15                        19     -4       40

PRECIPITATION (IN)
  YESTERDAY        0.14R         0.14 1969   0.02   0.12     0.01
  MONTH TO DATE    0.24                      0.22   0.02     0.03
  SINCE OCT 1      2.32                      1.41   0.91     1.54
  SINCE JAN 1      6.30                      9.54  -3.24     6.42

SNOWFALL (IN)
  YESTERDAY       MM
  MONTH TO DATE   MM
  SINCE DEC 1     MM
  SINCE JUL 1     MM
  SNOW DEPTH      MM

DEGREE DAYS
 HEATING
  YESTERDAY       50                        46      4       25
  MONTH TO DATE  420                       401     19      358
  SINCE DEC 1    420                       401     19      358
  SINCE JUL 1   2207                      2444   -237     2224

 COOLING
  YESTERDAY        0                         0      0        0
  MONTH TO DATE    0                         0      0        0
  SINCE DEC 1      0                         0      0        0
  SINCE JAN 1    277                       248     29      315
..................................................................


WIND (MPH)
  HIGHEST WIND SPEED     7   HIGHEST WIND DIRECTION     S (190)
  HIGHEST GUST SPEED     8   HIGHEST GUST DIRECTION    SE (140)
  AVERAGE WIND SPEED     0.4


SKY COVER
  POSSIBLE SUNSHINE  MM
  AVERAGE SKY COVER 1.0


WEATHER CONDITIONS
 THE FOLLOWING WEATHER WAS RECORDED YESTERDAY.
  SNOW
  LIGHT SNOW
  FOG


RELATIVE HUMIDITY (PERCENT)
 HIGHEST   100           100 AM
 LOWEST     88           900 AM
 AVERAGE    94

..........................................................


THE CHALLIS ID CLIMATE NORMALS FOR TODAY
                         NORMAL    RECORD    YEAR
 MAXIMUM TEMPERATURE (F)   28        56      1939
 MINIMUM TEMPERATURE (F)   10       -25      1972


SUNRISE AND SUNSET
DECEMBER 10 2016......SUNRISE   803 AM MST   SUNSET   457 PM MST
DECEMBER 11 2016......SUNRISE   804 AM MST   SUNSET   457 PM MST


-  INDICATES NEGATIVE NUMBERS.
R  INDICATES RECORD WAS SET OR TIED.
MM INDICATES DATA IS MISSING.
T  INDICATES TRACE AMOUNT.




$$
