000
CDUS45 KPIH 222325
CLILLJ


CLIMATE REPORT
NATIONAL WEATHER SERVICE POCATELLO ID
521 PM MDT FRI AUG 22 2014


...................................

...THE CHALLIS ID CLIMATE SUMMARY FOR AUGUST 22 2014...
VALID TODAY AS OF 0500 PM LOCAL TIME.

CLIMATE NORMAL PERIOD 1981 TO 2010
CLIMATE RECORD PERIOD 1898 TO 2014


WEATHER ITEM   OBSERVED TIME   RECORD YEAR NORMAL DEPARTURE LAST
                VALUE   (LST)  VALUE       VALUE  FROM      YEAR
                                                  NORMAL
..................................................................
TEMPERATURE (F)
 TODAY
  MAXIMUM         58   1219 AM  96    2009  83    -25       88
  MINIMUM         49    131 PM  36    2002  46      3       59
                                      1933
  AVERAGE         54                        64    -10       74

PRECIPITATION (IN)
  TODAY            0.43          0.47 1975   0.02   0.41     0.03
  MONTH TO DATE    1.34                      0.55   0.79     0.09
  SINCE OCT 1      5.19                      9.08  -3.89     4.44
  SINCE JAN 1      4.46                      7.15  -2.69     2.37

SNOWFALL (IN)
  TODAY           MM
  MONTH TO DATE   MM
  SINCE JUN 1     MM
  SINCE JUL 1     MM
  SNOW DEPTH      MM

DEGREE DAYS
 HEATING
  TODAY           11                         2      9        0
  MONTH TO DATE   19                        22     -3        5
  SINCE JUN 1    186                       208    -22      126
  SINCE JUL 1     20                        43    -23        5

 COOLING
  TODAY            0                         2     -2        9
  MONTH TO DATE   66                        75     -9       96
  SINCE JUN 1    301                       229     72      360
  SINCE JAN 1    301                       231     70      362
..................................................................


WIND (MPH)
  HIGHEST WIND SPEED    38   HIGHEST WIND DIRECTION     W (280)
  HIGHEST GUST SPEED    45   HIGHEST GUST DIRECTION     W (280)
  AVERAGE WIND SPEED     4.8


SKY COVER
  POSSIBLE SUNSHINE  MM
  AVERAGE SKY COVER 0.4


WEATHER CONDITIONS
 THE FOLLOWING WEATHER WAS RECORDED TODAY.
  THUNDERSTORM
  HEAVY RAIN
  RAIN
  LIGHT RAIN
  FOG


RELATIVE HUMIDITY (PERCENT)
 HIGHEST    93          1100 AM
 LOWEST     62          1200 AM
 AVERAGE    78

..........................................................


THE CHALLIS ID CLIMATE NORMALS FOR TOMORROW
                         NORMAL    RECORD    YEAR
 MAXIMUM TEMPERATURE (F)   83        96      1969
 MINIMUM TEMPERATURE (F)   46        35      1960


SUNRISE AND SUNSET
AUGUST 22 2014........SUNRISE   648 AM MDT   SUNSET   831 PM MDT
AUGUST 23 2014........SUNRISE   649 AM MDT   SUNSET   829 PM MDT


-  INDICATES NEGATIVE NUMBERS.
R  INDICATES RECORD WAS SET OR TIED.
MM INDICATES DATA IS MISSING.
T  INDICATES TRACE AMOUNT.




$$
