000
CDUS45 KPIH 290731
CLILLJ


CLIMATE REPORT
NATIONAL WEATHER SERVICE POCATELLO ID
131 AM MDT WED MAR 29 2017


...................................

...THE CHALLIS ID CLIMATE SUMMARY FOR MARCH 28 2017...

CLIMATE NORMAL PERIOD 1981 TO 2010
CLIMATE RECORD PERIOD 1898 TO 2017


WEATHER ITEM   OBSERVED TIME   RECORD YEAR NORMAL DEPARTURE LAST
                VALUE   (LST)  VALUE       VALUE  FROM      YEAR
                                                  NORMAL
..................................................................
TEMPERATURE (F)
 YESTERDAY
  MAXIMUM         52    505 PM  72    1986  53     -1       46
  MINIMUM         23    607 AM   3    1975  27     -4       25
  AVERAGE         38                        40     -2       36

PRECIPITATION (IN)
  YESTERDAY        0.00          0.24 1960   0.02  -0.02     0.00
  MONTH TO DATE    0.11                      0.63  -0.52     0.49
  SINCE OCT 1      6.00                      3.69   2.31     3.48
  SINCE JAN 1      2.59                      1.76   0.83     1.14

SNOWFALL (IN)
  YESTERDAY       MM
  MONTH TO DATE   MM
  SINCE MAR 1     MM
  SINCE JUL 1     MM
  SNOW DEPTH      MM

DEGREE DAYS
 HEATING
  YESTERDAY       27                        25      2       29
  MONTH TO DATE  680                       821   -141      765
  SINCE MAR 1    680                       821   -141      765
  SINCE JUL 1   7125                      6870    255     6700

 COOLING
  YESTERDAY        0                         0      0        0
  MONTH TO DATE    0                         0      0        0
  SINCE MAR 1      0                         0      0        0
  SINCE JAN 1      0                         0      0        0
..................................................................


WIND (MPH)
  HIGHEST WIND SPEED    15   HIGHEST WIND DIRECTION    NW (310)
  HIGHEST GUST SPEED    19   HIGHEST GUST DIRECTION    NW (310)
  AVERAGE WIND SPEED     4.6


SKY COVER
  POSSIBLE SUNSHINE  MM
  AVERAGE SKY COVER 0.2


WEATHER CONDITIONS
 THE FOLLOWING WEATHER WAS RECORDED YESTERDAY.
  NO SIGNIFICANT WEATHER WAS OBSERVED.


RELATIVE HUMIDITY (PERCENT)
 HIGHEST    81           500 AM
 LOWEST     26           500 PM
 AVERAGE    54

..........................................................


THE CHALLIS ID CLIMATE NORMALS FOR TODAY
                         NORMAL    RECORD    YEAR
 MAXIMUM TEMPERATURE (F)   53        72      1966
 MINIMUM TEMPERATURE (F)   27         5      1987


SUNRISE AND SUNSET
MARCH 29 2017.........SUNRISE   723 AM MDT   SUNSET   801 PM MDT
MARCH 30 2017.........SUNRISE   721 AM MDT   SUNSET   802 PM MDT


-  INDICATES NEGATIVE NUMBERS.
R  INDICATES RECORD WAS SET OR TIED.
MM INDICATES DATA IS MISSING.
T  INDICATES TRACE AMOUNT.




$$
