000
CDUS45 KPIH 192321
CLILLJ


CLIMATE REPORT
NATIONAL WEATHER SERVICE POCATELLO ID
520 PM MDT SAT APR 19 2014


...................................

...THE CHALLIS ID CLIMATE SUMMARY FOR APRIL 19 2014...
VALID TODAY AS OF 0500 PM LOCAL TIME.

CLIMATE NORMAL PERIOD 1981 TO 2010
CLIMATE RECORD PERIOD 1898 TO 2014


WEATHER ITEM   OBSERVED TIME   RECORD YEAR NORMAL DEPARTURE LAST
                VALUE   (LST)  VALUE       VALUE  FROM      YEAR
                                                  NORMAL
..................................................................
TEMPERATURE (F)
 TODAY
  MAXIMUM         68    349 PM  81    1962  58     10       56
  MINIMUM         27    613 AM  13    1927  30     -3       38
  AVERAGE         48                        44      4       47

PRECIPITATION (IN)
  TODAY            0.00          0.25 1955   0.02  -0.02      T
  MONTH TO DATE    0.58                      0.46   0.12     0.01
  SINCE OCT 1      2.99                      4.23  -1.24     2.53
  SINCE JAN 1      2.26                      2.30  -0.04     0.46

SNOWFALL (IN)
  TODAY           MM
  MONTH TO DATE   MM
  SINCE MAR 1     MM
  SINCE JUL 1     MM
  SNOW DEPTH      MM

DEGREE DAYS
 HEATING
  TODAY           17                        21     -4       18
  MONTH TO DATE  406                       432    -26      448
  SINCE MAR 1   1259                      1328    -69     1340
  SINCE JUL 1   7008                      7377   -369     7048

 COOLING
  TODAY            0                         0      0        0
  MONTH TO DATE    0                         0      0        0
  SINCE MAR 1      0                         0      0        0
  SINCE JAN 1      0                         0      0        0
..................................................................


WIND (MPH)
  HIGHEST WIND SPEED    23   HIGHEST WIND DIRECTION    SW (210)
  HIGHEST GUST SPEED    27   HIGHEST GUST DIRECTION    SW (210)
  AVERAGE WIND SPEED     2.6


SKY COVER
  POSSIBLE SUNSHINE  MM
  AVERAGE SKY COVER 0.1


WEATHER CONDITIONS
 THE FOLLOWING WEATHER WAS RECORDED TODAY.
  NO SIGNIFICANT WEATHER WAS OBSERVED.


RELATIVE HUMIDITY (PERCENT)
 HIGHEST    35          1200 AM
 LOWEST      8           400 PM
 AVERAGE    22

..........................................................


THE CHALLIS ID CLIMATE NORMALS FOR TOMORROW
                         NORMAL    RECORD    YEAR
 MAXIMUM TEMPERATURE (F)   58        82      1994
 MINIMUM TEMPERATURE (F)   30         8      1927


SUNRISE AND SUNSET
APRIL 19 2014.........SUNRISE   646 AM MDT   SUNSET   827 PM MDT
APRIL 20 2014.........SUNRISE   644 AM MDT   SUNSET   828 PM MDT


-  INDICATES NEGATIVE NUMBERS.
R  INDICATES RECORD WAS SET OR TIED.
MM INDICATES DATA IS MISSING.
T  INDICATES TRACE AMOUNT.




$$
