000
CDUS46 KMFR 100836
CLILMT


CLIMATE REPORT
NATIONAL WEATHER SERVICE MEDFORD, OR
1236 AM PST WED FEB 10 2016


...................................

...THE KLAMATH FALLS OR CLIMATE SUMMARY FOR FEBRUARY 9 2016...

CLIMATE NORMAL PERIOD 1981 TO 2010
CLIMATE RECORD PERIOD 1928 TO 2016


WEATHER ITEM   OBSERVED TIME   RECORD YEAR NORMAL DEPARTURE LAST
                VALUE   (LST)  VALUE       VALUE  FROM      YEAR
                                                  NORMAL
..................................................................
TEMPERATURE (F)
 YESTERDAY
  MAXIMUM         59    234 PM  63    1951  43     16       50
  MINIMUM         28    716 AM  10    1989  23      5       31
  AVERAGE         44                        33     11       41

PRECIPITATION (IN)
  YESTERDAY        0.00          0.40 1960   0.08  -0.08     0.10
  MONTH TO DATE    T                         0.60  -0.60     1.71
  SINCE OCT 1      6.79                      7.14  -0.35     8.57
  SINCE JAN 1      2.26                      2.45  -0.19     2.11

SNOWFALL (IN)
  YESTERDAY       MM                        MM     MM       MM
  MONTH TO DATE   MM                        MM     MM       MM
  SINCE JUL 1     MM                        MM     MM       MM
  SNOW DEPTH      MM

DEGREE DAYS
 HEATING
  YESTERDAY       21                        32    -11       24
  MONTH TO DATE  250                       293    -43      188
  SINCE DEC 1   2413                      2471    -58     1700
  SINCE JUL 1   4001                      4273   -272     3090

 COOLING
  YESTERDAY        0                         0      0        0
  MONTH TO DATE    0                         0      0        0
  SINCE DEC 1      0                         0      0        0
  SINCE JAN 1      0                         0      0        0
..................................................................


WIND (MPH)
  HIGHEST WIND SPEED    15   HIGHEST WIND DIRECTION    NW (330)
  HIGHEST GUST SPEED    17   HIGHEST GUST DIRECTION     N (340)
  AVERAGE WIND SPEED     3.9


SKY COVER
  POSSIBLE SUNSHINE  MM
  AVERAGE SKY COVER 0.0


WEATHER CONDITIONS
 THE FOLLOWING WEATHER WAS RECORDED YESTERDAY.
  NO SIGNIFICANT WEATHER WAS OBSERVED.


RELATIVE HUMIDITY (PERCENT)
 HIGHEST    92           600 AM
 LOWEST     37           100 PM

..........................................................


THE KLAMATH FALLS OR CLIMATE NORMALS FOR TODAY
                         NORMAL    RECORD    YEAR
 MAXIMUM TEMPERATURE (F)   44        60      1995
 MINIMUM TEMPERATURE (F)   23         6      1989


SUNRISE AND SUNSET
FEBRUARY 10 2016......SUNRISE   710 AM PST   SUNSET   533 PM PST
FEBRUARY 11 2016......SUNRISE   709 AM PST   SUNSET   534 PM PST


-  INDICATES NEGATIVE NUMBERS.
R  INDICATES RECORD WAS SET OR TIED.
MM INDICATES DATA IS MISSING.
T  INDICATES TRACE AMOUNT.




$$
