000
CDUS46 KMFR 260836
CLILMT


CLIMATE REPORT
NATIONAL WEATHER SERVICE MEDFORD, OR
136 AM PDT FRI AUG 26 2016


...................................

...THE KLAMATH FALLS OR CLIMATE SUMMARY FOR AUGUST 25 2016...

CLIMATE NORMAL PERIOD 1981 TO 2010
CLIMATE RECORD PERIOD 1928 TO 2016


WEATHER ITEM   OBSERVED TIME   RECORD YEAR NORMAL DEPARTURE LAST
                VALUE   (LST)  VALUE       VALUE  FROM      YEAR
                                                  NORMAL
..................................................................
TEMPERATURE (F)
 YESTERDAY
  MAXIMUM         83    502 PM  94    2010  81      2       89
  MINIMUM         46    557 AM  32    1960  45      1       45
  AVERAGE         65                        63      2       67

PRECIPITATION (IN)
  YESTERDAY        0.00          0.45 1954   0.02  -0.02     0.00
  MONTH TO DATE    0.00                      0.30  -0.30     0.42
  SINCE OCT 1     11.64                     14.30  -2.66    12.82
  SINCE JAN 1      7.11                      9.61  -2.50     6.36

SNOWFALL (IN)
  YESTERDAY       MM                        MM     MM       MM
  MONTH TO DATE   MM                        MM     MM       MM
  SINCE JUL 1     MM                        MM     MM       MM
  SNOW DEPTH      MM

DEGREE DAYS
 HEATING
  YESTERDAY        0                         3     -3        0
  MONTH TO DATE   27                        46    -19       17
  SINCE JUN 1    267                       313    -46       87
  SINCE JUL 1     99                        96      3       35

 COOLING
  YESTERDAY        0                         1     -1        2
  MONTH TO DATE   85                        57     28       64
  SINCE JUN 1    213                       150     63      283
  SINCE JAN 1    213                       151     62      286
..................................................................


WIND (MPH)
  HIGHEST WIND SPEED    12   HIGHEST WIND DIRECTION     N (340)
  HIGHEST GUST SPEED    15   HIGHEST GUST DIRECTION    NW (330)
  AVERAGE WIND SPEED     4.4


SKY COVER
  POSSIBLE SUNSHINE  MM
  AVERAGE SKY COVER 0.0


WEATHER CONDITIONS
 THE FOLLOWING WEATHER WAS RECORDED YESTERDAY.
  NO SIGNIFICANT WEATHER WAS OBSERVED.


RELATIVE HUMIDITY (PERCENT)
 HIGHEST    71           600 AM
 LOWEST     14           300 PM

..........................................................


THE KLAMATH FALLS OR CLIMATE NORMALS FOR TODAY
                         NORMAL    RECORD    YEAR
 MAXIMUM TEMPERATURE (F)   81        95      1999
 MINIMUM TEMPERATURE (F)   45        36      1976


SUNRISE AND SUNSET
AUGUST 26 2016........SUNRISE   627 AM PDT   SUNSET   750 PM PDT
AUGUST 27 2016........SUNRISE   628 AM PDT   SUNSET   748 PM PDT


-  INDICATES NEGATIVE NUMBERS.
R  INDICATES RECORD WAS SET OR TIED.
MM INDICATES DATA IS MISSING.
T  INDICATES TRACE AMOUNT.




$$
