000
CDUS46 KMFR 230835
CLILMT


CLIMATE REPORT
NATIONAL WEATHER SERVICE MEDFORD, OR
135 AM PDT WED AUG 23 2017


...................................

...THE KLAMATH FALLS OR CLIMATE SUMMARY FOR AUGUST 22 2017...

CLIMATE NORMAL PERIOD 1981 TO 2010
CLIMATE RECORD PERIOD 1928 TO 2017


WEATHER ITEM   OBSERVED TIME   RECORD YEAR NORMAL DEPARTURE LAST
                VALUE   (LST)  VALUE       VALUE  FROM      YEAR
                                                  NORMAL
..................................................................
TEMPERATURE (F)
 YESTERDAY
  MAXIMUM         90    324 PM  92    1982  82      8       88
  MINIMUM         51    544 AM  34    1968  46      5       45
  AVERAGE         71                        64      7       67

PRECIPITATION (IN)
  YESTERDAY        0.01          1.04 1948   0.01   0.00     0.00
  MONTH TO DATE    0.28                      0.26   0.02     0.00
  SINCE OCT 1     12.52                     14.26  -1.74    11.64
  SINCE JAN 1      7.77                      9.57  -1.80     7.11

SNOWFALL (IN)
  YESTERDAY       MM                        MM     MM       MM
  MONTH TO DATE   MM                        MM     MM       MM
  SINCE JUL 1     MM                        MM     MM       MM
  SNOW DEPTH      MM

DEGREE DAYS
 HEATING
  YESTERDAY        0                         2     -2        0
  MONTH TO DATE    2                        37    -35       22
  SINCE JUN 1    170                       304   -134      262
  SINCE JUL 1      3                        87    -84       94

 COOLING
  YESTERDAY        6                         1      5        2
  MONTH TO DATE  110                        54     56       85
  SINCE JUN 1    318                       147    171      213
  SINCE JAN 1    321                       148    173      213
..................................................................


WIND (MPH)
  HIGHEST WIND SPEED    29   HIGHEST WIND DIRECTION     E (100)
  HIGHEST GUST SPEED    38   HIGHEST GUST DIRECTION     E (90)
  AVERAGE WIND SPEED     5.7


SKY COVER
  POSSIBLE SUNSHINE  MM
  AVERAGE SKY COVER 0.8


WEATHER CONDITIONS
 THE FOLLOWING WEATHER WAS RECORDED YESTERDAY.
  THUNDERSTORM
  LIGHT RAIN
  FOG
  HAZE


RELATIVE HUMIDITY (PERCENT)
 HIGHEST    89           400 AM
 LOWEST     23           300 PM

..........................................................


THE KLAMATH FALLS OR CLIMATE NORMALS FOR TODAY
                         NORMAL    RECORD    YEAR
 MAXIMUM TEMPERATURE (F)   82        95      1996
 MINIMUM TEMPERATURE (F)   46        33      1960


SUNRISE AND SUNSET
AUGUST 23 2017........SUNRISE   623 AM PDT   SUNSET   755 PM PDT
AUGUST 24 2017........SUNRISE   624 AM PDT   SUNSET   753 PM PDT


-  INDICATES NEGATIVE NUMBERS.
R  INDICATES RECORD WAS SET OR TIED.
MM INDICATES DATA IS MISSING.
T  INDICATES TRACE AMOUNT.




$$
