000
CDUS46 KMFR 160846
CLILMT


CLIMATE REPORT
NATIONAL WEATHER SERVICE MEDFORD, OR
1246 AM PST SAT DEC 16 2017


...................................

...THE KLAMATH FALLS OR CLIMATE SUMMARY FOR DECEMBER 15 2017...

CLIMATE NORMAL PERIOD 1981 TO 2010
CLIMATE RECORD PERIOD 1928 TO 2017


WEATHER ITEM   OBSERVED TIME   RECORD YEAR NORMAL DEPARTURE LAST
                VALUE   (LST)  VALUE       VALUE  FROM      YEAR
                                                  NORMAL
..................................................................
TEMPERATURE (F)
 YESTERDAY
  MAXIMUM         39    422 PM  54    1958  38      1       43
  MINIMUM         20    309 AM   0    1972  21     -1       30
  AVERAGE         30                        29      1       37

PRECIPITATION (IN)
  YESTERDAY        T             0.98 1995   0.04  -0.04     0.62
  MONTH TO DATE    0.21                      0.69  -0.48     1.47
  SINCE OCT 1      2.13                      3.93  -1.80     4.71
  SINCE JAN 1      9.99                     14.20  -4.21    11.94

SNOWFALL (IN)
  YESTERDAY       MM                        MM     MM       MM
  MONTH TO DATE   MM                        MM     MM       MM
  SINCE JUL 1     MM                        MM     MM       MM
  SNOW DEPTH      MM

DEGREE DAYS
 HEATING
  YESTERDAY       35                        36     -1       28
  MONTH TO DATE  537                       526     11      495
  SINCE DEC 1    537                       526     11      495
  SINCE JUL 1   2123                      2328   -205     2155

 COOLING
  YESTERDAY        0                         0      0        0
  MONTH TO DATE    0                         0      0        0
  SINCE DEC 1      0                         0      0        0
  SINCE JAN 1    420                       169    251      215
..................................................................


WIND (MPH)
  HIGHEST WIND SPEED    18   HIGHEST WIND DIRECTION     N (340)
  HIGHEST GUST SPEED    26   HIGHEST GUST DIRECTION    NW (330)
  AVERAGE WIND SPEED     2.6


SKY COVER
  POSSIBLE SUNSHINE  MM
  AVERAGE SKY COVER 0.2


WEATHER CONDITIONS
 THE FOLLOWING WEATHER WAS RECORDED YESTERDAY.
  FOG
  HAZE


RELATIVE HUMIDITY (PERCENT)
 HIGHEST    96          1200 AM
 LOWEST     64           100 PM

..........................................................


THE KLAMATH FALLS OR CLIMATE NORMALS FOR TODAY
                         NORMAL    RECORD    YEAR
 MAXIMUM TEMPERATURE (F)   38        53      1950
 MINIMUM TEMPERATURE (F)   21        -3      2008


SUNRISE AND SUNSET
DECEMBER 16 2017......SUNRISE   729 AM PST   SUNSET   436 PM PST
DECEMBER 17 2017......SUNRISE   730 AM PST   SUNSET   437 PM PST


-  INDICATES NEGATIVE NUMBERS.
R  INDICATES RECORD WAS SET OR TIED.
MM INDICATES DATA IS MISSING.
T  INDICATES TRACE AMOUNT.




$$
