000
CDUS46 KMFR 310036
CLILMT


CLIMATE REPORT
NATIONAL WEATHER SERVICE MEDFORD, OR
536 PM PDT SAT AUG 30 2014


...................................

...THE KLAMATH FALLS OR CLIMATE SUMMARY FOR AUGUST 30 2014...
VALID TODAY AS OF 0500 PM LOCAL TIME.

CLIMATE NORMAL PERIOD 1981 TO 2010
CLIMATE RECORD PERIOD 1928 TO 2014


WEATHER ITEM   OBSERVED TIME   RECORD YEAR NORMAL DEPARTURE LAST
                VALUE   (LST)  VALUE       VALUE  FROM      YEAR
                                                  NORMAL
..................................................................
TEMPERATURE (F)
 TODAY
  MAXIMUM         73    359 PM  93    1998  80     -7       84
  MINIMUM         43    453 AM  34    2005  44     -1       42
  AVERAGE         58                        62     -4       63

PRECIPITATION (IN)
  TODAY            0.00          0.97 1984   0.02  -0.02     0.00
  MONTH TO DATE    0.92                      0.40   0.52     0.24
  SINCE SEP 1      8.25                     14.93  -6.68     8.45
  SINCE JAN 1      7.51                      9.71  -2.20     4.79

SNOWFALL (IN)
  TODAY           MM                        MM     MM       MM
  MONTH TO DATE   MM                        MM     MM       MM
  SINCE JUL 1     MM                        MM     MM       MM
  SNOW DEPTH      MM

DEGREE DAYS
 HEATING
  TODAY            7                         4      3        2
  MONTH TO DATE   31                        64    -33       67
  SINCE JUN 1    216                       331   -115      246
  SINCE JUL 1     41                       114    -73       68

 COOLING
  TODAY            0                         1     -1        0
  MONTH TO DATE   93                        62     31       49
  SINCE JUN 1    321                       155    166      267
  SINCE JAN 1    321                       156    165      267
..................................................................


WIND (MPH)
  HIGHEST WIND SPEED    23   HIGHEST WIND DIRECTION     W (290)
  HIGHEST GUST SPEED    26   HIGHEST GUST DIRECTION    NW (300)
  AVERAGE WIND SPEED     5.7


SKY COVER
  POSSIBLE SUNSHINE  MM
  AVERAGE SKY COVER 0.1


WEATHER CONDITIONS
 THE FOLLOWING WEATHER WAS RECORDED TODAY.
  NO SIGNIFICANT WEATHER WAS OBSERVED.


RELATIVE HUMIDITY (PERCENT)
 HIGHEST    89           500 AM
 LOWEST     27           400 PM

..........................................................


THE KLAMATH FALLS OR CLIMATE NORMALS FOR TOMORROW
                         NORMAL    RECORD    YEAR
 MAXIMUM TEMPERATURE (F)   80        95      1998
 MINIMUM TEMPERATURE (F)   44        31      2010
                                             1999


SUNRISE AND SUNSET
AUGUST 30 2014........SUNRISE   630 AM PDT   SUNSET   744 PM PDT
AUGUST 31 2014........SUNRISE   631 AM PDT   SUNSET   742 PM PDT


-  INDICATES NEGATIVE NUMBERS.
R  INDICATES RECORD WAS SET OR TIED.
MM INDICATES DATA IS MISSING.
T  INDICATES TRACE AMOUNT.




$$
