000
CDUS46 KMFR 150841
CLILMT


CLIMATE REPORT
NATIONAL WEATHER SERVICE MEDFORD, OR
140 AM PDT MON SEP 15 2014


...................................

...THE KLAMATH FALLS OR CLIMATE SUMMARY FOR SEPTEMBER 14 2014...

CLIMATE NORMAL PERIOD 1981 TO 2010
CLIMATE RECORD PERIOD 1928 TO 2014


WEATHER ITEM   OBSERVED TIME   RECORD YEAR NORMAL DEPARTURE LAST
                VALUE   (LST)  VALUE       VALUE  FROM      YEAR
                                                  NORMAL
..................................................................
TEMPERATURE (F)
 YESTERDAY
  MAXIMUM         86    300 PM  91    1981  76     10       89
  MINIMUM         40    607 AM  19    1970  40      0       46
  AVERAGE         63                        58      5       68

PRECIPITATION (IN)
  YESTERDAY        0.00          0.48 1997   0.02  -0.02     0.00
  MONTH TO DATE    0.00                      0.27  -0.27      T
  SINCE SEP 1      0.00                      0.27  -0.27      T
  SINCE JAN 1      7.51                     10.01  -2.50     4.79

SNOWFALL (IN)
  YESTERDAY       MM                        MM     MM       MM
  MONTH TO DATE   MM                        MM     MM       MM
  SINCE JUL 1     MM                        MM     MM       MM
  SNOW DEPTH      MM

DEGREE DAYS
 HEATING
  YESTERDAY        2                         7     -5        0
  MONTH TO DATE   44                        81    -37       27
  SINCE SEP 1     44                        81    -37       27
  SINCE JUL 1     92                       200   -108       95

 COOLING
  YESTERDAY        0                         0      0        3
  MONTH TO DATE    0                         9     -9       17
  SINCE SEP 1      0                         9     -9       17
  SINCE JAN 1    321                       168    153      285
..................................................................


WIND (MPH)
  HIGHEST WIND SPEED    10   HIGHEST WIND DIRECTION    SW (210)
  HIGHEST GUST SPEED    13   HIGHEST GUST DIRECTION     S (180)
  AVERAGE WIND SPEED     1.8


SKY COVER
  POSSIBLE SUNSHINE  MM
  AVERAGE SKY COVER 0.0


WEATHER CONDITIONS
 THE FOLLOWING WEATHER WAS RECORDED YESTERDAY.
  HAZE


RELATIVE HUMIDITY (PERCENT)
 HIGHEST    76           500 AM
 LOWEST     14           400 PM

..........................................................


THE KLAMATH FALLS OR CLIMATE NORMALS FOR TODAY
                         NORMAL    RECORD    YEAR
 MAXIMUM TEMPERATURE (F)   76        93      1981
 MINIMUM TEMPERATURE (F)   39        26      1970


SUNRISE AND SUNSET
SEPTEMBER 15 2014.....SUNRISE   647 AM PDT   SUNSET   716 PM PDT
SEPTEMBER 16 2014.....SUNRISE   648 AM PDT   SUNSET   715 PM PDT


-  INDICATES NEGATIVE NUMBERS.
R  INDICATES RECORD WAS SET OR TIED.
MM INDICATES DATA IS MISSING.
T  INDICATES TRACE AMOUNT.




$$
