000
CDUS46 KMFR 220036
CLILMT


CLIMATE REPORT
NATIONAL WEATHER SERVICE MEDFORD, OR
436 PM PST SAT JAN 21 2017


...................................

...THE KLAMATH FALLS OR CLIMATE SUMMARY FOR JANUARY 21 2017...
VALID TODAY AS OF 0400 PM LOCAL TIME.

CLIMATE NORMAL PERIOD 1981 TO 2010
CLIMATE RECORD PERIOD 1928 TO 2017


WEATHER ITEM   OBSERVED TIME   RECORD YEAR NORMAL DEPARTURE LAST
                VALUE   (LST)  VALUE       VALUE  FROM      YEAR
                                                  NORMAL
..................................................................
TEMPERATURE (F)
 TODAY
  MAXIMUM         40    338 PM  56    1981  40      0       48
  MINIMUM         28    258 AM -13    1962  21      7       33
  AVERAGE         34                        30      4       41

PRECIPITATION (IN)
  TODAY            T             1.53 1943   0.05  -0.05      T
  MONTH TO DATE    1.32                      1.47  -0.15     1.39
  SINCE OCT 1      6.07                      6.16  -0.09     5.92
  SINCE JAN 1      1.32                      1.47  -0.15     1.39

SNOWFALL (IN)
  TODAY           MM                        MM     MM       MM
  MONTH TO DATE   MM                        MM     MM       MM
  SINCE JUL 1     MM                        MM     MM       MM
  SNOW DEPTH      MM

DEGREE DAYS
 HEATING
  TODAY           31                        35     -4       24
  MONTH TO DATE  868                       741    127      769
  SINCE DEC 1   1986                      1840    146     1867
  SINCE JUL 1   3646                      3642      4     3455

 COOLING
  TODAY            0                         0      0        0
  MONTH TO DATE    0                         0      0        0
  SINCE DEC 1      0                         0      0        0
  SINCE JAN 1      0                         0      0        0
..................................................................


WIND (MPH)
  HIGHEST WIND SPEED    22   HIGHEST WIND DIRECTION     S (200)
  HIGHEST GUST SPEED    27   HIGHEST GUST DIRECTION     S (200)
  AVERAGE WIND SPEED    11.4


SKY COVER
  POSSIBLE SUNSHINE  MM
  AVERAGE SKY COVER 0.8


WEATHER CONDITIONS
 THE FOLLOWING WEATHER WAS RECORDED TODAY.
  LIGHT SNOW
  FOG
  HAZE


RELATIVE HUMIDITY (PERCENT)
 HIGHEST    92          1200 AM
 LOWEST     70           100 PM

..........................................................


THE KLAMATH FALLS OR CLIMATE NORMALS FOR TOMORROW
                         NORMAL    RECORD    YEAR
 MAXIMUM TEMPERATURE (F)   40        56      1981
 MINIMUM TEMPERATURE (F)   21       -19      1962


SUNRISE AND SUNSET
JANUARY 21 2017.......SUNRISE   729 AM PST   SUNSET   508 PM PST
JANUARY 22 2017.......SUNRISE   728 AM PST   SUNSET   509 PM PST


-  INDICATES NEGATIVE NUMBERS.
R  INDICATES RECORD WAS SET OR TIED.
MM INDICATES DATA IS MISSING.
T  INDICATES TRACE AMOUNT.




$$
