000
CDUS46 KMFR 230838
CLILMT


CLIMATE REPORT
NATIONAL WEATHER SERVICE MEDFORD, OR
137 AM PDT TUE MAY 23 2017


...................................

...THE KLAMATH FALLS OR CLIMATE SUMMARY FOR MAY 22 2017...

CLIMATE NORMAL PERIOD 1981 TO 2010
CLIMATE RECORD PERIOD 1928 TO 2017


WEATHER ITEM   OBSERVED TIME   RECORD YEAR NORMAL DEPARTURE LAST
                VALUE   (LST)  VALUE       VALUE  FROM      YEAR
                                                  NORMAL
..................................................................
TEMPERATURE (F)
 YESTERDAY
  MAXIMUM         83    551 PM  87    2001  67     16       57
  MINIMUM         51   1118 PM  23    2013  38     13       34
                                      1960
  AVERAGE         67                        52     15       46

PRECIPITATION (IN)
  YESTERDAY        0.00          0.38 1945   0.03  -0.03      T
  MONTH TO DATE    0.10                      1.21  -1.11     0.81
  SINCE OCT 1     10.78                     12.31  -1.53    10.40
  SINCE JAN 1      6.03                      7.62  -1.59     5.87

SNOWFALL (IN)
  YESTERDAY       MM                        MM     MM       MM
  MONTH TO DATE   MM                        MM     MM       MM
  SINCE JUL 1     MM                        MM     MM       MM
  SNOW DEPTH      MM

DEGREE DAYS
 HEATING
  YESTERDAY        0                        13    -13       19
  MONTH TO DATE  314                       332    -18      262
  SINCE MAR 1   1695                      1810   -115     1487
  SINCE JUL 1   6533                      6651   -118     5977

 COOLING
  YESTERDAY        2                         0      2        0
  MONTH TO DATE    2                         0      2        0
  SINCE MAR 1      2                         0      2        0
  SINCE JAN 1      2                         0      2        0
..................................................................


WIND (MPH)
  HIGHEST WIND SPEED    12   HIGHEST WIND DIRECTION     S (170)
  HIGHEST GUST SPEED    15   HIGHEST GUST DIRECTION    NW (330)
  AVERAGE WIND SPEED     4.1


SKY COVER
  POSSIBLE SUNSHINE  MM
  AVERAGE SKY COVER 0.0


WEATHER CONDITIONS
 THE FOLLOWING WEATHER WAS RECORDED YESTERDAY.
  NO SIGNIFICANT WEATHER WAS OBSERVED.


RELATIVE HUMIDITY (PERCENT)
 HIGHEST    83           500 AM
 LOWEST     18           500 PM

..........................................................


THE KLAMATH FALLS OR CLIMATE NORMALS FOR TODAY
                         NORMAL    RECORD    YEAR
 MAXIMUM TEMPERATURE (F)   67        88      2001
 MINIMUM TEMPERATURE (F)   38        22      2010


SUNRISE AND SUNSET
MAY 23 2017...........SUNRISE   539 AM PDT   SUNSET   829 PM PDT
MAY 24 2017...........SUNRISE   538 AM PDT   SUNSET   830 PM PDT


-  INDICATES NEGATIVE NUMBERS.
R  INDICATES RECORD WAS SET OR TIED.
MM INDICATES DATA IS MISSING.
T  INDICATES TRACE AMOUNT.




$$
