000
CDUS46 KMFR 290036
CLILMT


CLIMATE REPORT
NATIONAL WEATHER SERVICE MEDFORD, OR
536 PM PDT WED JUN 28 2017


...................................

...THE KLAMATH FALLS OR CLIMATE SUMMARY FOR JUNE 28 2017...
VALID TODAY AS OF 0500 PM LOCAL TIME.

CLIMATE NORMAL PERIOD 1981 TO 2010
CLIMATE RECORD PERIOD 1928 TO 2017


WEATHER ITEM   OBSERVED TIME   RECORD YEAR NORMAL DEPARTURE LAST
                VALUE   (LST)  VALUE       VALUE  FROM      YEAR
                                                  NORMAL
..................................................................
TEMPERATURE (F)
 TODAY
  MAXIMUM         82    303 PM  93    2008  79      3       89
  MINIMUM         44    412 AM  34    1954  45     -1       48
  AVERAGE         63                        62      1       69

PRECIPITATION (IN)
  TODAY            0.00          0.85 2004   0.04  -0.04     0.00
  MONTH TO DATE    0.29                      0.94  -0.65     0.82
  SINCE OCT 1     11.26                     13.42  -2.16    11.22
  SINCE JAN 1      6.51                      8.73  -2.22     6.69

SNOWFALL (IN)
  TODAY           MM                        MM     MM       MM
  MONTH TO DATE   MM                        MM     MM       MM
  SINCE JUL 1     MM                        MM     MM       MM
  SNOW DEPTH      MM

DEGREE DAYS
 HEATING
  TODAY            2                         4     -2        0
  MONTH TO DATE  164                       208    -44      168
  SINCE JUN 1    164                       208    -44      168
  SINCE JUL 1   6741                      6964   -223     6252

 COOLING
  TODAY            0                         1     -1        4
  MONTH TO DATE   62                         6     56       41
  SINCE JUN 1     62                         6     56       41
  SINCE JAN 1     65                         7     58       41
..................................................................


WIND (MPH)
  HIGHEST WIND SPEED    20   HIGHEST WIND DIRECTION    NW (330)
  HIGHEST GUST SPEED    24   HIGHEST GUST DIRECTION    NW (330)
  AVERAGE WIND SPEED     5.1


SKY COVER
  POSSIBLE SUNSHINE  MM
  AVERAGE SKY COVER 0.0


WEATHER CONDITIONS
 THE FOLLOWING WEATHER WAS RECORDED TODAY.
  NO SIGNIFICANT WEATHER WAS OBSERVED.


RELATIVE HUMIDITY (PERCENT)
 HIGHEST   100           400 AM
 LOWEST     13          1000 AM

..........................................................


THE KLAMATH FALLS OR CLIMATE NORMALS FOR TOMORROW
                         NORMAL    RECORD    YEAR
 MAXIMUM TEMPERATURE (F)   79        93      2015
 MINIMUM TEMPERATURE (F)   46        31      1988


SUNRISE AND SUNSET
JUNE 28 2017..........SUNRISE   533 AM PDT   SUNSET   847 PM PDT
JUNE 29 2017..........SUNRISE   534 AM PDT   SUNSET   847 PM PDT


-  INDICATES NEGATIVE NUMBERS.
R  INDICATES RECORD WAS SET OR TIED.
MM INDICATES DATA IS MISSING.
T  INDICATES TRACE AMOUNT.




$$
