000
CDUS46 KMFR 080037
CLILMT


CLIMATE REPORT
NATIONAL WEATHER SERVICE MEDFORD, OR
537 PM PDT TUE JUL 7 2015


...................................

...THE KLAMATH FALLS OR CLIMATE SUMMARY FOR JULY 7 2015...
VALID TODAY AS OF 0500 PM LOCAL TIME.

CLIMATE NORMAL PERIOD 1981 TO 2010
CLIMATE RECORD PERIOD 1928 TO 2015


WEATHER ITEM   OBSERVED TIME   RECORD YEAR NORMAL DEPARTURE LAST
                VALUE   (LST)  VALUE       VALUE  FROM      YEAR
                                                  NORMAL
..................................................................
TEMPERATURE (F)
 TODAY
  MAXIMUM         89    210 PM  97    2014  82      7       97
  MINIMUM         55    507 AM  34    1955  47      8       52
  AVERAGE         72                        65      7       75

PRECIPITATION (IN)
  TODAY            0.00          0.19 2010   0.02  -0.02     0.00
  MONTH TO DATE    T                         0.18  -0.18      T
  SINCE OCT 1     11.88                     13.70  -1.82     7.13
  SINCE JAN 1      5.42                      9.01  -3.59     6.50

SNOWFALL (IN)
  TODAY           MM                        MM     MM       MM
  MONTH TO DATE   MM                        MM     MM       MM
  SINCE JUL 1     MM                        MM     MM       MM
  SNOW DEPTH      MM

DEGREE DAYS
 HEATING
  TODAY            0                         2     -2        0
  MONTH TO DATE    0                        18    -18        0
  SINCE JUN 1     52                       235   -183      175
  SINCE JUL 1      0                        18    -18        0

 COOLING
  TODAY            7                         2      5       10
  MONTH TO DATE   72                        11     61       53
  SINCE JUN 1    163                        22    141       60
  SINCE JAN 1    166                        23    143       60
..................................................................


WIND (MPH)
  HIGHEST WIND SPEED    28   HIGHEST WIND DIRECTION     W (280)
  HIGHEST GUST SPEED    32   HIGHEST GUST DIRECTION     W (280)
  AVERAGE WIND SPEED     4.8


SKY COVER
  POSSIBLE SUNSHINE  MM
  AVERAGE SKY COVER 0.1


WEATHER CONDITIONS
 THE FOLLOWING WEATHER WAS RECORDED TODAY.
  THUNDERSTORM
  HAZE


RELATIVE HUMIDITY (PERCENT)
 HIGHEST    86           300 AM
 LOWEST     20           200 PM

..........................................................


THE KLAMATH FALLS OR CLIMATE NORMALS FOR TOMORROW
                         NORMAL    RECORD    YEAR
 MAXIMUM TEMPERATURE (F)   82        95      1994
 MINIMUM TEMPERATURE (F)   48        36      1963


SUNRISE AND SUNSET
JULY  7 2015..........SUNRISE   538 AM PDT   SUNSET   845 PM PDT
JULY  8 2015..........SUNRISE   539 AM PDT   SUNSET   845 PM PDT


-  INDICATES NEGATIVE NUMBERS.
R  INDICATES RECORD WAS SET OR TIED.
MM INDICATES DATA IS MISSING.
T  INDICATES TRACE AMOUNT.




$$
