000
CDUS45 KRIW 290743
CLILND


CLIMATE REPORT
NATIONAL WEATHER SERVICE RIVERTON WY
143 AM MDT WED JUL 29 2015


...................................

...THE LANDER WY CLIMATE SUMMARY FOR JULY 28 2015...

CLIMATE NORMAL PERIOD 1981 TO 2010
CLIMATE RECORD PERIOD 1891 TO 2015


WEATHER ITEM   OBSERVED TIME   RECORD YEAR NORMAL DEPARTURE LAST
                VALUE   (LST)  VALUE       VALUE  FROM      YEAR
                                                  NORMAL
..................................................................
TEMPERATURE (F)
 YESTERDAY
  MAXIMUM         76    359 PM  99    2006  88    -12       95
  MINIMUM         39R   357 AM  42    1911  57    -18       58
                                      1909
                                      1894
  AVERAGE         58                        72    -14       77

PRECIPITATION (IN)
  YESTERDAY        0.00          0.95 1997   0.03  -0.03     0.00
  MONTH TO DATE    0.50                      0.68  -0.18     0.28
  SINCE JUN 1      1.30                      1.95  -0.65     0.88
  SINCE JAN 1     11.82                      8.17   3.65     5.07

SNOWFALL (IN)
  YESTERDAY        0.0                       0.0    0.0      0.0
  MONTH TO DATE    0.0                       0.0    0.0      0.0
  SINCE JUN 1      0.0                       0.1   -0.1      0.0
  SINCE JUL 1      0.0                       0.0    0.0      0.0
  SNOW DEPTH       0

DEGREE DAYS
 HEATING
  YESTERDAY        7                         0      7        0
  MONTH TO DATE   17                        11      6        3
  SINCE JUN 1     48                       137    -89      139
  SINCE JUL 1     17                        11      6        3

 COOLING
  YESTERDAY        0                         8     -8       12
  MONTH TO DATE  122                       188    -66      238
  SINCE JUN 1    232                       252    -20      261
  SINCE JAN 1    232                       257    -25      279
..................................................................


WIND (MPH)
  HIGHEST WIND SPEED    14   HIGHEST WIND DIRECTION    NW (330)
  HIGHEST GUST SPEED    19   HIGHEST GUST DIRECTION    NE (60)
  AVERAGE WIND SPEED     6.9


SKY COVER
  POSSIBLE SUNSHINE  MM
  AVERAGE SKY COVER 0.0


WEATHER CONDITIONS
 THE FOLLOWING WEATHER WAS RECORDED YESTERDAY.
  NO SIGNIFICANT WEATHER WAS OBSERVED.


RELATIVE HUMIDITY (PERCENT)
 HIGHEST    64           400 AM
 LOWEST     15           500 PM
 AVERAGE    40

..........................................................


THE LANDER WY CLIMATE NORMALS FOR TODAY
                         NORMAL    RECORD    YEAR
 MAXIMUM TEMPERATURE (F)   88       101      2006
 MINIMUM TEMPERATURE (F)   57        43      1909
                                             1892


SUNRISE AND SUNSET
JULY 29 2015..........SUNRISE   603 AM MDT   SUNSET   839 PM MDT
JULY 30 2015..........SUNRISE   604 AM MDT   SUNSET   838 PM MDT


-  INDICATES NEGATIVE NUMBERS.
R  INDICATES RECORD WAS SET OR TIED.
MM INDICATES DATA IS MISSING.
T  INDICATES TRACE AMOUNT.




$$
