000
CDUS45 KRIW 260736
CLILND


CLIMATE REPORT
NATIONAL WEATHER SERVICE RIVERTON WY
136 AM MDT TUE MAY 26 2015


...................................

...THE LANDER WY CLIMATE SUMMARY FOR MAY 25 2015...

CLIMATE NORMAL PERIOD 1981 TO 2010
CLIMATE RECORD PERIOD 1891 TO 2015


WEATHER ITEM   OBSERVED TIME   RECORD YEAR NORMAL DEPARTURE LAST
                VALUE   (LST)  VALUE       VALUE  FROM      YEAR
                                                  NORMAL
..................................................................
TEMPERATURE (F)
 YESTERDAY
  MAXIMUM         62    100 PM  86    2006  69     -7       75
                                      1969
  MINIMUM         44    457 AM  27    1893  43      1       45
  AVERAGE         53                        56     -3       60

PRECIPITATION (IN)
  YESTERDAY        0.20          0.75 1996   0.07   0.13     0.00
  MONTH TO DATE    5.84                      1.82   4.02     1.50
  SINCE MAR 1      8.70                      4.85   3.85     3.38
  SINCE JAN 1     10.26                      5.84   4.42     4.18

SNOWFALL (IN)
  YESTERDAY        0.0                       0.1   -0.1      0.0
  MONTH TO DATE    0.8                       4.7   -3.9      2.2
  SINCE MAR 1     20.0                      37.6  -17.6     20.4
  SINCE JUL 1     73.9                      91.2  -17.3     75.7
  SNOW DEPTH       0

DEGREE DAYS
 HEATING
  YESTERDAY       12                         9      3        5
  MONTH TO DATE  411                       318     93      325
  SINCE MAR 1   1769                      1868    -99     1841
  SINCE JUL 1   6893                      7572   -679     7577

 COOLING
  YESTERDAY        0                         0      0        0
  MONTH TO DATE    0                         0      0        2
  SINCE MAR 1      0                         0      0        2
  SINCE JAN 1      0                         0      0        2
..................................................................


WIND (MPH)
  HIGHEST WIND SPEED    15   HIGHEST WIND DIRECTION    SW (220)
  HIGHEST GUST SPEED    19   HIGHEST GUST DIRECTION     S (190)
  AVERAGE WIND SPEED     6.7


SKY COVER
  POSSIBLE SUNSHINE  MM
  AVERAGE SKY COVER 0.6


WEATHER CONDITIONS
 THE FOLLOWING WEATHER WAS RECORDED YESTERDAY.
  RAIN
  LIGHT RAIN
  FOG


RELATIVE HUMIDITY (PERCENT)
 HIGHEST    92          1200 AM
 LOWEST     55           100 PM
 AVERAGE    74

..........................................................


THE LANDER WY CLIMATE NORMALS FOR TODAY
                         NORMAL    RECORD    YEAR
 MAXIMUM TEMPERATURE (F)   70        86      2006
                                             2003
 MINIMUM TEMPERATURE (F)   43        26      1975
                                             1893


SUNRISE AND SUNSET
MAY 26 2015...........SUNRISE   543 AM MDT   SUNSET   842 PM MDT
MAY 27 2015...........SUNRISE   542 AM MDT   SUNSET   842 PM MDT


-  INDICATES NEGATIVE NUMBERS.
R  INDICATES RECORD WAS SET OR TIED.
MM INDICATES DATA IS MISSING.
T  INDICATES TRACE AMOUNT.




$$
