000
CDUS45 KRIW 250739
CLILND


CLIMATE REPORT
NATIONAL WEATHER SERVICE RIVERTON WY
138 AM MDT THU MAY 25 2017


...................................

...THE LANDER WY CLIMATE SUMMARY FOR MAY 24 2017...

CLIMATE NORMAL PERIOD 1981 TO 2010
CLIMATE RECORD PERIOD 1891 TO 2017


WEATHER ITEM   OBSERVED TIME   RECORD YEAR NORMAL DEPARTURE LAST
                VALUE   (LST)  VALUE       VALUE  FROM      YEAR
                                                  NORMAL
..................................................................
TEMPERATURE (F)
 YESTERDAY
  MAXIMUM         78    206 PM  85    1985  69      9       62
  MINIMUM         42    454 AM  29    2007  42      0       38
  AVERAGE         60                        56      4       50

PRECIPITATION (IN)
  YESTERDAY        T             1.98 1898   0.08  -0.08     0.01
  MONTH TO DATE    1.84                      1.75   0.09     5.02
  SINCE MAR 1      9.75                      4.78   4.97    14.22
  SINCE JAN 1     12.13                      5.77   6.36    15.14

SNOWFALL (IN)
  YESTERDAY        0.0                       0.0    0.0      0.0
  MONTH TO DATE    6.3                       4.6    1.7       T
  SINCE MAR 1     29.4                      37.5   -8.1     38.2
  SINCE JUL 1     90.4                      91.1   -0.7     75.2
  SNOW DEPTH       0

DEGREE DAYS
 HEATING
  YESTERDAY        5                         9     -4       15
  MONTH TO DATE  311                       309      2      350
  SINCE MAR 1   1693                      1859   -166     1776
  SINCE JUL 1   7396                      7563   -167     6927

 COOLING
  YESTERDAY        0                         0      0        0
  MONTH TO DATE    0                         0      0        0
  SINCE MAR 1      0                         0      0        0
  SINCE JAN 1      0                         0      0        0
..................................................................


WIND (MPH)
  HIGHEST WIND SPEED    41   HIGHEST WIND DIRECTION    SW (240)
  HIGHEST GUST SPEED    53   HIGHEST GUST DIRECTION    SW (240)
  AVERAGE WIND SPEED    12.6


SKY COVER
  POSSIBLE SUNSHINE  MM
  AVERAGE SKY COVER 0.1


WEATHER CONDITIONS
 THE FOLLOWING WEATHER WAS RECORDED YESTERDAY.
  LIGHT RAIN


RELATIVE HUMIDITY (PERCENT)
 HIGHEST    76           300 AM
 LOWEST     21           300 PM
 AVERAGE    49

..........................................................


THE LANDER WY CLIMATE NORMALS FOR TODAY
                         NORMAL    RECORD    YEAR
 MAXIMUM TEMPERATURE (F)   69        86      2006
                                             1969
 MINIMUM TEMPERATURE (F)   43        27      1893


SUNRISE AND SUNSET
MAY 25 2017...........SUNRISE   543 AM MDT   SUNSET   841 PM MDT
MAY 26 2017...........SUNRISE   543 AM MDT   SUNSET   842 PM MDT


-  INDICATES NEGATIVE NUMBERS.
R  INDICATES RECORD WAS SET OR TIED.
MM INDICATES DATA IS MISSING.
T  INDICATES TRACE AMOUNT.




$$
