000
CDUS45 KRIW 190749
CLILND


CLIMATE REPORT
NATIONAL WEATHER SERVICE RIVERTON WY
143 AM MDT SAT APR 19 2014


...................................

...THE LANDER WY CLIMATE SUMMARY FOR APRIL 18 2014...

CLIMATE NORMAL PERIOD 1981 TO 2010
CLIMATE RECORD PERIOD 1891 TO 2014


WEATHER ITEM   OBSERVED TIME   RECORD YEAR NORMAL DEPARTURE LAST
                VALUE   (LST)  VALUE       VALUE  FROM      YEAR
                                                  NORMAL
..................................................................
TEMPERATURE (F)
 YESTERDAY
  MAXIMUM         71   1230 PM  78    1994  57     14       40
  MINIMUM         39    543 AM   7    1945  32      7       11
  AVERAGE         55                        44     11       26

PRECIPITATION (IN)
  YESTERDAY        T             1.17 1966   0.07  -0.07     0.00
  MONTH TO DATE    0.59                      1.04  -0.45     2.43
  SINCE MAR 1      1.77                      2.20  -0.43     2.85
  SINCE JAN 1      2.57                      3.19  -0.62     4.83

SNOWFALL (IN)
  YESTERDAY        0.0                       0.6   -0.6      0.0
  MONTH TO DATE    4.3                      10.6   -6.3     34.1
  SINCE MAR 1     18.2                      26.7   -8.5     39.2
  SINCE JUL 1     73.5                      80.3   -6.8     91.4
  SNOW DEPTH       0

DEGREE DAYS
 HEATING
  YESTERDAY       10                        21    -11       39
  MONTH TO DATE  398                       412    -14      537
  SINCE MAR 1   1293                      1327    -34     1428
  SINCE JUL 1   7029                      7031     -2     6797

 COOLING
  YESTERDAY        0                         0      0        0
  MONTH TO DATE    0                         0      0        0
  SINCE MAR 1      0                         0      0        0
  SINCE JAN 1      0                         0      0        0
..................................................................


WIND (MPH)
  HIGHEST WIND SPEED    46   HIGHEST WIND DIRECTION    SW (240)
  HIGHEST GUST SPEED    61   HIGHEST GUST DIRECTION    SW (230)
  AVERAGE WIND SPEED    13.5


SKY COVER
  POSSIBLE SUNSHINE  MM
  AVERAGE SKY COVER 0.0


WEATHER CONDITIONS
 THE FOLLOWING WEATHER WAS RECORDED YESTERDAY.
  LIGHT RAIN


RELATIVE HUMIDITY (PERCENT)
 HIGHEST    55           600 AM
 LOWEST     17           800 PM
 AVERAGE    36

..........................................................


THE LANDER WY CLIMATE NORMALS FOR TODAY
                         NORMAL    RECORD    YEAR
 MAXIMUM TEMPERATURE (F)   57        82      1962
 MINIMUM TEMPERATURE (F)   32         2      1893


SUNRISE AND SUNSET
APRIL 19 2014.........SUNRISE   627 AM MDT   SUNSET   802 PM MDT
APRIL 20 2014.........SUNRISE   625 AM MDT   SUNSET   803 PM MDT


-  INDICATES NEGATIVE NUMBERS.
R  INDICATES RECORD WAS SET OR TIED.
MM INDICATES DATA IS MISSING.
T  INDICATES TRACE AMOUNT.




$$
