000
CDUS45 KRIW 140037
CLILND


CLIMATE REPORT
NATIONAL WEATHER SERVICE RIVERTON WY
537 PM MST SAT FEB 13 2016


...................................

...THE LANDER WY CLIMATE SUMMARY FOR FEBRUARY 13 2016...
VALID TODAY AS OF 0500 PM LOCAL TIME.

CLIMATE NORMAL PERIOD 1981 TO 2010
CLIMATE RECORD PERIOD 1891 TO 2016


WEATHER ITEM   OBSERVED TIME   RECORD YEAR NORMAL DEPARTURE LAST
                VALUE   (LST)  VALUE       VALUE  FROM      YEAR
                                                  NORMAL
..................................................................
TEMPERATURE (F)
 TODAY
  MAXIMUM         53        MM  61    2015  36     17       61
  MINIMUM         27        MM -28    1949  13     14       30
  AVERAGE         40                        24     16       46

PRECIPITATION (IN)
  TODAY            0.00          0.70 1893   0.02  -0.02     0.00
  MONTH TO DATE    0.43                      0.23   0.20     0.37
  SINCE DEC 1      1.33                      1.22   0.11     2.19
  SINCE JAN 1      0.85                      0.64   0.21     0.37

SNOWFALL (IN)
  TODAY            0.0                       0.4   -0.4      0.0
  MONTH TO DATE    3.9                       4.4   -0.5      3.4
  SINCE DEC 1     18.0                      22.1   -4.1     24.8
  SINCE JUL 1     37.0                      47.7  -10.7     33.7
  SNOW DEPTH       0

DEGREE DAYS
 HEATING
  TODAY           25                        41    -16       19
  MONTH TO DATE  499                       545    -46      347
  SINCE DEC 1   3218                      3262    -44     2945
  SINCE JUL 1   4730                      5135   -405     4486

 COOLING
  TODAY            0                         0      0        0
  MONTH TO DATE    0                         0      0        0
  SINCE DEC 1      0                         0      0        0
  SINCE JAN 1      0                         0      0        0
..................................................................


WIND (MPH)
  HIGHEST WIND SPEED    40   HIGHEST WIND DIRECTION     W (270)
  HIGHEST GUST SPEED    55   HIGHEST GUST DIRECTION     W (270)
  AVERAGE WIND SPEED    12.3


SKY COVER
  POSSIBLE SUNSHINE  MM
  AVERAGE SKY COVER 0.0


WEATHER CONDITIONS
 THE FOLLOWING WEATHER WAS RECORDED TODAY.
  NO SIGNIFICANT WEATHER WAS OBSERVED.


RELATIVE HUMIDITY (PERCENT)
 HIGHEST    78          1200 AM
 LOWEST     22          1200 PM
 AVERAGE    50

..........................................................


THE LANDER WY CLIMATE NORMALS FOR TOMORROW
                         NORMAL    RECORD    YEAR
 MAXIMUM TEMPERATURE (F)   36        62      2015
 MINIMUM TEMPERATURE (F)   13       -28      1903


SUNRISE AND SUNSET
FEBRUARY 13 2016......SUNRISE   715 AM MST   SUNSET   543 PM MST
FEBRUARY 14 2016......SUNRISE   714 AM MST   SUNSET   545 PM MST


-  INDICATES NEGATIVE NUMBERS.
R  INDICATES RECORD WAS SET OR TIED.
MM INDICATES DATA IS MISSING.
T  INDICATES TRACE AMOUNT.




$$
