000
CDUS45 KRIW 250032
CLILND


CLIMATE REPORT
NATIONAL WEATHER SERVICE RIVERTON WY
530 PM MST TUE JAN 24 2017


...................................

...THE LANDER WY CLIMATE SUMMARY FOR JANUARY 24 2017...
VALID TODAY AS OF 0500 PM LOCAL TIME.

CLIMATE NORMAL PERIOD 1981 TO 2010
CLIMATE RECORD PERIOD 1891 TO 2017


WEATHER ITEM   OBSERVED TIME   RECORD YEAR NORMAL DEPARTURE LAST
                VALUE   (LST)  VALUE       VALUE  FROM      YEAR
                                                  NORMAL
..................................................................
TEMPERATURE (F)
 TODAY
  MAXIMUM         20        MM  55    1959  33    -13       37
                                      1935
  MINIMUM         17        MM -31    1949  11      6       22
  AVERAGE         19                        22     -3       30

PRECIPITATION (IN)
  TODAY            0.35          0.53 1895   0.01   0.34      T
  MONTH TO DATE    1.27                      0.32   0.95     0.36
  SINCE DEC 1      2.17                      0.90   1.27     0.84
  SINCE JAN 1      1.27                      0.32   0.95     0.36

SNOWFALL (IN)
  TODAY            5.2                       0.3    4.9       T
  MONTH TO DATE   18.2                       5.9   12.3      4.8
  SINCE DEC 1     27.3                      16.0   11.3     13.6
  SINCE JUL 1     41.3                      41.6   -0.3     32.6
  SNOW DEPTH      13

DEGREE DAYS
 HEATING
  TODAY           46                        43      3       35
  MONTH TO DATE 1277                      1041    236     1102
  SINCE DEC 1   2768                      2414    354     2450
  SINCE JUL 1   4324                      4287     37     3962

 COOLING
  TODAY            0                         0      0        0
  MONTH TO DATE    0                         0      0        0
  SINCE DEC 1      0                         0      0        0
  SINCE JAN 1      0                         0      0        0
..................................................................


WIND (MPH)
  HIGHEST WIND SPEED    12   HIGHEST WIND DIRECTION     N (360)
  HIGHEST GUST SPEED    MM   HIGHEST GUST DIRECTION    MM
  AVERAGE WIND SPEED     4.1


SKY COVER
  POSSIBLE SUNSHINE  MM
  AVERAGE SKY COVER 1.0


WEATHER CONDITIONS
 THE FOLLOWING WEATHER WAS RECORDED TODAY.
  SNOW
  LIGHT SNOW
  FOG
  HAZE


RELATIVE HUMIDITY (PERCENT)
 HIGHEST    92          1200 AM
 LOWEST     84          1000 AM
 AVERAGE    88

..........................................................


THE LANDER WY CLIMATE NORMALS FOR TOMORROW
                         NORMAL    RECORD    YEAR
 MAXIMUM TEMPERATURE (F)   33        57      1951
                                             1912
 MINIMUM TEMPERATURE (F)   11       -31      1949


SUNRISE AND SUNSET
JANUARY 24 2017.......SUNRISE   737 AM MST   SUNSET   518 PM MST
JANUARY 25 2017.......SUNRISE   736 AM MST   SUNSET   519 PM MST


-  INDICATES NEGATIVE NUMBERS.
R  INDICATES RECORD WAS SET OR TIED.
MM INDICATES DATA IS MISSING.
T  INDICATES TRACE AMOUNT.




$$
