000
CDUS45 KRIW 270741
CLILND


CLIMATE REPORT
NATIONAL WEATHER SERVICE RIVERTON WY
1241 AM MST FRI FEB 27 2015


...................................

...THE LANDER WY CLIMATE SUMMARY FOR FEBRUARY 26 2015...

CLIMATE NORMAL PERIOD 1981 TO 2010
CLIMATE RECORD PERIOD 1891 TO 2015


WEATHER ITEM   OBSERVED TIME   RECORD YEAR NORMAL DEPARTURE LAST
                VALUE   (LST)  VALUE       VALUE  FROM      YEAR
                                                  NORMAL
..................................................................
TEMPERATURE (F)
 YESTERDAY
  MAXIMUM         19   1204 AM  62    1932  40    -21       29
  MINIMUM          2   1159 PM -14    1935  17    -15       -2
  AVERAGE         11                        29    -18       14

PRECIPITATION (IN)
  YESTERDAY        0.03          0.79 1911   0.03   0.00     0.00
  MONTH TO DATE    1.56                      0.53   1.03     0.19
  SINCE DEC 1      3.38                      1.52   1.86     1.49
  SINCE JAN 1      1.56                      0.94   0.62     0.80

SNOWFALL (IN)
  YESTERDAY        1.4                       0.4    1.0      0.0
  MONTH TO DATE   23.5                       9.5   14.0      3.8
  SINCE DEC 1     44.9                      27.2   17.7     25.8
  SINCE JUL 1     53.8                      52.8    1.0     55.3
  SNOW DEPTH       7

DEGREE DAYS
 HEATING
  YESTERDAY       54                        36     18       51
  MONTH TO DATE  880                      1043   -163     1140
  SINCE DEC 1   3478                      3760   -282     3768
  SINCE JUL 1   5019                      5633   -614     5656

 COOLING
  YESTERDAY        0                         0      0        0
  MONTH TO DATE    0                         0      0        0
  SINCE DEC 1      0                         0      0        0
  SINCE JAN 1      0                         0      0        0
..................................................................


WIND (MPH)
  HIGHEST WIND SPEED    10   HIGHEST WIND DIRECTION    NE (40)
  HIGHEST GUST SPEED    12   HIGHEST GUST DIRECTION    NE (40)
  AVERAGE WIND SPEED     4.9


SKY COVER
  POSSIBLE SUNSHINE  MM
  AVERAGE SKY COVER 1.0


WEATHER CONDITIONS
 THE FOLLOWING WEATHER WAS RECORDED YESTERDAY.
  LIGHT SNOW
  FOG
  HAZE


RELATIVE HUMIDITY (PERCENT)
 HIGHEST    96           500 AM
 LOWEST     67           200 PM
 AVERAGE    82

..........................................................


THE LANDER WY CLIMATE NORMALS FOR TODAY
                         NORMAL    RECORD    YEAR
 MAXIMUM TEMPERATURE (F)   41        68      1932
 MINIMUM TEMPERATURE (F)   18       -16      1960


SUNRISE AND SUNSET
FEBRUARY 27 2015......SUNRISE   654 AM MST   SUNSET   602 PM MST
FEBRUARY 28 2015......SUNRISE   653 AM MST   SUNSET   603 PM MST


-  INDICATES NEGATIVE NUMBERS.
R  INDICATES RECORD WAS SET OR TIED.
MM INDICATES DATA IS MISSING.
T  INDICATES TRACE AMOUNT.




$$
