000
CDUS43 KOAX 270635
CLILNK


CLIMATE REPORT
NATIONAL WEATHER SERVICE OMAHA NEBRASKA
134 AM CDT SAT MAY 27 2017


...................................

...THE LINCOLN, NEBRASKA CLIMATE SUMMARY FOR MAY 26 2017...

CLIMATE NORMAL PERIOD 1981 TO 2010
CLIMATE RECORD PERIOD 1887 TO 2017


WEATHER ITEM   OBSERVED TIME   RECORD YEAR NORMAL DEPARTURE LAST
                VALUE   (LST)  VALUE       VALUE  FROM      YEAR
                                                  NORMAL
..................................................................
TEMPERATURE (F)
 YESTERDAY
  MAXIMUM         82    450 PM  98    1912  77      5       83
  MINIMUM         59   1134 PM  38    1901  54      5       55
  AVERAGE         71                        66      5       69

PRECIPITATION (IN)
  YESTERDAY        0.00          2.43 1973   0.13  -0.13     0.65
  MONTH TO DATE    5.87                      3.59   2.28     4.21
  SINCE MAR 1     11.04                      8.23   2.81     9.51
  SINCE JAN 1     12.69                      9.64   3.05    11.10

SNOWFALL (IN)
  YESTERDAY        0.0                       0.0    0.0      0.0
  MONTH TO DATE    T                         0.1   -0.1      0.0
  SINCE JUL 1      7.5                      26.0  -18.5     20.5
  SNOW DEPTH       0

DEGREE DAYS
 HEATING
  YESTERDAY        0                         2     -2        0
  MONTH TO DATE  127                       138    -11      127
  SINCE MAR 1   1131                      1328   -197      963
  SINCE JUL 1   5014                      6031  -1017     4880

 COOLING
  YESTERDAY        6                         3      3        4
  MONTH TO DATE   64                        46     18       36
  SINCE MAR 1     77                        60     17       45
  SINCE JAN 1     77                        60     17       45
..................................................................


WIND (MPH)
  HIGHEST WIND SPEED    21   HIGHEST WIND DIRECTION     N (350)
  HIGHEST GUST SPEED    25   HIGHEST GUST DIRECTION     N (350)
  AVERAGE WIND SPEED     8.9


SKY COVER
  POSSIBLE SUNSHINE  MM
  AVERAGE SKY COVER 0.1


WEATHER CONDITIONS
 THE FOLLOWING WEATHER WAS RECORDED YESTERDAY.
  NO SIGNIFICANT WEATHER WAS OBSERVED.


RELATIVE HUMIDITY (PERCENT)
 HIGHEST    84           300 AM
 LOWEST     35           400 PM
 AVERAGE    60

..........................................................


THE LINCOLN, NEBRASKA CLIMATE NORMALS FOR TODAY
                         NORMAL    RECORD    YEAR
 MAXIMUM TEMPERATURE (F)   78        95      1966
 MINIMUM TEMPERATURE (F)   54        36      1907


SUNRISE AND SUNSET
MAY 27 2017...........SUNRISE   600 AM CDT   SUNSET   849 PM CDT
MAY 28 2017...........SUNRISE   559 AM CDT   SUNSET   850 PM CDT


-  INDICATES NEGATIVE NUMBERS.
R  INDICATES RECORD WAS SET OR TIED.
MM INDICATES DATA IS MISSING.
T  INDICATES TRACE AMOUNT.




$$
