000
CDUS43 KOAX 210630
CLILNK


CLIMATE REPORT
NATIONAL WEATHER SERVICE OMAHA NEBRASKA
1228 AM CST TUE FEB 21 2017


...................................

...THE LINCOLN, NEBRASKA CLIMATE SUMMARY FOR FEBRUARY 20 2017...

CLIMATE NORMAL PERIOD 1981 TO 2010
CLIMATE RECORD PERIOD 1887 TO 2017


WEATHER ITEM   OBSERVED TIME   RECORD YEAR NORMAL DEPARTURE LAST
                VALUE   (LST)  VALUE       VALUE  FROM      YEAR
                                                  NORMAL
..................................................................
TEMPERATURE (F)
 YESTERDAY
  MAXIMUM         67    339 PM  71    1991  42     25       59
  MINIMUM         34   1016 PM -10    1918  20     14       30
  AVERAGE         51                        31     20       45

PRECIPITATION (IN)
  YESTERDAY        0.01          1.36 1954   0.02  -0.01     0.00
  MONTH TO DATE    0.02                      0.52  -0.50     0.75
  SINCE DEC 1      2.74                      2.11   0.63     6.00
  SINCE JAN 1      1.12                      1.16  -0.04     1.58

SNOWFALL (IN)
  YESTERDAY        0.0                       0.2   -0.2      0.0
  MONTH TO DATE    0.2                       4.2   -4.0      7.3
  SINCE JUL 1      5.1                      18.3  -13.2     20.5
  SNOW DEPTH       0

DEGREE DAYS
 HEATING
  YESTERDAY       14                        34    -20       20
  MONTH TO DATE  535                       744   -209      659
  SINCE DEC 1   2869                      3180   -311     2809
  SINCE JUL 1   3677                      4441   -764     3709

 COOLING
  YESTERDAY        0                         0      0        0
  MONTH TO DATE    0                         0      0        0
  SINCE DEC 1      0                         0      0        0
  SINCE JAN 1      0                         0      0        0
..................................................................


WIND (MPH)
  HIGHEST WIND SPEED    23   HIGHEST WIND DIRECTION    NW (330)
  HIGHEST GUST SPEED    27   HIGHEST GUST DIRECTION    NW (320)
  AVERAGE WIND SPEED     9.6


SKY COVER
  POSSIBLE SUNSHINE  MM
  AVERAGE SKY COVER 0.5


WEATHER CONDITIONS
 THE FOLLOWING WEATHER WAS RECORDED YESTERDAY.
  LIGHT RAIN
  FOG


RELATIVE HUMIDITY (PERCENT)
 HIGHEST   100           700 AM
 LOWEST     52           400 PM
 AVERAGE    76

..........................................................


THE LINCOLN, NEBRASKA CLIMATE NORMALS FOR TODAY
                         NORMAL    RECORD    YEAR
 MAXIMUM TEMPERATURE (F)   42        74      1991
 MINIMUM TEMPERATURE (F)   20        -9      1918


SUNRISE AND SUNSET
FEBRUARY 21 2017......SUNRISE   712 AM CST   SUNSET   609 PM CST
FEBRUARY 22 2017......SUNRISE   711 AM CST   SUNSET   610 PM CST


-  INDICATES NEGATIVE NUMBERS.
R  INDICATES RECORD WAS SET OR TIED.
MM INDICATES DATA IS MISSING.
T  INDICATES TRACE AMOUNT.




$$
