057
CDUS43 KOAX 170639
CLILNK


CLIMATE REPORT
NATIONAL WEATHER SERVICE OMAHA NEBRASKA
1237 AM CST WED JAN 17 2018


...................................

...THE LINCOLN, NEBRASKA CLIMATE SUMMARY FOR JANUARY 16 2018...

CLIMATE NORMAL PERIOD 1981 TO 2010
CLIMATE RECORD PERIOD 1887 TO 2018


WEATHER ITEM   OBSERVED TIME   RECORD YEAR NORMAL DEPARTURE LAST
                VALUE   (LST)  VALUE       VALUE  FROM      YEAR
                                                  NORMAL
..................................................................
TEMPERATURE (F)
 YESTERDAY
  MAXIMUM         17    309 PM  66    1894  35    -18       33
  MINIMUM         -2    653 AM -19    1977  14    -16       32
  AVERAGE          8                        24    -16       33

PRECIPITATION (IN)
  YESTERDAY        0.00          0.60 2017   0.02  -0.02     0.60
  MONTH TO DATE    0.12                      0.31  -0.19     0.95
  SINCE DEC 1      0.50                      1.26  -0.76     2.57
  SINCE JAN 1      0.12                      0.31  -0.19     0.95

SNOWFALL (IN)
  YESTERDAY        0.0                       0.2   -0.2      0.0
  MONTH TO DATE    1.6                       2.6   -1.0      2.0
  SINCE JUL 1      5.9                      11.3   -5.4      3.7
  SNOW DEPTH       0

DEGREE DAYS
 HEATING
  YESTERDAY       57                        41     16       32
  MONTH TO DATE  756                       653    103      702
  SINCE DEC 1   1899                      1837     62     1885
  SINCE JUL 1   2952                      3098   -146     2693

 COOLING
  YESTERDAY        0                         0      0        0
  MONTH TO DATE    0                         0      0        0
  SINCE DEC 1      0                         0      0        0
  SINCE JAN 1      0                         0      0        0
..................................................................


WIND (MPH)
  HIGHEST WIND SPEED    22   HIGHEST WIND DIRECTION     N (340)
  HIGHEST GUST SPEED    28   HIGHEST GUST DIRECTION     N (340)
  AVERAGE WIND SPEED     8.8


SKY COVER
  POSSIBLE SUNSHINE  MM
  AVERAGE SKY COVER 0.4


WEATHER CONDITIONS
 THE FOLLOWING WEATHER WAS RECORDED YESTERDAY.
  HAZE


RELATIVE HUMIDITY (PERCENT)
 HIGHEST    86          1000 PM
 LOWEST     56           300 PM
 AVERAGE    71

..........................................................


THE LINCOLN, NEBRASKA CLIMATE NORMALS FOR TODAY
                         NORMAL    RECORD    YEAR
 MAXIMUM TEMPERATURE (F)   35        64      1986
 MINIMUM TEMPERATURE (F)   14       -16      1930


SUNRISE AND SUNSET
JANUARY 17 2018.......SUNRISE   748 AM CST   SUNSET   526 PM CST
JANUARY 18 2018.......SUNRISE   748 AM CST   SUNSET   527 PM CST


-  INDICATES NEGATIVE NUMBERS.
R  INDICATES RECORD WAS SET OR TIED.
MM INDICATES DATA IS MISSING.
T  INDICATES TRACE AMOUNT.




$$
