000
CDUS43 KOAX 280649
CLILNK


CLIMATE REPORT
NATIONAL WEATHER SERVICE OMAHA NEBRASKA
148 AM CDT SAT MAR 28 2015


...................................

...THE LINCOLN, NEBRASKA CLIMATE SUMMARY FOR MARCH 27 2015...

CLIMATE NORMAL PERIOD 1981 TO 2010
CLIMATE RECORD PERIOD 1887 TO 2015


WEATHER ITEM   OBSERVED TIME   RECORD YEAR NORMAL DEPARTURE LAST
                VALUE   (LST)  VALUE       VALUE  FROM      YEAR
                                                  NORMAL
..................................................................
TEMPERATURE (F)
 YESTERDAY
  MAXIMUM         41    207 PM  84    1905  57    -16       58
  MINIMUM         21    653 AM   6    1913  32    -11       35
  AVERAGE         31                        44    -13       47

PRECIPITATION (IN)
  YESTERDAY        T             0.98 2004   0.07  -0.07     0.07
  MONTH TO DATE    0.77                      1.60  -0.83     0.13
  SINCE MAR 1      0.77                      1.60  -0.83     0.13
  SINCE JAN 1      2.61                      3.01  -0.40     0.99

SNOWFALL (IN)
  YESTERDAY        0.0                       0.1   -0.1       T
  MONTH TO DATE    0.5                       4.3   -3.8      0.7
  SINCE JUL 1     21.9                      24.0   -2.1     17.7
  SNOW DEPTH       0

DEGREE DAYS
 HEATING
  YESTERDAY       34                        21     13       18
  MONTH TO DATE  613                       693    -80      788
  SINCE MAR 1    613                       693    -80      788
  SINCE JUL 1   5300                      5396    -96     5905

 COOLING
  YESTERDAY        0                         0      0        0
  MONTH TO DATE    2                         0      2        0
  SINCE MAR 1      2                         0      2        0
  SINCE JAN 1      2                         0      2        0
..................................................................


WIND (MPH)
  HIGHEST WIND SPEED    16   HIGHEST WIND DIRECTION     S (160)
  HIGHEST GUST SPEED    20   HIGHEST GUST DIRECTION    SE (150)
  AVERAGE WIND SPEED     7.2


SKY COVER
  POSSIBLE SUNSHINE  MM
  AVERAGE SKY COVER 0.4


WEATHER CONDITIONS
 THE FOLLOWING WEATHER WAS RECORDED YESTERDAY.
  LIGHT RAIN
  HAZE


RELATIVE HUMIDITY (PERCENT)
 HIGHEST    92          1200 AM
 LOWEST     40           200 PM
 AVERAGE    66

..........................................................


THE LINCOLN, NEBRASKA CLIMATE NORMALS FOR TODAY
                         NORMAL    RECORD    YEAR
 MAXIMUM TEMPERATURE (F)   58        90      1895
 MINIMUM TEMPERATURE (F)   32        11      1898


SUNRISE AND SUNSET
MARCH 28 2015.........SUNRISE   717 AM CDT   SUNSET   747 PM CDT
MARCH 29 2015.........SUNRISE   716 AM CDT   SUNSET   748 PM CDT


-  INDICATES NEGATIVE NUMBERS.
R  INDICATES RECORD WAS SET OR TIED.
MM INDICATES DATA IS MISSING.
T  INDICATES TRACE AMOUNT.




$$
