000
CDUS43 KOAX 290637
CLILNK


CLIMATE REPORT
NATIONAL WEATHER SERVICE OMAHA NEBRASKA
136 AM CDT WED MAR 29 2017


...................................

...THE LINCOLN, NEBRASKA CLIMATE SUMMARY FOR MARCH 28 2017...

CLIMATE NORMAL PERIOD 1981 TO 2010
CLIMATE RECORD PERIOD 1887 TO 2017


WEATHER ITEM   OBSERVED TIME   RECORD YEAR NORMAL DEPARTURE LAST
                VALUE   (LST)  VALUE       VALUE  FROM      YEAR
                                                  NORMAL
..................................................................
TEMPERATURE (F)
 YESTERDAY
  MAXIMUM         52    123 PM  90    1895  58     -6       70
  MINIMUM         29    611 AM  11    1898  32     -3       23
  AVERAGE         41                        45     -4       47

PRECIPITATION (IN)
  YESTERDAY        0.05          1.74 1914   0.08  -0.03     0.00
  MONTH TO DATE    0.56                      1.68  -1.12     0.91
  SINCE MAR 1      0.56                      1.68  -1.12     0.91
  SINCE JAN 1      2.21                      3.09  -0.88     2.50

SNOWFALL (IN)
  YESTERDAY        0.0                       0.1   -0.1      0.0
  MONTH TO DATE    0.6                       4.4   -3.8       T
  SINCE JUL 1      7.5                      24.1  -16.6     20.5
  SNOW DEPTH       0

DEGREE DAYS
 HEATING
  YESTERDAY       24                        20      4       18
  MONTH TO DATE  594                       713   -119      514
  SINCE MAR 1    594                       713   -119      514
  SINCE JUL 1   4477                      5416   -939     4431

 COOLING
  YESTERDAY        0                         0      0        0
  MONTH TO DATE    1                         0      1        1
  SINCE MAR 1      1                         0      1        1
  SINCE JAN 1      1                         0      1        1
..................................................................


WIND (MPH)
  HIGHEST WIND SPEED    18   HIGHEST WIND DIRECTION    NE (060)
  HIGHEST GUST SPEED    21   HIGHEST GUST DIRECTION     E (070)
  AVERAGE WIND SPEED     7.7


SKY COVER
  POSSIBLE SUNSHINE  MM
  AVERAGE SKY COVER 0.7


WEATHER CONDITIONS
 THE FOLLOWING WEATHER WAS RECORDED YESTERDAY.
  LIGHT RAIN
  FOG
  HAZE


RELATIVE HUMIDITY (PERCENT)
 HIGHEST   100           100 AM
 LOWEST     66          1200 PM
 AVERAGE    83

..........................................................


THE LINCOLN, NEBRASKA CLIMATE NORMALS FOR TODAY
                         NORMAL    RECORD    YEAR
 MAXIMUM TEMPERATURE (F)   58        89      1986
 MINIMUM TEMPERATURE (F)   32        12      1969


SUNRISE AND SUNSET
MARCH 29 2017.........SUNRISE   715 AM CDT   SUNSET   749 PM CDT
MARCH 30 2017.........SUNRISE   713 AM CDT   SUNSET   750 PM CDT


-  INDICATES NEGATIVE NUMBERS.
R  INDICATES RECORD WAS SET OR TIED.
MM INDICATES DATA IS MISSING.
T  INDICATES TRACE AMOUNT.




$$
