000
CDUS43 KOAX 270625
CLILNK


CLIMATE REPORT
NATIONAL WEATHER SERVICE OMAHA NEBRASKA
1222 AM CST FRI FEB 27 2015


...................................

...THE LINCOLN, NEBRASKA CLIMATE SUMMARY FOR FEBRUARY 26 2015...

CLIMATE NORMAL PERIOD 1981 TO 2010
CLIMATE RECORD PERIOD 1887 TO 2015


WEATHER ITEM   OBSERVED TIME   RECORD YEAR NORMAL DEPARTURE LAST
                VALUE   (LST)  VALUE       VALUE  FROM      YEAR
                                                  NORMAL
..................................................................
TEMPERATURE (F)
 YESTERDAY
  MAXIMUM         16    436 PM  79    1896  44    -28       36
  MINIMUM         -1   1139 PM  -9    1934  22    -23       -3
                                      1897
  AVERAGE          8                        33    -25       17

PRECIPITATION (IN)
  YESTERDAY        0.00          0.68 1958   0.04  -0.04     0.00
  MONTH TO DATE    0.90                      0.71   0.19     0.62
  SINCE DEC 1      3.03                      2.30   0.73     1.08
  SINCE JAN 1      1.81                      1.35   0.46     0.86

SNOWFALL (IN)
  YESTERDAY        0.0                       0.2   -0.2      0.0
  MONTH TO DATE   11.9                       5.3    6.6      7.4
  SINCE JUL 1     20.9                      19.4    1.5     17.0
  SNOW DEPTH       T

DEGREE DAYS
 HEATING
  YESTERDAY       57                        32     25       48
  MONTH TO DATE 1101                       943    158     1099
  SINCE DEC 1   3271                      3379   -108     3737
  SINCE JUL 1   4580                      4640    -60     5034

 COOLING
  YESTERDAY        0                         0      0        0
  MONTH TO DATE    0                         0      0        0
  SINCE DEC 1      0                         0      0        0
  SINCE JAN 1      0                         0      0        0
..................................................................


WIND (MPH)
  HIGHEST WIND SPEED    29   HIGHEST WIND DIRECTION     N (350)
  HIGHEST GUST SPEED    32   HIGHEST GUST DIRECTION     N (360)
  AVERAGE WIND SPEED    16.2


SKY COVER
  POSSIBLE SUNSHINE  MM
  AVERAGE SKY COVER 0.3


WEATHER CONDITIONS
 THE FOLLOWING WEATHER WAS RECORDED YESTERDAY.
  NO SIGNIFICANT WEATHER WAS OBSERVED.


RELATIVE HUMIDITY (PERCENT)
 HIGHEST    83           800 PM
 LOWEST     51           200 PM
 AVERAGE    67

..........................................................


THE LINCOLN, NEBRASKA CLIMATE NORMALS FOR TODAY
                         NORMAL    RECORD    YEAR
 MAXIMUM TEMPERATURE (F)   45        74      1976
 MINIMUM TEMPERATURE (F)   22       -10      1890


SUNRISE AND SUNSET
FEBRUARY 27 2015......SUNRISE   704 AM CST   SUNSET   616 PM CST
FEBRUARY 28 2015......SUNRISE   703 AM CST   SUNSET   617 PM CST


-  INDICATES NEGATIVE NUMBERS.
R  INDICATES RECORD WAS SET OR TIED.
MM INDICATES DATA IS MISSING.
T  INDICATES TRACE AMOUNT.


$$

BCM
