000
CDUS43 KOAX 220958 CCA
CLILNK

CLIMATE REPORT
NATIONAL WEATHER SERVICE OMAHA NEBRASKA
455 AM CDT MON SEP 22 2014


...................................

...THE LINCOLN, NEBRASKA CLIMATE SUMMARY FOR SEPTEMBER 21 2014...

CLIMATE NORMAL PERIOD 1981 TO 2010
CLIMATE RECORD PERIOD 1887 TO 2014


WEATHER ITEM   OBSERVED TIME   RECORD YEAR NORMAL DEPARTURE LAST
                VALUE   (LST)  VALUE       VALUE  FROM      YEAR
                                                  NORMAL
..................................................................
TEMPERATURE (F)
 YESTERDAY
  MAXIMUM         75    306 PM 103    2005  77     -2       80
  MINIMUM         49   1159 PM  32    1999  51     -2       42
  AVERAGE         62                        64     -2       61

PRECIPITATION (IN)
  YESTERDAY        0.00          1.43 2006   0.10  -0.10     0.00
  MONTH TO DATE    3.35                      2.23   1.12     1.75
  SINCE SEP 1      3.35                      2.23   1.12     1.75
  SINCE JAN 1     27.05                     23.81   3.24    22.20

SNOWFALL (IN)
  YESTERDAY        0.0                       0.0    0.0      0.0
  MONTH TO DATE    0.0                       0.0    0.0      0.0
  SINCE JUL 1      0.0                       0.0    0.0      0.0
  SNOW DEPTH       0

DEGREE DAYS
 HEATING
  YESTERDAY        3                         4     -1        4
  MONTH TO DATE   86                        43     43       17
  SINCE SEP 1     86                        43     43       17
  SINCE JUL 1     88                        49     39       20

 COOLING
  YESTERDAY        0                         3     -3        0
  MONTH TO DATE   84                       105    -21      172
  SINCE SEP 1     84                       105    -21      172
  SINCE JAN 1   1195                      1140     55     1187
..................................................................


WIND (MPH)
  HIGHEST WIND SPEED    23   HIGHEST WIND DIRECTION     N (360)
  HIGHEST GUST SPEED    29   HIGHEST GUST DIRECTION     N (360)
  AVERAGE WIND SPEED     8.5


SKY COVER
  POSSIBLE SUNSHINE  MM
  AVERAGE SKY COVER 0.0


WEATHER CONDITIONS
 THE FOLLOWING WEATHER WAS RECORDED YESTERDAY.
  NO SIGNIFICANT WEATHER WAS OBSERVED.


RELATIVE HUMIDITY (PERCENT)
 HIGHEST    86           600 AM
 LOWEST     35           200 PM
 AVERAGE    61

..........................................................


THE LINCOLN, NEBRASKA CLIMATE NORMALS FOR TODAY
                         NORMAL    RECORD    YEAR
 MAXIMUM TEMPERATURE (F)   76        99      1937
 MINIMUM TEMPERATURE (F)   50        27      1995


SUNRISE AND SUNSET
SEPTEMBER 22 2014.....SUNRISE   714 AM CDT   SUNSET   724 PM CDT
SEPTEMBER 23 2014.....SUNRISE   715 AM CDT   SUNSET   722 PM CDT


-  INDICATES NEGATIVE NUMBERS.
R  INDICATES RECORD WAS SET OR TIED.
MM INDICATES DATA IS MISSING.
T  INDICATES TRACE AMOUNT.




$$
