000
CDUS43 KLOT 270635
CLILOT


CLIMATE REPORT
NATIONAL WEATHER SERVICE CHICAGO IL
134 AM CDT MON MAR 27 2017


...................................

...THE ROMEOVILLE  WFO CLIMATE SUMMARY FOR MARCH 26 2017...

CLIMATE NORMAL PERIOD 1981 TO 2010
CLIMATE RECORD PERIOD 1992 TO 2017


WEATHER ITEM   OBSERVED RECORD YEAR NORMAL DEPARTURE LAST
                VALUE   VALUE       VALUE  FROM      YEAR
                                           NORMAL
...........................................................
TEMPERATURE (F)
 YESTERDAY
  MAXIMUM         61     78    2007  52      9       56
  MINIMUM         49     14    2014  33     16       34
                               2001
                               1996
  AVERAGE         55                 43     12       45

PRECIPITATION (IN)
  YESTERDAY        0.11   0.39 1994   0.09   0.02     0.00
  MONTH TO DATE    2.62               2.30   0.32     3.11
  SINCE MAR 1      2.62               2.30   0.32     3.11
  SINCE JAN 1      8.33               6.01   2.32     5.18

SNOWFALL (IN)
  YESTERDAY        0.0    0.9  1992   0.0    0.0      0.0
  MONTH TO DATE    4.9                4.1    0.8      2.0
  SINCE MAR 1      4.9                4.1    0.8      2.0
  SINCE JUL 1     24.3               31.5   -7.2     21.9
  SNOW DEPTH       0

DEGREE DAYS
 HEATING
  YESTERDAY       10                 22    -12
  MONTH TO DATE  689                710    -21
  SINCE MAR 1    689                710    -21
  SINCE JUL 1   4664               5438   -774

 COOLING
  YESTERDAY        0                  0      0
  MONTH TO DATE    0                  0      0
  SINCE MAR 1      0                  0      0
  SINCE JAN 1      0                  0      0
...........................................................







THE ROMEOVILLE  WFO CLIMATE NORMALS FOR TODAY
                         NORMAL    RECORD    YEAR
 MAXIMUM TEMPERATURE (F)   53        77      1998
 MINIMUM TEMPERATURE (F)   33        12      1996


SUNRISE AND SUNSET
MARCH 27 2017.........SUNRISE   643 AM CDT   SUNSET   713 PM CDT
MARCH 28 2017.........SUNRISE   642 AM CDT   SUNSET   714 PM CDT


-  INDICATES NEGATIVE NUMBERS.
R  INDICATES RECORD WAS SET OR TIED.
MM INDICATES DATA IS MISSING.
T  INDICATES TRACE AMOUNT.




$$
