000
CDUS43 KLOT 270654
CLILOT


CLIMATE REPORT
NATIONAL WEATHER SERVICE CHICAGO IL
1253 AM CST THU NOV 27 2014


...................................

...THE ROMEOVILLE  WFO CLIMATE SUMMARY FOR NOVEMBER 26 2014...

CLIMATE NORMAL PERIOD 1981 TO 2010
CLIMATE RECORD PERIOD 1992 TO 2014


WEATHER ITEM   OBSERVED RECORD YEAR NORMAL DEPARTURE LAST
                VALUE   VALUE       VALUE  FROM      YEAR
                                           NORMAL
...........................................................
TEMPERATURE (F)
 YESTERDAY
  MAXIMUM         27     63    2006  43    -16       35
  MINIMUM         18     13    1996  28    -10       15
  AVERAGE         23                 35    -12       25

PRECIPITATION (IN)
  YESTERDAY        0.00   1.12 2011   0.12  -0.12      T
  MONTH TO DATE    1.51               2.95  -1.44     2.87
  SINCE SEP 1      9.02               9.49  -0.47    10.03
  SINCE JAN 1     47.68              37.31  10.37    39.35

SNOWFALL (IN)
  YESTERDAY        0.0    2.1  2002   0.1   -0.1       T
  MONTH TO DATE    1.3                0.6    0.7      0.9
  SINCE SEP 1      1.3                0.6    0.7      0.9
  SINCE JUL 1      1.3                0.6    0.7      0.9
  SNOW DEPTH       0

DEGREE DAYS
 HEATING
  YESTERDAY       42                 30     12
  MONTH TO DATE  803                609    194
  SINCE SEP 1   1329               1088    241
  SINCE JUL 1   1341               1096    245

 COOLING
  YESTERDAY        0                  0      0
  MONTH TO DATE    0                  0      0
  SINCE SEP 1     77                109    -32
  SINCE JAN 1    748                862   -114
...........................................................







THE ROMEOVILLE  WFO CLIMATE NORMALS FOR TODAY
                         NORMAL    RECORD    YEAR
 MAXIMUM TEMPERATURE (F)   42        65      1998
 MINIMUM TEMPERATURE (F)   27        10      2002


SUNRISE AND SUNSET
NOVEMBER 27 2014......SUNRISE   655 AM CST   SUNSET   424 PM CST
NOVEMBER 28 2014......SUNRISE   656 AM CST   SUNSET   424 PM CST


-  INDICATES NEGATIVE NUMBERS.
R  INDICATES RECORD WAS SET OR TIED.
MM INDICATES DATA IS MISSING.
T  INDICATES TRACE AMOUNT.




$$
