000
CDUS43 KLOT 310631
CLILOT


CLIMATE REPORT
NATIONAL WEATHER SERVICE CHICAGO IL
131 AM CDT MON AUG 31 2015


...................................

...THE ROMEOVILLE  WFO CLIMATE SUMMARY FOR AUGUST 30 2015...

CLIMATE NORMAL PERIOD 1981 TO 2010
CLIMATE RECORD PERIOD 1992 TO 2015


WEATHER ITEM   OBSERVED RECORD YEAR NORMAL DEPARTURE LAST
                VALUE   VALUE       VALUE  FROM      YEAR
                                           NORMAL
...........................................................
TEMPERATURE (F)
 YESTERDAY
  MAXIMUM         79     95    2013  81     -2       83
  MINIMUM         63     51    2009  61      2       69
                               2004
  AVERAGE         71                 71      0       76

PRECIPITATION (IN)
  YESTERDAY        0.00   0.93 1994   0.14  -0.14      T
  MONTH TO DATE    3.10               3.93  -0.83     9.73
  SINCE JUN 1     15.75              12.98   2.77    23.29
  SINCE JAN 1     27.66              27.68  -0.02    38.66

DEGREE DAYS
 HEATING
  YESTERDAY        0                  0      0
  MONTH TO DATE    9                  0      9
  SINCE JUN 1     47                 35     12
  SINCE JUL 1     20                  2     18

 COOLING
  YESTERDAY        6                  6      0
  MONTH TO DATE  187                225    -38
  SINCE JUN 1    561                687   -126
  SINCE JAN 1    637                745   -108
...........................................................







THE ROMEOVILLE  WFO CLIMATE NORMALS FOR TODAY
                         NORMAL    RECORD    YEAR
 MAXIMUM TEMPERATURE (F)   80        93      2000
 MINIMUM TEMPERATURE (F)   61        47      2009


SUNRISE AND SUNSET
AUGUST 31 2015........SUNRISE   617 AM CDT   SUNSET   728 PM CDT
SEPTEMBER  1 2015.....SUNRISE   618 AM CDT   SUNSET   726 PM CDT


-  INDICATES NEGATIVE NUMBERS.
R  INDICATES RECORD WAS SET OR TIED.
MM INDICATES DATA IS MISSING.
T  INDICATES TRACE AMOUNT.




$$
