000
CDUS43 KLOT 170635
CLILOT


CLIMATE REPORT
NATIONAL WEATHER SERVICE CHICAGO IL
1234 AM CST WED DEC 17 2014


...................................

...THE ROMEOVILLE  WFO CLIMATE SUMMARY FOR DECEMBER 16 2014...

CLIMATE NORMAL PERIOD 1981 TO 2010
CLIMATE RECORD PERIOD 1992 TO 2014


WEATHER ITEM   OBSERVED RECORD YEAR NORMAL DEPARTURE LAST
                VALUE   VALUE       VALUE  FROM      YEAR
                                           NORMAL
...........................................................
TEMPERATURE (F)
 YESTERDAY
  MAXIMUM         45     56    2006  34     11       21
  MINIMUM         29      5    2009  20      9        6
  AVERAGE         37                 27     10       14

PRECIPITATION (IN)
  YESTERDAY        0.05   0.34 1994   0.07  -0.02     0.04
  MONTH TO DATE    0.42               1.18  -0.76     0.63
  SINCE DEC 1      0.42               1.18  -0.76     0.63
  SINCE JAN 1     48.10              39.00   9.10    39.98

SNOWFALL (IN)
  YESTERDAY        0.0    3.1  2008   0.4   -0.4      1.2
  MONTH TO DATE    T                  4.2   -4.2      8.6
  SINCE DEC 1      T                  4.2   -4.2      8.6
  SINCE JUL 1      1.4                5.1   -3.7      9.5
  SNOW DEPTH       0

DEGREE DAYS
 HEATING
  YESTERDAY       28                 38    -10
  MONTH TO DATE  512                568    -56
  SINCE DEC 1    512                568    -56
  SINCE JUL 1   1988               1787    201

 COOLING
  YESTERDAY        0                  0      0
  MONTH TO DATE    0                  0      0
  SINCE DEC 1      0                  0      0
  SINCE JAN 1    748                862   -114
...........................................................







THE ROMEOVILLE  WFO CLIMATE NORMALS FOR TODAY
                         NORMAL    RECORD    YEAR
 MAXIMUM TEMPERATURE (F)   34        56      2006
 MINIMUM TEMPERATURE (F)   19        -4      2000


SUNRISE AND SUNSET
DECEMBER 17 2014......SUNRISE   713 AM CST   SUNSET   424 PM CST
DECEMBER 18 2014......SUNRISE   714 AM CST   SUNSET   424 PM CST


-  INDICATES NEGATIVE NUMBERS.
R  INDICATES RECORD WAS SET OR TIED.
MM INDICATES DATA IS MISSING.
T  INDICATES TRACE AMOUNT.




$$
