000
CDUS43 KLOT 240633
CLILOT


CLIMATE REPORT
NATIONAL WEATHER SERVICE CHICAGO IL
132 AM CDT THU APR 24 2014


...................................

...THE ROMEOVILLE  WFO CLIMATE SUMMARY FOR APRIL 23 2014...

CLIMATE NORMAL PERIOD 1981 TO 2010
CLIMATE RECORD PERIOD 1992 TO 2014


WEATHER ITEM   OBSERVED RECORD YEAR NORMAL DEPARTURE LAST
                VALUE   VALUE       VALUE  FROM      YEAR
                                           NORMAL
...........................................................
TEMPERATURE (F)
 YESTERDAY
  MAXIMUM         54     75    2008  64    -10       58
  MINIMUM         35     30    2003  42     -7       37
  AVERAGE         45                 53     -8       48

PRECIPITATION (IN)
  YESTERDAY        0.05   0.65 2013   0.14  -0.09     0.65
  MONTH TO DATE    2.54               2.88  -0.34     7.75
  SINCE MAR 1      4.65               5.65  -1.00    10.01
  SINCE JAN 1      9.51               9.36   0.15    15.83

SNOWFALL (IN)
  YESTERDAY        0.0    0.0  2011   0.0    0.0      0.0
                               2010
                               2009
  MONTH TO DATE    1.0                0.5    0.5       T
  SINCE MAR 1     11.2                4.9    6.3     10.2
  SINCE JUL 1     76.7               32.3   44.4     23.2
  SNOW DEPTH       0

DEGREE DAYS
 HEATING
  YESTERDAY       20                 12      8
  MONTH TO DATE  378                373      5
  SINCE MAR 1   1428               1190    238
  SINCE JUL 1   7032               5918   1114

 COOLING
  YESTERDAY        0                  0      0
  MONTH TO DATE    0                  0      0
  SINCE MAR 1      0                  0      0
  SINCE JAN 1      0                  0      0
...........................................................







THE ROMEOVILLE  WFO CLIMATE NORMALS FOR TODAY
                         NORMAL    RECORD    YEAR
 MAXIMUM TEMPERATURE (F)   64        84      1994
 MINIMUM TEMPERATURE (F)   43        31      1995


SUNRISE AND SUNSET
APRIL 24 2014.........SUNRISE   559 AM CDT   SUNSET   743 PM CDT
APRIL 25 2014.........SUNRISE   557 AM CDT   SUNSET   744 PM CDT


-  INDICATES NEGATIVE NUMBERS.
R  INDICATES RECORD WAS SET OR TIED.
MM INDICATES DATA IS MISSING.
T  INDICATES TRACE AMOUNT.




$$
