000
CDUS43 KLOT 240636
CLILOT


CLIMATE REPORT
NATIONAL WEATHER SERVICE CHICAGO IL
136 AM CDT TUE MAY 24 2016


...................................

...THE ROMEOVILLE  WFO CLIMATE SUMMARY FOR MAY 23 2016...

CLIMATE NORMAL PERIOD 1981 TO 2010
CLIMATE RECORD PERIOD 1992 TO 2016


WEATHER ITEM   OBSERVED RECORD YEAR NORMAL DEPARTURE LAST
                VALUE   VALUE       VALUE  FROM      YEAR
                                           NORMAL
...........................................................
TEMPERATURE (F)
 YESTERDAY
  MAXIMUM         83     90    2010  73     10       81
                               2007
  MINIMUM         51     40    1992  52     -1       52
  AVERAGE         67                 63      4       67

PRECIPITATION (IN)
  YESTERDAY        0.00   1.40 1995   0.14  -0.14     0.00
  MONTH TO DATE    2.62               3.16  -0.54     2.42
  SINCE MAR 1      9.25               9.89  -0.64     6.67
  SINCE JAN 1     11.32              13.60  -2.28     9.51

DEGREE DAYS
 HEATING
  YESTERDAY        0                  5     -5
  MONTH TO DATE  213                163     50
  SINCE MAR 1   1312               1429   -117
  SINCE JUL 1   5345               6157   -812

 COOLING
  YESTERDAY        2                  2      0
  MONTH TO DATE    3                 31    -28
  SINCE MAR 1     14                 36    -22
  SINCE JAN 1     14                 36    -22
...........................................................







THE ROMEOVILLE  WFO CLIMATE NORMALS FOR TODAY
                         NORMAL    RECORD    YEAR
 MAXIMUM TEMPERATURE (F)   72        92      2010
 MINIMUM TEMPERATURE (F)   52        34      1992


SUNRISE AND SUNSET
MAY 24 2016...........SUNRISE   525 AM CDT   SUNSET   814 PM CDT
MAY 25 2016...........SUNRISE   524 AM CDT   SUNSET   815 PM CDT


-  INDICATES NEGATIVE NUMBERS.
R  INDICATES RECORD WAS SET OR TIED.
MM INDICATES DATA IS MISSING.
T  INDICATES TRACE AMOUNT.




$$
