000
CDUS43 KJKL 210535
CLILOZ

CLIMATE REPORT
NATIONAL WEATHER SERVICE JACKSON KY
1235 AM EST TUE FEB 21 2017

...................................

...THE LONDON KY CLIMATE SUMMARY FOR FEBRUARY 20 2017...

CLIMATE NORMAL PERIOD 1981 TO 2010
CLIMATE RECORD PERIOD 1954 TO 2017

WEATHER ITEM   OBSERVED TIME   RECORD YEAR NORMAL DEPARTURE LAST
                VALUE   (LST)  VALUE       VALUE  FROM      YEAR
                                                  NORMAL
..................................................................
TEMPERATURE (F)
 YESTERDAY
  MAXIMUM         70    427 PM  74    1986  51     19       66
  MINIMUM         35    757 AM -17    2015  30      5       52
  AVERAGE         53                        41     12       59

PRECIPITATION (IN)
  YESTERDAY        0.00          0.61 1967   0.13  -0.13     0.00
  MONTH TO DATE    0.77                      2.61  -1.84     4.65
  SINCE DEC 1     11.15                     10.39   0.76    12.18
  SINCE JAN 1      4.85                      6.15  -1.30     6.73

SNOWFALL (IN)
  YESTERDAY       MM
  MONTH TO DATE   MM
  SINCE DEC 1     MM
  SINCE JUL 1     MM
  SNOW DEPTH      MM

DEGREE DAYS
 HEATING
  YESTERDAY       12                        24    -12        6
  MONTH TO DATE  418                       527   -109      575
  SINCE DEC 1   1904                      2260   -356     2081
  SINCE JUL 1   2495                      3090   -595     2746

 COOLING
  YESTERDAY        0                         0      0        0
  MONTH TO DATE    0                         0      0        0
  SINCE DEC 1      0                         1     -1        0
  SINCE JAN 1      0                         0      0        0
..................................................................

WIND (MPH)
  HIGHEST WIND SPEED     9   HIGHEST WIND DIRECTION     E (80)
  HIGHEST GUST SPEED    13   HIGHEST GUST DIRECTION     E (100)
  AVERAGE WIND SPEED     1.2

SKY COVER
  POSSIBLE SUNSHINE  MM
  AVERAGE SKY COVER 0.0

WEATHER CONDITIONS
 THE FOLLOWING WEATHER WAS RECORDED YESTERDAY.
  NO SIGNIFICANT WEATHER WAS OBSERVED.

RELATIVE HUMIDITY (PERCENT)
 HIGHEST    92           200 AM
 LOWEST     26           400 PM
 AVERAGE    59

..........................................................

THE LONDON KY CLIMATE NORMALS FOR TODAY
                         NORMAL    RECORD    YEAR
 MAXIMUM TEMPERATURE (F)   51        70      1980
 MINIMUM TEMPERATURE (F)   31         3      1963

SUNRISE AND SUNSET
FEBRUARY 21 2017......SUNRISE   717 AM EST   SUNSET   623 PM EST
FEBRUARY 22 2017......SUNRISE   716 AM EST   SUNSET   624 PM EST

-  INDICATES NEGATIVE NUMBERS.
R  INDICATES RECORD WAS SET OR TIED.
MM INDICATES DATA IS MISSING.
T  INDICATES TRACE AMOUNT.

$$
