000
CDUS43 KJKL 270538
CLILOZ

CLIMATE REPORT
NATIONAL WEATHER SERVICE JACKSON KY
138 AM EDT THU AUG 27 2015

...................................

...THE LONDON KY CLIMATE SUMMARY FOR AUGUST 26 2015...

CLIMATE NORMAL PERIOD 1981 TO 2010
CLIMATE RECORD PERIOD 1954 TO 2015

WEATHER ITEM   OBSERVED TIME   RECORD YEAR NORMAL DEPARTURE LAST
                VALUE   (LST)  VALUE       VALUE  FROM      YEAR
                                                  NORMAL
..................................................................
TEMPERATURE (F)
 YESTERDAY
  MAXIMUM         77    346 PM  95    1987  85     -8       87
  MINIMUM         56    638 AM  46    1966  64     -8       65
  AVERAGE         67                        74     -7       76

PRECIPITATION (IN)
  YESTERDAY        0.00          1.21 2008   0.11  -0.11     0.00
  MONTH TO DATE    2.76                      3.18  -0.42     3.51
  SINCE JUN 1     18.96                     11.62   7.34    13.22
  SINCE JAN 1     38.88                     32.15   6.73    32.21

SNOWFALL (IN)
  YESTERDAY       MM
  MONTH TO DATE   MM
  SINCE JUN 1     MM
  SINCE JUL 1     MM
  SNOW DEPTH      MM

DEGREE DAYS
 HEATING
  YESTERDAY        0                         0      0        0
  MONTH TO DATE    0                         0      0        0
  SINCE JUN 1      2                         9     -7        0
  SINCE JUL 1      0                         0      0        0

 COOLING
  YESTERDAY        2                         9     -7       11
  MONTH TO DATE  242                       274    -32      268
  SINCE JUN 1    939                       867     72      825
  SINCE JAN 1   1133                       981    152      991
..................................................................

WIND (MPH)
  HIGHEST WIND SPEED    13   HIGHEST WIND DIRECTION     N (20)
  HIGHEST GUST SPEED    17   HIGHEST GUST DIRECTION     N (350)
  AVERAGE WIND SPEED     3.9

SKY COVER
  POSSIBLE SUNSHINE  MM
  AVERAGE SKY COVER 0.3

WEATHER CONDITIONS
 THE FOLLOWING WEATHER WAS RECORDED YESTERDAY.
  NO SIGNIFICANT WEATHER WAS OBSERVED.

RELATIVE HUMIDITY (PERCENT)
 HIGHEST    86           300 AM
 LOWEST     41           400 PM
 AVERAGE    64
..........................................................

THE LONDON KY CLIMATE NORMALS FOR TODAY
                         NORMAL    RECORD    YEAR
 MAXIMUM TEMPERATURE (F)   85        95      2007
 MINIMUM TEMPERATURE (F)   63        49      1966

SUNRISE AND SUNSET
AUGUST 27 2015........SUNRISE   703 AM EDT   SUNSET   812 PM EDT
AUGUST 28 2015........SUNRISE   704 AM EDT   SUNSET   811 PM EDT

-  INDICATES NEGATIVE NUMBERS.
R  INDICATES RECORD WAS SET OR TIED.
MM INDICATES DATA IS MISSING.
T  INDICATES TRACE AMOUNT.

$$

GEOGERIAN
