000
CDUS43 KJKL 170524
CLILOZ

CLIMATE REPORT
NATIONAL WEATHER SERVICE JACKSON KY
125 AM EDT TUE OCT 17 2017

...................................

...THE LONDON KY CLIMATE SUMMARY FOR OCTOBER 16 2017...

CLIMATE NORMAL PERIOD 1981 TO 2010
CLIMATE RECORD PERIOD 1954 TO 2017

WEATHER ITEM   OBSERVED TIME   RECORD YEAR NORMAL DEPARTURE LAST
                VALUE   (LST)  VALUE       VALUE  FROM      YEAR
                                                  NORMAL
..................................................................
TEMPERATURE (F)
 YESTERDAY
  MAXIMUM         62    302 PM  82    1962  69     -7       81
  MINIMUM         42   1156 PM  33    1987  45     -3       51
  AVERAGE         52                        57     -5       66

PRECIPITATION (IN)
  YESTERDAY        0.00          0.86 1989   0.09  -0.09     0.00
  MONTH TO DATE    3.45                      1.51   1.94     0.08
  SINCE SEP 1      5.24                      4.88   0.36     1.26

SNOWFALL (IN)
  YESTERDAY       MM
  MONTH TO DATE   MM
  SINCE SEP 1     MM
  SINCE JUL 1     MM
  SNOW DEPTH      MM

DEGREE DAYS
 HEATING
  YESTERDAY       13                         8      5        0
  MONTH TO DATE   20                       102    -82       46
  SINCE SEP 1     61                       148    -87       67
  SINCE JUL 1     61                       149    -88       67

 COOLING
  YESTERDAY        0                         0      0        1
  MONTH TO DATE   42                        17     25       19
  SINCE SEP 1    166                       160      6      251
  SINCE JAN 1   1135                      1184    -49     1474
..................................................................

WIND (MPH)
  HIGHEST WIND SPEED    16   HIGHEST WIND DIRECTION     N (10)
  HIGHEST GUST SPEED    23   HIGHEST GUST DIRECTION     N (350)
  AVERAGE WIND SPEED     6.0

SKY COVER
  POSSIBLE SUNSHINE  MM
  AVERAGE SKY COVER 0.6

WEATHER CONDITIONS
 THE FOLLOWING WEATHER WAS RECORDED YESTERDAY.
  NO SIGNIFICANT WEATHER WAS OBSERVED.

RELATIVE HUMIDITY (PERCENT)
 HIGHEST    96          1100 PM
 LOWEST     42           200 PM
 AVERAGE    69
..........................................................

THE LONDON KY CLIMATE NORMALS FOR TODAY
                         NORMAL    RECORD    YEAR
 MAXIMUM TEMPERATURE (F)   69        82      2016
                                             1965
 MINIMUM TEMPERATURE (F)   45        29      1991

SUNRISE AND SUNSET
OCTOBER 17 2017.......SUNRISE   746 AM EDT   SUNSET   656 PM EDT
OCTOBER 18 2017.......SUNRISE   747 AM EDT   SUNSET   655 PM EDT

-  INDICATES NEGATIVE NUMBERS.
R  INDICATES RECORD WAS SET OR TIED.
MM INDICATES DATA IS MISSING.
T  INDICATES TRACE AMOUNT.

$$
GREIF
