000
CDUS43 KJKL 220544
CLILOZ

CLIMATE REPORT
NATIONAL WEATHER SERVICE JACKSON KY
142 AM EDT MON SEP 22 2014

...................................

...THE LONDON KY CLIMATE SUMMARY FOR SEPTEMBER 21 2014...

CLIMATE NORMAL PERIOD 1981 TO 2010
CLIMATE RECORD PERIOD 1954 TO 2014

WEATHER ITEM   OBSERVED TIME   RECORD YEAR NORMAL DEPARTURE LAST
                VALUE   (LST)  VALUE       VALUE  FROM      YEAR
                                                  NORMAL
..................................................................
TEMPERATURE (F)
 YESTERDAY
  MAXIMUM         81    416 PM  93    1955  78      3       72
  MINIMUM         58   1029 PM  35    1956  55      3       54
  AVERAGE         70                        66      4       63

PRECIPITATION (IN)
  YESTERDAY        T             2.37 1979   0.11  -0.11     1.27
  MONTH TO DATE    1.38                      2.35  -0.97     2.24
  SINCE SEP 1      1.38                      2.35  -0.97     2.24
  SINCE JAN 1        MM                     35.03     MM    43.28

SNOWFALL (IN)
  YESTERDAY       MM
  MONTH TO DATE   MM
  SINCE SEP 1     MM
  SINCE JUL 1     MM
  SNOW DEPTH      MM

DEGREE DAYS
 HEATING
  YESTERDAY        0                         2     -2        2
  MONTH TO DATE    6                        15     -9        9
  SINCE SEP 1      6                        15     -9        9
  SINCE JUL 1      6                        16    -10        9

 COOLING
  YESTERDAY        5                         3      2        0
  MONTH TO DATE  144                       120     24      138
  SINCE SEP 1    144                       120     24      138
  SINCE JAN 1     MM                      1144     MM     1030
..................................................................

WIND (MPH)
  HIGHEST WIND SPEED    18   HIGHEST WIND DIRECTION     W (250)
  HIGHEST GUST SPEED    24   HIGHEST GUST DIRECTION     W (270)
  AVERAGE WIND SPEED     6.9

SKY COVER
  POSSIBLE SUNSHINE  MM
  AVERAGE SKY COVER 0.4

WEATHER CONDITIONS
 THE FOLLOWING WEATHER WAS RECORDED YESTERDAY.
  LIGHT RAIN
  FOG

RELATIVE HUMIDITY (PERCENT)
 HIGHEST    90           500 AM
 LOWEST     44           800 PM
 AVERAGE    67

..........................................................

THE LONDON KY CLIMATE NORMALS FOR TODAY
                         NORMAL    RECORD    YEAR
 MAXIMUM TEMPERATURE (F)   77        91      2005
 MINIMUM TEMPERATURE (F)   54        35      1983

SUNRISE AND SUNSET
SEPTEMBER 22 2014.....SUNRISE   724 AM EDT   SUNSET   733 PM EDT
SEPTEMBER 23 2014.....SUNRISE   725 AM EDT   SUNSET   732 PM EDT

-  INDICATES NEGATIVE NUMBERS.
R  INDICATES RECORD WAS SET OR TIED.
MM INDICATES DATA IS MISSING.
T  INDICATES TRACE AMOUNT.

$$
