000
CDUS43 KJKL 270906
CLILOZ

CLIMATE REPORT
NATIONAL WEATHER SERVICE JACKSON KY
506 AM EDT TUE JUN 27 2017

...................................

...THE LONDON KY CLIMATE SUMMARY FOR JUNE 26 2017...

CLIMATE NORMAL PERIOD 1981 TO 2010
CLIMATE RECORD PERIOD 1954 TO 2017


WEATHER ITEM   OBSERVED TIME   RECORD YEAR NORMAL DEPARTURE LAST
                VALUE   (LST)  VALUE       VALUE  FROM      YEAR
                                                  NORMAL
..................................................................

TEMPERATURE (F)
 YESTERDAY
  MAXIMUM         78    351 PM  97    1988  86     -8       91
  MINIMUM         53    430 AM  44    1974  65    -12       65
  AVERAGE         66                        75     -9       78

PRECIPITATION (IN)
  YESTERDAY        0.00          1.40 1992   0.13  -0.13     0.00
  MONTH TO DATE    4.48                      3.83   0.65     2.29
  SINCE JUN 1      4.48                      3.83   0.65     2.29

SNOWFALL (IN)
  YESTERDAY       MM
  MONTH TO DATE   MM
  SINCE JUN 1     MM
  SINCE JUL 1     MM
  SNOW DEPTH      MM

DEGREE DAYS
 HEATING
  YESTERDAY        0                         0      0        0
  MONTH TO DATE    3                         7     -4        2
  SINCE JUN 1      3                         7     -4        2
  SINCE JUL 1   3322                      4203   -881     3676

 COOLING
  YESTERDAY        1                        10     -9       13
  MONTH TO DATE  166                       201    -35      258
  SINCE JUN 1    166                       201    -35      258
  SINCE JAN 1    317                       315      2      360
..................................................................

WIND (MPH)
  HIGHEST WIND SPEED    17   HIGHEST WIND DIRECTION     W (290)
  HIGHEST GUST SPEED    23   HIGHEST GUST DIRECTION    NW (300)
  AVERAGE WIND SPEED     3.5


SKY COVER
  POSSIBLE SUNSHINE  MM
  AVERAGE SKY COVER 0.1


WEATHER CONDITIONS
 THE FOLLOWING WEATHER WAS RECORDED YESTERDAY.
  NO SIGNIFICANT WEATHER WAS OBSERVED.


RELATIVE HUMIDITY (PERCENT)
 HIGHEST    93           400 AM
 LOWEST     35           200 PM
 AVERAGE    64
..........................................................

THE LONDON KY CLIMATE NORMALS FOR TODAY
                         NORMAL    RECORD    YEAR
 MAXIMUM TEMPERATURE (F)   86        95      1978
 MINIMUM TEMPERATURE (F)   65        48      1961


SUNRISE AND SUNSET
JUNE 27 2017..........SUNRISE   619 AM EDT   SUNSET   900 PM EDT
JUNE 28 2017..........SUNRISE   619 AM EDT   SUNSET   900 PM EDT


-  INDICATES NEGATIVE NUMBERS.
R  INDICATES RECORD WAS SET OR TIED.
MM INDICATES DATA IS MISSING.
T  INDICATES TRACE AMOUNT.
$$
