000
CDUS43 KJKL 220603 CCA
CLILOZ

CLIMATE REPORT
NATIONAL WEATHER SERVICE JACKSON KY
203 AM EDT FRI AUG 22 2014
...................................

...THE LONDON KY CLIMATE SUMMARY FOR AUGUST 21 2014...

CLIMATE NORMAL PERIOD 1981 TO 2010
CLIMATE RECORD PERIOD 1954 TO 2014

WEATHER ITEM   OBSERVED TIME   RECORD YEAR NORMAL DEPARTURE LAST
                VALUE   (LST)  VALUE       VALUE  FROM      YEAR
                                                  NORMAL
..................................................................
TEMPERATURE (F)
 YESTERDAY
  MAXIMUM         89    348 PM 100    1983  86      3       82
  MINIMUM         66    611 AM  51    1956  64      2       69
  AVERAGE         78                        75      3       76

PRECIPITATION (IN)
  YESTERDAY        0.00          1.98 1990   0.11  -0.11     0.23
  MONTH TO DATE    3.51                      2.63   0.88     3.30
  SINCE JUN 1      M                        11.07   M       17.73
  SINCE JAN 1      M                        31.60   M       40.74

SNOWFALL (IN)
  YESTERDAY       MM
  MONTH TO DATE   MM
  SINCE JUN 1     MM
  SINCE JUL 1     MM
  SNOW DEPTH      MM

DEGREE DAYS
 HEATING
  YESTERDAY        0                         0      0        0
  MONTH TO DATE    0                         0      0        0
  SINCE JUN 1      0                         9     -9        0
  SINCE JUL 1      0                         0      0        0

 COOLING
  YESTERDAY       13                        10      3       11
  MONTH TO DATE  194                       225    -31      169
  SINCE JUN 1      M                       818      M      671
  SINCE JAN 1      M                       932      M      771
..................................................................

WIND (MPH)
  HIGHEST WIND SPEED    16   HIGHEST WIND DIRECTION     W (250)
  HIGHEST GUST SPEED    22   HIGHEST GUST DIRECTION     W (270)
  AVERAGE WIND SPEED     5.4

SKY COVER
  POSSIBLE SUNSHINE  MM
  AVERAGE SKY COVER 0.1

WEATHER CONDITIONS
 THE FOLLOWING WEATHER WAS RECORDED YESTERDAY.
  NO SIGNIFICANT WEATHER WAS OBSERVED.

RELATIVE HUMIDITY (PERCENT)
 HIGHEST    93           400 AM
 LOWEST     55           200 PM
 AVERAGE    74
..........................................................

THE LONDON KY CLIMATE NORMALS FOR TODAY
                         NORMAL    RECORD    YEAR
 MAXIMUM TEMPERATURE (F)   86        98      1983
 MINIMUM TEMPERATURE (F)   64        46      1956

SUNRISE AND SUNSET
AUGUST 22 2014........SUNRISE   659 AM EDT   SUNSET   819 PM EDT
AUGUST 23 2014........SUNRISE   700 AM EDT   SUNSET   818 PM EDT

-  INDICATES NEGATIVE NUMBERS.
R  INDICATES RECORD WAS SET OR TIED.
MM INDICATES DATA IS MISSING.
T  INDICATES TRACE AMOUNT.

$$
