000
CDUS44 KCRP 210128
CLILRD

CLIMATE REPORT
NATIONAL WEATHER SERVICE CORPUS CHRISTI TX
823 PM CDT SUN APR 20 2014


...................................

...THE LAREDO CLIMATE SUMMARY FOR APRIL 20 2014...
VALID TODAY AS OF 800 PM LOCAL TIME.

CLIMATE NORMAL PERIOD 1981 TO 2010
CLIMATE RECORD PERIOD 1900 TO 2014


WEATHER ITEM   OBSERVED TIME   RECORD YEAR NORMAL DEPARTURE LAST
                VALUE   (LST)  VALUE       VALUE  FROM      YEAR
                                                  NORMAL
..................................................................
TEMPERATURE (F)
 TODAY
  MAXIMUM         82    408 PM 109    1984  89     -7       82
  MINIMUM         68    808 AM  50    1901  66      2       52
  AVERAGE         75                        77     -2       67

PRECIPITATION (IN)
  TODAY           MM             1.50 1908   0.05  MM        0.00
  MONTH TO DATE    0.03                      0.82  -0.79     0.01
  SINCE MAR 1      1.11                      1.94  -0.83     0.01
  SINCE JAN 1      1.32                      3.78  -2.46     0.76

SNOWFALL (IN)
  TODAY            0.0
  MONTH TO DATE    0.0
  SINCE MAR 1      0.0
  SINCE JUL 1      0.0

DEGREE DAYS
 HEATING
  TODAY            0                         0      0        0
  MONTH TO DATE    5                        12     -7        0
  SINCE MAR 1    104                        81     23       37
  SINCE JUL 1   1095                       925    170      513

 COOLING
  TODAY           10                        12     -2        2
  MONTH TO DATE  205                       209     -4      230
  SINCE MAR 1    341                       382    -41      445
  SINCE JAN 1    453                       467    -14      599
..................................................................


WIND (MPH)
  HIGHEST WIND SPEED    20   HIGHEST WIND DIRECTION    SE (150)
  HIGHEST GUST SPEED    23   HIGHEST GUST DIRECTION    SE (140)


SKY COVER
  POSSIBLE SUNSHINE  MM
  AVERAGE SKY COVER 1.0


WEATHER CONDITIONS
 THE FOLLOWING WEATHER WAS RECORDED TODAY.
  LIGHT RAIN
  FOG


RELATIVE HUMIDITY (PERCENT)
 HIGHEST   100           500 AM
 LOWEST     58           400 PM
 AVERAGE    79

..........................................................


THE LAREDO CLIMATE NORMALS FOR TOMORROW
                         NORMAL    RECORD    YEAR
 MAXIMUM TEMPERATURE (F)   89       102      2011
                                             1997
 MINIMUM TEMPERATURE (F)   66        42      1907


SUNRISE AND SUNSET
APRIL 20 2014.........SUNRISE   708 AM CDT   SUNSET   805 PM CDT
APRIL 21 2014.........SUNRISE   707 AM CDT   SUNSET   806 PM CDT


-  INDICATES NEGATIVE NUMBERS.
R  INDICATES RECORD WAS SET OR TIED.
MM INDICATES DATA IS MISSING.
T  INDICATES TRACE AMOUNT.




$$
