000
CDUS44 KCRP 200905
CLILRD

CLIMATE REPORT
NATIONAL WEATHER SERVICE CORPUS CHRISTI TX
303 AM CST SAT DEC 20 2014


...................................

...THE LAREDO CLIMATE SUMMARY FOR DECEMBER 19 2014...

CLIMATE NORMAL PERIOD 1981 TO 2010
CLIMATE RECORD PERIOD 1900 TO 2014


WEATHER ITEM   OBSERVED TIME   RECORD YEAR NORMAL DEPARTURE LAST
                VALUE   (LST)  VALUE       VALUE  FROM      YEAR
                                                  NORMAL
..................................................................
TEMPERATURE (F)
 YESTERDAY
  MAXIMUM         65    506 PM  87    2012  67     -2       80
  MINIMUM         52   1150 PM  17    1996  46      6       56
  AVERAGE         59                        57      2       68

PRECIPITATION (IN)
  YESTERDAY        0.01          1.12 1928   0.03  -0.02     0.00
  MONTH TO DATE    0.14                      0.50  -0.36     0.01
  SINCE DEC 1      0.14                      0.50  -0.36     0.01
  SINCE JAN 1     15.81                     19.82  -4.01    20.41

SNOWFALL (IN)
  YESTERDAY        0.0
  MONTH TO DATE    0.0
  SINCE DEC 1      0.0
  SINCE JUL 1      0.0

DEGREE DAYS
 HEATING
  YESTERDAY        6                         9     -3        0
  MONTH TO DATE   52                       155   -103      183
  SINCE DEC 1     52                       155   -103      183
  SINCE JUL 1    210                       270    -60      348

 COOLING
  YESTERDAY        0                         1     -1        3
  MONTH TO DATE   33                        23     10       26
  SINCE DEC 1     33                        23     10       26
  SINCE JAN 1   4508                      4278    230     4508
..................................................................


WIND (MPH)
  HIGHEST WIND SPEED    17   HIGHEST WIND DIRECTION    NE (30)
  HIGHEST GUST SPEED    20   HIGHEST GUST DIRECTION    NE (30)
  AVERAGE WIND SPEED     7.3


SKY COVER
  POSSIBLE SUNSHINE  MM
  AVERAGE SKY COVER 0.5


WEATHER CONDITIONS
 THE FOLLOWING WEATHER WAS RECORDED YESTERDAY.
  LIGHT RAIN
  FOG
  FOG W/VISIBILITY <= 1/4 MILE
  HAZE


RELATIVE HUMIDITY (PERCENT)
 HIGHEST    93          1000 AM
 LOWEST     67           300 PM

..........................................................


THE LAREDO CLIMATE NORMALS FOR TODAY
                         NORMAL    RECORD    YEAR
 MAXIMUM TEMPERATURE (F)   67        89      2010
 MINIMUM TEMPERATURE (F)   46        27      1924


SUNRISE AND SUNSET
DECEMBER 20 2014......SUNRISE   723 AM CST   SUNSET   548 PM CST
DECEMBER 21 2014......SUNRISE   724 AM CST   SUNSET   548 PM CST


-  INDICATES NEGATIVE NUMBERS.
R  INDICATES RECORD WAS SET OR TIED.
MM INDICATES DATA IS MISSING.
T  INDICATES TRACE AMOUNT.




$$
