000
CDUS44 KCRP 022153 RRA
CLILRD

CLIMATE REPORT
NATIONAL WEATHER SERVICE CORPUS CHRISTI TX
450 PM CDT SUN AUG 2 2015


...................................

...THE LAREDO CLIMATE SUMMARY FOR AUGUST 2 2015...
VALID TODAY AS OF 400 PM LOCAL TIME.

CLIMATE NORMAL PERIOD 1981 TO 2010
CLIMATE RECORD PERIOD 1900 TO 2015


WEATHER ITEM   OBSERVED TIME   RECORD YEAR NORMAL DEPARTURE LAST
                VALUE   (LST)  VALUE       VALUE  FROM      YEAR
                                                  NORMAL
..................................................................
TEMPERATURE (F)
 TODAY
  MAXIMUM        101    255 PM 109    1999 101      0       93
  MINIMUM         74    612 AM  66    1918  77     -3       77
  AVERAGE         88                        89     -1       85

PRECIPITATION (IN)
  TODAY            0.00          5.64 1971   0.03  -0.03      T
  MONTH TO DATE    0.00                      0.07  -0.07     0.48
  SINCE JUN 1      1.26                      4.31  -3.05     2.37
  SINCE JAN 1     19.96                     11.18   8.78     7.40

SNOWFALL (IN)
  TODAY            0.0
  MONTH TO DATE    0.0
  SINCE JUN 1      0.0
  SINCE JUL 1      0.0

DEGREE DAYS
 HEATING
  TODAY            0                         0      0        0
  MONTH TO DATE    0                         0      0        0
  SINCE JUN 1      0                         0      0        0
  SINCE JUL 1      0                         0      0        0

 COOLING
  TODAY           23                        24     -1       20
  MONTH TO DATE   47                        48     -1       45
  SINCE JUN 1   1406                      1421    -15     1544
  SINCE JAN 1   2348                      2564   -216     2669
..................................................................


WIND (MPH)
  HIGHEST WIND SPEED    15   HIGHEST WIND DIRECTION     E (110)
  HIGHEST GUST SPEED    17   HIGHEST GUST DIRECTION     E (80)


SKY COVER
  POSSIBLE SUNSHINE  MM
  AVERAGE SKY COVER 0.0


WEATHER CONDITIONS
 THE FOLLOWING WEATHER WAS RECORDED TODAY.
  NO SIGNIFICANT WEATHER WAS OBSERVED.


RELATIVE HUMIDITY (PERCENT)
 HIGHEST    79           600 AM
 LOWEST     26           300 PM
 AVERAGE    53

..........................................................


THE LAREDO CLIMATE NORMALS FOR TOMORROW
                         NORMAL    RECORD    YEAR
 MAXIMUM TEMPERATURE (F)  101       110      1998
 MINIMUM TEMPERATURE (F)   77        63      1978


SUNRISE AND SUNSET
AUGUST  2 2015........SUNRISE   702 AM CDT   SUNSET   826 PM CDT
AUGUST  3 2015........SUNRISE   702 AM CDT   SUNSET   826 PM CDT


-  INDICATES NEGATIVE NUMBERS.
R  INDICATES RECORD WAS SET OR TIED.
MM INDICATES DATA IS MISSING.
T  INDICATES TRACE AMOUNT.




$$
