000
CDUS44 KCRP 080650 RRB
CLILRD

CLIMATE REPORT
NATIONAL WEATHER SERVICE CORPUS CHRISTI TX
1248 AM CST THU DEC 8 2016


...................................

...THE LAREDO CLIMATE SUMMARY FOR DECEMBER 7 2016...

CLIMATE NORMAL PERIOD 1981 TO 2010
CLIMATE RECORD PERIOD 1900 TO 2016


WEATHER ITEM   OBSERVED TIME   RECORD YEAR NORMAL DEPARTURE LAST
                VALUE   (LST)  VALUE       VALUE  FROM      YEAR
                                                  NORMAL
..................................................................
TEMPERATURE (F)
 YESTERDAY
  MAXIMUM         65    300 PM  94    1917  69     -4       72
  MINIMUM         50        MM  30    1984  48      2       48
  AVERAGE         58                        59     -1       60

PRECIPITATION (IN)
  YESTERDAY        T             1.78 1931   0.02  -0.02     0.00
  MONTH TO DATE    1.41                      0.17   1.24     0.00
  SINCE DEC 1      1.41                      0.17   1.24     0.00
  SINCE JAN 1     24.29                     19.49   4.80    25.97

SNOWFALL (IN)
  YESTERDAY        0.0
  MONTH TO DATE    0.0
  SINCE DEC 1      0.0
  SINCE JUL 1      0.0

DEGREE DAYS
 HEATING
  YESTERDAY        7                         8     -1        5
  MONTH TO DATE   29                        51    -22       51
  SINCE DEC 1     29                        51    -22       51
  SINCE JUL 1     46                       166   -120      122

 COOLING
  YESTERDAY        0                         1     -1        0
  MONTH TO DATE    6                        11     -5        0
  SINCE DEC 1      6                        11     -5        0
  SINCE JAN 1   4732                      4266    466     4325
..................................................................


WIND (MPH)
  HIGHEST WIND SPEED    15   HIGHEST WIND DIRECTION    NE (60)
  HIGHEST GUST SPEED    MM   HIGHEST GUST DIRECTION    MM
  AVERAGE WIND SPEED     6.7


SKY COVER
  POSSIBLE SUNSHINE  MM
  AVERAGE SKY COVER 0.9


WEATHER CONDITIONS
 THE FOLLOWING WEATHER WAS RECORDED YESTERDAY.
  LIGHT RAIN


RELATIVE HUMIDITY (PERCENT)
 HIGHEST    86           200 AM
 LOWEST     72           100 PM

..........................................................


THE LAREDO CLIMATE NORMALS FOR TODAY
                         NORMAL    RECORD    YEAR
 MAXIMUM TEMPERATURE (F)   69        90      1994
 MINIMUM TEMPERATURE (F)   48        22      1916


SUNRISE AND SUNSET
DECEMBER  8 2016......SUNRISE   716 AM CST   SUNSET   544 PM CST
DECEMBER  9 2016......SUNRISE   717 AM CST   SUNSET   544 PM CST


-  INDICATES NEGATIVE NUMBERS.
R  INDICATES RECORD WAS SET OR TIED.
MM INDICATES DATA IS MISSING.
T  INDICATES TRACE AMOUNT.

$$

GW
