000
CDUS44 KCRP 142158 RRA
CLILRD

CLIMATE REPORT
NATIONAL WEATHER SERVICE CORPUS CHRISTI TX
358 PM CST SUN FEB 14 2016


...THE LAREDO CLIMATE SUMMARY FOR FEBRUARY 14 2016...
VALID TODAY AS OF 300 PM LOCAL TIME.

CLIMATE NORMAL PERIOD 1981 TO 2010
CLIMATE RECORD PERIOD 1900 TO 2016


WEATHER ITEM   OBSERVED TIME   RECORD YEAR NORMAL DEPARTURE LAST
                VALUE   (LST)  VALUE       VALUE  FROM      YEAR
                                                  NORMAL
..................................................................
TEMPERATURE (F)
 TODAY
  MAXIMUM         82    300 PM  92    2014  72     10       74
                                      2000
  MINIMUM         56    556 AM  29    1951  50      6       54
  AVERAGE         69                        61      8       64

PRECIPITATION (IN)
  TODAY            0.00          0.56 1998   0.04  -0.04     0.00
  MONTH TO DATE    0.00                      0.46  -0.46     0.17
  SINCE DEC 1      2.01                      2.24  -0.23     1.71
  SINCE JAN 1      1.88                      1.36   0.52     0.76

SNOWFALL (IN)
  TODAY            0.0
  MONTH TO DATE    0.0
  SINCE DEC 1      0.0
  SINCE JUL 1      0.0

DEGREE DAYS
 HEATING
  TODAY            0                         6     -6        1
  MONTH TO DATE   77                        97    -20       73
  SINCE DEC 1    488                       661   -173      629
  SINCE JUL 1    559                       776   -217      787

 COOLING
  TODAY            4                         2      2        0
  MONTH TO DATE   21                        24     -3       15
  SINCE DEC 1     91                        87      4       60
  SINCE JAN 1     28                        52    -24       24
..................................................................


WIND (MPH)
  HIGHEST WIND SPEED    15   HIGHEST WIND DIRECTION     S (160)
  HIGHEST GUST SPEED    17   HIGHEST GUST DIRECTION     S (170)


SKY COVER
  POSSIBLE SUNSHINE  MM
  AVERAGE SKY COVER 0.0


WEATHER CONDITIONS
 THE FOLLOWING WEATHER WAS RECORDED TODAY.
  NO SIGNIFICANT WEATHER WAS OBSERVED.


RELATIVE HUMIDITY (PERCENT)
 HIGHEST   100           600 AM
 LOWEST     33           300 PM
 AVERAGE    67

..........................................................


THE LAREDO CLIMATE NORMALS FOR TOMORROW
                         NORMAL    RECORD    YEAR
 MAXIMUM TEMPERATURE (F)   72        94      1990
 MINIMUM TEMPERATURE (F)   50        16      1909


SUNRISE AND SUNSET
FEBRUARY 14 2016......SUNRISE   716 AM CST   SUNSET   628 PM CST
FEBRUARY 15 2016......SUNRISE   715 AM CST   SUNSET   629 PM CST


-  INDICATES NEGATIVE NUMBERS.
R  INDICATES RECORD WAS SET OR TIED.
MM INDICATES DATA IS MISSING.
T  INDICATES TRACE AMOUNT.

$$
