000
CDUS44 KCRP 220841 CCA
CLILRD

CLIMATE REPORT...CORR
NATIONAL WEATHER SERVICE CORPUS CHRISTI TX
237 AM CST THU FEB 22 2018

...................................

...THE LAREDO CLIMATE SUMMARY FOR FEBRUARY 21 2018...

CLIMATE NORMAL PERIOD 1981 TO 2010
CLIMATE RECORD PERIOD 1900 TO 2018

WEATHER ITEM   OBSERVED TIME   RECORD YEAR NORMAL DEPARTURE LAST
                VALUE   (LST)  VALUE       VALUE  FROM      YEAR
                                                  NORMAL
..................................................................
TEMPERATURE (F)
 YESTERDAY
  MAXIMUM         81        MM 100    1996  74      7       89
  MINIMUM         48   1159 PM  30    1904  52     -4       53
  AVERAGE         65                        63      2       71

PRECIPITATION (IN)
  YESTERDAY        T             1.47 1990   0.03  -0.03     0.00
  MONTH TO DATE    0.04                      0.69  -0.65     0.96
  SINCE DEC 1      2.93                      2.47   0.46     2.59
  SINCE JAN 1      0.24                      1.59  -1.35     0.97

SNOWFALL (IN)
  YESTERDAY        0.0
  MONTH TO DATE    0.0
  SINCE DEC 1      1.3
  SINCE JUL 1      1.3

DEGREE DAYS
 HEATING
  YESTERDAY        0                         5     -5        0
  MONTH TO DATE   94                       134    -40       36
  SINCE DEC 1    749                       698     51      361
  SINCE JUL 1    818                       813      5      378

 COOLING
  YESTERDAY        0                         2     -2        6
  MONTH TO DATE   88                        38     50      133
  SINCE DEC 1    134                       101     33      298
  SINCE JAN 1     91                        66     25      235
..................................................................

WIND (MPH)
  HIGHEST WIND SPEED    23   HIGHEST WIND DIRECTION    NW (330)
  HIGHEST GUST SPEED    32   HIGHEST GUST DIRECTION    NW (320)
  AVERAGE WIND SPEED    15.1

SKY COVER
  POSSIBLE SUNSHINE  MM
  AVERAGE SKY COVER 0.8

WEATHER CONDITIONS
 THE FOLLOWING WEATHER WAS RECORDED YESTERDAY.
  LIGHT RAIN
  FOG

RELATIVE HUMIDITY (PERCENT)
 HIGHEST    93          1200 AM
 LOWEST     66           200 PM

..........................................................

THE LAREDO CLIMATE NORMALS FOR TODAY
                         NORMAL    RECORD    YEAR
 MAXIMUM TEMPERATURE (F)   74        98      1996
 MINIMUM TEMPERATURE (F)   52        28      1939

SUNRISE AND SUNSET
FEBRUARY 22 2018......SUNRISE   709 AM CST   SUNSET   634 PM CST
FEBRUARY 23 2018......SUNRISE   708 AM CST   SUNSET   635 PM CST

-  INDICATES NEGATIVE NUMBERS.
R  INDICATES RECORD WAS SET OR TIED.
MM INDICATES DATA IS MISSING.
T  INDICATES TRACE AMOUNT.

$$
