000
CDUS44 KCRP 012158
CLILRD

CLIMATE REPORT
NATIONAL WEATHER SERVICE CORPUS CHRISTI TX
353 PM CST SUN FEB 1 2015

...................................

...THE LAREDO CLIMATE SUMMARY FOR FEBRUARY 1 2015...
VALID TODAY AS OF 350 PM LOCAL TIME.

CLIMATE NORMAL PERIOD 1981 TO 2010
CLIMATE RECORD PERIOD 1900 TO 2015


WEATHER ITEM   OBSERVED TIME   RECORD YEAR NORMAL DEPARTURE LAST
                VALUE   (LST)  VALUE       VALUE  FROM      YEAR
                                                  NORMAL
..................................................................
TEMPERATURE (F)
 TODAY
  MAXIMUM         74    350 PM  93    1963  69      5       84
  MINIMUM         57    752 AM  20    1917  48      9       63
  AVERAGE         66                        58      8       74

PRECIPITATION (IN)
  TODAY            0.00          0.93 1948   0.03  -0.03     0.00
  MONTH TO DATE    0.00                      0.03  -0.03     0.00
  SINCE DEC 1      1.54                      1.81  -0.27     1.31
  SINCE JAN 1      0.59                      0.93  -0.34     0.08

SNOWFALL (IN)
  TODAY            0.0
  MONTH TO DATE    0.0
  SINCE DEC 1      0.0
  SINCE JUL 1      0.0

DEGREE DAYS
 HEATING
  TODAY            0                         8     -8        0
  MONTH TO DATE    0                         8     -8        0
  SINCE DEC 1    556                       572    -16      618
  SINCE JUL 1    714                       687     27      783

 COOLING
  TODAY            1                         1      0        9
  MONTH TO DATE    1                         1      0        9
  SINCE DEC 1     46                        64    -18       56
  SINCE JAN 1     10                        29    -19       19
..................................................................


WIND (MPH)
  HIGHEST WIND SPEED    16   HIGHEST WIND DIRECTION    NW (330)
  HIGHEST GUST SPEED    18   HIGHEST GUST DIRECTION    NW (320)


SKY COVER
  POSSIBLE SUNSHINE  MM
  AVERAGE SKY COVER 0.3


WEATHER CONDITIONS
 THE FOLLOWING WEATHER WAS RECORDED TODAY.
  FOG
  FOG W/VISIBILITY <= 1/4 MILE


RELATIVE HUMIDITY (PERCENT)
 HIGHEST   100           500 AM
 LOWEST     61           200 PM
 AVERAGE    81

..........................................................


THE LAREDO CLIMATE NORMALS FOR TOMORROW
                         NORMAL    RECORD    YEAR
 MAXIMUM TEMPERATURE (F)   69        93      1963
 MINIMUM TEMPERATURE (F)   48        18      1951


SUNRISE AND SUNSET
FEBRUARY  1 2015......SUNRISE   724 AM CST   SUNSET   619 PM CST
FEBRUARY  2 2015......SUNRISE   724 AM CST   SUNSET   620 PM CST


-  INDICATES NEGATIVE NUMBERS.
R  INDICATES RECORD WAS SET OR TIED.
MM INDICATES DATA IS MISSING.
T  INDICATES TRACE AMOUNT.




$$
