000
CDUS44 KCRP 210859
CLILRD

CLIMATE REPORT
NATIONAL WEATHER SERVICE CORPUS CHRISTI TX
352 AM CDT SUN SEP 21 2014


...................................

...THE LAREDO CLIMATE SUMMARY FOR SEPTEMBER 20 2014...

CLIMATE NORMAL PERIOD 1981 TO 2010
CLIMATE RECORD PERIOD 1900 TO 2014


WEATHER ITEM   OBSERVED TIME   RECORD YEAR NORMAL DEPARTURE LAST
                VALUE   (LST)  VALUE       VALUE  FROM      YEAR
                                                  NORMAL
..................................................................
TEMPERATURE (F)
 YESTERDAY
  MAXIMUM         93    114 PM 106    1932  92      1       94
  MINIMUM         77    629 AM  53    1913  72      5       76
  AVERAGE         85                        82      3       85

PRECIPITATION (IN)
  YESTERDAY        T             0.93 2010   0.08  -0.08     0.01
  MONTH TO DATE    1.79                      2.06  -0.27     1.59
  SINCE SEP 1      1.79                      2.06  -0.27     1.59
  SINCE JAN 1      9.37                     15.05  -5.68    14.46

SNOWFALL (IN)
  YESTERDAY        0.0
  MONTH TO DATE    0.0
  SINCE SEP 1      0.0
  SINCE JUL 1      0.0

DEGREE DAYS
 HEATING
  YESTERDAY        0                         0      0        0
  MONTH TO DATE    0                         0      0        0
  SINCE SEP 1      0                         0      0        0
  SINCE JUL 1      0                         0      0        0

 COOLING
  YESTERDAY       20                        17      3       20
  MONTH TO DATE  400                       385     15      391
  SINCE SEP 1    400                       385     15      391
  SINCE JAN 1   3833                      3628    205     3796
..................................................................


WIND (MPH)
  HIGHEST WIND SPEED    23   HIGHEST WIND DIRECTION     E (110)
  HIGHEST GUST SPEED    26   HIGHEST GUST DIRECTION    SE (140)
  AVERAGE WIND SPEED     5.3


SKY COVER
  POSSIBLE SUNSHINE  MM
  AVERAGE SKY COVER 0.4


WEATHER CONDITIONS
 THE FOLLOWING WEATHER WAS RECORDED YESTERDAY.
  HEAVY RAIN
  LIGHT RAIN
  FOG


RELATIVE HUMIDITY (PERCENT)
 HIGHEST   100           800 AM
 LOWEST     52           200 PM

..........................................................


THE LAREDO CLIMATE NORMALS FOR TODAY
                         NORMAL    RECORD    YEAR
 MAXIMUM TEMPERATURE (F)   92       110      1926
 MINIMUM TEMPERATURE (F)   71        57      1983


SUNRISE AND SUNSET
SEPTEMBER 21 2014.....SUNRISE   726 AM CDT   SUNSET   735 PM CDT
SEPTEMBER 22 2014.....SUNRISE   726 AM CDT   SUNSET   734 PM CDT


-  INDICATES NEGATIVE NUMBERS.
R  INDICATES RECORD WAS SET OR TIED.
MM INDICATES DATA IS MISSING.
T  INDICATES TRACE AMOUNT.




$$
