058
CDUS44 KCRP 240907 RRB
CLILRD

CLIMATE REPORT
NATIONAL WEATHER SERVICE CORPUS CHRISTI TX
405 AM CDT SAT JUN 24 2017


...................................

...THE LAREDO CLIMATE SUMMARY FOR JUNE 23 2017...

CLIMATE NORMAL PERIOD 1981 TO 2010
CLIMATE RECORD PERIOD 1900 TO 2017


WEATHER ITEM   OBSERVED TIME   RECORD YEAR NORMAL DEPARTURE LAST
                VALUE   (LST)  VALUE       VALUE  FROM      YEAR
                                                  NORMAL
..................................................................
TEMPERATURE (F)
 YESTERDAY
  MAXIMUM        109R       MM 108    1990  99     10      100
  MINIMUM         81        MM  64    1908  77      4       75
  AVERAGE         95                        88      7       88

PRECIPITATION (IN)
  YESTERDAY        0.00          0.39 1960   0.08  -0.08     0.00
  MONTH TO DATE    0.10                      1.68  -1.58     0.89
  SINCE JUN 1      0.10                      1.68  -1.58     0.89
  SINCE JAN 1     10.50                      8.55   1.95    11.40

SNOWFALL (IN)
  YESTERDAY        0.0
  MONTH TO DATE    0.0
  SINCE JUN 1      0.0
  SINCE JUL 1      0.0

DEGREE DAYS
 HEATING
  YESTERDAY        0                         0      0        0
  MONTH TO DATE    0                         0      0        0
  SINCE JUN 1      0                         0      0        0
  SINCE JUL 1    396                       926   -530      594

 COOLING
  YESTERDAY       30                        23      7       23
  MONTH TO DATE  526                       502     24      479
  SINCE JUN 1    526                       502     24      479
  SINCE JAN 1   2049                      1645    404     1743
..................................................................


WIND (MPH)
  HIGHEST WIND SPEED    20   HIGHEST WIND DIRECTION    SE (120)
  HIGHEST GUST SPEED    27   HIGHEST GUST DIRECTION     E (110)
  AVERAGE WIND SPEED    14.6


SKY COVER
  POSSIBLE SUNSHINE  MM
  AVERAGE SKY COVER 0.0


WEATHER CONDITIONS
 THE FOLLOWING WEATHER WAS RECORDED YESTERDAY.
  NO SIGNIFICANT WEATHER WAS OBSERVED.


RELATIVE HUMIDITY (PERCENT)
 HIGHEST    69           600 AM
 LOWEST     25           300 PM

..........................................................


THE LAREDO CLIMATE NORMALS FOR TODAY
                         NORMAL    RECORD    YEAR
 MAXIMUM TEMPERATURE (F)   99       109      1949
 MINIMUM TEMPERATURE (F)   77        63      1908


SUNRISE AND SUNSET
JUNE 24 2017..........SUNRISE   644 AM CDT   SUNSET   837 PM CDT
JUNE 25 2017..........SUNRISE   644 AM CDT   SUNSET   837 PM CDT


-  INDICATES NEGATIVE NUMBERS.
R  INDICATES RECORD WAS SET OR TIED.
MM INDICATES DATA IS MISSING.
T  INDICATES TRACE AMOUNT.




$$
