000
CDUS43 KARX 250643
CLILSE


CLIMATE REPORT
NATIONAL WEATHER SERVICE LA CROSSE WI
143 AM CDT SAT OCT 25 2014


...................................

...THE LA CROSSE WI CLIMATE SUMMARY FOR OCTOBER 24 2014...

CLIMATE NORMAL PERIOD 1981 TO 2010
CLIMATE RECORD PERIOD 1873 TO 2014


WEATHER ITEM   OBSERVED TIME   RECORD YEAR NORMAL DEPARTURE LAST
                VALUE   (LST)  VALUE       VALUE  FROM      YEAR
                                                  NORMAL
..................................................................
TEMPERATURE (F)
 YESTERDAY
  MAXIMUM         66    131 PM  80    1973  56     10       45
  MINIMUM         51    820 AM  17    1887  38     13       29
  AVERAGE         59                        47     12       37

PRECIPITATION (IN)
  YESTERDAY        0.00          1.26 1946   0.06  -0.06     0.00
  MONTH TO DATE    3.53                      1.73   1.80     3.72
  SINCE SEP 1      6.15                      5.29   0.86     5.33
  SINCE JAN 1     35.63                     29.25   6.38    32.48

SNOWFALL (IN)
  YESTERDAY        0.0           0.8  2002   0.0    0.0      0.0
  MONTH TO DATE    0.0                       0.1   -0.1       T
  SINCE JUL 1      0.0                       0.1   -0.1       T
  SNOW DEPTH       0

DEGREE DAYS
 HEATING
  YESTERDAY        6                        18    -12       28
  MONTH TO DATE  321                       332    -11      300
  SINCE JUL 1    443                       492    -49      380

 COOLING
  YESTERDAY        0                         0      0        0
  MONTH TO DATE    0                         7     -7        1
  SINCE JAN 1    822                       781     41      917
..................................................................


WIND (MPH)
  HIGHEST WIND SPEED    18   HIGHEST WIND DIRECTION     S (180)
  HIGHEST GUST SPEED    22   HIGHEST GUST DIRECTION     S (180)
  AVERAGE WIND SPEED     7.9


SKY COVER
  POSSIBLE SUNSHINE  MM
  AVERAGE SKY COVER 1.0


WEATHER CONDITIONS
 THE FOLLOWING WEATHER WAS RECORDED YESTERDAY.
  FOG
  HAZE


RELATIVE HUMIDITY (PERCENT)
 HIGHEST   100           900 AM
 LOWEST     67           100 PM
 AVERAGE    84

..........................................................


THE LA CROSSE WI CLIMATE NORMALS FOR TODAY
                         NORMAL    RECORD    YEAR
 MAXIMUM TEMPERATURE (F)   56        81      1989
 MINIMUM TEMPERATURE (F)   38         6      1887


SUNRISE AND SUNSET
OCTOBER 25 2014.......SUNRISE   732 AM CDT   SUNSET   605 PM CDT
OCTOBER 26 2014.......SUNRISE   733 AM CDT   SUNSET   604 PM CDT


-  INDICATES NEGATIVE NUMBERS.
R  INDICATES RECORD WAS SET OR TIED.
MM INDICATES DATA IS MISSING.
T  INDICATES TRACE AMOUNT.




$$
