000
CDUS46 KMTR 210826
CLILVK


CLIMATE REPORT
NATIONAL WEATHER SERVICE SAN FRANCISCO BAY AREA
1225 AM PST SUN DEC 21 2014


...................................

...THE LIVERMORE AIRPORT CLIMATE SUMMARY FOR DECEMBER 20 2014...

CLIMATE NORMAL PERIOD 1981 TO 2010
CLIMATE RECORD PERIOD 1930 TO 2014


WEATHER ITEM   OBSERVED TIME   RECORD YEAR NORMAL DEPARTURE LAST
                VALUE   (LST)  VALUE       VALUE  FROM      YEAR
                                                  NORMAL
..................................................................
TEMPERATURE (F)
 YESTERDAY
  MAXIMUM         62    235 PM  67    1969  56      6       64
  MINIMUM         55    821 AM  23    1978  37     18       37
  AVERAGE         59                        46     13       51

PRECIPITATION (IN)
  YESTERDAY        0.08          0.71 1981   0.10  -0.02     0.00
  MONTH TO DATE    8.10                      1.53   6.57     0.39
  SINCE JUL 1      9.81                      4.66   5.15     2.38
  SINCE JAN 1     14.69                     14.56   0.13     4.50

DEGREE DAYS
 HEATING
  YESTERDAY        6                        19    -13       14
  MONTH TO DATE  152                       352   -200      378
  SINCE DEC 1    152                       352   -200      378
  SINCE JUL 1    383                       824   -441      696

 COOLING
  YESTERDAY        0                         0      0        0
  MONTH TO DATE    0                         0      0        0
  SINCE DEC 1      0                         0      0        0
  SINCE JAN 1   1268                       830    438     1039
..................................................................


WIND (MPH)
  RESULTANT WIND SPEED   0   RESULTANT WIND DIRECTION  NW (300)
  HIGHEST WIND SPEED     7   HIGHEST WIND DIRECTION     W (250)
  HIGHEST GUST SPEED     8   HIGHEST GUST DIRECTION     W (250)
  AVERAGE WIND SPEED     0.9


SKY COVER
  POSSIBLE SUNSHINE  MM
  AVERAGE SKY COVER 0.7


WEATHER CONDITIONS
 THE FOLLOWING WEATHER WAS RECORDED YESTERDAY.
  LIGHT RAIN
  FOG


RELATIVE HUMIDITY (PERCENT)
 HIGHEST    86           700 AM
 LOWEST     64           300 PM
 AVERAGE    75

..........................................................


THE LIVERMORE AIRPORT CLIMATE NORMALS FOR TODAY
                         NORMAL    RECORD    YEAR
 MAXIMUM TEMPERATURE (F)   56        67      2013
                                             2005
 MINIMUM TEMPERATURE (F)   37        20      1968


SUNRISE AND SUNSET
DECEMBER 21 2014......SUNRISE   719 AM PST   SUNSET   452 PM PST
DECEMBER 22 2014......SUNRISE   719 AM PST   SUNSET   453 PM PST


-  INDICATES NEGATIVE NUMBERS.
R  INDICATES RECORD WAS SET OR TIED.
MM INDICATES DATA IS MISSING.
T  INDICATES TRACE AMOUNT.




$$
