000
CDUS46 KMTR 030030
CLILVK


CLIMATE REPORT
NATIONAL WEATHER SERVICE SAN FRANCISCO BAY AREA
530 PM PDT TUE SEP 2 2014


...................................

...THE LIVERMORE AIRPORT CLIMATE SUMMARY FOR SEPTEMBER 2 2014...
VALID TODAY AS OF 0500 PM LOCAL TIME.

CLIMATE NORMAL PERIOD 1981 TO 2010
CLIMATE RECORD PERIOD 1930 TO 2014


WEATHER ITEM   OBSERVED TIME   RECORD YEAR NORMAL DEPARTURE LAST
                VALUE   (LST)  VALUE       VALUE  FROM      YEAR
                                                  NORMAL
..................................................................
TEMPERATURE (F)
 TODAY
  MAXIMUM         84   1218 PM 111    1952  87     -3       87
  MINIMUM         61    610 AM  45    1970  57      4       65
  AVERAGE         73                        72      1       76

PRECIPITATION (IN)
  TODAY            0.00          0.01 2000   0.00   0.00     0.01
                                      2000
                                      2013
  MONTH TO DATE    0.00                      0.00   0.00     0.01
  SINCE JUL 1      T                         0.01  -0.01     0.01
  SINCE JAN 1      4.88                      9.91  -5.03     2.13

DEGREE DAYS
 HEATING
  TODAY            0                         0      0        0
  MONTH TO DATE    0                         0      0        0
  SINCE SEP 1      0                         0      0        0
  SINCE JUL 1      0                         7     -7        0

 COOLING
  TODAY            8                         7      1       11
  MONTH TO DATE   21                        14      7       21
  SINCE SEP 1     21                        14      7       21
  SINCE JAN 1    935                       639    296      845
..................................................................


WIND (MPH)
  RESULTANT WIND SPEED   8   RESULTANT WIND DIRECTION  NW (300)
  HIGHEST WIND SPEED    21   HIGHEST WIND DIRECTION     W (290)
  HIGHEST GUST SPEED    24   HIGHEST GUST DIRECTION     W (280)
  AVERAGE WIND SPEED     8.1


SKY COVER
  POSSIBLE SUNSHINE  MM
  AVERAGE SKY COVER 0.0


WEATHER CONDITIONS
 THE FOLLOWING WEATHER WAS RECORDED TODAY.
  NO SIGNIFICANT WEATHER WAS OBSERVED.


RELATIVE HUMIDITY (PERCENT)
 HIGHEST    84           600 AM
 LOWEST     43          1200 PM
 AVERAGE    64

..........................................................


THE LIVERMORE AIRPORT CLIMATE NORMALS FOR TOMORROW
                         NORMAL    RECORD    YEAR
 MAXIMUM TEMPERATURE (F)   86       115      1950
 MINIMUM TEMPERATURE (F)   57        44      1970


SUNRISE AND SUNSET
SEPTEMBER  2 2014.....SUNRISE   638 AM PDT   SUNSET   735 PM PDT
SEPTEMBER  3 2014.....SUNRISE   639 AM PDT   SUNSET   733 PM PDT


-  INDICATES NEGATIVE NUMBERS.
R  INDICATES RECORD WAS SET OR TIED.
MM INDICATES DATA IS MISSING.
T  INDICATES TRACE AMOUNT.




$$
