000
CDUS43 KTOP 040637
CLILWC


CLIMATE REPORT
NATIONAL WEATHER SERVICE TOPEKA KS
1237 AM CST SUN DEC 4 2016


...................................

...THE LAWRENCE KS CLIMATE SUMMARY FOR DECEMBER 3 2016...

CLIMATE NORMAL PERIOD 1981 TO 2010
CLIMATE RECORD PERIOD 9999 TO 9999


WEATHER ITEM   OBSERVED NORMAL DEPARTURE LAST
                VALUE   VALUE  FROM      YEAR
                               NORMAL
...............................................
TEMPERATURE (F)
 YESTERDAY
  MAXIMUM         48     46      2       49
  MINIMUM         27     25      2       20
  AVERAGE         38     35      3       35

PRECIPITATION (IN)
  YESTERDAY        0.12   0.04   0.08     0.00
  MONTH TO DATE    0.12   0.13  -0.01     0.00
  SINCE DEC 1      0.12   0.13  -0.01     0.00
  SINCE JAN 1     31.71  37.21  -5.50    39.27

DEGREE DAYS
 HEATING
  YESTERDAY       27     30     -3       30
  MONTH TO DATE   92     88      4       84
  SINCE DEC 1     92     88      4       84
  SINCE JUL 1    736   1096   -360      907

 COOLING
  YESTERDAY        0      0      0        0
  MONTH TO DATE    0      0      0        0
  SINCE DEC 1      0      0      0        0
  SINCE JAN 1   1599   1371    228     1407
...............................................


WIND (MPH)
  HIGHEST WIND SPEED    15   HIGHEST WIND DIRECTION     E (80)
  HIGHEST GUST SPEED    18   HIGHEST GUST DIRECTION     E (90)
  AVERAGE WIND SPEED     5.2


SKY COVER
  AVERAGE SKY COVER 0.8


WEATHER CONDITIONS
 THE FOLLOWING WEATHER WAS RECORDED YESTERDAY.
  LIGHT RAIN
  FOG


RELATIVE HUMIDITY (PERCENT)
 HIGHEST    93
 LOWEST     53
 AVERAGE    73

..........................................................


THE LAWRENCE KS CLIMATE NORMALS FOR TODAY
                         NORMAL
 MAXIMUM TEMPERATURE (F)   46
 MINIMUM TEMPERATURE (F)   24


SUNRISE AND SUNSET
DECEMBER  4 2016......SUNRISE   724 AM CST   SUNSET   458 PM CST
DECEMBER  5 2016......SUNRISE   725 AM CST   SUNSET   458 PM CST


-  INDICATES NEGATIVE NUMBERS.
R  INDICATES RECORD WAS SET OR TIED.
MM INDICATES DATA IS MISSING.
T  INDICATES TRACE AMOUNT.




$$
