000
CDUS43 KTOP 210632
CLILWC


CLIMATE REPORT
NATIONAL WEATHER SERVICE TOPEKA KS
132 AM CDT MON APR 21 2014


...................................

...THE LAWRENCE KS CLIMATE SUMMARY FOR APRIL 20 2014...

CLIMATE NORMAL PERIOD 1981 TO 2010
CLIMATE RECORD PERIOD 9999 TO 9999


WEATHER ITEM   OBSERVED NORMAL DEPARTURE LAST
                VALUE   VALUE  FROM      YEAR
                               NORMAL
...............................................
TEMPERATURE (F)
 YESTERDAY
  MAXIMUM         80     68     12       60
  MINIMUM         52     44      8       25
  AVERAGE         66     56     10       43

PRECIPITATION (IN)
  YESTERDAY        T      0.15  -0.15     0.00
  MONTH TO DATE    1.96   2.26  -0.30     2.40
  SINCE MAR 1      2.93   4.88  -1.95     4.08
  SINCE JAN 1      3.98   7.19  -3.21     6.80

DEGREE DAYS
 HEATING
  YESTERDAY        0      9     -9       22
  MONTH TO DATE  284    245     39      343
  SINCE MAR 1   1025    886    139     1159
  SINCE JUL 1   5451   4901    550     4990

 COOLING
  YESTERDAY        1      1      0        0
  MONTH TO DATE    6     13     -7        0
  SINCE MAR 1      6     16    -10        0
  SINCE JAN 1      6     16    -10        0
...............................................


WIND (MPH)
  HIGHEST WIND SPEED    22   HIGHEST WIND DIRECTION     S (190)
  HIGHEST GUST SPEED    26   HIGHEST GUST DIRECTION     S (170)
  AVERAGE WIND SPEED     9.1


SKY COVER
  AVERAGE SKY COVER 0.2


WEATHER CONDITIONS
 THE FOLLOWING WEATHER WAS RECORDED YESTERDAY.
  LIGHT RAIN


RELATIVE HUMIDITY (PERCENT)
 HIGHEST    77
 LOWEST     42
 AVERAGE    60

..........................................................


THE LAWRENCE KS CLIMATE NORMALS FOR TODAY
                         NORMAL
 MAXIMUM TEMPERATURE (F)   69
 MINIMUM TEMPERATURE (F)   45


SUNRISE AND SUNSET
APRIL 21 2014.........SUNRISE   636 AM CDT   SUNSET   804 PM CDT
APRIL 22 2014.........SUNRISE   634 AM CDT   SUNSET   805 PM CDT


-  INDICATES NEGATIVE NUMBERS.
R  INDICATES RECORD WAS SET OR TIED.
MM INDICATES DATA IS MISSING.
T  INDICATES TRACE AMOUNT.




$$
