000
CDUS43 KTOP 230636
CLILWC


CLIMATE REPORT
NATIONAL WEATHER SERVICE TOPEKA KS
132 AM CDT TUE SEP 23 2014


...................................

...THE LAWRENCE KS CLIMATE SUMMARY FOR SEPTEMBER 22 2014...

CLIMATE NORMAL PERIOD 1981 TO 2010
CLIMATE RECORD PERIOD 9999 TO 9999


WEATHER ITEM   OBSERVED NORMAL DEPARTURE LAST
                VALUE   VALUE  FROM      YEAR
                               NORMAL
...............................................
TEMPERATURE (F)
 YESTERDAY
  MAXIMUM         75     79     -4       79
  MINIMUM         43     52     -9       49
  AVERAGE         59     65     -6       64

PRECIPITATION (IN)
  YESTERDAY        0.00   0.13  -0.13     0.00
  MONTH TO DATE    4.49   3.12   1.37     2.94
  SINCE SEP 1      4.49   3.12   1.37     2.94
  SINCE JAN 1     28.94  30.98  -2.04    23.22

DEGREE DAYS
 HEATING
  YESTERDAY        6      3      3        1
  MONTH TO DATE   68     26     42       10
  SINCE SEP 1     68     26     42       10
  SINCE JUL 1     69     29     40       10

 COOLING
  YESTERDAY        0      3     -3        0
  MONTH TO DATE   82    131    -49      211
  SINCE SEP 1     82    131    -49      211
  SINCE JAN 1   1389   1322     67     1432
...............................................


WIND (MPH)
  HIGHEST WIND SPEED    10   HIGHEST WIND DIRECTION     S (170)
  HIGHEST GUST SPEED    13   HIGHEST GUST DIRECTION     S (160)
  AVERAGE WIND SPEED     3.8


SKY COVER
  AVERAGE SKY COVER 0.0


WEATHER CONDITIONS
 THE FOLLOWING WEATHER WAS RECORDED YESTERDAY.
  NO SIGNIFICANT WEATHER WAS OBSERVED.


RELATIVE HUMIDITY (PERCENT)
 HIGHEST    93
 LOWEST     41
 AVERAGE    67

..........................................................


THE LAWRENCE KS CLIMATE NORMALS FOR TODAY
                         NORMAL
 MAXIMUM TEMPERATURE (F)   78
 MINIMUM TEMPERATURE (F)   52


SUNRISE AND SUNSET
SEPTEMBER 23 2014.....SUNRISE   709 AM CDT   SUNSET   716 PM CDT
SEPTEMBER 24 2014.....SUNRISE   710 AM CDT   SUNSET   715 PM CDT


-  INDICATES NEGATIVE NUMBERS.
R  INDICATES RECORD WAS SET OR TIED.
MM INDICATES DATA IS MISSING.
T  INDICATES TRACE AMOUNT.




$$
