614
CDUS43 KTOP 290633
CLILWC


CLIMATE REPORT
NATIONAL WEATHER SERVICE TOPEKA KS
132 AM CDT SUN MAY 29 2016


...................................

...THE LAWRENCE KS CLIMATE SUMMARY FOR MAY 28 2016...

CLIMATE NORMAL PERIOD 1981 TO 2010
CLIMATE RECORD PERIOD 9999 TO 9999


WEATHER ITEM   OBSERVED NORMAL DEPARTURE LAST
                VALUE   VALUE  FROM      YEAR
                               NORMAL
...............................................
TEMPERATURE (F)
 YESTERDAY
  MAXIMUM         77     80     -3       73
  MINIMUM         58     57      1       63
  AVERAGE         68     69     -1       68

PRECIPITATION (IN)
  YESTERDAY        0.00   0.17  -0.17     0.32
  MONTH TO DATE    7.38   4.66   2.72     8.54
  SINCE MAR 1     13.52  11.05   2.47    12.06
  SINCE JAN 1     14.64  13.36   1.28    13.75

DEGREE DAYS
 HEATING
  YESTERDAY        0      1     -1        0
  MONTH TO DATE  143    102     41       88
  SINCE MAR 1    867   1066   -199      931
  SINCE JUL 1   4369   5081   -712     5220

 COOLING
  YESTERDAY        3      5     -2        3
  MONTH TO DATE   46     79    -33       68
  SINCE MAR 1     64    102    -38       73
  SINCE JAN 1     64    102    -38       73
...............................................


WIND (MPH)
  HIGHEST WIND SPEED    18   HIGHEST WIND DIRECTION    SW (240)
  HIGHEST GUST SPEED    24   HIGHEST GUST DIRECTION     S (200)
  AVERAGE WIND SPEED     8.2


SKY COVER
  AVERAGE SKY COVER 0.5


WEATHER CONDITIONS
 THE FOLLOWING WEATHER WAS RECORDED YESTERDAY.
  NO SIGNIFICANT WEATHER WAS OBSERVED.


RELATIVE HUMIDITY (PERCENT)
 HIGHEST   100
 LOWEST     54
 AVERAGE    77

..........................................................


THE LAWRENCE KS CLIMATE NORMALS FOR TODAY
                         NORMAL
 MAXIMUM TEMPERATURE (F)   81
 MINIMUM TEMPERATURE (F)   58


SUNRISE AND SUNSET
MAY 29 2016...........SUNRISE   558 AM CDT   SUNSET   839 PM CDT
MAY 30 2016...........SUNRISE   558 AM CDT   SUNSET   840 PM CDT


-  INDICATES NEGATIVE NUMBERS.
R  INDICATES RECORD WAS SET OR TIED.
MM INDICATES DATA IS MISSING.
T  INDICATES TRACE AMOUNT.




$$
