000
CDUS43 KTOP 250636
CLILWC


CLIMATE REPORT
NATIONAL WEATHER SERVICE TOPEKA KS
136 AM CDT MON MAY 25 2015


...................................

...THE LAWRENCE KS CLIMATE SUMMARY FOR MAY 24 2015...

CLIMATE NORMAL PERIOD 1981 TO 2010
CLIMATE RECORD PERIOD 9999 TO 9999


WEATHER ITEM   OBSERVED NORMAL DEPARTURE LAST
                VALUE   VALUE  FROM      YEAR
                               NORMAL
...............................................
TEMPERATURE (F)
 YESTERDAY
  MAXIMUM         71     79     -8       76
  MINIMUM         63     56      7       63
  AVERAGE         67     67      0       70

PRECIPITATION (IN)
  YESTERDAY        0.23   0.20   0.03     0.60
  MONTH TO DATE    7.66   3.93   3.73     1.77
  SINCE MAR 1     11.18  10.32   0.86     6.31
  SINCE JAN 1     12.87  12.63   0.24     7.36

DEGREE DAYS
 HEATING
  YESTERDAY        0      2     -2        0
  MONTH TO DATE   88     96     -8      114
  SINCE MAR 1    931   1060   -129     1209
  SINCE JUL 1   5220   5075    145     5635

 COOLING
  YESTERDAY        2      4     -2        5
  MONTH TO DATE   50     60    -10      107
  SINCE MAR 1     55     83    -28      117
  SINCE JAN 1     55     83    -28      117
...............................................


WIND (MPH)
  HIGHEST WIND SPEED    23   HIGHEST WIND DIRECTION     E (110)
  HIGHEST GUST SPEED    28   HIGHEST GUST DIRECTION     E (110)
  AVERAGE WIND SPEED     7.0


SKY COVER
  AVERAGE SKY COVER 0.8


WEATHER CONDITIONS
 THE FOLLOWING WEATHER WAS RECORDED YESTERDAY.
  RAIN
  LIGHT RAIN
  FOG


RELATIVE HUMIDITY (PERCENT)
 HIGHEST    93
 LOWEST     73
 AVERAGE    83

..........................................................


THE LAWRENCE KS CLIMATE NORMALS FOR TODAY
                         NORMAL
 MAXIMUM TEMPERATURE (F)   79
 MINIMUM TEMPERATURE (F)   56


SUNRISE AND SUNSET
MAY 25 2015...........SUNRISE   601 AM CDT   SUNSET   835 PM CDT
MAY 26 2015...........SUNRISE   600 AM CDT   SUNSET   836 PM CDT


-  INDICATES NEGATIVE NUMBERS.
R  INDICATES RECORD WAS SET OR TIED.
MM INDICATES DATA IS MISSING.
T  INDICATES TRACE AMOUNT.




$$
