000
CDUS43 KTOP 280636
CLILWC


CLIMATE REPORT
NATIONAL WEATHER SERVICE TOPEKA KS
134 AM CDT SUN AUG 28 2016


...................................

...THE LAWRENCE KS CLIMATE SUMMARY FOR AUGUST 27 2016...

CLIMATE NORMAL PERIOD 1981 TO 2010
CLIMATE RECORD PERIOD 9999 TO 9999


WEATHER ITEM   OBSERVED NORMAL DEPARTURE LAST
                VALUE   VALUE  FROM      YEAR
                               NORMAL
...............................................
TEMPERATURE (F)
 YESTERDAY
  MAXIMUM         87     88     -1       80
  MINIMUM         67     63      4       62
  AVERAGE         77     75      2       71

PRECIPITATION (IN)
  YESTERDAY       MM      0.15  MM        0.01
  MONTH TO DATE    2.51   3.80  -1.29     2.86
  SINCE JUN 1      8.46  13.44  -4.98    15.58
  SINCE JAN 1     23.10  27.33  -4.23    29.86

DEGREE DAYS
 HEATING
  YESTERDAY        0      0      0        0
  MONTH TO DATE    0      0      0        1
  SINCE JUN 1      0      9     -9        5
  SINCE JUL 1      0      1     -1        2

 COOLING
  YESTERDAY       12     11      1        6
  MONTH TO DATE  334    345    -11      259
  SINCE JUN 1   1188   1034    154     1017
  SINCE JAN 1   1268   1153    115     1093
...............................................


WIND (MPH)
  HIGHEST WIND SPEED    18   HIGHEST WIND DIRECTION     S (170)
  HIGHEST GUST SPEED    25   HIGHEST GUST DIRECTION    SE (150)
  AVERAGE WIND SPEED     3.9


SKY COVER
  AVERAGE SKY COVER 0.2


WEATHER CONDITIONS
 THE FOLLOWING WEATHER WAS RECORDED YESTERDAY.
  THUNDERSTORM
  LIGHT RAIN


RELATIVE HUMIDITY (PERCENT)
 HIGHEST   100
 LOWEST     61
 AVERAGE    81

..........................................................


THE LAWRENCE KS CLIMATE NORMALS FOR TODAY
                         NORMAL
 MAXIMUM TEMPERATURE (F)   88
 MINIMUM TEMPERATURE (F)   62


SUNRISE AND SUNSET
AUGUST 28 2016........SUNRISE   647 AM CDT   SUNSET   757 PM CDT
AUGUST 29 2016........SUNRISE   647 AM CDT   SUNSET   755 PM CDT


-  INDICATES NEGATIVE NUMBERS.
R  INDICATES RECORD WAS SET OR TIED.
MM INDICATES DATA IS MISSING.
T  INDICATES TRACE AMOUNT.




$$
