000
CDUS46 KOTX 280827
CLILWS


CLIMATE REPORT
NATIONAL WEATHER SERVICE SPOKANE, WA
1227 AM PST WED JAN 28 2015


...................................

...THE LEWISTON ID AIRPORT CLIMATE SUMMARY FOR JANUARY 27 2015...

CLIMATE NORMAL PERIOD 1981 TO 2010
CLIMATE RECORD PERIOD 1881 TO 2015


WEATHER ITEM   OBSERVED TIME   RECORD YEAR NORMAL DEPARTURE LAST
                VALUE   (LST)  VALUE       VALUE  FROM      YEAR
                                                  NORMAL
..................................................................
TEMPERATURE (F)
 YESTERDAY
  MAXIMUM         51    122 PM  62    1896  43      8       33
  MINIMUM         38   1105 PM -20    1957  31      7       29
  AVERAGE         45                        37      8       31

PRECIPITATION (IN)
  YESTERDAY        0.00          0.54 1998   0.03  -0.03      T
  MONTH TO DATE    0.82                      0.95  -0.13     0.33
  SINCE OCT 1      5.01                      4.06   0.95     1.86
  SINCE JAN 1      0.82                      0.95  -0.13     0.33

SNOWFALL (IN)
  YESTERDAY        0.0           6.1  2008   0.0    0.0      0.0
  MONTH TO DATE    1.5                       2.1   -0.6       T
  SINCE DEC 1      1.5                       5.6   -4.1      2.5
  SINCE JUL 1      1.5                       7.4   -5.9      2.5
  SNOW DEPTH       0

DEGREE DAYS
 HEATING
  YESTERDAY       20                        28     -8       34
  MONTH TO DATE  709                       799    -90      788
  SINCE DEC 1   1541                      1767   -226     1842
  SINCE JUL 1   2519                      3007   -488     3196

 COOLING
  YESTERDAY        0                         0      0        0
  MONTH TO DATE    0                         0      0        0
  SINCE DEC 1      0                         0      0        0
  SINCE JAN 1      0                         0      0        0
..................................................................


WIND (MPH)
  HIGHEST WIND SPEED    13   HIGHEST WIND DIRECTION     E (80)
  HIGHEST GUST SPEED    16   HIGHEST GUST DIRECTION     E (80)
  AVERAGE WIND SPEED     4.5


SKY COVER
  POSSIBLE SUNSHINE  MM
  AVERAGE SKY COVER 0.0


WEATHER CONDITIONS
 THE FOLLOWING WEATHER WAS RECORDED YESTERDAY.
  NO SIGNIFICANT WEATHER WAS OBSERVED.


RELATIVE HUMIDITY (PERCENT)
 HIGHEST    92          1100 PM
 LOWEST     66           100 PM
 AVERAGE    79

..........................................................


THE LEWISTON ID AIRPORT CLIMATE NORMALS FOR TODAY
                         NORMAL    RECORD    YEAR
 MAXIMUM TEMPERATURE (F)   43        57      1976
                                             1931
 MINIMUM TEMPERATURE (F)   31       -16      1957


SUNRISE AND SUNSET
JANUARY 28 2015.......SUNRISE   716 AM PST   SUNSET   446 PM PST
JANUARY 29 2015.......SUNRISE   715 AM PST   SUNSET   448 PM PST


-  INDICATES NEGATIVE NUMBERS.
R  INDICATES RECORD WAS SET OR TIED.
MM INDICATES DATA IS MISSING.
T  INDICATES TRACE AMOUNT.




$$
