553
CDUS46 KOTX 292334
CLILWS


CLIMATE REPORT
NATIONAL WEATHER SERVICE SPOKANE, WA
432 PM PDT SUN MAY 29 2016


...................................

...THE LEWISTON ID AIRPORT CLIMATE SUMMARY FOR MAY 29 2016...
VALID AS OF 0400 PM LOCAL TIME.

CLIMATE NORMAL PERIOD 1981 TO 2010
CLIMATE RECORD PERIOD 1881 TO 2016


WEATHER ITEM   OBSERVED TIME   RECORD YEAR NORMAL DEPARTURE LAST
                VALUE   (LST)  VALUE       VALUE  FROM      YEAR
                                                  NORMAL
..................................................................
TEMPERATURE (F)
 TODAY
  MAXIMUM         78    251 PM 100    1983  74      4       88
                                      1897
  MINIMUM         50    150 AM  35    1951  50      0       56
  AVERAGE         64                        62      2       72

PRECIPITATION (IN)
  TODAY            T             0.97 1989   0.06  -0.06      T
  MONTH TO DATE    1.53                      1.50   0.03     1.02
  SINCE OCT 1     10.27                      8.94   1.33     8.97
  SINCE JAN 1      6.82                      5.83   0.99     4.78

SNOWFALL (IN)
  TODAY            0.0           T    1955   0.0    0.0      0.0
  MONTH TO DATE    0.0                       0.0    0.0      0.0
  SINCE MAR 1      0.0                       0.7   -0.7      0.0
  SINCE JUL 1      6.4                      10.5   -4.1      1.5
  SNOW DEPTH      MM

DEGREE DAYS
 HEATING
  TODAY            1                         4     -3        0
  MONTH TO DATE  122                       211    -89       87
  SINCE MAR 1    902                      1236   -334      984
  SINCE JUL 1   4166                      5091   -925     4206

 COOLING
  TODAY            0                         2     -2        7
  MONTH TO DATE   33                        28      5       30
  SINCE MAR 1     40                        30     10       31
  SINCE JAN 1     40                        30     10       31
..................................................................


WIND (MPH)
  HIGHEST WIND SPEED    16   HIGHEST WIND DIRECTION    NW (320)
  HIGHEST GUST SPEED    20   HIGHEST GUST DIRECTION    NW (330)
  AVERAGE WIND SPEED     2.4


SKY COVER
  POSSIBLE SUNSHINE  MM
  AVERAGE SKY COVER 0.4


WEATHER CONDITIONS
 THE FOLLOWING WEATHER WAS RECORDED TODAY.
  NO SIGNIFICANT WEATHER WAS OBSERVED.


RELATIVE HUMIDITY (PERCENT)
 HIGHEST    71
 LOWEST     31
 AVERAGE    51

..........................................................


THE LEWISTON ID AIRPORT CLIMATE NORMALS FOR TOMORROW
                         NORMAL    RECORD    YEAR
 MAXIMUM TEMPERATURE (F)   74        99      1986
 MINIMUM TEMPERATURE (F)   50        32      1951


SUNRISE AND SUNSET
MAY 29 2016...........SUNRISE   501 AM PDT   SUNSET   831 PM PDT
MAY 30 2016...........SUNRISE   500 AM PDT   SUNSET   832 PM PDT


-  INDICATES NEGATIVE NUMBERS.
R  INDICATES RECORD WAS SET OR TIED.
MM INDICATES DATA IS MISSING.
T  INDICATES TRACE AMOUNT.




$$
