000
CDUS46 KOTX 280830
CLILWS


CLIMATE REPORT
NATIONAL WEATHER SERVICE SPOKANE, WA
129 AM PDT THU JUL 28 2016


...................................

...THE LEWISTON ID AIRPORT CLIMATE SUMMARY FOR JULY 27 2016...

CLIMATE NORMAL PERIOD 1981 TO 2010
CLIMATE RECORD PERIOD 1881 TO 2016


WEATHER ITEM   OBSERVED TIME   RECORD YEAR NORMAL DEPARTURE LAST
                VALUE   (LST)  VALUE       VALUE  FROM      YEAR
                                                  NORMAL
..................................................................
TEMPERATURE (F)
 YESTERDAY
  MAXIMUM         99    247 PM 117    1939  92      7       76
  MINIMUM         67    416 AM  48    1894  61      6       58
  AVERAGE         83                        77      6       67

PRECIPITATION (IN)
  YESTERDAY        0.00          1.77 1909   0.01  -0.01      T
  MONTH TO DATE    1.57                      0.59   0.98     0.02
  SINCE OCT 1     12.85                     10.88   1.97    10.30
  SINCE JAN 1      9.40                      7.77   1.63     6.11

SNOWFALL (IN)
  YESTERDAY        0.0           0.0  1995   0.0    0.0      0.0
  MONTH TO DATE    0.0                       0.0    0.0      0.0
  SINCE JUN 1      0.0                       0.0    0.0      0.0
  SINCE JUL 1      0.0                       0.0    0.0      0.0
  SNOW DEPTH       0

DEGREE DAYS
 HEATING
  YESTERDAY        0                         0      0        0
  MONTH TO DATE    9                         4      5        0
  SINCE JUN 1     66                        74     -8        2
  SINCE JUL 1      9                         4      5        0

 COOLING
  YESTERDAY       18                        12      6        2
  MONTH TO DATE  206                       252    -46      378
  SINCE JUN 1    382                       350     32      693
  SINCE JAN 1    422                       382     40      745
..................................................................


WIND (MPH)
  HIGHEST WIND SPEED    16   HIGHEST WIND DIRECTION     N (340)
  HIGHEST GUST SPEED    23   HIGHEST GUST DIRECTION     W (250)
  AVERAGE WIND SPEED     4.2


SKY COVER
  POSSIBLE SUNSHINE  MM
  AVERAGE SKY COVER 0.0


WEATHER CONDITIONS
 THE FOLLOWING WEATHER WAS RECORDED YESTERDAY.
  NO SIGNIFICANT WEATHER WAS OBSERVED.


RELATIVE HUMIDITY (PERCENT)
 HIGHEST    51           500 AM
 LOWEST     18           400 PM
 AVERAGE    35

..........................................................


THE LEWISTON ID AIRPORT CLIMATE NORMALS FOR TODAY
                         NORMAL    RECORD    YEAR
 MAXIMUM TEMPERATURE (F)   92       112      1939
 MINIMUM TEMPERATURE (F)   61        46      1955


SUNRISE AND SUNSET
JULY 28 2016..........SUNRISE   525 AM PDT   SUNSET   823 PM PDT
JULY 29 2016..........SUNRISE   526 AM PDT   SUNSET   822 PM PDT


-  INDICATES NEGATIVE NUMBERS.
R  INDICATES RECORD WAS SET OR TIED.
MM INDICATES DATA IS MISSING.
T  INDICATES TRACE AMOUNT.




$$
