000
CDUS46 KOTX 240824
CLILWS


CLIMATE REPORT
NATIONAL WEATHER SERVICE SPOKANE, WA
121 AM PDT THU APR 24 2014


...................................

...THE LEWISTON ID AIRPORT CLIMATE SUMMARY FOR APRIL 23 2014...

CLIMATE NORMAL PERIOD 1981 TO 2010
CLIMATE RECORD PERIOD 1881 TO 2014


WEATHER ITEM   OBSERVED TIME   RECORD YEAR NORMAL DEPARTURE LAST
                VALUE   (LST)  VALUE       VALUE  FROM      YEAR
                                                  NORMAL
..................................................................
TEMPERATURE (F)
 YESTERDAY
  MAXIMUM         58    147 PM  94    1977  64     -6       61
  MINIMUM         39    534 AM  30    2013  41     -2       30
  AVERAGE         49                        53     -4       46

PRECIPITATION (IN)
  YESTERDAY        0.01          0.54 1969   0.05  -0.04     0.00
  MONTH TO DATE    0.62                      0.99  -0.37     1.15
  SINCE OCT 1      5.92                      7.11  -1.19     7.16
  SINCE JAN 1      4.39                      4.00   0.39     3.00

SNOWFALL (IN)
  YESTERDAY        0.0           T    1950   0.0    0.0      0.0
  MONTH TO DATE    0.0                       0.0    0.0      0.0
  SINCE MAR 1      0.6                       0.7   -0.1      0.0
  SINCE JUL 1     16.5                      10.5    6.0      2.6
  SNOW DEPTH       0

DEGREE DAYS
 HEATING
  YESTERDAY       16                        12      4       19
  MONTH TO DATE  304                       333    -29      363
  SINCE MAR 1    901                       945    -44      914
  SINCE JUL 1   5062                      4800    262     4353

 COOLING
  YESTERDAY        0                         0      0        0
  MONTH TO DATE    0                         0      0        0
  SINCE MAR 1      0                         0      0        0
  SINCE JAN 1      0                         0      0        0
..................................................................


WIND (MPH)
  HIGHEST WIND SPEED    22   HIGHEST WIND DIRECTION     W (260)
  HIGHEST GUST SPEED    26   HIGHEST GUST DIRECTION     W (270)
  AVERAGE WIND SPEED     6.0


SKY COVER
  POSSIBLE SUNSHINE  MM
  AVERAGE SKY COVER 0.8


WEATHER CONDITIONS
 THE FOLLOWING WEATHER WAS RECORDED YESTERDAY.
  LIGHT RAIN


RELATIVE HUMIDITY (PERCENT)
 HIGHEST    76          1100 PM
 LOWEST     24           200 PM
 AVERAGE    50

..........................................................


THE LEWISTON ID AIRPORT CLIMATE NORMALS FOR TODAY
                         NORMAL    RECORD    YEAR
 MAXIMUM TEMPERATURE (F)   64        99      1946
 MINIMUM TEMPERATURE (F)   42        30      2009
                                             2002
                                             1986


SUNRISE AND SUNSET
APRIL 24 2014.........SUNRISE   545 AM PDT   SUNSET   748 PM PDT
APRIL 25 2014.........SUNRISE   544 AM PDT   SUNSET   749 PM PDT


-  INDICATES NEGATIVE NUMBERS.
R  INDICATES RECORD WAS SET OR TIED.
MM INDICATES DATA IS MISSING.
T  INDICATES TRACE AMOUNT.




$$
