000
CDUS46 KOTX 301245
CLILWS


CLIMATE REPORT
NATIONAL WEATHER SERVICE SPOKANE, WA
545 AM PDT TUE JUN 30 2015


...................................

...THE LEWISTON ID AIRPORT CLIMATE SUMMARY FOR JUNE 29 2015...

CLIMATE NORMAL PERIOD 1981 TO 2010
CLIMATE RECORD PERIOD 1881 TO 2015


WEATHER ITEM   OBSERVED TIME   RECORD YEAR NORMAL DEPARTURE LAST
                VALUE   (LST)  VALUE       VALUE  FROM      YEAR
                                                  NORMAL
..................................................................
TEMPERATURE (F)
 YESTERDAY
  MAXIMUM        100    156 PM 108    1939  83     17       78
  MINIMUM         79   1146 PM  44    1959  56     23       57
  AVERAGE         90                        70     20       68

PRECIPITATION (IN)
  YESTERDAY        T             1.39 1941   0.03  -0.03     0.00
  MONTH TO DATE    1.22                      1.21   0.01     0.95
  SINCE OCT 1     10.28                     10.26   0.02     7.77
  SINCE JAN 1      6.09                      7.15  -1.06     6.24

SNOWFALL (IN)
  YESTERDAY        0.0           0.0  1995   0.0    0.0      0.0
  MONTH TO DATE    0.0                       0.0    0.0      0.0
  SINCE JUN 1      0.0                       0.0    0.0      0.0
  SINCE JUL 1      1.5                      10.5   -9.0     16.5
  SNOW DEPTH       0

DEGREE DAYS
 HEATING
  YESTERDAY        0                         1     -1        0
  MONTH TO DATE    2                        69    -67       41
  SINCE JUN 1      2                        69    -67       41
  SINCE JUL 1   4208                      5166   -958     5330

 COOLING
  YESTERDAY       25                         6     19        3
  MONTH TO DATE  293                        91    202       86
  SINCE JUN 1    293                        91    202       86
  SINCE JAN 1    345                       123    222      114
..................................................................


WIND (MPH)
  HIGHEST WIND SPEED    17   HIGHEST WIND DIRECTION     N (350)
  HIGHEST GUST SPEED    23   HIGHEST GUST DIRECTION     W (290)
  AVERAGE WIND SPEED     5.9


SKY COVER
  POSSIBLE SUNSHINE  MM
  AVERAGE SKY COVER 0.1


WEATHER CONDITIONS
 THE FOLLOWING WEATHER WAS RECORDED YESTERDAY.
  LIGHT RAIN


RELATIVE HUMIDITY (PERCENT)
 HIGHEST    42           800 AM
 LOWEST     24           500 PM
 AVERAGE    33

..........................................................


THE LEWISTON ID AIRPORT CLIMATE NORMALS FOR TODAY
                         NORMAL    RECORD    YEAR
 MAXIMUM TEMPERATURE (F)   84       108      1924
 MINIMUM TEMPERATURE (F)   56        40      1949


SUNRISE AND SUNSET
JUNE 30 2015..........SUNRISE   459 AM PDT   SUNSET   844 PM PDT
JULY  1 2015..........SUNRISE   500 AM PDT   SUNSET   844 PM PDT


-  INDICATES NEGATIVE NUMBERS.
R  INDICATES RECORD WAS SET OR TIED.
MM INDICATES DATA IS MISSING.
T  INDICATES TRACE AMOUNT.




$$
