000
CDUS46 KOTX 160822
CLILWS


CLIMATE REPORT
NATIONAL WEATHER SERVICE SPOKANE, WA
1221 AM PST TUE JAN 16 2018


...................................

...THE LEWISTON ID AIRPORT CLIMATE SUMMARY FOR JANUARY 15 2018...

CLIMATE NORMAL PERIOD 1981 TO 2010
CLIMATE RECORD PERIOD 1881 TO 2018


WEATHER ITEM   OBSERVED TIME   RECORD YEAR NORMAL DEPARTURE LAST
                VALUE   (LST)  VALUE       VALUE  FROM      YEAR
                                                  NORMAL
..................................................................
TEMPERATURE (F)
 YESTERDAY
  MAXIMUM         50   1209 PM  56    1967  42      8       15
  MINIMUM         32    708 AM  -7    1916  30      2       12
  AVERAGE         41                        36      5       14

PRECIPITATION (IN)
  YESTERDAY        0.00          1.15 1956   0.03  -0.03      T
  MONTH TO DATE    0.90                      0.54   0.36     0.42
  SINCE OCT 1      6.46                      3.65   2.81     5.30
  SINCE JAN 1      0.90                      0.54   0.36     0.42

SNOWFALL (IN)
  YESTERDAY        0.0           8.7  1950   0.0    0.0       T
  MONTH TO DATE    0.0                       1.3   -1.3      4.1
  SINCE DEC 1     13.0                       4.8    8.2     23.8
  SINCE JUL 1     13.0                       6.6    6.4     23.8
  SNOW DEPTH       0

DEGREE DAYS
 HEATING
  YESTERDAY       24                        29     -5       51
  MONTH TO DATE  389                       456    -67      669
  SINCE DEC 1   1431                      1424      7     1787
  SINCE JUL 1   2597                      2664    -67     2736

 COOLING
  YESTERDAY        0                         0      0        0
  MONTH TO DATE    0                         0      0        0
  SINCE DEC 1      0                         0      0        0
  SINCE JAN 1      0                         0      0        0
..................................................................


WIND (MPH)
  HIGHEST WIND SPEED    16   HIGHEST WIND DIRECTION     E (80)
  HIGHEST GUST SPEED    21   HIGHEST GUST DIRECTION     E (80)
  AVERAGE WIND SPEED     5.8


SKY COVER
  POSSIBLE SUNSHINE  MM
  AVERAGE SKY COVER 0.3


WEATHER CONDITIONS
 THE FOLLOWING WEATHER WAS RECORDED YESTERDAY.
  FOG
  FOG W/VISIBILITY <= 1/4 MILE


RELATIVE HUMIDITY (PERCENT)
 HIGHEST   100          1200 AM
 LOWEST     70          1100 PM
 AVERAGE    85

..........................................................


THE LEWISTON ID AIRPORT CLIMATE NORMALS FOR TODAY
                         NORMAL    RECORD    YEAR
 MAXIMUM TEMPERATURE (F)   42        62      2011
 MINIMUM TEMPERATURE (F)   30       -11      1916


SUNRISE AND SUNSET
JANUARY 16 2018.......SUNRISE   727 AM PST   SUNSET   430 PM PST
JANUARY 17 2018.......SUNRISE   726 AM PST   SUNSET   431 PM PST


-  INDICATES NEGATIVE NUMBERS.
R  INDICATES RECORD WAS SET OR TIED.
MM INDICATES DATA IS MISSING.
T  INDICATES TRACE AMOUNT.




$$
