365
CDUS46 KOTX 250032
CLILWS


CLIMATE REPORT
NATIONAL WEATHER SERVICE SPOKANE, WA
431 PM PST TUE JAN 24 2017


...................................

...THE LEWISTON ID AIRPORT CLIMATE SUMMARY FOR JANUARY 24 2017...
VALID AS OF 0400 PM LOCAL TIME.

CLIMATE NORMAL PERIOD 1981 TO 2010
CLIMATE RECORD PERIOD 1881 TO 2017


WEATHER ITEM   OBSERVED TIME   RECORD YEAR NORMAL DEPARTURE LAST
                VALUE   (LST)  VALUE       VALUE  FROM      YEAR
                                                  NORMAL
..................................................................
TEMPERATURE (F)
 TODAY
  MAXIMUM         36    323 PM  59    1959  43     -7       51
                                      1935
  MINIMUM         31    326 AM -13    1930  30      1       32
  AVERAGE         34                        37     -3       42

PRECIPITATION (IN)
  TODAY            T             0.63 1912   0.03  -0.03     0.01
  MONTH TO DATE    0.67                      0.85  -0.18     0.78
  SINCE OCT 1      5.55                      3.96   1.59     4.23
  SINCE JAN 1      0.67                      0.85  -0.18     0.78

SNOWFALL (IN)
  TODAY            0.1           8.0  1916   0.0    0.1      0.0
  MONTH TO DATE    4.2                       1.9    2.3      0.5
  SINCE DEC 1     23.9                       5.4   18.5      6.2
  SINCE JUL 1     23.9                       7.2   16.7      6.2
  SNOW DEPTH       0

DEGREE DAYS
 HEATING
  TODAY           31                        28      3       23
  MONTH TO DATE  964                       715    249      684
  SINCE DEC 1   2082                      1683    399     1511
  SINCE JUL 1   3031                      2923    108     2514

 COOLING
  TODAY            0                         0      0        0
  MONTH TO DATE    0                         0      0        0
  SINCE DEC 1      0                         0      0        0
  SINCE JAN 1      0                         0      0        0
..................................................................


WIND (MPH)
  HIGHEST WIND SPEED     8   HIGHEST WIND DIRECTION     W (250)
  HIGHEST GUST SPEED    10   HIGHEST GUST DIRECTION     W (250)
  AVERAGE WIND SPEED     3.2


SKY COVER
  POSSIBLE SUNSHINE  MM
  AVERAGE SKY COVER 1.0


WEATHER CONDITIONS
 THE FOLLOWING WEATHER WAS RECORDED TODAY.
  LIGHT SNOW
  FOG


RELATIVE HUMIDITY (PERCENT)
 HIGHEST    92
 LOWEST     75
 AVERAGE    84

..........................................................


THE LEWISTON ID AIRPORT CLIMATE NORMALS FOR TOMORROW
                         NORMAL    RECORD    YEAR
 MAXIMUM TEMPERATURE (F)   43        60      2015
                                             1899
 MINIMUM TEMPERATURE (F)   30       -11      1957


SUNRISE AND SUNSET
JANUARY 24 2017.......SUNRISE   720 AM PST   SUNSET   441 PM PST
JANUARY 25 2017.......SUNRISE   719 AM PST   SUNSET   443 PM PST


-  INDICATES NEGATIVE NUMBERS.
R  INDICATES RECORD WAS SET OR TIED.
MM INDICATES DATA IS MISSING.
T  INDICATES TRACE AMOUNT.




$$
