000
CDUS46 KOTX 260824
CLILWS


CLIMATE REPORT
NATIONAL WEATHER SERVICE SPOKANE, WA
123 AM PDT MON JUN 26 2017


...................................

...THE LEWISTON ID AIRPORT CLIMATE SUMMARY FOR JUNE 25 2017...

CLIMATE NORMAL PERIOD 1981 TO 2010
CLIMATE RECORD PERIOD 1881 TO 2017


WEATHER ITEM   OBSERVED TIME   RECORD YEAR NORMAL DEPARTURE LAST
                VALUE   (LST)  VALUE       VALUE  FROM      YEAR
                                                  NORMAL
..................................................................
TEMPERATURE (F)
 YESTERDAY
  MAXIMUM         99    523 PM 105    1925  82     17       81
  MINIMUM         57    424 AM  42    1955  55      2       53
                                      1951
  AVERAGE         78                        68     10       67

PRECIPITATION (IN)
  YESTERDAY        0.00          0.43 1914   0.03  -0.03     0.00
  MONTH TO DATE    0.62                      1.08  -0.46     1.00
  SINCE OCT 1     15.25                     10.13   5.12    11.27
  SINCE JAN 1     10.37                      7.02   3.35     7.82

SNOWFALL (IN)
  YESTERDAY        0.0           0.0  1995   0.0    0.0      0.0
  MONTH TO DATE    0.0                       0.0    0.0      0.0
  SINCE JUN 1      0.0                       0.0    0.0      0.0
  SINCE JUL 1     39.2                      10.5   28.7      6.4
  SNOW DEPTH       0

DEGREE DAYS
 HEATING
  YESTERDAY        0                         1     -1        0
  MONTH TO DATE   37                        65    -28       57
  SINCE JUN 1     37                        65    -28       57
  SINCE JUL 1   5280                      5162    118     4223

 COOLING
  YESTERDAY       13                         5      8        2
  MONTH TO DATE   93                        70     23      109
  SINCE JUN 1     93                        70     23      109
  SINCE JAN 1    144                       102     42      149
..................................................................


WIND (MPH)
  HIGHEST WIND SPEED     9   HIGHEST WIND DIRECTION     S (190)
  HIGHEST GUST SPEED    13   HIGHEST GUST DIRECTION    NE (50)
  AVERAGE WIND SPEED     4.9


SKY COVER
  POSSIBLE SUNSHINE  MM
  AVERAGE SKY COVER 0.0


WEATHER CONDITIONS
 THE FOLLOWING WEATHER WAS RECORDED YESTERDAY.
  NO SIGNIFICANT WEATHER WAS OBSERVED.


RELATIVE HUMIDITY (PERCENT)
 HIGHEST    64           500 AM
 LOWEST     15           600 PM
 AVERAGE    40

..........................................................


THE LEWISTON ID AIRPORT CLIMATE NORMALS FOR TODAY
                         NORMAL    RECORD    YEAR
 MAXIMUM TEMPERATURE (F)   82       106      1925
 MINIMUM TEMPERATURE (F)   55        42      1976
                                             1920


SUNRISE AND SUNSET
JUNE 26 2017..........SUNRISE   457 AM PDT   SUNSET   845 PM PDT
JUNE 27 2017..........SUNRISE   458 AM PDT   SUNSET   845 PM PDT


-  INDICATES NEGATIVE NUMBERS.
R  INDICATES RECORD WAS SET OR TIED.
MM INDICATES DATA IS MISSING.
T  INDICATES TRACE AMOUNT.




$$
