000
CDUS45 KTFX 300802
CLILWT


CLIMATE REPORT
NATIONAL WEATHER SERVICE GREAT FALLS MT
200 AM MDT MON MAR 30 2015


...................................

...THE LEWISTOWN MT CLIMATE SUMMARY FOR MARCH 29 2015...

CLIMATE NORMAL PERIOD 1981 TO 2010
CLIMATE RECORD PERIOD 1896 TO 2015


WEATHER ITEM   OBSERVED TIME   RECORD YEAR NORMAL DEPARTURE LAST
                VALUE   (LST)  VALUE       VALUE  FROM      YEAR
                                                  NORMAL
..................................................................
TEMPERATURE (F)
 YESTERDAY
  MAXIMUM         61    415 PM  70    1943  48     13       48
  MINIMUM         34    557 AM -17    1987  26      8       34
  AVERAGE         48                        37     11       41

PRECIPITATION (IN)
  YESTERDAY        0.00          1.13 1938   0.04  -0.04      T
  MONTH TO DATE    0.49                      0.90  -0.41     1.44
  SINCE OCT 1      4.30                      4.41  -0.11     4.80
  SINCE JAN 1      1.99                      1.91   0.08     2.72

SNOWFALL (IN)
  YESTERDAY       MM
  SNOW DEPTH       0

DEGREE DAYS
 HEATING
  YESTERDAY       17                        28    -11       24
  MONTH TO DATE  674                       939   -265     1050
  SINCE MAR 1    674                       939   -265     1050
  SINCE JUL 1   5872                      6743   -871     7106

 COOLING
  YESTERDAY        0                         0      0        0
  MONTH TO DATE    0                         0      0        0
  SINCE MAR 1      0                         0      0        0
  SINCE JAN 1      0                         0      0        0
..................................................................


WIND (MPH)
  HIGHEST WIND SPEED    24   HIGHEST WIND DIRECTION    NW (300)
  HIGHEST GUST SPEED    31   HIGHEST GUST DIRECTION    NW (300)
  AVERAGE WIND SPEED    11.7


SKY COVER
  AVERAGE SKY COVER 0.0


WEATHER CONDITIONS
 THE FOLLOWING WEATHER WAS RECORDED YESTERDAY.
  NO SIGNIFICANT WEATHER WAS OBSERVED.


RELATIVE HUMIDITY (PERCENT)
 HIGHEST    76          1200 AM
 LOWEST     26           300 PM
 AVERAGE    51

..........................................................


THE LEWISTOWN MT CLIMATE NORMALS FOR TODAY
                         NORMAL    RECORD    YEAR
 MAXIMUM TEMPERATURE (F)   48        76      2004
 MINIMUM TEMPERATURE (F)   26       -20      1936


SUNRISE AND SUNSET
MARCH 30 2015.........SUNRISE   701 AM MDT   SUNSET   744 PM MDT
MARCH 31 2015.........SUNRISE   659 AM MDT   SUNSET   746 PM MDT


-  INDICATES NEGATIVE NUMBERS.
R  INDICATES RECORD WAS SET OR TIED.
MM INDICATES DATA IS MISSING.
T  INDICATES TRACE AMOUNT.




$$
