000
CDUS45 KTFX 282227
CLILWT


CLIMATE REPORT
NATIONAL WEATHER SERVICE GREAT FALLS MT
426 PM MDT MON JUL 28 2014


...................................

...THE LEWISTOWN MT CLIMATE SUMMARY FOR JULY 28 2014...
VALID TODAY AS OF 0400 PM LOCAL TIME.

CLIMATE NORMAL PERIOD 1981 TO 2010
CLIMATE RECORD PERIOD 1896 TO 2014


WEATHER ITEM   OBSERVED TIME   RECORD YEAR NORMAL DEPARTURE LAST
                VALUE   (LST)  VALUE       VALUE  FROM      YEAR
                                                  NORMAL
..................................................................
TEMPERATURE (F)
 TODAY
  MAXIMUM         91    259 PM  99    1914  83      8       75
  MINIMUM         59    511 AM  35    1929  52      7       51
  AVERAGE         75                        67      8       63

PRECIPITATION (IN)
  TODAY            0.00          0.36 1958   0.05  -0.05     0.01
  MONTH TO DATE    0.89                      1.77  -0.88     1.38
  SINCE OCT 1     11.07                     13.61  -2.54    18.08
  SINCE JAN 1      8.99                     11.11  -2.12    15.57

SNOWFALL (IN)
  TODAY           MM
  SNOW DEPTH       0

DEGREE DAYS
 HEATING
  TODAY            0                         1     -1        2
  MONTH TO DATE   10                        68    -58       13
  SINCE JUN 1    296                       295      1      233
  SINCE JUL 1     10                        68    -58       13

 COOLING
  TODAY           10                         4      6        0
  MONTH TO DATE  124                        80     44      107
  SINCE JUN 1    125                       100     25      123
  SINCE JAN 1    125                       102     23      126
..................................................................


WIND (MPH)
  HIGHEST WIND SPEED    20   HIGHEST WIND DIRECTION    SE (120)
  HIGHEST GUST SPEED    23   HIGHEST GUST DIRECTION     E (80)
  AVERAGE WIND SPEED    12.7


SKY COVER
  AVERAGE SKY COVER 0.0


WEATHER CONDITIONS
 THE FOLLOWING WEATHER WAS RECORDED TODAY.
  NO SIGNIFICANT WEATHER WAS OBSERVED.


RELATIVE HUMIDITY (PERCENT)
 HIGHEST    51
 LOWEST     18
 AVERAGE    35

..........................................................


THE LEWISTOWN MT CLIMATE NORMALS FOR TOMORROW
                         NORMAL    RECORD    YEAR
 MAXIMUM TEMPERATURE (F)   83        98      1929
 MINIMUM TEMPERATURE (F)   52        35      1904


SUNRISE AND SUNSET
JULY 28 2014..........SUNRISE   552 AM MDT   SUNSET   856 PM MDT
JULY 29 2014..........SUNRISE   554 AM MDT   SUNSET   854 PM MDT


-  INDICATES NEGATIVE NUMBERS.
R  INDICATES RECORD WAS SET OR TIED.
MM INDICATES DATA IS MISSING.
T  INDICATES TRACE AMOUNT.




$$
