000
CDUS45 KTFX 250849
CLILWT


CLIMATE REPORT
NATIONAL WEATHER SERVICE GREAT FALLS MT
249 AM MDT SUN JUN 25 2017


...................................

...THE LEWISTOWN MT CLIMATE SUMMARY FOR JUNE 24 2017...

CLIMATE NORMAL PERIOD 1981 TO 2010
CLIMATE RECORD PERIOD 1896 TO 2017


WEATHER ITEM   OBSERVED TIME   RECORD YEAR NORMAL DEPARTURE LAST
                VALUE   (LST)  VALUE       VALUE  FROM      YEAR
                                                  NORMAL
..................................................................
TEMPERATURE (F)
 YESTERDAY
  MAXIMUM         71    358 PM  93    1900  74     -3       79
  MINIMUM         45    420 AM  33    1905  47     -2       47
  AVERAGE         58                        60     -2       63

PRECIPITATION (IN)
  YESTERDAY        0.00          2.16 1962   0.09  -0.09     0.11
  MONTH TO DATE    1.68                      2.58  -0.90     0.76
  SINCE OCT 1     11.89                     11.34   0.55    10.53
  SINCE JAN 1      7.49                      8.84  -1.35     8.45

SNOWFALL (IN)
  YESTERDAY       MM
  SNOW DEPTH       0

DEGREE DAYS
 HEATING
  YESTERDAY        7                         6      1        2
  MONTH TO DATE  148                       197    -49       77
  SINCE JUN 1    148                       197    -49       77
  SINCE JUL 1   7925                      8171   -246     6799

 COOLING
  YESTERDAY        0                         1     -1        0
  MONTH TO DATE   19                        10      9       35
  SINCE JUN 1     19                        10      9       35
  SINCE JAN 1     20                        12      8       35
..................................................................


WIND (MPH)
  HIGHEST WIND SPEED    17   HIGHEST WIND DIRECTION    NE (30)
  HIGHEST GUST SPEED    22   HIGHEST GUST DIRECTION    NE (30)
  AVERAGE WIND SPEED     5.2


SKY COVER
  AVERAGE SKY COVER 0.5


WEATHER CONDITIONS
 THE FOLLOWING WEATHER WAS RECORDED YESTERDAY.
  NO SIGNIFICANT WEATHER WAS OBSERVED.


RELATIVE HUMIDITY (PERCENT)
 HIGHEST    83           400 AM
 LOWEST     28           300 PM
 AVERAGE    56

..........................................................


THE LEWISTOWN MT CLIMATE NORMALS FOR TODAY
                         NORMAL    RECORD    YEAR
 MAXIMUM TEMPERATURE (F)   74        93      1910
 MINIMUM TEMPERATURE (F)   47        32      1904


SUNRISE AND SUNSET
JUNE 25 2017..........SUNRISE   524 AM MDT   SUNSET   917 PM MDT
JUNE 26 2017..........SUNRISE   524 AM MDT   SUNSET   917 PM MDT


-  INDICATES NEGATIVE NUMBERS.
R  INDICATES RECORD WAS SET OR TIED.
MM INDICATES DATA IS MISSING.
T  INDICATES TRACE AMOUNT.




$$
