433
CDUS43 KILX 260637
CLILWV


CLIMATE REPORT
NATIONAL WEATHER SERVICE LINCOLN IL
136 AM CDT THU MAY 26 2016


...................................

...THE LAWRENCEVILLE IL AIRPORT CLIMATE SUMMARY FOR MAY 25 2016...

CLIMATE NORMAL PERIOD 1981 TO 2010
CLIMATE RECORD PERIOD 9999 TO 9999


WEATHER ITEM   OBSERVED TIME   RECORD YEAR NORMAL DEPARTURE LAST
                VALUE   (LST)  VALUE       VALUE  FROM      YEAR
                                                  NORMAL
..................................................................
TEMPERATURE (F)
 YESTERDAY
  MAXIMUM         82   1113 AM  MM      MM  79      3       80
  MINIMUM         62    500 AM  MM      MM  58      4       66
  AVERAGE         72                        69      3       73

PRECIPITATION (IN)
  YESTERDAY        0.00         MM      MM   0.14  -0.14     0.05
  MONTH TO DATE    3.89                      4.82  -0.93     2.30
  SINCE MAR 1     13.15                     12.41   0.74    13.37
  SINCE JAN 1     17.39                     16.80   0.59    15.87

DEGREE DAYS
 HEATING
  YESTERDAY        0                         1     -1        0
  MONTH TO DATE  115                        76     39       61
  SINCE MAR 1    842                       992   -150     1041
  SINCE JUL 1   4069                      4667   -598     5315

 COOLING
  YESTERDAY        7                         5      2        8
  MONTH TO DATE   31                        78    -47      101
  SINCE MAR 1     52                       104    -52      108
  SINCE JAN 1     52                       104    -52      108
..................................................................


WIND (MPH)
  HIGHEST WIND SPEED    23   HIGHEST WIND DIRECTION     S (190)
  HIGHEST GUST SPEED    28   HIGHEST GUST DIRECTION    SW (240)
  AVERAGE WIND SPEED    10.3


SKY COVER
  POSSIBLE SUNSHINE  MM
  AVERAGE SKY COVER 0.3


WEATHER CONDITIONS
 THE FOLLOWING WEATHER WAS RECORDED YESTERDAY.
  FOG
  HAZE


RELATIVE HUMIDITY (PERCENT)
 HIGHEST    93           400 AM
 LOWEST     58          1000 AM
 AVERAGE    76

..........................................................


THE LAWRENCEVILLE IL AIRPORT CLIMATE NORMALS FOR TODAY
                         NORMAL    RECORD    YEAR
 MAXIMUM TEMPERATURE (F)   80        MM        MM
 MINIMUM TEMPERATURE (F)   58        MM        MM


SUNRISE AND SUNSET
MAY 26 2016...........SUNRISE   530 AM CDT   SUNSET   805 PM CDT
MAY 27 2016...........SUNRISE   529 AM CDT   SUNSET   806 PM CDT


-  INDICATES NEGATIVE NUMBERS.
R  INDICATES RECORD WAS SET OR TIED.
MM INDICATES DATA IS MISSING.
T  INDICATES TRACE AMOUNT.




$$
