000
CDUS43 KILX 180633
CLILWV


CLIMATE REPORT
NATIONAL WEATHER SERVICE LINCOLN IL
1231 AM CST SAT NOV 18 2017


...................................

...THE LAWRENCEVILLE IL AIRPORT CLIMATE SUMMARY FOR NOVEMBER 17 2017...

CLIMATE NORMAL PERIOD 1981 TO 2010
CLIMATE RECORD PERIOD 9999 TO 9999


WEATHER ITEM   OBSERVED TIME   RECORD YEAR NORMAL DEPARTURE LAST
                VALUE   (LST)  VALUE       VALUE  FROM      YEAR
                                                  NORMAL
..................................................................
TEMPERATURE (F)
 YESTERDAY
  MAXIMUM         57   1159 PM  MM      MM  55      2       78
  MINIMUM         29    450 AM  MM      MM  37     -8       42
  AVERAGE         43                        46     -3       60

PRECIPITATION (IN)
  YESTERDAY        T            MM      MM   0.14  -0.14     0.00
  MONTH TO DATE    2.28                      2.14   0.14     0.13
  SINCE SEP 1      7.82                      9.31  -1.49     4.99
  SINCE JAN 1     32.18                     38.66  -6.48    37.25

DEGREE DAYS
 HEATING
  YESTERDAY       22                        19      3        5
  MONTH TO DATE  289                       270     19      205
  SINCE SEP 1    502                       566    -64      347
  SINCE JUL 1    502                       567    -65      347

 COOLING
  YESTERDAY        0                         0      0        0
  MONTH TO DATE    1                         0      1       10
  SINCE SEP 1    289                       203     86      324
  SINCE JAN 1   1432                      1386     46     1615
..................................................................


WIND (MPH)
  HIGHEST WIND SPEED    24   HIGHEST WIND DIRECTION     S (180)
  HIGHEST GUST SPEED    29   HIGHEST GUST DIRECTION     S (190)
  AVERAGE WIND SPEED    11.3


SKY COVER
  POSSIBLE SUNSHINE  MM
  AVERAGE SKY COVER 0.7


WEATHER CONDITIONS
 THE FOLLOWING WEATHER WAS RECORDED YESTERDAY.
  LIGHT RAIN
  FOG
  HAZE


RELATIVE HUMIDITY (PERCENT)
 HIGHEST    92           200 AM
 LOWEST     57          1100 PM
 AVERAGE    75

..........................................................


THE LAWRENCEVILLE IL AIRPORT CLIMATE NORMALS FOR TODAY
                         NORMAL    RECORD    YEAR
 MAXIMUM TEMPERATURE (F)   55        MM        MM
 MINIMUM TEMPERATURE (F)   36        MM        MM


SUNRISE AND SUNSET
NOVEMBER 18 2017......SUNRISE   636 AM CST   SUNSET   435 PM CST
NOVEMBER 19 2017......SUNRISE   637 AM CST   SUNSET   434 PM CST


-  INDICATES NEGATIVE NUMBERS.
R  INDICATES RECORD WAS SET OR TIED.
MM INDICATES DATA IS MISSING.
T  INDICATES TRACE AMOUNT.




$$
