000
CDUS43 KILX 310630
CLILWV


CLIMATE REPORT
NATIONAL WEATHER SERVICE LINCOLN IL
129 AM CDT WED AUG 31 2016


...................................

...THE LAWRENCEVILLE IL AIRPORT CLIMATE SUMMARY FOR AUGUST 30 2016...

CLIMATE NORMAL PERIOD 1981 TO 2010
CLIMATE RECORD PERIOD 9999 TO 9999


WEATHER ITEM   OBSERVED TIME   RECORD YEAR NORMAL DEPARTURE LAST
                VALUE   (LST)  VALUE       VALUE  FROM      YEAR
                                                  NORMAL
..................................................................
TEMPERATURE (F)
 YESTERDAY
  MAXIMUM         92    232 PM  MM      MM  87      5       88
  MINIMUM         71    432 AM  MM      MM  63      8       66
  AVERAGE         82                        75      7       77

PRECIPITATION (IN)
  YESTERDAY        0.00         MM      MM   0.10  -0.10     0.00
  MONTH TO DATE    7.72                      3.29   4.43     2.20
  SINCE JUN 1     14.59                     11.69   2.90    14.98
  SINCE JAN 1     32.26                     29.25   3.01    31.94

DEGREE DAYS
 HEATING
  YESTERDAY        0                         0      0        0
  MONTH TO DATE    0                         0      0        0
  SINCE JUN 1      0                         7     -7        8
  SINCE JUL 1      0                         0      0        0

 COOLING
  YESTERDAY       17                        10      7       12
  MONTH TO DATE  405                       344     61      268
  SINCE JUN 1   1158                      1032    126      936
  SINCE JAN 1   1278                      1171    107     1091
..................................................................


WIND (MPH)
  HIGHEST WIND SPEED    14   HIGHEST WIND DIRECTION     N (350)
  HIGHEST GUST SPEED    18   HIGHEST GUST DIRECTION     N (340)
  AVERAGE WIND SPEED     3.6


SKY COVER
  POSSIBLE SUNSHINE  MM
  AVERAGE SKY COVER 0.1


WEATHER CONDITIONS
 THE FOLLOWING WEATHER WAS RECORDED YESTERDAY.
  FOG
  HAZE


RELATIVE HUMIDITY (PERCENT)
 HIGHEST   100          1200 AM
 LOWEST     52           100 PM
 AVERAGE    76

..........................................................


THE LAWRENCEVILLE IL AIRPORT CLIMATE NORMALS FOR TODAY
                         NORMAL    RECORD    YEAR
 MAXIMUM TEMPERATURE (F)   87        MM        MM
 MINIMUM TEMPERATURE (F)   63        MM        MM


SUNRISE AND SUNSET
AUGUST 31 2016........SUNRISE   619 AM CDT   SUNSET   721 PM CDT
SEPTEMBER  1 2016.....SUNRISE   620 AM CDT   SUNSET   720 PM CDT


-  INDICATES NEGATIVE NUMBERS.
R  INDICATES RECORD WAS SET OR TIED.
MM INDICATES DATA IS MISSING.
T  INDICATES TRACE AMOUNT.




$$
