000
CDUS43 KILX 280629
CLILWV


CLIMATE REPORT
NATIONAL WEATHER SERVICE LINCOLN IL
129 AM CDT THU APR 28 2016


...................................

...THE LAWRENCEVILLE IL AIRPORT CLIMATE SUMMARY FOR APRIL 27 2016...

CLIMATE NORMAL PERIOD 1981 TO 2010
CLIMATE RECORD PERIOD 9999 TO 9999


WEATHER ITEM   OBSERVED TIME   RECORD YEAR NORMAL DEPARTURE LAST
                VALUE   (LST)  VALUE       VALUE  FROM      YEAR
                                                  NORMAL
..................................................................
TEMPERATURE (F)
 YESTERDAY
  MAXIMUM         71    313 PM  MM      MM  71      0       64
  MINIMUM         57    442 AM  MM      MM  50      7       38
  AVERAGE         64                        60      4       51

PRECIPITATION (IN)
  YESTERDAY        0.34         MM      MM   0.18   0.16     0.00
  MONTH TO DATE    4.63                      3.51   1.12     6.11
  SINCE MAR 1      8.79                      6.94   1.85    10.98
  SINCE JAN 1     13.03                     11.33   1.70    13.48

DEGREE DAYS
 HEATING
  YESTERDAY        1                         6     -5       14
  MONTH TO DATE  275                       279     -4      224
  SINCE MAR 1    718                       901   -183      949
  SINCE JUL 1   3945                      4576   -631     5223

 COOLING
  YESTERDAY        0                         1     -1        0
  MONTH TO DATE   20                        21     -1        7
  SINCE MAR 1     20                        23     -3        7
  SINCE JAN 1     20                        23     -3        7
..................................................................


WIND (MPH)
  HIGHEST WIND SPEED    22   HIGHEST WIND DIRECTION    SE (140)
  HIGHEST GUST SPEED    26   HIGHEST GUST DIRECTION    SE (140)
  AVERAGE WIND SPEED     9.1


SKY COVER
  POSSIBLE SUNSHINE  MM
  AVERAGE SKY COVER 0.8


WEATHER CONDITIONS
 THE FOLLOWING WEATHER WAS RECORDED YESTERDAY.
  THUNDERSTORM
  HEAVY RAIN
  RAIN
  LIGHT RAIN
  FOG
  FOG W/VISIBILITY <= 1/4 MILE
  HAZE


RELATIVE HUMIDITY (PERCENT)
 HIGHEST   100          1200 AM
 LOWEST     84           400 PM
 AVERAGE    92

..........................................................


THE LAWRENCEVILLE IL AIRPORT CLIMATE NORMALS FOR TODAY
                         NORMAL    RECORD    YEAR
 MAXIMUM TEMPERATURE (F)   71        MM        MM
 MINIMUM TEMPERATURE (F)   50        MM        MM


SUNRISE AND SUNSET
APRIL 28 2016.........SUNRISE   556 AM CDT   SUNSET   740 PM CDT
APRIL 29 2016.........SUNRISE   555 AM CDT   SUNSET   741 PM CDT


-  INDICATES NEGATIVE NUMBERS.
R  INDICATES RECORD WAS SET OR TIED.
MM INDICATES DATA IS MISSING.
T  INDICATES TRACE AMOUNT.




$$
