000
CDUS43 KILX 290703
CLILWV


CLIMATE REPORT
NATIONAL WEATHER SERVICE LINCOLN IL
202 AM CDT TUE JUL 29 2014


...................................

...THE LAWRENCEVILLE IL AIRPORT CLIMATE SUMMARY FOR JULY 28 2014...

CLIMATE NORMAL PERIOD 1981 TO 2010
CLIMATE RECORD PERIOD 9999 TO 9999


WEATHER ITEM   OBSERVED TIME   RECORD YEAR NORMAL DEPARTURE LAST
                VALUE   (LST)  VALUE       VALUE  FROM      YEAR
                                                  NORMAL
..................................................................
TEMPERATURE (F)
 YESTERDAY
  MAXIMUM         77    347 PM  MM      MM  88    -11       77
  MINIMUM         56   1148 PM  MM      MM  67    -11       51
  AVERAGE         67                        78    -11       64

PRECIPITATION (IN)
  YESTERDAY        0.00         MM      MM   0.11  -0.11     0.00
  MONTH TO DATE    4.49                      4.08   0.41     4.16
  SINCE JUN 1      8.43                      8.06   0.37    14.59
  SINCE JAN 1     24.04                     25.62  -1.58    39.62

DEGREE DAYS
 HEATING
  YESTERDAY        0                         0      0        1
  MONTH TO DATE    0                         0      0        1
  SINCE JUN 1      0                         7     -7        4
  SINCE JUL 1      0                         0      0        1

 COOLING
  YESTERDAY        2                        13    -11        0
  MONTH TO DATE  213                       364   -151      289
  SINCE JUN 1    536                       654   -118      545
  SINCE JAN 1    727                       793    -66      713
..................................................................


WIND (MPH)
  HIGHEST WIND SPEED    21   HIGHEST WIND DIRECTION    NW (320)
  HIGHEST GUST SPEED    25   HIGHEST GUST DIRECTION    NW (320)
  AVERAGE WIND SPEED    11.4


SKY COVER
  POSSIBLE SUNSHINE  MM
  AVERAGE SKY COVER 0.2


WEATHER CONDITIONS
 THE FOLLOWING WEATHER WAS RECORDED YESTERDAY.
  NO SIGNIFICANT WEATHER WAS OBSERVED.


RELATIVE HUMIDITY (PERCENT)
 HIGHEST    87           300 AM
 LOWEST     50           400 PM
 AVERAGE    69

..........................................................


THE LAWRENCEVILLE IL AIRPORT CLIMATE NORMALS FOR TODAY
                         NORMAL    RECORD    YEAR
 MAXIMUM TEMPERATURE (F)   88        MM        MM
 MINIMUM TEMPERATURE (F)   67        MM        MM


SUNRISE AND SUNSET
JULY 29 2014..........SUNRISE   549 AM CDT   SUNSET   804 PM CDT
JULY 30 2014..........SUNRISE   550 AM CDT   SUNSET   803 PM CDT


-  INDICATES NEGATIVE NUMBERS.
R  INDICATES RECORD WAS SET OR TIED.
MM INDICATES DATA IS MISSING.
T  INDICATES TRACE AMOUNT.




$$
