000
CDUS41 KRNK 200924
CLILYH


CLIMATE REPORT
NATIONAL WEATHER SERVICE BLACKSBURG VA
522 AM EDT THU JUL 20 2017


...................................

...THE LYNCHBURG VA CLIMATE SUMMARY FOR JULY 19 2017...

CLIMATE NORMAL PERIOD 1981 TO 2010
CLIMATE RECORD PERIOD 1893 TO 2017


WEATHER ITEM   OBSERVED TIME   RECORD YEAR NORMAL DEPARTURE LAST
                VALUE   (LST)  VALUE       VALUE  FROM      YEAR
                                                  NORMAL
..................................................................
TEMPERATURE (F)
 YESTERDAY
  MAXIMUM         93    435 PM  98    1942  87      6       90
  MINIMUM         62    528 AM  52    2009  64     -2       68
  AVERAGE         78                        75      3       79

PRECIPITATION (IN)
  YESTERDAY        0.00          1.63 2007   0.14  -0.14     0.53
  MONTH TO DATE    1.99                      2.64  -0.65     1.52
  SINCE JUN 1      4.08                      6.26  -2.18     7.79
  SINCE JAN 1     23.18                     22.95   0.23    27.45

SNOWFALL (IN)
  YESTERDAY        0.0                                       0.0
  MONTH TO DATE    0.0                                       0.0
  SINCE JUN 1      0.0                                       0.0
  SINCE JUL 1      0.0                                       0.0
  SNOW DEPTH       0

DEGREE DAYS
 HEATING
  YESTERDAY        0                         0      0        0
  MONTH TO DATE    0                         0      0        0
  SINCE JUN 1      4                        14    -10        1
  SINCE JUL 1      0                         0      0        0

 COOLING
  YESTERDAY       13                        10      3       14
  MONTH TO DATE  243                       190     53      213
  SINCE JUN 1    449                       404     45      442
  SINCE JAN 1    585                       486     99      513
..................................................................


WIND (MPH)
  HIGHEST WIND SPEED    10   HIGHEST WIND DIRECTION     S (160)
  HIGHEST GUST SPEED    13   HIGHEST GUST DIRECTION     S (160)
  AVERAGE WIND SPEED     2.1


SKY COVER
  AVERAGE SKY COVER 0.1


WEATHER CONDITIONS
 THE FOLLOWING WEATHER WAS RECORDED YESTERDAY.
  FOG


RELATIVE HUMIDITY (PERCENT)
 HIGHEST   100          1200 AM
 LOWEST     38           300 PM
 AVERAGE    69

..........................................................


THE LYNCHBURG VA CLIMATE NORMALS FOR TODAY
                         NORMAL    RECORD    YEAR
 MAXIMUM TEMPERATURE (F)   87       102      1934
                                             1930
 MINIMUM TEMPERATURE (F)   64        53      1909


SUNRISE AND SUNSET
JULY 20 2017..........SUNRISE   612 AM EDT   SUNSET   834 PM EDT
JULY 21 2017..........SUNRISE   613 AM EDT   SUNSET   833 PM EDT


-  INDICATES NEGATIVE NUMBERS.
R  INDICATES RECORD WAS SET OR TIED.
MM INDICATES DATA IS MISSING.
T  INDICATES TRACE AMOUNT.

$$

RAB
