000
CDUS41 KRNK 250632
CLILYH


CLIMATE REPORT
NATIONAL WEATHER SERVICE BLACKSBURG VA
227 AM EDT THU AUG 25 2016


...................................

...THE LYNCHBURG VA CLIMATE SUMMARY FOR AUGUST 24 2016...

CLIMATE NORMAL PERIOD 1981 TO 2010
CLIMATE RECORD PERIOD 1893 TO 2016


WEATHER ITEM   OBSERVED TIME   RECORD YEAR NORMAL DEPARTURE LAST
                VALUE   (LST)  VALUE       VALUE  FROM      YEAR
                                                  NORMAL
..................................................................
TEMPERATURE (F)
 YESTERDAY
  MAXIMUM         84    336 PM  97    1968  85     -1       89
  MINIMUM         61    611 AM  49    1923  62     -1       64
  AVERAGE         73                        74     -1       77

PRECIPITATION (IN)
  YESTERDAY        0.00          2.55 2010   0.11  -0.11     0.00
  MONTH TO DATE    1.19                      2.52  -1.33     1.98
  SINCE JUN 1     13.46                     10.50   2.96    11.36
  SINCE JAN 1     33.12                     27.19   5.93    24.74

SNOWFALL (IN)
  YESTERDAY        0.0                                       0.0
  MONTH TO DATE    0.0                                       0.0
  SINCE JUN 1      0.0                                       0.0
  SINCE JUL 1      0.0                                       0.0
  SNOW DEPTH       0

DEGREE DAYS
 HEATING
  YESTERDAY        0                         0      0        0
  MONTH TO DATE    0                         0      0        0
  SINCE JUN 1      1                        15    -14       13
  SINCE JUL 1      0                         1     -1        0

 COOLING
  YESTERDAY        8                         9     -1       12
  MONTH TO DATE  285                       230     55      223
  SINCE JUN 1    907                       762    145      830
  SINCE JAN 1    978                       844    134      978
..................................................................


WIND (MPH)
  HIGHEST WIND SPEED    13   HIGHEST WIND DIRECTION     S (190)
  HIGHEST GUST SPEED    16   HIGHEST GUST DIRECTION     S (190)
  AVERAGE WIND SPEED     4.1


SKY COVER
  AVERAGE SKY COVER 0.2


WEATHER CONDITIONS
 THE FOLLOWING WEATHER WAS RECORDED YESTERDAY.
  NO SIGNIFICANT WEATHER WAS OBSERVED.


RELATIVE HUMIDITY (PERCENT)
 HIGHEST   100           200 AM
 LOWEST     55           200 PM
 AVERAGE    78

..........................................................


THE LYNCHBURG VA CLIMATE NORMALS FOR TODAY
                         NORMAL    RECORD    YEAR
 MAXIMUM TEMPERATURE (F)   85       100      1943
 MINIMUM TEMPERATURE (F)   62        51      1935


SUNRISE AND SUNSET
AUGUST 25 2016........SUNRISE   642 AM EDT   SUNSET   755 PM EDT
AUGUST 26 2016........SUNRISE   643 AM EDT   SUNSET   753 PM EDT


-  INDICATES NEGATIVE NUMBERS.
R  INDICATES RECORD WAS SET OR TIED.
MM INDICATES DATA IS MISSING.
T  INDICATES TRACE AMOUNT.

$$

RAB
