000
CDUS41 KRNK 030908
CLILYH


CLIMATE REPORT
NATIONAL WEATHER SERVICE BLACKSBURG VA
506 AM EDT MON AUG 3 2015


...................................

...THE LYNCHBURG VA CLIMATE SUMMARY FOR AUGUST 2 2015...

CLIMATE NORMAL PERIOD 1981 TO 2010
CLIMATE RECORD PERIOD 1893 TO 2015


WEATHER ITEM   OBSERVED TIME   RECORD YEAR NORMAL DEPARTURE LAST
                VALUE   (LST)  VALUE       VALUE  FROM      YEAR
                                                  NORMAL
..................................................................
TEMPERATURE (F)
 YESTERDAY
  MAXIMUM         84    152 PM 101    1942  86     -2       72
  MINIMUM         56    531 AM  51    1912  64     -8       62
  AVERAGE         70                        75     -5       67

PRECIPITATION (IN)
  YESTERDAY        0.00          1.37 1938   0.12  -0.12     0.02
  MONTH TO DATE    0.00                      0.24  -0.24     0.80
  SINCE JUN 1      9.38                      8.22   1.16     8.99
  SINCE JAN 1     22.76                     24.91  -2.15    30.01

SNOWFALL (IN)
  YESTERDAY        0.0                                       0.0
  MONTH TO DATE    0.0                                       0.0
  SINCE JUN 1      0.0                                       0.0
  SINCE JUL 1      0.0                                       0.0
  SNOW DEPTH       0

DEGREE DAYS
 HEATING
  YESTERDAY        0                         0      0        0
  MONTH TO DATE    0                         0      0        0
  SINCE JUN 1     13                        15     -2        1
  SINCE JUL 1      0                         1     -1        0

 COOLING
  YESTERDAY        5                        10     -5        2
  MONTH TO DATE   13                        20     -7        3
  SINCE JUN 1    620                       552     68      548
  SINCE JAN 1    768                       634    134      662
..................................................................


WIND (MPH)
  HIGHEST WIND SPEED     8   HIGHEST WIND DIRECTION     S (160)
  HIGHEST GUST SPEED    10   HIGHEST GUST DIRECTION    NE (60)
  AVERAGE WIND SPEED     1.9


SKY COVER
  AVERAGE SKY COVER 0.0


WEATHER CONDITIONS
 THE FOLLOWING WEATHER WAS RECORDED YESTERDAY.
  NO SIGNIFICANT WEATHER WAS OBSERVED.


RELATIVE HUMIDITY (PERCENT)
 HIGHEST    93           300 AM
 LOWEST     42           100 PM
 AVERAGE    68

..........................................................


THE LYNCHBURG VA CLIMATE NORMALS FOR TODAY
                         NORMAL    RECORD    YEAR
 MAXIMUM TEMPERATURE (F)   86       100      1935
 MINIMUM TEMPERATURE (F)   64        52      1998


SUNRISE AND SUNSET
AUGUST  3 2015........SUNRISE   623 AM EDT   SUNSET   823 PM EDT
AUGUST  4 2015........SUNRISE   624 AM EDT   SUNSET   822 PM EDT


-  INDICATES NEGATIVE NUMBERS.
R  INDICATES RECORD WAS SET OR TIED.
MM INDICATES DATA IS MISSING.
T  INDICATES TRACE AMOUNT.




$$
