000
CDUS44 KLZK 200642
CLILZK


CLIMATE REPORT
NATIONAL WEATHER SERVICE LITTLE ROCK AR
1241 AM CST FRI JAN 20 2017


...................................

...THE NORTH LITTLE ROCK CLIMATE SUMMARY FOR JANUARY 19 2017...

CLIMATE NORMAL PERIOD 1981 TO 2010
CLIMATE RECORD PERIOD 1975 TO 2017


WEATHER ITEM   OBSERVED TIME   RECORD YEAR NORMAL DEPARTURE LAST
                VALUE   (LST)  VALUE       VALUE  FROM      YEAR
                                                  NORMAL
..................................................................
TEMPERATURE (F)
 YESTERDAY
  MAXIMUM         53   1100 PM  72    1999  50      3       34
  MINIMUM         46        MM   4    1984  33     13       22
  AVERAGE         50                        41      9       28

PRECIPITATION (IN)
  YESTERDAY        0.21          2.38 1990   0.11   0.10     0.03
  MONTH TO DATE    1.77                      2.14  -0.37     1.70
  SINCE DEC 1      4.94                      7.15  -2.21    11.78
  SINCE JAN 1      1.77                      2.14  -0.37     1.70

SNOWFALL (IN)
  YESTERDAY        0.0           1.5  1985   0.0    0.0      0.0
  MONTH TO DATE    0.8                       0.9   -0.1       T
  SINCE DEC 1      0.8                       1.4   -0.6       T
  SINCE JUL 1      0.8                       1.4   -0.6       T
  SNOW DEPTH       0

DEGREE DAYS
 HEATING
  YESTERDAY       15                        24     -9       37
  MONTH TO DATE  401                       456    -55      473
  SINCE DEC 1   1047                      1136    -89      884
  SINCE JUL 1   1341                      1648   -307     1237

 COOLING
  YESTERDAY        0                         0      0        0
  MONTH TO DATE    1                         0      1        0
  SINCE DEC 1      2                         1      1        7
  SINCE JAN 1      1                         0      1        0
..................................................................


WIND (MPH)
  HIGHEST WIND SPEED     8   HIGHEST WIND DIRECTION    SW (220)
  HIGHEST GUST SPEED    MM   HIGHEST GUST DIRECTION    MM
  AVERAGE WIND SPEED     1.9


SKY COVER
  POSSIBLE SUNSHINE  MM
  AVERAGE SKY COVER 0.0


WEATHER CONDITIONS
 THE FOLLOWING WEATHER WAS RECORDED YESTERDAY.
  NO SIGNIFICANT WEATHER WAS OBSERVED.


RELATIVE HUMIDITY (PERCENT)
 HIGHEST   100           800 AM
 LOWEST     93           100 AM
 AVERAGE    97

..........................................................


THE NORTH LITTLE ROCK CLIMATE NORMALS FOR TODAY
                         NORMAL    RECORD    YEAR
 MAXIMUM TEMPERATURE (F)   50        70      2005
 MINIMUM TEMPERATURE (F)   33        -6      1985


SUNRISE AND SUNSET
JANUARY 20 2017.......SUNRISE   714 AM CST   SUNSET   526 PM CST
JANUARY 21 2017.......SUNRISE   714 AM CST   SUNSET   527 PM CST


-  INDICATES NEGATIVE NUMBERS.
R  INDICATES RECORD WAS SET OR TIED.
MM INDICATES DATA IS MISSING.
T  INDICATES TRACE AMOUNT.




$$
