000
CDUS44 KLZK 220635
CLILZK


CLIMATE REPORT
NATIONAL WEATHER SERVICE LITTLE ROCK AR
1234 AM CST WED NOV 22 2017


...................................

...THE NORTH LITTLE ROCK CLIMATE SUMMARY FOR NOVEMBER 21 2017...

CLIMATE NORMAL PERIOD 1981 TO 2010
CLIMATE RECORD PERIOD 1975 TO 2017


WEATHER ITEM   OBSERVED TIME   RECORD YEAR NORMAL DEPARTURE LAST
                VALUE   (LST)  VALUE       VALUE  FROM      YEAR
                                                  NORMAL
..................................................................
TEMPERATURE (F)
 YESTERDAY
  MAXIMUM         62        MM  76    2003  59      3       62
  MINIMUM         40        MM  26    2008  42     -2       36
  AVERAGE         51                        50      1       49

PRECIPITATION (IN)
  YESTERDAY        0.00          4.50 2011   0.19  -0.19     0.00
  MONTH TO DATE    0.41                      3.69  -3.28     0.25
  SINCE SEP 1      2.06                     11.80  -9.74     2.87
  SINCE JAN 1     44.65                     43.32   1.33    47.06

SNOWFALL (IN)
  YESTERDAY        0.0          MM      MM   0.0    0.0      0.0
  MONTH TO DATE    0.0                       0.0    0.0      0.0
  SINCE SEP 1      T                         T      0.0      0.0
  SINCE JUL 1      T                         T      0.0       T
  SNOW DEPTH       0

DEGREE DAYS
 HEATING
  YESTERDAY       14                        15     -1       16
  MONTH TO DATE  191                       228    -37      134
  SINCE SEP 1    313                       363    -50      159
  SINCE JUL 1    313                       363    -50      159

 COOLING
  YESTERDAY        0                         0      0        0
  MONTH TO DATE   29                        10     19       28
  SINCE SEP 1    486                       391     95      579
  SINCE JAN 1   2083                      2168    -85     2374
..................................................................


WIND (MPH)
  HIGHEST WIND SPEED     9   HIGHEST WIND DIRECTION     N (20)
  HIGHEST GUST SPEED    MM   HIGHEST GUST DIRECTION    MM
  AVERAGE WIND SPEED     3.6


SKY COVER
  POSSIBLE SUNSHINE  MM
  AVERAGE SKY COVER 0.0


WEATHER CONDITIONS
 THE FOLLOWING WEATHER WAS RECORDED YESTERDAY.
  NO SIGNIFICANT WEATHER WAS OBSERVED.


RELATIVE HUMIDITY (PERCENT)
 HIGHEST    77           600 PM
 LOWEST     54          1000 PM
 AVERAGE    66

..........................................................


THE NORTH LITTLE ROCK CLIMATE NORMALS FOR TODAY
                         NORMAL    RECORD    YEAR
 MAXIMUM TEMPERATURE (F)   59        76      2003
 MINIMUM TEMPERATURE (F)   41        23      2008


SUNRISE AND SUNSET
NOVEMBER 22 2017......SUNRISE   650 AM CST   SUNSET   500 PM CST
NOVEMBER 23 2017......SUNRISE   651 AM CST   SUNSET   500 PM CST


-  INDICATES NEGATIVE NUMBERS.
R  INDICATES RECORD WAS SET OR TIED.
MM INDICATES DATA IS MISSING.
T  INDICATES TRACE AMOUNT.




$$
