000
CDUS44 KLZK 192101
CLILZK


CLIMATE REPORT
NATIONAL WEATHER SERVICE LITTLE ROCK AR
400 PM CDT TUE SEP 19 2017


...................................

...THE NORTH LITTLE ROCK CLIMATE SUMMARY FOR SEPTEMBER 19 2017...
VALID TODAY AS OF 0400 PM LOCAL TIME.

CLIMATE NORMAL PERIOD 1981 TO 2010
CLIMATE RECORD PERIOD 1975 TO 2017


WEATHER ITEM   OBSERVED TIME   RECORD YEAR NORMAL DEPARTURE LAST
                VALUE   (LST)  VALUE       VALUE  FROM      YEAR
                                                  NORMAL
..................................................................
TEMPERATURE (F)
 TODAY
  MAXIMUM         91        MM  98    2005  83      8       88
  MINIMUM         71        MM  50    1981  63      8       66
  AVERAGE         81                        73      8       77

PRECIPITATION (IN)
  TODAY            0.00          1.36 2002   0.09  -0.09     0.00
  MONTH TO DATE    0.28                      2.08  -1.80     0.93
  SINCE SEP 1      0.28                      2.08  -1.80     0.93
  SINCE JAN 1     42.87                     33.60   9.27    45.12

SNOWFALL (IN)
  TODAY            0.0          MM      MM   0.0    0.0      0.0
  MONTH TO DATE    0.0                       0.0    0.0      0.0
  SINCE SEP 1      0.0                       0.0    0.0      0.0
  SINCE JUL 1      T                         0.0    0.0       T
  SNOW DEPTH      MM

DEGREE DAYS
 HEATING
  TODAY            0                         1     -1        0
  MONTH TO DATE    1                         1      0        0
  SINCE SEP 1      1                         1      0        0
  SINCE JUL 1      1                         1      0        0

 COOLING
  TODAY           16                         9      7       12
  MONTH TO DATE  170                       222    -52      264
  SINCE SEP 1    170                       222    -52      264
  SINCE JAN 1   1767                      1999   -232     2059
..................................................................


WIND (MPH)
  HIGHEST WIND SPEED     7   HIGHEST WIND DIRECTION     S (180)
  HIGHEST GUST SPEED    MM   HIGHEST GUST DIRECTION    MM
  AVERAGE WIND SPEED     2.3


SKY COVER
  POSSIBLE SUNSHINE  MM
  AVERAGE SKY COVER 0.0


WEATHER CONDITIONS
 THE FOLLOWING WEATHER WAS RECORDED TODAY.
  NO SIGNIFICANT WEATHER WAS OBSERVED.


RELATIVE HUMIDITY (PERCENT)
 HIGHEST   100           700 AM
 LOWEST     59          1200 PM
 AVERAGE    80

..........................................................


THE NORTH LITTLE ROCK CLIMATE NORMALS FOR TOMORROW
                         NORMAL    RECORD    YEAR
 MAXIMUM TEMPERATURE (F)   83        98      2005
 MINIMUM TEMPERATURE (F)   63        45      1991


SUNRISE AND SUNSET
SEPTEMBER 19 2017.....SUNRISE   655 AM CDT   SUNSET   710 PM CDT
SEPTEMBER 20 2017.....SUNRISE   656 AM CDT   SUNSET   708 PM CDT


-  INDICATES NEGATIVE NUMBERS.
R  INDICATES RECORD WAS SET OR TIED.
MM INDICATES DATA IS MISSING.
T  INDICATES TRACE AMOUNT.




$$
