000
CDUS44 KLZK 021010
CLILZK


CLIMATE REPORT
NATIONAL WEATHER SERVICE LITTLE ROCK AR
409 AM CST MON MAR 2 2015


...................................

...THE NORTH LITTLE ROCK CLIMATE SUMMARY FOR MARCH 1 2015...

CLIMATE NORMAL PERIOD 1981 TO 2010
CLIMATE RECORD PERIOD 1975 TO 2015


WEATHER ITEM   OBSERVED TIME   RECORD YEAR NORMAL DEPARTURE LAST
                VALUE   (LST)  VALUE       VALUE  FROM      YEAR
                                                  NORMAL
..................................................................
TEMPERATURE (F)
 YESTERDAY
  MAXIMUM         40        MM  80    2006  59    -19       61
  MINIMUM         31        MM  19    1980  40     -9       43
  AVERAGE         36                        49    -13       52

PRECIPITATION (IN)
  YESTERDAY        0.29          1.17 1997   0.15   0.14     0.00
  MONTH TO DATE    0.29                      0.15   0.14     0.00
  SINCE MAR 1      0.29                      0.15   0.14     0.00
  SINCE JAN 1      6.47                      7.23  -0.76     5.32

SNOWFALL (IN)
  YESTERDAY        0.0           T    2013   0.0    0.0      0.0
                                      2002
                                      1980
  MONTH TO DATE    0.0                       0.0    0.0      0.0
  SINCE MAR 1      0.0                       0.0    0.0      0.0
  SINCE JUL 1      4.2                       4.0    0.2      3.6
  SNOW DEPTH       0

DEGREE DAYS
 HEATING
  YESTERDAY       29                        16     13       13
  MONTH TO DATE   29                        16     13       13
  SINCE MAR 1     29                        16     13       13
  SINCE JUL 1   2826                      2502    324     2840

 COOLING
  YESTERDAY        0                         0      0        0
  MONTH TO DATE    0                         0      0        0
  SINCE MAR 1      0                         0      0        0
  SINCE JAN 1      0                         2     -2        0
..................................................................


WIND (MPH)
  HIGHEST WIND SPEED    MM   HIGHEST WIND DIRECTION    MM
  HIGHEST GUST SPEED    MM   HIGHEST GUST DIRECTION    MM
  AVERAGE WIND SPEED    MM


SKY COVER
  POSSIBLE SUNSHINE  MM
  AVERAGE SKY COVER  MM


WEATHER CONDITIONS
 THE FOLLOWING WEATHER WAS RECORDED YESTERDAY.
  LIGHT RAIN
  LT FREEZING RAIN


RELATIVE HUMIDITY (PERCENT)
 HIGHEST    MM
 LOWEST     MM
 AVERAGE    MM

..........................................................


THE NORTH LITTLE ROCK CLIMATE NORMALS FOR TODAY
                         NORMAL    RECORD    YEAR
 MAXIMUM TEMPERATURE (F)   59        80      2012
                                             1976
 MINIMUM TEMPERATURE (F)   40        14      1980


SUNRISE AND SUNSET
MARCH  2 2015.........SUNRISE   637 AM CST   SUNSET   606 PM CST
MARCH  3 2015.........SUNRISE   636 AM CST   SUNSET   606 PM CST


-  INDICATES NEGATIVE NUMBERS.
R  INDICATES RECORD WAS SET OR TIED.
MM INDICATES DATA IS MISSING.
T  INDICATES TRACE AMOUNT.




$$
