020
CDUS44 KLZK 140634
CLILZK


CLIMATE REPORT
NATIONAL WEATHER SERVICE LITTLE ROCK AR
1234 AM CST SUN FEB 14 2016


...................................

...THE NORTH LITTLE ROCK CLIMATE SUMMARY FOR FEBRUARY 13 2016...

CLIMATE NORMAL PERIOD 1981 TO 2010
CLIMATE RECORD PERIOD 1975 TO 2016


WEATHER ITEM   OBSERVED TIME   RECORD YEAR NORMAL DEPARTURE LAST
                VALUE   (LST)  VALUE       VALUE  FROM      YEAR
                                                  NORMAL
..................................................................
TEMPERATURE (F)
 YESTERDAY
  MAXIMUM         43        MM  77    1991  54    -11       46
  MINIMUM         30        MM  17    1988  36     -6       26
  AVERAGE         37                        45     -8       36

PRECIPITATION (IN)
  YESTERDAY        0.00          2.96 2001   0.12  -0.12     0.00
  MONTH TO DATE    T                         1.58  -1.58     0.61
  SINCE DEC 1     13.31                     10.01   3.30     6.52
  SINCE JAN 1      3.23                      5.00  -1.77     3.53

SNOWFALL (IN)
  YESTERDAY        0.0           5.5  1997   0.1   -0.1      0.0
  MONTH TO DATE    0.0                       1.0   -1.0      0.0
  SINCE DEC 1      7.2                       3.2    4.0       T
  SINCE JUL 1      7.2                       3.2    4.0      0.6
  SNOW DEPTH       0

DEGREE DAYS
 HEATING
  YESTERDAY       28                        20      8       29
  MONTH TO DATE  258                       281    -23      289
  SINCE DEC 1   1393                      1702   -309     1682
  SINCE JUL 1   1746                      2214   -468     2297

 COOLING
  YESTERDAY        0                         0      0        0
  MONTH TO DATE    0                         0      0        0
  SINCE DEC 1      8                         2      6        0
  SINCE JAN 1      1                         1      0        0
..................................................................


WIND (MPH)
  HIGHEST WIND SPEED    MM   HIGHEST WIND DIRECTION    MM
  HIGHEST GUST SPEED    MM   HIGHEST GUST DIRECTION    MM
  AVERAGE WIND SPEED    MM


SKY COVER
  POSSIBLE SUNSHINE  MM
  AVERAGE SKY COVER  MM


WEATHER CONDITIONS
 THE FOLLOWING WEATHER WAS RECORDED YESTERDAY.
  NO SIGNIFICANT WEATHER WAS OBSERVED.


RELATIVE HUMIDITY (PERCENT)
 HIGHEST    MM
 LOWEST     MM
 AVERAGE    MM

..........................................................


THE NORTH LITTLE ROCK CLIMATE NORMALS FOR TODAY
                         NORMAL    RECORD    YEAR
 MAXIMUM TEMPERATURE (F)   54        73      2011
                                             2005
 MINIMUM TEMPERATURE (F)   36        24      2007
                                             1981


SUNRISE AND SUNSET
FEBRUARY 14 2016......SUNRISE   656 AM CST   SUNSET   551 PM CST
FEBRUARY 15 2016......SUNRISE   655 AM CST   SUNSET   552 PM CST


-  INDICATES NEGATIVE NUMBERS.
R  INDICATES RECORD WAS SET OR TIED.
MM INDICATES DATA IS MISSING.
T  INDICATES TRACE AMOUNT.




$$
