000
CDUS44 KLZK 300908
CLILZK


CLIMATE REPORT
NATIONAL WEATHER SERVICE LITTLE ROCK AR
408 AM CDT MON MAR 30 2015


...................................

...THE NORTH LITTLE ROCK CLIMATE SUMMARY FOR MARCH 29 2015...

CLIMATE NORMAL PERIOD 1981 TO 2010
CLIMATE RECORD PERIOD 1975 TO 2015


WEATHER ITEM   OBSERVED TIME   RECORD YEAR NORMAL DEPARTURE LAST
                VALUE   (LST)  VALUE       VALUE  FROM      YEAR
                                                  NORMAL
..................................................................
TEMPERATURE (F)
 YESTERDAY
  MAXIMUM         76        MM  84    2007  68      8       64
  MINIMUM         36        MM  34    1987  48    -12       47
  AVERAGE         56                        58     -2       56

PRECIPITATION (IN)
  YESTERDAY        0.00          1.41 1989   0.15  -0.15     0.00
  MONTH TO DATE    8.72                      4.44   4.28     5.14
  SINCE MAR 1      8.72                      4.44   4.28     5.14
  SINCE JAN 1     14.90                     11.52   3.38    10.46

SNOWFALL (IN)
  YESTERDAY        0.0          MM      MM   0.0    0.0      0.0
  MONTH TO DATE    6.4                       0.4    6.0      1.6
  SINCE MAR 1      6.4                       0.4    6.0      1.6
  SINCE JUL 1     10.6                       4.4    6.2      5.2
  SNOW DEPTH       0

DEGREE DAYS
 HEATING
  YESTERDAY        9                         8      1        9
  MONTH TO DATE  402                       345     57      473
  SINCE MAR 1    402                       345     57      473
  SINCE JUL 1   3199                      2831    368     3300

 COOLING
  YESTERDAY        0                         1     -1        0
  MONTH TO DATE    8                        14     -6        0
  SINCE MAR 1      8                        14     -6        0
  SINCE JAN 1      8                        16     -8        0
..................................................................


WIND (MPH)
  HIGHEST WIND SPEED    MM   HIGHEST WIND DIRECTION    MM
  HIGHEST GUST SPEED    MM   HIGHEST GUST DIRECTION    MM
  AVERAGE WIND SPEED    MM


SKY COVER
  POSSIBLE SUNSHINE  MM
  AVERAGE SKY COVER  MM


WEATHER CONDITIONS
 THE FOLLOWING WEATHER WAS RECORDED YESTERDAY.
  NO SIGNIFICANT WEATHER WAS OBSERVED.


RELATIVE HUMIDITY (PERCENT)
 HIGHEST    MM
 LOWEST     MM
 AVERAGE    MM

..........................................................


THE NORTH LITTLE ROCK CLIMATE NORMALS FOR TODAY
                         NORMAL    RECORD    YEAR
 MAXIMUM TEMPERATURE (F)   68        83      2007
                                             1998
                                             1978
 MINIMUM TEMPERATURE (F)   48        31      1987


SUNRISE AND SUNSET
MARCH 30 2015.........SUNRISE   659 AM CDT   SUNSET   729 PM CDT
MARCH 31 2015.........SUNRISE   658 AM CDT   SUNSET   729 PM CDT


-  INDICATES NEGATIVE NUMBERS.
R  INDICATES RECORD WAS SET OR TIED.
MM INDICATES DATA IS MISSING.
T  INDICATES TRACE AMOUNT.




$$
