042
CDUS44 KLZK 252153
CLILZK


CLIMATE REPORT
NATIONAL WEATHER SERVICE LITTLE ROCK AR
352 PM CST SUN FEB 25 2018


...................................

...THE NORTH LITTLE ROCK CLIMATE SUMMARY FOR FEBRUARY 25 2018...
VALID TODAY AS OF 0300 PM LOCAL TIME.

CLIMATE NORMAL PERIOD 1981 TO 2010
CLIMATE RECORD PERIOD 1975 TO 2018


WEATHER ITEM   OBSERVED TIME   RECORD YEAR NORMAL DEPARTURE LAST
                VALUE   (LST)  VALUE       VALUE  FROM      YEAR
                                                  NORMAL
..................................................................
TEMPERATURE (F)
 TODAY
  MAXIMUM         53        MM  78    1996  57     -4       50
                                      1981
  MINIMUM         39        MM  20    2003  39      0       32
  AVERAGE         46                        48     -2       41

PRECIPITATION (IN)
  TODAY            0.00          1.01 2013   0.15  -0.15     0.00
  MONTH TO DATE   10.32                      3.23   7.09     2.80
  SINCE DEC 1     19.64                     11.66   7.98     8.27
  SINCE JAN 1     12.81                      6.65   6.16     5.10

SNOWFALL (IN)
  TODAY            0.0           4.0  1979   0.1   -0.1      0.0
  MONTH TO DATE    T                         1.7   -1.7      0.0
  SINCE DEC 1      1.5                       3.9   -2.4      0.8
  SINCE JUL 1      1.5                       3.9   -2.4      0.8
  SNOW DEPTH       0

DEGREE DAYS
 HEATING
  TODAY           19                        17      2       24
  MONTH TO DATE  509                       504      5      291
  SINCE DEC 1   2008                      1925     83     1508
  SINCE JUL 1   2414                      2437    -23     1802

 COOLING
  TODAY            0                         0      0        0
  MONTH TO DATE    3                         0      3       13
  SINCE DEC 1      3                         2      1       15
  SINCE JAN 1      3                         1      2       14
..................................................................


WIND (MPH)
  HIGHEST WIND SPEED     7   HIGHEST WIND DIRECTION     E (90)
  HIGHEST GUST SPEED    MM   HIGHEST GUST DIRECTION    MM
  AVERAGE WIND SPEED     2.8


SKY COVER
  POSSIBLE SUNSHINE  MM
  AVERAGE SKY COVER 0.0


WEATHER CONDITIONS
 THE FOLLOWING WEATHER WAS RECORDED TODAY.
  NO SIGNIFICANT WEATHER WAS OBSERVED.


RELATIVE HUMIDITY (PERCENT)
 HIGHEST    96           400 AM
 LOWEST     54          1200 PM
 AVERAGE    75

..........................................................


THE NORTH LITTLE ROCK CLIMATE NORMALS FOR TOMORROW
                         NORMAL    RECORD    YEAR
 MAXIMUM TEMPERATURE (F)   58        80      1986
 MINIMUM TEMPERATURE (F)   39        17      1980


SUNRISE AND SUNSET
FEBRUARY 25 2018......SUNRISE   643 AM CST   SUNSET   601 PM CST
FEBRUARY 26 2018......SUNRISE   642 AM CST   SUNSET   602 PM CST


-  INDICATES NEGATIVE NUMBERS.
R  INDICATES RECORD WAS SET OR TIED.
MM INDICATES DATA IS MISSING.
T  INDICATES TRACE AMOUNT.




$$
