000
CDUS46 KHNX 050823
CLIMAE


CLIMATE REPORT
NATIONAL WEATHER SERVICE SAN JOAQUIN VALLEY, CA
123 AM PDT THU MAY 5 2016


...................................

...THE MADERA CA AIRPORT CLIMATE SUMMARY FOR MAY 4 2016...

CLIMATE NORMAL PERIOD 1981 TO 2010
CLIMATE RECORD PERIOD 1998 TO 2016


WEATHER ITEM   OBSERVED TIME   RECORD YEAR NORMAL DEPARTURE
                VALUE   (LST)  VALUE       VALUE  FROM
                                                  NORMAL
...............................................................
TEMPERATURE (F)
 YESTERDAY
  MAXIMUM         82    259 PM  98    2004  81      1
  MINIMUM         59    543 AM  42    1999  49     10
  AVERAGE         71                        65      6

PRECIPITATION (IN)
  YESTERDAY        0.00          0.02 2007   0.02  -0.02
  MONTH TO DATE    T                         0.10  -0.10
  SINCE OCT 1     12.96                     11.16   1.80
  SINCE JAN 1      8.40                      7.43   0.97

SNOWFALL (IN)
  YESTERDAY        0.0
  MONTH TO DATE    0.0
  SINCE MAR 1      0.0
  SINCE JUL 1      0.0
  SNOW DEPTH       0

DEGREE DAYS
 HEATING
  YESTERDAY        0
  MONTH TO DATE    0
  SINCE MAR 1    309
  SINCE JUL 1   2053

 COOLING
  YESTERDAY        6
  MONTH TO DATE   22
  SINCE MAR 1     54
  SINCE JAN 1     54
...............................................................


WIND (MPH)
  HIGHEST WIND SPEED    15   HIGHEST WIND DIRECTION    NW (310)
  HIGHEST GUST SPEED    20   HIGHEST GUST DIRECTION    NW (320)
  AVERAGE WIND SPEED     8.3




RELATIVE HUMIDITY (PERCENT)
 HIGHEST    84
 LOWEST     33
 AVERAGE    59

..........................................................


THE MADERA CA AIRPORT CLIMATE NORMALS FOR TODAY
                         NORMAL    RECORD    YEAR
 MAXIMUM TEMPERATURE (F)   81        95      2011
 MINIMUM TEMPERATURE (F)   49        41      1999


SUNRISE AND SUNSET
MAY  5 2016...........SUNRISE   601 AM PDT   SUNSET   754 PM PDT
MAY  6 2016...........SUNRISE   600 AM PDT   SUNSET   754 PM PDT


-  INDICATES NEGATIVE NUMBERS.
R  INDICATES RECORD WAS SET OR TIED.
MM INDICATES DATA IS MISSING.
T  INDICATES TRACE AMOUNT.




$$
