000
CDUS46 KHNX 250824
CLIMAE


CLIMATE REPORT
NATIONAL WEATHER SERVICE SAN JOAQUIN VALLEY, CA
124 AM PDT TUE APR 25 2017


...................................

...THE MADERA CA AIRPORT CLIMATE SUMMARY FOR APRIL 24 2017...

CLIMATE NORMAL PERIOD 1981 TO 2010
CLIMATE RECORD PERIOD 1998 TO 2017


WEATHER ITEM   OBSERVED TIME   RECORD YEAR NORMAL DEPARTURE
                VALUE   (LST)  VALUE       VALUE  FROM
                                                  NORMAL
...............................................................
TEMPERATURE (F)
 YESTERDAY
  MAXIMUM         71    233 PM  88    2013  77     -6
  MINIMUM         50    314 AM  38    2008  47      3
  AVERAGE         61                        62     -1

PRECIPITATION (IN)
  YESTERDAY        0.00          0.01 2003   0.03  -0.03
  MONTH TO DATE    0.47                      0.78  -0.31
  SINCE OCT 1     14.17                     10.89   3.28
  SINCE JAN 1     10.10                      7.16   2.94

SNOWFALL (IN)
  YESTERDAY        0.0
  MONTH TO DATE    0.0
  SINCE MAR 1      0.0
  SINCE JUL 1      0.0
  SNOW DEPTH       0

DEGREE DAYS
 HEATING
  YESTERDAY        4
  MONTH TO DATE  112
  SINCE MAR 1    354
  SINCE JUL 1   2033

 COOLING
  YESTERDAY        0
  MONTH TO DATE    2
  SINCE MAR 1      8
  SINCE JAN 1      8
...............................................................


WIND (MPH)
  HIGHEST WIND SPEED    24   HIGHEST WIND DIRECTION    NW (320)
  HIGHEST GUST SPEED    30   HIGHEST GUST DIRECTION    NW (310)
  AVERAGE WIND SPEED    13.8




RELATIVE HUMIDITY (PERCENT)
 HIGHEST    86
 LOWEST     44
 AVERAGE    65

..........................................................


THE MADERA CA AIRPORT CLIMATE NORMALS FOR TODAY
                         NORMAL    RECORD    YEAR
 MAXIMUM TEMPERATURE (F)   78        93      2004
 MINIMUM TEMPERATURE (F)   47        40      2008


SUNRISE AND SUNSET
APRIL 25 2017.........SUNRISE   613 AM PDT   SUNSET   744 PM PDT
APRIL 26 2017.........SUNRISE   612 AM PDT   SUNSET   745 PM PDT


-  INDICATES NEGATIVE NUMBERS.
R  INDICATES RECORD WAS SET OR TIED.
MM INDICATES DATA IS MISSING.
T  INDICATES TRACE AMOUNT.




$$
