000
CDUS46 KHNX 280822
CLIMAE


CLIMATE REPORT
NATIONAL WEATHER SERVICE SAN JOAQUIN VALLEY, CA
1221 AM PST SAT FEB 28 2015


...................................

...THE MADERA CA AIRPORT CLIMATE SUMMARY FOR FEBRUARY 27 2015...

CLIMATE NORMAL PERIOD 1981 TO 2010
CLIMATE RECORD PERIOD 1998 TO 2015


WEATHER ITEM   OBSERVED TIME   RECORD YEAR NORMAL DEPARTURE
                VALUE   (LST)  VALUE       VALUE  FROM
                                                  NORMAL
...............................................................
TEMPERATURE (F)
 YESTERDAY
  MAXIMUM         67    257 PM  72    2002  64      3
  MINIMUM         39    510 AM  28    2011  41     -2
  AVERAGE         53                        53      0

PRECIPITATION (IN)
  YESTERDAY        0.00          1.22 2000   0.09  -0.09
  MONTH TO DATE    0.54                      2.05  -1.51
  SINCE OCT 1      4.25                      8.23  -3.98
  SINCE JAN 1      0.57                      4.50  -3.93

SNOWFALL (IN)
  YESTERDAY        0.0
  MONTH TO DATE    0.0
  SINCE DEC 1      0.0
  SINCE JUL 1      0.0
  SNOW DEPTH       0

DEGREE DAYS
 HEATING
  YESTERDAY       12
  MONTH TO DATE  243
  SINCE DEC 1   1120
  SINCE JUL 1   1436

 COOLING
  YESTERDAY        0
  MONTH TO DATE    2
  SINCE DEC 1      3
  SINCE JAN 1      2
...............................................................


WIND (MPH)
  HIGHEST WIND SPEED    MM   HIGHEST WIND DIRECTION    MM
  HIGHEST GUST SPEED    MM   HIGHEST GUST DIRECTION    MM
  AVERAGE WIND SPEED    MM




RELATIVE HUMIDITY (PERCENT)
 HIGHEST    92
 LOWEST     42
 AVERAGE    67

..........................................................


THE MADERA CA AIRPORT CLIMATE NORMALS FOR TODAY
                         NORMAL    RECORD    YEAR
 MAXIMUM TEMPERATURE (F)   64        72      2002
 MINIMUM TEMPERATURE (F)   42        31      2011


SUNRISE AND SUNSET
FEBRUARY 28 2015......SUNRISE   633 AM PST   SUNSET   554 PM PST
MARCH  1 2015.........SUNRISE   632 AM PST   SUNSET   555 PM PST


-  INDICATES NEGATIVE NUMBERS.
R  INDICATES RECORD WAS SET OR TIED.
MM INDICATES DATA IS MISSING.
T  INDICATES TRACE AMOUNT.




$$
