000
CDUS46 KHNX 260023
CLIMAE


CLIMATE REPORT
NATIONAL WEATHER SERVICE SAN JOAQUIN VALLEY, CA
522 PM PDT TUE JUL 25 2017


...................................

...THE MADERA CA CLIMATE SUMMARY FOR JULY 25 2017...
VALID AS OF 0400 PM LOCAL TIME.

CLIMATE NORMAL PERIOD 1981 TO 2010
CLIMATE RECORD PERIOD 1998 TO 2017


WEATHER ITEM   OBSERVED TIME   RECORD YEAR NORMAL DEPARTURE LAST
                VALUE   (LST)  VALUE       VALUE  FROM      YEAR
                                                  NORMAL
..................................................................
TEMPERATURE (F)
 TODAY
  MAXIMUM         96        MM 110    2006  97     -1      104
  MINIMUM         63        MM  54    1999  60      3       65
  AVERAGE         80                        79      1       85

PRECIPITATION (IN)
  TODAY            0.00          0.00   MM   0.00   0.00     0.00
  MONTH TO DATE    0.00                      0.02  -0.02     0.00
  SINCE OCT 1     14.18                     11.75   2.43    12.96
  SINCE JAN 1     10.11                      8.02   2.09     8.40

SNOWFALL (IN)
  TODAY            0.0
  MONTH TO DATE    0.0
  SINCE JUN 1      0.0
  SINCE JUL 1      0.0
  SNOW DEPTH       0

DEGREE DAYS
 HEATING
  TODAY            0                                         0
  MONTH TO DATE    0                                         0
  SINCE JUN 1      6                                         1
  SINCE JUL 1      0                                         0

 COOLING
  TODAY           15                                        20
  MONTH TO DATE  444                                       347
  SINCE JUN 1    834                                       730
  SINCE JAN 1   1019                                       923
..................................................................


WIND (MPH)
  HIGHEST WIND SPEED     8   HIGHEST WIND DIRECTION     W (270)
  HIGHEST GUST SPEED    MM   HIGHEST GUST DIRECTION    MM
  AVERAGE WIND SPEED     5.3




RELATIVE HUMIDITY (PERCENT)
 HIGHEST    84
 LOWEST     15
 AVERAGE    50

..........................................................


THE MADERA CA CLIMATE NORMALS FOR TOMORROW
                         NORMAL    RECORD    YEAR
 MAXIMUM TEMPERATURE (F)   97       110      2006
 MINIMUM TEMPERATURE (F)   60        54      2002


SUNRISE AND SUNSET
JULY 25 2017..........SUNRISE   600 AM PDT   SUNSET   813 PM PDT
JULY 26 2017..........SUNRISE   601 AM PDT   SUNSET   812 PM PDT


-  INDICATES NEGATIVE NUMBERS.
R  INDICATES RECORD WAS SET OR TIED.
MM INDICATES DATA IS MISSING.
T  INDICATES TRACE AMOUNT.




$$
