000
CDUS46 KHNX 260822
CLIMAE


CLIMATE REPORT
NATIONAL WEATHER SERVICE SAN JOAQUIN VALLEY, CA
122 AM PDT MON SEP 26 2016


...................................

...THE MADERA CA AIRPORT CLIMATE SUMMARY FOR SEPTEMBER 25 2016...

CLIMATE NORMAL PERIOD 1981 TO 2010
CLIMATE RECORD PERIOD 1998 TO 2016


WEATHER ITEM   OBSERVED TIME   RECORD YEAR NORMAL DEPARTURE
                VALUE   (LST)  VALUE       VALUE  FROM
                                                  NORMAL
...............................................................
TEMPERATURE (F)
 YESTERDAY
  MAXIMUM         96    328 PM 100    2015  87      9
  MINIMUM         56    616 AM  46    2005  54      2
  AVERAGE         76                        71      5

PRECIPITATION (IN)
  YESTERDAY        0.00          0.02 2001   0.01  -0.01
  MONTH TO DATE    T                         0.20  -0.20
  SINCE OCT 1     12.96                     11.97   0.99
  SINCE JAN 1      8.40                      8.24   0.16

SNOWFALL (IN)
  YESTERDAY        0.0
  MONTH TO DATE    0.0
  SINCE SEP 1      0.0
  SINCE JUL 1      0.0
  SNOW DEPTH       0

DEGREE DAYS
 HEATING
  YESTERDAY        0
  MONTH TO DATE    3
  SINCE SEP 1      3
  SINCE JUL 1      3

 COOLING
  YESTERDAY       11
  MONTH TO DATE  210
  SINCE SEP 1    210
  SINCE JAN 1   1705
...............................................................


WIND (MPH)
  HIGHEST WIND SPEED    12   HIGHEST WIND DIRECTION    SE (120)
  HIGHEST GUST SPEED    13   HIGHEST GUST DIRECTION    SE (130)
  AVERAGE WIND SPEED     4.0




RELATIVE HUMIDITY (PERCENT)
 HIGHEST    67
 LOWEST     15
 AVERAGE    41

..........................................................


THE MADERA CA AIRPORT CLIMATE NORMALS FOR TODAY
                         NORMAL    RECORD    YEAR
 MAXIMUM TEMPERATURE (F)   87       100      2009
 MINIMUM TEMPERATURE (F)   54        49      2013


SUNRISE AND SUNSET
SEPTEMBER 26 2016.....SUNRISE   652 AM PDT   SUNSET   650 PM PDT
SEPTEMBER 27 2016.....SUNRISE   653 AM PDT   SUNSET   649 PM PDT


-  INDICATES NEGATIVE NUMBERS.
R  INDICATES RECORD WAS SET OR TIED.
MM INDICATES DATA IS MISSING.
T  INDICATES TRACE AMOUNT.




$$
