000
CDUS46 KHNX 300021
CLIMAE


CLIMATE REPORT
NATIONAL WEATHER SERVICE SAN JOAQUIN VALLEY, CA
521 PM PDT MON SEP 29 2014


...................................

...THE MADERA CA CLIMATE SUMMARY FOR SEPTEMBER 29 2014...
VALID AS OF 0500 PM LOCAL TIME.

CLIMATE NORMAL PERIOD 1981 TO 2010
CLIMATE RECORD PERIOD 1998 TO 2014


WEATHER ITEM   OBSERVED TIME   RECORD YEAR NORMAL DEPARTURE LAST
                VALUE   (LST)  VALUE       VALUE  FROM      YEAR
                                                  NORMAL
..................................................................
TEMPERATURE (F)
 TODAY
  MAXIMUM         82    359 PM  99    2010  86     -4       88
  MINIMUM         52    541 AM  47    2013  53     -1       47
  AVERAGE         67                        70     -3       68

PRECIPITATION (IN)
  TODAY            0.00          0.00   MM   0.01  -0.01     0.00
  MONTH TO DATE    0.03                      0.24  -0.21     0.27
  SINCE JUL 1      0.03                      0.28  -0.25     0.28
  SINCE JAN 1      3.64                      8.28  -4.64     3.80

SNOWFALL (IN)
  TODAY            0.0
  MONTH TO DATE    0.0
  SINCE SEP 1      0.0
  SINCE JUL 1      0.0
  SNOW DEPTH       0

DEGREE DAYS
 HEATING
  TODAY            0                                         0
  MONTH TO DATE    0                                         9
  SINCE SEP 1      0                                         9
  SINCE JUL 1      0                                         9

 COOLING
  TODAY            2                                         3
  MONTH TO DATE  339                                       232
  SINCE SEP 1    339                                       232
  SINCE JAN 1   2825                                      1674
..................................................................


WIND (MPH)
  HIGHEST WIND SPEED    13   HIGHEST WIND DIRECTION    NW (300)
  HIGHEST GUST SPEED    18   HIGHEST GUST DIRECTION    NW (330)
  AVERAGE WIND SPEED     5.0




RELATIVE HUMIDITY (PERCENT)
 HIGHEST    89
 LOWEST     33
 AVERAGE    61

..........................................................


THE MADERA CA CLIMATE NORMALS FOR TOMORROW
                         NORMAL    RECORD    YEAR
 MAXIMUM TEMPERATURE (F)   86       100      2010
 MINIMUM TEMPERATURE (F)   53        46      2009


SUNRISE AND SUNSET
SEPTEMBER 29 2014.....SUNRISE   654 AM PDT   SUNSET   647 PM PDT
SEPTEMBER 30 2014.....SUNRISE   655 AM PDT   SUNSET   645 PM PDT


-  INDICATES NEGATIVE NUMBERS.
R  INDICATES RECORD WAS SET OR TIED.
MM INDICATES DATA IS MISSING.
T  INDICATES TRACE AMOUNT.




$$
