000
CDUS46 KHNX 170855
CLIMAE


CLIMATE REPORT
NATIONAL WEATHER SERVICE SAN JOAQUIN VALLEY, CA
1255 AM PST WED JAN 17 2018


...................................

...THE MADERA CA AIRPORT CLIMATE SUMMARY FOR JANUARY 16 2018...

CLIMATE NORMAL PERIOD 1981 TO 2010
CLIMATE RECORD PERIOD 1998 TO 2018


WEATHER ITEM   OBSERVED TIME   RECORD YEAR NORMAL DEPARTURE
                VALUE   (LST)  VALUE       VALUE  FROM
                                                  NORMAL
...............................................................
TEMPERATURE (F)
 YESTERDAY
  MAXIMUM         56    310 PM  69    2014  54      2
  MINIMUM         43   1128 PM  22    2007  37      6
  AVERAGE         50                        45      5

PRECIPITATION (IN)
  YESTERDAY        0.00          0.13 1999   0.07  -0.07
  MONTH TO DATE    0.90                      1.57  -0.67
  SINCE OCT 1      1.31                      5.30  -3.99
  SINCE JAN 1      0.90                      1.57  -0.67

SNOWFALL (IN)
  YESTERDAY        0.0
  MONTH TO DATE    0.0
  SINCE DEC 1      0.0
  SINCE JUL 1      0.0
  SNOW DEPTH       0

DEGREE DAYS
 HEATING
  YESTERDAY       15
  MONTH TO DATE  191
  SINCE DEC 1    750
  SINCE JUL 1   1077

 COOLING
  YESTERDAY        0
  MONTH TO DATE    0
  SINCE DEC 1      0
  SINCE JAN 1      0
...............................................................


WIND (MPH)
  HIGHEST WIND SPEED    12   HIGHEST WIND DIRECTION     N (340)
  HIGHEST GUST SPEED    13   HIGHEST GUST DIRECTION     W (270)
  AVERAGE WIND SPEED     3.3




RELATIVE HUMIDITY (PERCENT)
 HIGHEST   100
 LOWEST     83
 AVERAGE    92

..........................................................


THE MADERA CA AIRPORT CLIMATE NORMALS FOR TODAY
                         NORMAL    RECORD    YEAR
 MAXIMUM TEMPERATURE (F)   54        71      2014
 MINIMUM TEMPERATURE (F)   37        22      2012


SUNRISE AND SUNSET
JANUARY 17 2018.......SUNRISE   712 AM PST   SUNSET   510 PM PST
JANUARY 18 2018.......SUNRISE   712 AM PST   SUNSET   511 PM PST


-  INDICATES NEGATIVE NUMBERS.
R  INDICATES RECORD WAS SET OR TIED.
MM INDICATES DATA IS MISSING.
T  INDICATES TRACE AMOUNT.




$$
