000
CDUS46 KHNX 090026
CLIMAE


CLIMATE REPORT
NATIONAL WEATHER SERVICE SAN JOAQUIN VALLEY, CA
425 PM PST MON FEB 8 2016


...................................

...THE MADERA CA CLIMATE SUMMARY FOR FEBRUARY 8 2016...
VALID TODAY AS OF 0400 PM LOCAL TIME.

CLIMATE NORMAL PERIOD 1981 TO 2010
CLIMATE RECORD PERIOD 1998 TO 2016


WEATHER ITEM   OBSERVED TIME   RECORD YEAR NORMAL DEPARTURE LAST
                VALUE   (LST)  VALUE       VALUE  FROM      YEAR
                                                  NORMAL
..................................................................
TEMPERATURE (F)
 TODAY
  MAXIMUM         73    358 PM  74    2015  59     14       74
  MINIMUM         40    732 AM  26    2001  39      1       59
  AVERAGE         57                        49      8       67

PRECIPITATION (IN)
  TODAY            0.00          0.13 2013   0.07  -0.07     0.08
  MONTH TO DATE    T                         0.50  -0.50     0.45
  SINCE OCT 1      8.19                      6.68   1.51     4.16
  SINCE JAN 1      3.63                      2.95   0.68     0.48

SNOWFALL (IN)
  TODAY            0.0
  MONTH TO DATE    0.0
  SINCE DEC 1      0.0
  SINCE JUL 1      0.0
  SNOW DEPTH       0

DEGREE DAYS
 HEATING
  TODAY            8                                         0
  MONTH TO DATE  129                                        46
  SINCE DEC 1   1157                                       923
  SINCE JUL 1   1568                                      1239

 COOLING
  TODAY            0                                         2
  MONTH TO DATE    0                                         2
  SINCE DEC 1      0                                         3
  SINCE JAN 1      0                                         2
..................................................................


WIND (MPH)
  HIGHEST WIND SPEED     8   HIGHEST WIND DIRECTION     E (100)
  HIGHEST GUST SPEED     9   HIGHEST GUST DIRECTION     E (110)
  AVERAGE WIND SPEED     2.9




RELATIVE HUMIDITY (PERCENT)
 HIGHEST    93
 LOWEST     44
 AVERAGE    69

..........................................................


THE MADERA CA CLIMATE NORMALS FOR TOMORROW
                         NORMAL    RECORD    YEAR
 MAXIMUM TEMPERATURE (F)   60        70      2012
 MINIMUM TEMPERATURE (F)   39        28      2003


SUNRISE AND SUNSET
FEBRUARY  8 2016......SUNRISE   657 AM PST   SUNSET   533 PM PST
FEBRUARY  9 2016......SUNRISE   656 AM PST   SUNSET   534 PM PST


-  INDICATES NEGATIVE NUMBERS.
R  INDICATES RECORD WAS SET OR TIED.
MM INDICATES DATA IS MISSING.
T  INDICATES TRACE AMOUNT.




$$
