000
CDUS44 KMAF 282150
CLIMAF


CLIMATE REPORT
NATIONAL WEATHER SERVICE MIDLAND TX
449 PM CDT SUN MAY 28 2017


...................................

...THE MIDLAND CLIMATE SUMMARY FOR MAY 28 2017...
VALID TODAY AS OF 0400 PM LOCAL TIME.

CLIMATE NORMAL PERIOD 1981 TO 2010
CLIMATE RECORD PERIOD 1930 TO 2017


WEATHER ITEM   OBSERVED TIME   RECORD YEAR NORMAL DEPARTURE LAST
                VALUE   (LST)  VALUE       VALUE  FROM      YEAR
                                                  NORMAL
..................................................................
TEMPERATURE (F)
 TODAY
  MAXIMUM         87    147 PM 107    2011  91     -4       97
  MINIMUM         64    615 AM  47    1947  63      1       58
  AVERAGE         76                        77     -1       78

PRECIPITATION (IN)
  TODAY            0.00          2.08 1964   0.07  -0.07     0.00
  MONTH TO DATE    0.58                      1.51  -0.93     0.26
  SINCE MAR 1      3.54                      2.76   0.78     2.05
  SINCE JAN 1      5.38                      4.03   1.35     2.53

DEGREE DAYS
 COOLING
  TODAY           11                        12     -1       13
  MONTH TO DATE  256                       245     11      278
  SINCE MAR 1    515                       351    164      436
  SINCE JAN 1    532                       353    179      451
..................................................................


WIND (MPH)
  HIGHEST WIND SPEED    24   HIGHEST WIND DIRECTION     N (20)
  HIGHEST GUST SPEED    38   HIGHEST GUST DIRECTION    NE (30)
  AVERAGE WIND SPEED    17.5


SKY COVER
  POSSIBLE SUNSHINE  MM
  AVERAGE SKY COVER 0.0


WEATHER CONDITIONS
 THE FOLLOWING WEATHER WAS RECORDED TODAY.
  THUNDERSTORM


RELATIVE HUMIDITY (PERCENT)
 HIGHEST    64           200 AM
 LOWEST     21          1200 AM
 AVERAGE    43

..........................................................


THE MIDLAND CLIMATE NORMALS FOR TOMORROW
                         NORMAL    RECORD    YEAR
 MAXIMUM TEMPERATURE (F)   91       104      1938
 MINIMUM TEMPERATURE (F)   64        44      1947


SUNRISE AND SUNSET
MAY 28 2017...........SUNRISE   645 AM CDT   SUNSET   848 PM CDT
MAY 29 2017...........SUNRISE   644 AM CDT   SUNSET   848 PM CDT


-  INDICATES NEGATIVE NUMBERS.
R  INDICATES RECORD WAS SET OR TIED.
MM INDICATES DATA IS MISSING.
T  INDICATES TRACE AMOUNT.




$$
