000
CDUS44 KMAF 280730
CLIMAF


CLIMATE REPORT
NATIONAL WEATHER SERVICE MIDLAND TX
230 AM CDT TUE MAR 28 2017


...................................

...THE MIDLAND CLIMATE SUMMARY FOR MARCH 27 2017...

CLIMATE NORMAL PERIOD 1981 TO 2010
CLIMATE RECORD PERIOD 1930 TO 2017


WEATHER ITEM   OBSERVED TIME   RECORD YEAR NORMAL DEPARTURE LAST
                VALUE   (LST)  VALUE       VALUE  FROM      YEAR
                                                  NORMAL
..................................................................
TEMPERATURE (F)
 YESTERDAY
  MAXIMUM         81    517 PM  95    1971  73      8       68
  MINIMUM         46    700 AM  14    1931  43      3       38
  AVERAGE         64                        58      6       53

PRECIPITATION (IN)
  YESTERDAY        0.00          0.62 1999   0.02  -0.02     0.00
  MONTH TO DATE    0.13                      0.52  -0.39     0.34
  SINCE MAR 1      0.13                      0.52  -0.39     0.34
  SINCE JAN 1      1.97                      1.79   0.18     0.82

SNOWFALL (IN)
  YESTERDAY        0.0
  MONTH TO DATE    0.0
  SINCE MAR 1      0.0
  SINCE JUL 1      0.3
  SNOW DEPTH       0

DEGREE DAYS
 HEATING
  YESTERDAY        1                         8     -7       12
  MONTH TO DATE  104                       280   -176      152
  SINCE MAR 1    104                       280   -176      152
  SINCE JUL 1   1604                      2517   -913     1982

 COOLING
  YESTERDAY        0                         1     -1        0
  MONTH TO DATE   94                        10     84       20
  SINCE MAR 1     94                        10     84       20
  SINCE JAN 1    111                        12     99       35
..................................................................


WIND (MPH)
  HIGHEST WIND SPEED    16   HIGHEST WIND DIRECTION    NW (320)
  HIGHEST GUST SPEED    22   HIGHEST GUST DIRECTION     N (350)
  AVERAGE WIND SPEED     8.5


SKY COVER
  POSSIBLE SUNSHINE  MM
  AVERAGE SKY COVER 0.0


WEATHER CONDITIONS
 THE FOLLOWING WEATHER WAS RECORDED YESTERDAY.
  NO SIGNIFICANT WEATHER WAS OBSERVED.


RELATIVE HUMIDITY (PERCENT)
 HIGHEST    65           700 AM
 LOWEST     14           600 PM
 AVERAGE    40

..........................................................


THE MIDLAND CLIMATE NORMALS FOR TODAY
                         NORMAL    RECORD    YEAR
 MAXIMUM TEMPERATURE (F)   74        92      1963
 MINIMUM TEMPERATURE (F)   44        19      1931


SUNRISE AND SUNSET
MARCH 28 2017.........SUNRISE   742 AM CDT   SUNSET   806 PM CDT
MARCH 29 2017.........SUNRISE   741 AM CDT   SUNSET   807 PM CDT


-  INDICATES NEGATIVE NUMBERS.
R  INDICATES RECORD WAS SET OR TIED.
MM INDICATES DATA IS MISSING.
T  INDICATES TRACE AMOUNT.




$$
