000
CDUS44 KMAF 302114
CLIMAF


CLIMATE REPORT
NATIONAL WEATHER SERVICE MIDLAND/ODESSA TX
414 PM CDT SAT MAY 30 2015


...................................

...THE MIDLAND CLIMATE SUMMARY FOR MAY 30 2015...
VALID TODAY AS OF 0400 PM LOCAL TIME.

CLIMATE NORMAL PERIOD 1981 TO 2010
CLIMATE RECORD PERIOD 1930 TO 2015


WEATHER ITEM   OBSERVED TIME   RECORD YEAR NORMAL DEPARTURE LAST
                VALUE   (LST)  VALUE       VALUE  FROM      YEAR
                                                  NORMAL
..................................................................
TEMPERATURE (F)
 TODAY
  MAXIMUM         79    312 PM 104    1998  91    -12       91
  MINIMUM         61    855 AM  46    1947  64     -3       65
  AVERAGE         70                        77     -7       78

PRECIPITATION (IN)
  TODAY            0.16          1.23 1957   0.07   0.09     0.00
  MONTH TO DATE    3.35                      1.66   1.69     2.26
  SINCE MAR 1      6.30                      2.91   3.39     2.90
  SINCE JAN 1      8.99                      4.18   4.81     3.16

DEGREE DAYS
 COOLING
  TODAY            5                        12     -7       13
  MONTH TO DATE  218                       269    -51      291
  SINCE MAR 1    348                       375    -27      458
  SINCE JAN 1    349                       377    -28      460
..................................................................


WIND (MPH)
  HIGHEST WIND SPEED    32   HIGHEST WIND DIRECTION    NE (30)
  HIGHEST GUST SPEED    41   HIGHEST GUST DIRECTION    NE (30)
  AVERAGE WIND SPEED    11.5


SKY COVER
  POSSIBLE SUNSHINE  MM
  AVERAGE SKY COVER 0.3


WEATHER CONDITIONS
 THE FOLLOWING WEATHER WAS RECORDED TODAY.
  THUNDERSTORM
  RAIN
  LIGHT RAIN
  FOG


RELATIVE HUMIDITY (PERCENT)
 HIGHEST    90           300 AM
 LOWEST     50           200 PM
 AVERAGE    70

..........................................................


THE MIDLAND CLIMATE NORMALS FOR TOMORROW
                         NORMAL    RECORD    YEAR
 MAXIMUM TEMPERATURE (F)   91       106      2008
                                             1998
 MINIMUM TEMPERATURE (F)   64        45      1947


SUNRISE AND SUNSET
MAY 30 2015...........SUNRISE   644 AM CDT   SUNSET   849 PM CDT
MAY 31 2015...........SUNRISE   644 AM CDT   SUNSET   849 PM CDT


-  INDICATES NEGATIVE NUMBERS.
R  INDICATES RECORD WAS SET OR TIED.
MM INDICATES DATA IS MISSING.
T  INDICATES TRACE AMOUNT.




$$
