000
CDUS44 KMAF 220731
CLIMAF


CLIMATE REPORT
NATIONAL WEATHER SERVICE MIDLAND/ODESSA TX
230 AM CDT FRI AUG 22 2014


...................................

...THE MIDLAND CLIMATE SUMMARY FOR AUGUST 21 2014...

CLIMATE NORMAL PERIOD 1981 TO 2010
CLIMATE RECORD PERIOD 1930 TO 2014


WEATHER ITEM   OBSERVED TIME   RECORD YEAR NORMAL DEPARTURE LAST
                VALUE   (LST)  VALUE       VALUE  FROM      YEAR
                                                  NORMAL
..................................................................
TEMPERATURE (F)
 YESTERDAY
  MAXIMUM         98    342 PM 102    1964  93      5       93
  MINIMUM         73    430 AM  54    1947  69      4       69
  AVERAGE         86                        81      5       81

PRECIPITATION (IN)
  YESTERDAY        0.00          1.27 1958   0.06  -0.06     0.00
  MONTH TO DATE    0.77                      1.18  -0.41     1.17
  SINCE JUN 1      1.58                      4.80  -3.22     3.00
  SINCE JAN 1      4.74                      9.06  -4.32     4.56

DEGREE DAYS
 COOLING
  YESTERDAY       21                        16      5       16
  MONTH TO DATE  392                       352     40      427
  SINCE JUN 1   1518                      1345    173     1509
  SINCE JAN 1   1994                      1734    260     1997
..................................................................


WIND (MPH)
  HIGHEST WIND SPEED    36   HIGHEST WIND DIRECTION    SW (230)
  HIGHEST GUST SPEED    46   HIGHEST GUST DIRECTION    SW (230)
  AVERAGE WIND SPEED    13.8


SKY COVER
  POSSIBLE SUNSHINE  MM
  AVERAGE SKY COVER 0.1


WEATHER CONDITIONS
 THE FOLLOWING WEATHER WAS RECORDED YESTERDAY.
  THUNDERSTORM
  HAZE


RELATIVE HUMIDITY (PERCENT)
 HIGHEST    79           600 AM
 LOWEST     31           300 PM
 AVERAGE    55

..........................................................


THE MIDLAND CLIMATE NORMALS FOR TODAY
                         NORMAL    RECORD    YEAR
 MAXIMUM TEMPERATURE (F)   93       103      1985
 MINIMUM TEMPERATURE (F)   68        52      1947


SUNRISE AND SUNSET
AUGUST 22 2014........SUNRISE   718 AM CDT   SUNSET   825 PM CDT
AUGUST 23 2014........SUNRISE   719 AM CDT   SUNSET   824 PM CDT


-  INDICATES NEGATIVE NUMBERS.
R  INDICATES RECORD WAS SET OR TIED.
MM INDICATES DATA IS MISSING.
T  INDICATES TRACE AMOUNT.




$$
