000
CDUS44 KMAF 212213
CLIMAF


CLIMATE REPORT
NATIONAL WEATHER SERVICE MIDLAND TX
412 PM CST TUE NOV 21 2017


...................................

...THE MIDLAND CLIMATE SUMMARY FOR NOVEMBER 21 2017...
VALID TODAY AS OF 0400 PM LOCAL TIME.

CLIMATE NORMAL PERIOD 1981 TO 2010
CLIMATE RECORD PERIOD 1930 TO 2017


WEATHER ITEM   OBSERVED TIME   RECORD YEAR NORMAL DEPARTURE LAST
                VALUE   (LST)  VALUE       VALUE  FROM      YEAR
                                                  NORMAL
..................................................................
TEMPERATURE (F)
 TODAY
  MAXIMUM         75    202 PM  82    2010  64     11       79
  MINIMUM         44    614 AM  21    2008  37      7       39
  AVERAGE         60                        50     10       59

PRECIPITATION (IN)
  TODAY            0.00          0.36 1992   0.02  -0.02     0.00
  MONTH TO DATE    0.40                      0.50  -0.10     1.74
  SINCE SEP 1      4.60                      4.09   0.51     4.16
  SINCE JAN 1     17.34                     13.81   3.53    14.50

SNOWFALL (IN)
  TODAY            0.0
  MONTH TO DATE    0.0
  SINCE SEP 1      0.0
  SINCE JUL 1      0.0
  SNOW DEPTH       0

DEGREE DAYS
 HEATING
  TODAY            5                        15    -10        6
  MONTH TO DATE  135                       223    -88      105
  SINCE SEP 1    245                       332    -87      116
  SINCE JUL 1    245                       332    -87      116
..................................................................


WIND (MPH)
  HIGHEST WIND SPEED    37   HIGHEST WIND DIRECTION    NE (50)
  HIGHEST GUST SPEED    47   HIGHEST GUST DIRECTION    NE (30)
  AVERAGE WIND SPEED    16.9


SKY COVER
  POSSIBLE SUNSHINE  MM
  AVERAGE SKY COVER 0.0


WEATHER CONDITIONS
 THE FOLLOWING WEATHER WAS RECORDED TODAY.
  HAZE


RELATIVE HUMIDITY (PERCENT)
 HIGHEST    58           600 AM
 LOWEST      9          1200 PM
 AVERAGE    34

..........................................................


THE MIDLAND CLIMATE NORMALS FOR TOMORROW
                         NORMAL    RECORD    YEAR
 MAXIMUM TEMPERATURE (F)   64        81      2003
                                             1966
 MINIMUM TEMPERATURE (F)   36        22      1988


SUNRISE AND SUNSET
NOVEMBER 21 2017......SUNRISE   723 AM CST   SUNSET   546 PM CST
NOVEMBER 22 2017......SUNRISE   724 AM CST   SUNSET   546 PM CST


-  INDICATES NEGATIVE NUMBERS.
R  INDICATES RECORD WAS SET OR TIED.
MM INDICATES DATA IS MISSING.
T  INDICATES TRACE AMOUNT.




$$
