000
CDUS44 KMAF 020736
CLIMAF

CLIMATE REPORT
NATIONAL WEATHER SERVICE MIDLAND/ODESSA TX
230 AM CDT THU JUL 2 2015

...................................

...THE MIDLAND CLIMATE SUMMARY FOR JULY 1 2015...

CLIMATE NORMAL PERIOD 1981 TO 2010
CLIMATE RECORD PERIOD 1930 TO 2015

WEATHER ITEM   OBSERVED TIME   RECORD YEAR NORMAL DEPARTURE LAST
                VALUE   (LST)  VALUE       VALUE  FROM      YEAR
                                                  NORMAL
..................................................................
TEMPERATURE (F)
 YESTERDAY
  MAXIMUM         90    420 PM 107    1994  95     -5       96
  MINIMUM         69    601 AM  60    1967  69      0       75
  AVERAGE         80                        82     -2       86

PRECIPITATION (IN)
  YESTERDAY        0.00          1.98 1959   0.06  -0.06     0.00
  MONTH TO DATE    0.00                      0.06  -0.06     0.00
  SINCE JUN 1      3.29                      1.86   1.43     0.48
  SINCE JAN 1     12.28                      6.12   6.16     3.64

DEGREE DAYS
 COOLING
  YESTERDAY       15                        17     -2       21
  MONTH TO DATE   15                        17     -2       21
  SINCE JUN 1    464                       478    -14      558
  SINCE JAN 1    819                       867    -48     1034
..................................................................

WIND (MPH)
  HIGHEST WIND SPEED    21   HIGHEST WIND DIRECTION    SE (150)
  HIGHEST GUST SPEED    28   HIGHEST GUST DIRECTION     S (170)
  AVERAGE WIND SPEED    12.1

SKY COVER
  POSSIBLE SUNSHINE  MM
  AVERAGE SKY COVER 0.1

WEATHER CONDITIONS
 THE FOLLOWING WEATHER WAS RECORDED YESTERDAY.
  NO SIGNIFICANT WEATHER WAS OBSERVED.

RELATIVE HUMIDITY (PERCENT)
 HIGHEST    90           200 AM
 LOWEST     38           400 PM
 AVERAGE    64

..........................................................

THE MIDLAND CLIMATE NORMALS FOR TODAY
                         NORMAL    RECORD    YEAR
 MAXIMUM TEMPERATURE (F)   95       112      1989
 MINIMUM TEMPERATURE (F)   69        60      1936

SUNRISE AND SUNSET
JULY  2 2015..........SUNRISE   647 AM CDT   SUNSET   859 PM CDT
JULY  3 2015..........SUNRISE   647 AM CDT   SUNSET   859 PM CDT

-  INDICATES NEGATIVE NUMBERS.
R  INDICATES RECORD WAS SET OR TIED.
MM INDICATES DATA IS MISSING.
T  INDICATES TRACE AMOUNT.

$$

44
