000
CDUS44 KMAF 290735
CLIMAF


CLIMATE REPORT
NATIONAL WEATHER SERVICE MIDLAND TX
235 AM CDT FRI JUL 29 2016


...................................

...THE MIDLAND CLIMATE SUMMARY FOR JULY 28 2016...

CLIMATE NORMAL PERIOD 1981 TO 2010
CLIMATE RECORD PERIOD 1930 TO 2016


WEATHER ITEM   OBSERVED TIME   RECORD YEAR NORMAL DEPARTURE LAST
                VALUE   (LST)  VALUE       VALUE  FROM      YEAR
                                                  NORMAL
..................................................................
TEMPERATURE (F)
 YESTERDAY
  MAXIMUM         96    535 PM 106    1944  95      1      101
  MINIMUM         71    614 AM  61    1933  70      1       78
  AVERAGE         84                        82      2       90

PRECIPITATION (IN)
  YESTERDAY        0.12          1.48 2006   0.06   0.06     0.00
  MONTH TO DATE    0.24                      1.65  -1.41     0.52
  SINCE JUN 1      3.40                      3.45  -0.05     3.81
  SINCE JAN 1      7.14                      7.71  -0.57    12.80

DEGREE DAYS
 COOLING
  YESTERDAY       19                        17      2       25
  MONTH TO DATE  665                       476    189      555
  SINCE JUN 1   1151                       937    214     1004
  SINCE JAN 1   1631                      1326    305     1362
..................................................................


WIND (MPH)
  HIGHEST WIND SPEED    22   HIGHEST WIND DIRECTION    SE (130)
  HIGHEST GUST SPEED    27   HIGHEST GUST DIRECTION    SE (120)
  AVERAGE WIND SPEED     7.2


SKY COVER
  POSSIBLE SUNSHINE  MM
  AVERAGE SKY COVER 0.1


WEATHER CONDITIONS
 THE FOLLOWING WEATHER WAS RECORDED YESTERDAY.
  THUNDERSTORM
  HEAVY RAIN
  RAIN
  LIGHT RAIN


RELATIVE HUMIDITY (PERCENT)
 HIGHEST    79           600 AM
 LOWEST     28           600 PM
 AVERAGE    54

..........................................................


THE MIDLAND CLIMATE NORMALS FOR TODAY
                         NORMAL    RECORD    YEAR
 MAXIMUM TEMPERATURE (F)   95       105      1995
                                             1960
 MINIMUM TEMPERATURE (F)   70        63      1988
                                             1987


SUNRISE AND SUNSET
JULY 29 2016..........SUNRISE   703 AM CDT   SUNSET   847 PM CDT
JULY 30 2016..........SUNRISE   703 AM CDT   SUNSET   847 PM CDT


-  INDICATES NEGATIVE NUMBERS.
R  INDICATES RECORD WAS SET OR TIED.
MM INDICATES DATA IS MISSING.
T  INDICATES TRACE AMOUNT.




$$
