000
CDUS44 KMAF 260831
CLIMAF


CLIMATE REPORT
NATIONAL WEATHER SERVICE MIDLAND/ODESSA TX
230 AM CST MON JAN 26 2015


...................................

...THE MIDLAND CLIMATE SUMMARY FOR JANUARY 25 2015...

CLIMATE NORMAL PERIOD 1981 TO 2010
CLIMATE RECORD PERIOD 1930 TO 2015


WEATHER ITEM   OBSERVED TIME   RECORD YEAR NORMAL DEPARTURE LAST
                VALUE   (LST)  VALUE       VALUE  FROM      YEAR
                                                  NORMAL
..................................................................
TEMPERATURE (F)
 YESTERDAY
  MAXIMUM         63    408 PM  83    1952  58      5       67
  MINIMUM         35    612 AM  13    1940  31      4       27
  AVERAGE         49                        44      5       47

PRECIPITATION (IN)
  YESTERDAY        0.00          0.27 2012   0.02  -0.02     0.00
  MONTH TO DATE    1.87                      0.42   1.45     0.00
  SINCE DEC 1      2.09                      1.02   1.07     1.44
  SINCE JAN 1      1.87                      0.42   1.45     0.00

SNOWFALL (IN)
  YESTERDAY        0.0
  MONTH TO DATE    2.4
  SINCE DEC 1      2.5
  SINCE JUL 1      2.5
  SNOW DEPTH       0

DEGREE DAYS
 HEATING
  YESTERDAY       16                        20     -4       18
  MONTH TO DATE  636                       538     98      499
  SINCE DEC 1   1121                      1175    -54     1164
  SINCE JUL 1   1569                      1654    -85     1661
..................................................................


WIND (MPH)
  HIGHEST WIND SPEED    18   HIGHEST WIND DIRECTION     N (10)
  HIGHEST GUST SPEED    22   HIGHEST GUST DIRECTION    NE (30)
  AVERAGE WIND SPEED     9.3


SKY COVER
  POSSIBLE SUNSHINE  MM
  AVERAGE SKY COVER 0.0


WEATHER CONDITIONS
 THE FOLLOWING WEATHER WAS RECORDED YESTERDAY.
  NO SIGNIFICANT WEATHER WAS OBSERVED.


RELATIVE HUMIDITY (PERCENT)
 HIGHEST    75           600 AM
 LOWEST     24           100 PM
 AVERAGE    50

..........................................................


THE MIDLAND CLIMATE NORMALS FOR TODAY
                         NORMAL    RECORD    YEAR
 MAXIMUM TEMPERATURE (F)   58        81      1953
 MINIMUM TEMPERATURE (F)   31        15      1940


SUNRISE AND SUNSET
JANUARY 26 2015.......SUNRISE   746 AM CST   SUNSET   617 PM CST
JANUARY 27 2015.......SUNRISE   745 AM CST   SUNSET   618 PM CST


-  INDICATES NEGATIVE NUMBERS.
R  INDICATES RECORD WAS SET OR TIED.
MM INDICATES DATA IS MISSING.
T  INDICATES TRACE AMOUNT.




$$
