992
CDUS44 KMAF 050730
CLIMAF


CLIMATE REPORT
NATIONAL WEATHER SERVICE MIDLAND TX
230 AM CDT THU MAY 5 2016


...................................

...THE MIDLAND CLIMATE SUMMARY FOR MAY 4 2016...

CLIMATE NORMAL PERIOD 1981 TO 2010
CLIMATE RECORD PERIOD 1930 TO 2016


WEATHER ITEM   OBSERVED TIME   RECORD YEAR NORMAL DEPARTURE LAST
                VALUE   (LST)  VALUE       VALUE  FROM      YEAR
                                                  NORMAL
..................................................................
TEMPERATURE (F)
 YESTERDAY
  MAXIMUM         86    532 PM 103    1947  85      1       83
  MINIMUM         47    512 AM  38    1978  56     -9       65
                                      1935
  AVERAGE         67                        70     -3       74

PRECIPITATION (IN)
  YESTERDAY        0.00          1.29 1969   0.04  -0.04     0.14
  MONTH TO DATE    0.03                      0.13  -0.10     0.14
  SINCE MAR 1      1.82                      1.38   0.44     3.09
  SINCE JAN 1      2.30                      2.65  -0.35     5.78

DEGREE DAYS
 COOLING
  YESTERDAY        2                         6     -4        9
  MONTH TO DATE    3                        23    -20       31
  SINCE MAR 1    161                       129     32      164
  SINCE JAN 1    176                       131     45      165
..................................................................


WIND (MPH)
  HIGHEST WIND SPEED    15   HIGHEST WIND DIRECTION    NE (60)
  HIGHEST GUST SPEED    20   HIGHEST GUST DIRECTION     N (20)
  AVERAGE WIND SPEED     5.3


SKY COVER
  POSSIBLE SUNSHINE  MM
  AVERAGE SKY COVER 0.0


WEATHER CONDITIONS
 THE FOLLOWING WEATHER WAS RECORDED YESTERDAY.
  NO SIGNIFICANT WEATHER WAS OBSERVED.


RELATIVE HUMIDITY (PERCENT)
 HIGHEST    80           400 AM
 LOWEST     11           600 PM
 AVERAGE    46

..........................................................


THE MIDLAND CLIMATE NORMALS FOR TODAY
                         NORMAL    RECORD    YEAR
 MAXIMUM TEMPERATURE (F)   85       101      2000
                                             1964
                                             1947
 MINIMUM TEMPERATURE (F)   56        39      1933


SUNRISE AND SUNSET
MAY  5 2016...........SUNRISE   659 AM CDT   SUNSET   832 PM CDT
MAY  6 2016...........SUNRISE   658 AM CDT   SUNSET   833 PM CDT


-  INDICATES NEGATIVE NUMBERS.
R  INDICATES RECORD WAS SET OR TIED.
MM INDICATES DATA IS MISSING.
T  INDICATES TRACE AMOUNT.




$$
