000
CDUS44 KMAF 220830
CLIMAF


CLIMATE REPORT
NATIONAL WEATHER SERVICE MIDLAND TX
230 AM CST SUN JAN 22 2017


...................................

...THE MIDLAND CLIMATE SUMMARY FOR JANUARY 21 2017...

CLIMATE NORMAL PERIOD 1981 TO 2010
CLIMATE RECORD PERIOD 1930 TO 2017


WEATHER ITEM   OBSERVED TIME   RECORD YEAR NORMAL DEPARTURE LAST
                VALUE   (LST)  VALUE       VALUE  FROM      YEAR
                                                  NORMAL
..................................................................
TEMPERATURE (F)
 YESTERDAY
  MAXIMUM         63   1201 PM  84    1974  58      5       58
  MINIMUM         46    645 AM   5    1966  30     16       34
  AVERAGE         55                        44     11       46

PRECIPITATION (IN)
  YESTERDAY        0.00          0.64 1994   0.02  -0.02     0.00
  MONTH TO DATE    1.12                      0.33   0.79     0.09
  SINCE DEC 1      1.53                      0.93   0.60     1.33
  SINCE JAN 1      1.12                      0.33   0.79     0.09

SNOWFALL (IN)
  YESTERDAY        0.0
  MONTH TO DATE    T
  SINCE DEC 1      0.3
  SINCE JUL 1      0.3
  SNOW DEPTH       0

DEGREE DAYS
 HEATING
  YESTERDAY       10                        21    -11       19
  MONTH TO DATE  363                       455    -92      437
  SINCE DEC 1    897                      1092   -195      963
  SINCE JUL 1   1108                      1571   -463     1315
..................................................................


WIND (MPH)
  HIGHEST WIND SPEED    41   HIGHEST WIND DIRECTION     W (250)
  HIGHEST GUST SPEED    53   HIGHEST GUST DIRECTION     W (250)
  AVERAGE WIND SPEED    19.6


SKY COVER
  POSSIBLE SUNSHINE  MM
  AVERAGE SKY COVER 0.3


WEATHER CONDITIONS
 THE FOLLOWING WEATHER WAS RECORDED YESTERDAY.
  NO SIGNIFICANT WEATHER WAS OBSERVED.


RELATIVE HUMIDITY (PERCENT)
 HIGHEST    71           600 AM
 LOWEST     32           400 PM
 AVERAGE    52

..........................................................


THE MIDLAND CLIMATE NORMALS FOR TODAY
                         NORMAL    RECORD    YEAR
 MAXIMUM TEMPERATURE (F)   58        83      1950
 MINIMUM TEMPERATURE (F)   31         2      1966


SUNRISE AND SUNSET
JANUARY 22 2017.......SUNRISE   747 AM CST   SUNSET   614 PM CST
JANUARY 23 2017.......SUNRISE   747 AM CST   SUNSET   615 PM CST


-  INDICATES NEGATIVE NUMBERS.
R  INDICATES RECORD WAS SET OR TIED.
MM INDICATES DATA IS MISSING.
T  INDICATES TRACE AMOUNT.




$$
