000
CDUS44 KMAF 302302
CLIMAF


CLIMATE REPORT
NATIONAL WEATHER SERVICE MIDLAND TX
602 PM CDT FRI SEP 30 2016


...................................

...THE MIDLAND CLIMATE SUMMARY FOR SEPTEMBER 30 2016...
VALID TODAY AS OF 0500 PM LOCAL TIME.

CLIMATE NORMAL PERIOD 1981 TO 2010
CLIMATE RECORD PERIOD 1930 TO 2016


WEATHER ITEM   OBSERVED TIME   RECORD YEAR NORMAL DEPARTURE LAST
                VALUE   (LST)  VALUE       VALUE  FROM      YEAR
                                                  NORMAL
..................................................................
TEMPERATURE (F)
 TODAY
  MAXIMUM         81    300 PM 104    1977  83     -2       90
  MINIMUM         55        MM  41    1984  57     -2       59
  AVERAGE         68                        70     -2       75

PRECIPITATION (IN)
  TODAY            0.00          1.26 1941   0.06  -0.06     0.00
  MONTH TO DATE    2.11                      1.86   0.25     1.77
  SINCE SEP 1      2.11                      1.86   0.25     1.77
  SINCE JAN 1     12.45                     11.58   0.87    15.78

DEGREE DAYS
 HEATING
  TODAY            0                         1     -1        0
  MONTH TO DATE    1                        10     -9        0
  SINCE SEP 1      1                        11    -10        0
  SINCE JUL 1      1                        11    -10        0

 COOLING
  TODAY            3                         6     -3       10
  MONTH TO DATE  369                       295     74      456
  SINCE SEP 1    369                       295     74      456
  SINCE JAN 1   2601                      2179    422     2500
..................................................................


WIND (MPH)
  HIGHEST WIND SPEED    10   HIGHEST WIND DIRECTION     S (160)
  HIGHEST GUST SPEED    MM   HIGHEST GUST DIRECTION    MM
  AVERAGE WIND SPEED     7.6


SKY COVER
  POSSIBLE SUNSHINE  MM
  AVERAGE SKY COVER 0.0


WEATHER CONDITIONS
 THE FOLLOWING WEATHER WAS RECORDED TODAY.
  NO SIGNIFICANT WEATHER WAS OBSERVED.


RELATIVE HUMIDITY (PERCENT)
 HIGHEST    77           400 AM
 LOWEST     33           300 PM
 AVERAGE    55

..........................................................


THE MIDLAND CLIMATE NORMALS FOR TOMORROW
                         NORMAL    RECORD    YEAR
 MAXIMUM TEMPERATURE (F)   82        98      1951
 MINIMUM TEMPERATURE (F)   57        42      1966


SUNRISE AND SUNSET
SEPTEMBER 30 2016.....SUNRISE   742 AM CDT   SUNSET   734 PM CDT
OCTOBER  1 2016.......SUNRISE   743 AM CDT   SUNSET   733 PM CDT


-  INDICATES NEGATIVE NUMBERS.
R  INDICATES RECORD WAS SET OR TIED.
MM INDICATES DATA IS MISSING.
T  INDICATES TRACE AMOUNT.




$$
