000
CDUS44 KMAF 280731
CLIMAF


CLIMATE REPORT
NATIONAL WEATHER SERVICE MIDLAND TX
231 AM CDT SUN AUG 28 2016


...................................

...THE MIDLAND CLIMATE SUMMARY FOR AUGUST 27 2016...

CLIMATE NORMAL PERIOD 1981 TO 2010
CLIMATE RECORD PERIOD 1930 TO 2016


WEATHER ITEM   OBSERVED TIME   RECORD YEAR NORMAL DEPARTURE LAST
                VALUE   (LST)  VALUE       VALUE  FROM      YEAR
                                                  NORMAL
..................................................................
TEMPERATURE (F)
 YESTERDAY
  MAXIMUM         91    521 PM 106    2002  92     -1       96
  MINIMUM         69    644 AM  60    1992  68      1       70
  AVERAGE         80                        80      0       83

PRECIPITATION (IN)
  YESTERDAY        0.00          0.83 1944   0.07  -0.07     0.00
  MONTH TO DATE    2.91                      1.58   1.33     0.99
  SINCE JUN 1      6.31                      5.20   1.11     5.00
  SINCE JAN 1     10.05                      9.46   0.59    13.99

DEGREE DAYS
 COOLING
  YESTERDAY       15                        15      0       18
  MONTH TO DATE  487                       444     43      559
  SINCE JUN 1   1699                      1437    262     1628
  SINCE JAN 1   2179                      1826    353     1986
..................................................................


WIND (MPH)
  HIGHEST WIND SPEED    20   HIGHEST WIND DIRECTION    SE (130)
  HIGHEST GUST SPEED    24   HIGHEST GUST DIRECTION    SE (130)
  AVERAGE WIND SPEED     8.6


SKY COVER
  POSSIBLE SUNSHINE  MM
  AVERAGE SKY COVER 0.2


WEATHER CONDITIONS
 THE FOLLOWING WEATHER WAS RECORDED YESTERDAY.
  HAZE


RELATIVE HUMIDITY (PERCENT)
 HIGHEST    90           700 AM
 LOWEST     32           400 PM
 AVERAGE    61

..........................................................


THE MIDLAND CLIMATE NORMALS FOR TODAY
                         NORMAL    RECORD    YEAR
 MAXIMUM TEMPERATURE (F)   92       103      2011
                                             2002
 MINIMUM TEMPERATURE (F)   67        59      1992


SUNRISE AND SUNSET
AUGUST 28 2016........SUNRISE   722 AM CDT   SUNSET   817 PM CDT
AUGUST 29 2016........SUNRISE   723 AM CDT   SUNSET   816 PM CDT


-  INDICATES NEGATIVE NUMBERS.
R  INDICATES RECORD WAS SET OR TIED.
MM INDICATES DATA IS MISSING.
T  INDICATES TRACE AMOUNT.




$$
