000
CDUS44 KMAF 102218
CLIMAF


CLIMATE REPORT
NATIONAL WEATHER SERVICE MIDLAND TX
417 PM CST SAT DEC 10 2016


...................................

...THE MIDLAND CLIMATE SUMMARY FOR DECEMBER 10 2016...
VALID TODAY AS OF 0400 PM LOCAL TIME.

CLIMATE NORMAL PERIOD 1981 TO 2010
CLIMATE RECORD PERIOD 1930 TO 2016


WEATHER ITEM   OBSERVED TIME   RECORD YEAR NORMAL DEPARTURE LAST
                VALUE   (LST)  VALUE       VALUE  FROM      YEAR
                                                  NORMAL
..................................................................
TEMPERATURE (F)
 TODAY
  MAXIMUM         59    417 PM  82    1933  59      0       80
  MINIMUM         32    807 AM  15    1978  31      1       41
  AVERAGE         46                        45      1       61

PRECIPITATION (IN)
  TODAY            0.00          0.45 1986   0.02  -0.02     0.00
  MONTH TO DATE    0.35                      0.20   0.15     0.00
  SINCE DEC 1      0.35                      0.20   0.15     0.00
  SINCE JAN 1     15.12                     14.20   0.92    21.39

SNOWFALL (IN)
  TODAY            0.0
  MONTH TO DATE    0.3
  SINCE DEC 1      0.3
  SINCE JUL 1      0.3
  SNOW DEPTH       0

DEGREE DAYS
 HEATING
  TODAY           19                        20     -1        4
  MONTH TO DATE  213                       191     22      145
  SINCE DEC 1    213                       191     22      145
  SINCE JUL 1    424                       670   -246      497
..................................................................


WIND (MPH)
  HIGHEST WIND SPEED    18   HIGHEST WIND DIRECTION     S (170)
  HIGHEST GUST SPEED    21   HIGHEST GUST DIRECTION     S (160)
  AVERAGE WIND SPEED    10.2


SKY COVER
  POSSIBLE SUNSHINE  MM
  AVERAGE SKY COVER 0.0


WEATHER CONDITIONS
 THE FOLLOWING WEATHER WAS RECORDED TODAY.
  NO SIGNIFICANT WEATHER WAS OBSERVED.


RELATIVE HUMIDITY (PERCENT)
 HIGHEST    85           600 AM
 LOWEST     47           400 PM
 AVERAGE    66

..........................................................


THE MIDLAND CLIMATE NORMALS FOR TOMORROW
                         NORMAL    RECORD    YEAR
 MAXIMUM TEMPERATURE (F)   59        84      1987
 MINIMUM TEMPERATURE (F)   31        15      1989


SUNRISE AND SUNSET
DECEMBER 10 2016......SUNRISE   739 AM CST   SUNSET   545 PM CST
DECEMBER 11 2016......SUNRISE   739 AM CST   SUNSET   545 PM CST


-  INDICATES NEGATIVE NUMBERS.
R  INDICATES RECORD WAS SET OR TIED.
MM INDICATES DATA IS MISSING.
T  INDICATES TRACE AMOUNT.




$$
