000
CDUS42 KTAE 040634
CLIMAI


CLIMATE REPORT
NATIONAL WEATHER SERVICE TALLAHASSEE FL
132 AM EST SUN DEC 4 2016


...................................

...THE MARIANNA CLIMATE SUMMARY FOR DECEMBER 3 2016...

CLIMATE NORMAL PERIOD 1981 TO 2010
CLIMATE RECORD PERIOD 1950 TO 2016


WEATHER ITEM   OBSERVED NORMAL DEPARTURE LAST
                VALUE   VALUE  FROM      YEAR
                               NORMAL
...............................................
TEMPERATURE (F)
 YESTERDAY
  MAXIMUM         64     67     -3       55
  MINIMUM         50     44      6       47
  AVERAGE         57     55      2       51

PRECIPITATION (IN)
  YESTERDAY        0.00   0.14  -0.14     0.00
  MONTH TO DATE    0.00   0.43  -0.43     1.54
  SINCE DEC 1      0.00   0.43  -0.43     1.54
  SINCE JAN 1     38.68  50.10 -11.42    51.08

DEGREE DAYS
 HEATING
  YESTERDAY        8            -2
  MONTH TO DATE   30             0
  SINCE DEC 1     30             0
  SINCE JUL 1    162          -106

 COOLING
  YESTERDAY        0            -1
  MONTH TO DATE    0            -3
  SINCE DEC 1      0            -3
  SINCE JAN 1   2954           402
...............................................


WIND (MPH)
  HIGHEST WIND SPEED    13   HIGHEST WIND DIRECTION     E (90)
  HIGHEST GUST SPEED    17   HIGHEST GUST DIRECTION     E (100)
  AVERAGE WIND SPEED     6.8




RELATIVE HUMIDITY (PERCENT)
 HIGHEST    63
 LOWEST     36
 AVERAGE    50

..........................................................




SUNRISE AND SUNSET
DECEMBER  4 2016......SUNRISE   624 AM CST   SUNSET   439 PM CST
DECEMBER  5 2016......SUNRISE   624 AM CST   SUNSET   439 PM CST


-  INDICATES NEGATIVE NUMBERS.
R  INDICATES RECORD WAS SET OR TIED.
MM INDICATES DATA IS MISSING.
T  INDICATES TRACE AMOUNT.




$$
