000
CDUS42 KTAE 240631
CLIMAI


CLIMATE REPORT
NATIONAL WEATHER SERVICE TALLAHASSEE FL
231 AM EDT TUE MAY 24 2016


...................................

...THE MARIANNA CLIMATE SUMMARY FOR MAY 23 2016...

CLIMATE NORMAL PERIOD 1981 TO 2010
CLIMATE RECORD PERIOD 1950 TO 2016


WEATHER ITEM   OBSERVED NORMAL DEPARTURE LAST
                VALUE   VALUE  FROM      YEAR
                               NORMAL
...............................................
TEMPERATURE (F)
 YESTERDAY
  MAXIMUM         86     88     -2       88
  MINIMUM         57     66     -9       62
  AVERAGE         72     77     -5       75

PRECIPITATION (IN)
  YESTERDAY        0.00   0.11  -0.11     0.00
  MONTH TO DATE    1.73   1.94  -0.21     0.79
  SINCE MAR 1     13.70  11.19   2.51    14.28
  SINCE JAN 1     22.14  21.17   0.97    21.46

DEGREE DAYS
 HEATING
  YESTERDAY        0             0
  MONTH TO DATE    3             3
  SINCE MAR 1    124          -117
  SINCE JUL 1   1160          -486

 COOLING
  YESTERDAY        7            -5
  MONTH TO DATE  192           -18
  SINCE MAR 1    382            29
  SINCE JAN 1    388            20
...............................................


WIND (MPH)
  HIGHEST WIND SPEED    10   HIGHEST WIND DIRECTION     N (350)
  HIGHEST GUST SPEED    14   HIGHEST GUST DIRECTION     N (350)
  AVERAGE WIND SPEED     1.8




RELATIVE HUMIDITY (PERCENT)
 HIGHEST    97
 LOWEST     31
 AVERAGE    64

..........................................................




SUNRISE AND SUNSET
MAY 24 2016...........SUNRISE   541 AM CDT   SUNSET   735 PM CDT
MAY 25 2016...........SUNRISE   540 AM CDT   SUNSET   735 PM CDT


-  INDICATES NEGATIVE NUMBERS.
R  INDICATES RECORD WAS SET OR TIED.
MM INDICATES DATA IS MISSING.
T  INDICATES TRACE AMOUNT.




$$
