000
CDUS42 KTAE 260654
CLIMAI


CLIMATE REPORT
NATIONAL WEATHER SERVICE TALLAHASSEE FL
252 AM EDT THU MAR 26 2015


...................................

...THE MARIANNA CLIMATE SUMMARY FOR MARCH 25 2015...

CLIMATE NORMAL PERIOD 1981 TO 2010
CLIMATE RECORD PERIOD 1950 TO 2015


WEATHER ITEM   OBSERVED NORMAL DEPARTURE LAST
                VALUE   VALUE  FROM      YEAR
                               NORMAL
...............................................
TEMPERATURE (F)
 YESTERDAY
  MAXIMUM         81     75      6       66
  MINIMUM         52     49      3       44
  AVERAGE         67     62      5       55

PRECIPITATION (IN)
  YESTERDAY        0.00   0.20  -0.20     0.00
  MONTH TO DATE    1.98   4.23  -2.25     5.83
  SINCE MAR 1      1.98   4.23  -2.25     5.83
  SINCE JAN 1      9.16  14.21  -5.05    13.16

DEGREE DAYS
 HEATING
  YESTERDAY        0            -4
  MONTH TO DATE   74           -82
  SINCE MAR 1     74           -82
  SINCE JUL 1   1652            91

 COOLING
  YESTERDAY        2             1
  MONTH TO DATE   91            66
  SINCE MAR 1     91            66
  SINCE JAN 1     97            57
...............................................


WIND (MPH)
  HIGHEST WIND SPEED    10   HIGHEST WIND DIRECTION     N (350)
  HIGHEST GUST SPEED    14   HIGHEST GUST DIRECTION     N (350)
  AVERAGE WIND SPEED     3.5




RELATIVE HUMIDITY (PERCENT)
 HIGHEST   100
 LOWEST     45
 AVERAGE    73

..........................................................




SUNRISE AND SUNSET
MARCH 26 2015.........SUNRISE   637 AM CDT   SUNSET   656 PM CDT
MARCH 27 2015.........SUNRISE   636 AM CDT   SUNSET   657 PM CDT


-  INDICATES NEGATIVE NUMBERS.
R  INDICATES RECORD WAS SET OR TIED.
MM INDICATES DATA IS MISSING.
T  INDICATES TRACE AMOUNT.




$$
