000
CDUS42 KTAE 200630
CLIMAI


CLIMATE REPORT
NATIONAL WEATHER SERVICE TALLAHASSEE FL
230 AM EDT SUN AUG 20 2017


...................................

...THE MARIANNA CLIMATE SUMMARY FOR AUGUST 19 2017...

CLIMATE NORMAL PERIOD 1981 TO 2010
CLIMATE RECORD PERIOD 1950 TO 2017


WEATHER ITEM   OBSERVED NORMAL DEPARTURE LAST
                VALUE   VALUE  FROM      YEAR
                               NORMAL
...............................................
TEMPERATURE (F)
 YESTERDAY
  MAXIMUM         97     91      6       93
  MINIMUM         75     72      3       75
  AVERAGE         86     82      4       84

PRECIPITATION (IN)
  YESTERDAY        0.00   0.17  -0.17     0.00
  MONTH TO DATE    1.76   3.72  -1.96     5.47
  SINCE JUN 1     18.69  14.40   4.29    10.83
  SINCE JAN 1     37.20  36.62   0.58    33.01

DEGREE DAYS
 HEATING
  YESTERDAY        0             0
  MONTH TO DATE    0             0
  SINCE JUN 1      0             0
  SINCE JUL 1      0             0

 COOLING
  YESTERDAY       21             5
  MONTH TO DATE  350            28
  SINCE JUN 1   1352            46
  SINCE JAN 1   2038           262
...............................................


WIND (MPH)
  HIGHEST WIND SPEED    12   HIGHEST WIND DIRECTION    NW (330)
  HIGHEST GUST SPEED    15   HIGHEST GUST DIRECTION    NE (50)
  AVERAGE WIND SPEED     3.2




RELATIVE HUMIDITY (PERCENT)
 HIGHEST   100
 LOWEST     39
 AVERAGE    70

..........................................................




SUNRISE AND SUNSET
AUGUST 20 2017........SUNRISE   610 AM CDT   SUNSET   717 PM CDT
AUGUST 21 2017........SUNRISE   611 AM CDT   SUNSET   716 PM CDT


-  INDICATES NEGATIVE NUMBERS.
R  INDICATES RECORD WAS SET OR TIED.
MM INDICATES DATA IS MISSING.
T  INDICATES TRACE AMOUNT.




$$
