000
CDUS42 KTAE 230634
CLIMAI


CLIMATE REPORT
NATIONAL WEATHER SERVICE TALLAHASSEE FL
134 AM EST TUE JAN 23 2018


...................................

...THE MARIANNA CLIMATE SUMMARY FOR JANUARY 22 2018...

CLIMATE NORMAL PERIOD 1981 TO 2010
CLIMATE RECORD PERIOD 1950 TO 2018


WEATHER ITEM   OBSERVED NORMAL DEPARTURE LAST
                VALUE   VALUE  FROM      YEAR
                               NORMAL
...............................................
TEMPERATURE (F)
 YESTERDAY
  MAXIMUM         74     62     12       77
  MINIMUM         46     40      6       57
  AVERAGE         60     50     10       67

PRECIPITATION (IN)
  YESTERDAY        0.06   0.17  -0.11     0.70
  MONTH TO DATE    1.07   3.33  -2.26     6.54
  SINCE DEC 1      3.60   7.24  -3.64    18.31
  SINCE JAN 1      1.07   3.33  -2.26     6.54

DEGREE DAYS
 HEATING
  YESTERDAY        5           -10
  MONTH TO DATE  433            98
  SINCE DEC 1    768            32
  SINCE JUL 1    949           -25

 COOLING
  YESTERDAY        0             0
  MONTH TO DATE    9             9
  SINCE DEC 1     37            25
  SINCE JAN 1      9             9
...............................................


WIND (MPH)
  HIGHEST WIND SPEED    20   HIGHEST WIND DIRECTION     S (190)
  HIGHEST GUST SPEED    26   HIGHEST GUST DIRECTION     S (180)
  AVERAGE WIND SPEED     7.3




RELATIVE HUMIDITY (PERCENT)
 HIGHEST   100
 LOWEST     68
 AVERAGE    84

..........................................................




SUNRISE AND SUNSET
JANUARY 23 2018.......SUNRISE   637 AM CST   SUNSET   509 PM CST
JANUARY 24 2018.......SUNRISE   636 AM CST   SUNSET   510 PM CST


-  INDICATES NEGATIVE NUMBERS.
R  INDICATES RECORD WAS SET OR TIED.
MM INDICATES DATA IS MISSING.
T  INDICATES TRACE AMOUNT.




$$
