000
CDUS42 KTAE 300649
CLIMAI


CLIMATE REPORT
NATIONAL WEATHER SERVICE TALLAHASSEE FL
149 AM EST FRI JAN 30 2015


...................................

...THE MARIANNA CLIMATE SUMMARY FOR JANUARY 29 2015...

CLIMATE NORMAL PERIOD 1981 TO 2010
CLIMATE RECORD PERIOD 1950 TO 2015


WEATHER ITEM   OBSERVED NORMAL DEPARTURE LAST
                VALUE   VALUE  FROM      YEAR
                               NORMAL
...............................................
TEMPERATURE (F)
 YESTERDAY
  MAXIMUM         68     63      5       31
  MINIMUM         32     40     -8       24
  AVERAGE         50     52     -2       28

PRECIPITATION (IN)
  YESTERDAY        0.00   0.19  -0.19     0.01
  MONTH TO DATE    3.44   4.65  -1.21     2.36
  SINCE DEC 1      8.81   8.56   0.25     6.81
  SINCE JAN 1      3.44   4.65  -1.21     2.36

DEGREE DAYS
 HEATING
  YESTERDAY       15             1
  MONTH TO DATE  413           -20
  SINCE DEC 1    703          -131
  SINCE JUL 1   1083            11

 COOLING
  YESTERDAY        0             0
  MONTH TO DATE    4             4
  SINCE DEC 1     13             1
  SINCE JAN 1      4             4
...............................................


WIND (MPH)
  HIGHEST WIND SPEED    17   HIGHEST WIND DIRECTION    SW (220)
  HIGHEST GUST SPEED    20   HIGHEST GUST DIRECTION    SW (220)
  AVERAGE WIND SPEED     6.5




RELATIVE HUMIDITY (PERCENT)
 HIGHEST   100
 LOWEST     42
 AVERAGE    71

..........................................................




SUNRISE AND SUNSET
JANUARY 30 2015.......SUNRISE   634 AM CST   SUNSET   515 PM CST
JANUARY 31 2015.......SUNRISE   633 AM CST   SUNSET   516 PM CST


-  INDICATES NEGATIVE NUMBERS.
R  INDICATES RECORD WAS SET OR TIED.
MM INDICATES DATA IS MISSING.
T  INDICATES TRACE AMOUNT.




$$
