000
CDUS42 KTAE 120636
CLIMAI


CLIMATE REPORT
NATIONAL WEATHER SERVICE TALLAHASSEE FL
135 AM EST FRI FEB 12 2016


...................................

...THE MARIANNA CLIMATE SUMMARY FOR FEBRUARY 11 2016...

CLIMATE NORMAL PERIOD 1981 TO 2010
CLIMATE RECORD PERIOD 1950 TO 2016


WEATHER ITEM   OBSERVED NORMAL DEPARTURE LAST
                VALUE   VALUE  FROM      YEAR
                               NORMAL
...............................................
TEMPERATURE (F)
 YESTERDAY
  MAXIMUM         72     65      7       68
  MINIMUM         29     42    -13       32
  AVERAGE         51     54     -3       50

PRECIPITATION (IN)
  YESTERDAY        0.00   0.16  -0.16     0.00
  MONTH TO DATE    2.17   1.86   0.31     1.80
  SINCE DEC 1     16.07  10.81   5.26    10.61
  SINCE JAN 1      6.94   6.90   0.04     5.24

DEGREE DAYS
 HEATING
  YESTERDAY       14             2
  MONTH TO DATE  151            14
  SINCE DEC 1    783          -216
  SINCE JUL 1    887          -350

 COOLING
  YESTERDAY        0             0
  MONTH TO DATE    0             0
  SINCE DEC 1     74            58
  SINCE JAN 1      0            -4
...............................................


WIND (MPH)
  HIGHEST WIND SPEED    21   HIGHEST WIND DIRECTION    SW (230)
  HIGHEST GUST SPEED    27   HIGHEST GUST DIRECTION    SW (220)
  AVERAGE WIND SPEED     9.2




RELATIVE HUMIDITY (PERCENT)
 HIGHEST   100
 LOWEST     38
 AVERAGE    69

..........................................................




SUNRISE AND SUNSET
FEBRUARY 12 2016......SUNRISE   625 AM CST   SUNSET   526 PM CST
FEBRUARY 13 2016......SUNRISE   624 AM CST   SUNSET   527 PM CST


-  INDICATES NEGATIVE NUMBERS.
R  INDICATES RECORD WAS SET OR TIED.
MM INDICATES DATA IS MISSING.
T  INDICATES TRACE AMOUNT.




$$
