000
CDUS42 KTAE 240631
CLIMAI


CLIMATE REPORT
NATIONAL WEATHER SERVICE TALLAHASSEE FL
231 AM EDT TUE OCT 24 2017


...................................

...THE MARIANNA CLIMATE SUMMARY FOR OCTOBER 23 2017...

CLIMATE NORMAL PERIOD 1981 TO 2010
CLIMATE RECORD PERIOD 1950 TO 2017


WEATHER ITEM   OBSERVED NORMAL DEPARTURE LAST
                VALUE   VALUE  FROM      YEAR
                               NORMAL
...............................................
TEMPERATURE (F)
 YESTERDAY
  MAXIMUM         82     78      4       80
  MINIMUM         57     54      3       42
  AVERAGE         70     66      4       61

PRECIPITATION (IN)
  YESTERDAY        0.56   0.12   0.44     0.00
  MONTH TO DATE    1.03   2.47  -1.44     0.23
  SINCE SEP 1      4.16   6.27  -2.11     4.04
  SINCE JAN 1     43.86  44.60  -0.74    37.83

DEGREE DAYS
 HEATING
  YESTERDAY        0            -2
  MONTH TO DATE    1           -22
  SINCE SEP 1      3           -21
  SINCE JUL 1      3           -21

 COOLING
  YESTERDAY        5             1
  MONTH TO DATE  263           129
  SINCE SEP 1    675           154
  SINCE JAN 1   2938           452
...............................................


WIND (MPH)
  HIGHEST WIND SPEED    18   HIGHEST WIND DIRECTION     W (280)
  HIGHEST GUST SPEED    23   HIGHEST GUST DIRECTION    NW (300)
  AVERAGE WIND SPEED     7.6




RELATIVE HUMIDITY (PERCENT)
 HIGHEST    94
 LOWEST     39
 AVERAGE    67

..........................................................




SUNRISE AND SUNSET
OCTOBER 24 2017.......SUNRISE   650 AM CDT   SUNSET   600 PM CDT
OCTOBER 25 2017.......SUNRISE   651 AM CDT   SUNSET   559 PM CDT


-  INDICATES NEGATIVE NUMBERS.
R  INDICATES RECORD WAS SET OR TIED.
MM INDICATES DATA IS MISSING.
T  INDICATES TRACE AMOUNT.




$$
