213
CDUS42 KTAE 190633
CLIMAI


CLIMATE REPORT
NATIONAL WEATHER SERVICE TALLAHASSEE FL
133 AM EST THU JAN 19 2017


...................................

...THE MARIANNA CLIMATE SUMMARY FOR JANUARY 18 2017...

CLIMATE NORMAL PERIOD 1981 TO 2010
CLIMATE RECORD PERIOD 1950 TO 2017


WEATHER ITEM   OBSERVED NORMAL DEPARTURE LAST
                VALUE   VALUE  FROM      YEAR
                               NORMAL
...............................................
TEMPERATURE (F)
 YESTERDAY
  MAXIMUM         77     61     16       55
  MINIMUM         58     39     19       32
  AVERAGE         68     50     18       44

PRECIPITATION (IN)
  YESTERDAY        0.00   0.14  -0.14     0.00
  MONTH TO DATE    4.34   2.71   1.63     3.62
  SINCE DEC 1     16.11   6.62   9.49    12.75
  SINCE JAN 1      4.34   2.71   1.63     3.62

DEGREE DAYS
 HEATING
  YESTERDAY        0           -15
  MONTH TO DATE  143          -132
  SINCE DEC 1    366          -310
  SINCE JUL 1    498          -416

 COOLING
  YESTERDAY        3             3
  MONTH TO DATE   11            11
  SINCE DEC 1     38            26
  SINCE JAN 1     11            11
...............................................


WIND (MPH)
  HIGHEST WIND SPEED    12   HIGHEST WIND DIRECTION    NW (300)
  HIGHEST GUST SPEED    16   HIGHEST GUST DIRECTION     W (270)
  AVERAGE WIND SPEED     3.6




RELATIVE HUMIDITY (PERCENT)
 HIGHEST   100
 LOWEST     54
 AVERAGE    77

..........................................................




SUNRISE AND SUNSET
JANUARY 19 2017.......SUNRISE   638 AM CST   SUNSET   505 PM CST
JANUARY 20 2017.......SUNRISE   638 AM CST   SUNSET   506 PM CST


-  INDICATES NEGATIVE NUMBERS.
R  INDICATES RECORD WAS SET OR TIED.
MM INDICATES DATA IS MISSING.
T  INDICATES TRACE AMOUNT.




$$
