000
CDUS43 KABR 092331
CLIMBG


CLIMATE REPORT
NATIONAL WEATHER SERVICE ABERDEEN SD
529 PM CST TUE FEB 9 2016


...................................

...THE MOBRIDGE SD CLIMATE SUMMARY FOR FEBRUARY 9 2016...
VALID TODAY AS OF 0500 PM LOCAL TIME.

CLIMATE NORMAL PERIOD 1981 TO 2010
CLIMATE RECORD PERIOD 1911 TO 2016


WEATHER ITEM   OBSERVED TIME   RECORD YEAR NORMAL DEPARTURE LAST
                VALUE   (LST)  VALUE       VALUE  FROM      YEAR
                                                  NORMAL
..................................................................
TEMPERATURE (F)
 TODAY
  MAXIMUM         39    433 PM  58    1931  30      9       32
  MINIMUM         22    220 AM -38    1994   8     14       28
  AVERAGE         31                        19     12       30

PRECIPITATION (IN)
  TODAY            0.00          1.06 2009   0.01  -0.01     0.00
  MONTH TO DATE    0.03                      0.12  -0.09     0.12
  SINCE DEC 1      0.48                      0.85  -0.37     0.85
  SINCE JAN 1      0.15                      0.41  -0.26     0.43

SNOWFALL (IN)
  TODAY            0.0
  MONTH TO DATE    0.3
  SINCE OCT 1     11.2
  SINCE JUL 1     11.2
  SNOW DEPTH       T

DEGREE DAYS
 HEATING
  TODAY           34                        46    -12       35
  MONTH TO DATE  312                       421   -109      383
  SINCE DEC 1   2939                      3388   -449     2991
  SINCE JUL 1   4233                      5154   -921     4816

 COOLING
  TODAY            0                         0      0        0
  MONTH TO DATE    0                         0      0        0
  SINCE DEC 1      0                         0      0        0
  SINCE JAN 1      0                         0      0        0
..................................................................


WIND (MPH)
  HIGHEST WIND SPEED    14   HIGHEST WIND DIRECTION     N (360)
  HIGHEST GUST SPEED    18   HIGHEST GUST DIRECTION     N (360)
  AVERAGE WIND SPEED     7.0


SKY COVER
  POSSIBLE SUNSHINE  MM
  AVERAGE SKY COVER 0.8


WEATHER CONDITIONS
 THE FOLLOWING WEATHER WAS RECORDED TODAY.
  NO SIGNIFICANT WEATHER WAS OBSERVED.


RELATIVE HUMIDITY (PERCENT)
 HIGHEST    74          1200 AM
 LOWEST     40           200 PM
 AVERAGE    57

..........................................................


THE MOBRIDGE SD CLIMATE NORMALS FOR TOMORROW
                         NORMAL    RECORD    YEAR
 MAXIMUM TEMPERATURE (F)   30        65      1951
 MINIMUM TEMPERATURE (F)    9       -29      1944


SUNRISE AND SUNSET
FEBRUARY  9 2016......SUNRISE   753 AM CST   SUNSET   559 PM CST
FEBRUARY 10 2016......SUNRISE   752 AM CST   SUNSET   601 PM CST


-  INDICATES NEGATIVE NUMBERS.
R  INDICATES RECORD WAS SET OR TIED.
MM INDICATES DATA IS MISSING.
T  INDICATES TRACE AMOUNT.




$$
