000
CDUS43 KABR 232238
CLIMBG


CLIMATE REPORT
NATIONAL WEATHER SERVICE ABERDEEN SD
537 PM CDT WED AUG 23 2017


...................................

...THE MOBRIDGE SD CLIMATE SUMMARY FOR AUGUST 23 2017...
VALID TODAY AS OF 0500 PM LOCAL TIME.

CLIMATE NORMAL PERIOD 1981 TO 2010
CLIMATE RECORD PERIOD 1911 TO 2017


WEATHER ITEM   OBSERVED TIME   RECORD YEAR NORMAL DEPARTURE LAST
                VALUE   (LST)  VALUE       VALUE  FROM      YEAR
                                                  NORMAL
..................................................................
TEMPERATURE (F)
 TODAY
  MAXIMUM         84    340 PM 108    2003  84      0       87
  MINIMUM         53    428 AM  38    1928  57     -4       57
  AVERAGE         69                        70     -1       72

PRECIPITATION (IN)
  TODAY            0.00          0.84 2014   0.06  -0.06     0.00
  MONTH TO DATE    5.61                      1.56   4.05     1.70
  SINCE JUN 1     10.08                      7.42   2.66     6.44
  SINCE JAN 1     12.61                     13.44  -0.83    16.82

DEGREE DAYS
 HEATING
  TODAY            0                         1     -1        0
  MONTH TO DATE    6                         6      0        2
  SINCE JUN 1     35                        93    -58       15
  SINCE JUL 1      6                        18    -12        3

 COOLING
  TODAY            4                         6     -2        7
  MONTH TO DATE   68                       177   -109      241
  SINCE JUN 1    640                       525    115      810
  SINCE JAN 1    660                       541    119      826
..................................................................


WIND (MPH)
  HIGHEST WIND SPEED    18   HIGHEST WIND DIRECTION    SE (150)
  HIGHEST GUST SPEED    28   HIGHEST GUST DIRECTION     E (100)
  AVERAGE WIND SPEED     9.8


SKY COVER
  POSSIBLE SUNSHINE  MM
  AVERAGE SKY COVER 0.0


WEATHER CONDITIONS
 THE FOLLOWING WEATHER WAS RECORDED TODAY.
  NO SIGNIFICANT WEATHER WAS OBSERVED.


RELATIVE HUMIDITY (PERCENT)
 HIGHEST    77           300 AM
 LOWEST     43           100 PM
 AVERAGE    60

..........................................................


THE MOBRIDGE SD CLIMATE NORMALS FOR TOMORROW
                         NORMAL    RECORD    YEAR
 MAXIMUM TEMPERATURE (F)   83       102      1991
 MINIMUM TEMPERATURE (F)   57        38      1928


SUNRISE AND SUNSET
AUGUST 23 2017........SUNRISE   652 AM CDT   SUNSET   835 PM CDT
AUGUST 24 2017........SUNRISE   654 AM CDT   SUNSET   833 PM CDT


-  INDICATES NEGATIVE NUMBERS.
R  INDICATES RECORD WAS SET OR TIED.
MM INDICATES DATA IS MISSING.
T  INDICATES TRACE AMOUNT.




$$
