000
CDUS43 KABR 261521
CLIMBG


CLIMATE REPORT
NATIONAL WEATHER SERVICE ABERDEEN SD
919 AM CST FRI DEC 26 2014


...................................

...THE MOBRIDGE SD CLIMATE SUMMARY FOR DECEMBER 25 2014...

CLIMATE NORMAL PERIOD 1981 TO 2010
CLIMATE RECORD PERIOD 1911 TO 2014


WEATHER ITEM   OBSERVED TIME   RECORD YEAR NORMAL DEPARTURE LAST
                VALUE   (LST)  VALUE       VALUE  FROM      YEAR
                                                  NORMAL
..................................................................
TEMPERATURE (F)
 YESTERDAY
  MAXIMUM         34    539 AM  51    1999  26      8       33
                                      1963
  MINIMUM         27   1159 PM -17    1996   6     21       23
                                      1933
  AVERAGE         31                        16     15       28

PRECIPITATION (IN)
  YESTERDAY        0.00          0.23 2009   0.02  -0.02     0.02
  MONTH TO DATE    0.42                      0.31   0.11     0.54
  SINCE DEC 1      0.42                      0.31   0.11     0.54
  SINCE JAN 1     21.81                     17.74   4.07    23.46

SNOWFALL (IN)
  YESTERDAY        0.0
  MONTH TO DATE    2.5
  SINCE OCT 1     10.0
  SINCE JUL 1     10.0
  SNOW DEPTH       2

DEGREE DAYS
 HEATING
  YESTERDAY       34                        49    -15       37
  MONTH TO DATE  941                      1155   -214     1389
  SINCE DEC 1    941                      1155   -214     1389
  SINCE JUL 1   2766                      2921   -155     3197

 COOLING
  YESTERDAY        0                         0      0        0
  MONTH TO DATE    0                         0      0        0
  SINCE DEC 1      0                         0      0        0
  SINCE JAN 1    471                       644   -173      700
..................................................................


WIND (MPH)
  HIGHEST WIND SPEED    24   HIGHEST WIND DIRECTION     N (350)
  HIGHEST GUST SPEED    28   HIGHEST GUST DIRECTION     N (360)
  AVERAGE WIND SPEED    10.1


SKY COVER
  POSSIBLE SUNSHINE  MM
  AVERAGE SKY COVER 1.0


WEATHER CONDITIONS
 THE FOLLOWING WEATHER WAS RECORDED YESTERDAY.
  FOG
  HAZE


RELATIVE HUMIDITY (PERCENT)
 HIGHEST    85          1200 AM
 LOWEST     75           600 AM
 AVERAGE    80

..........................................................


THE MOBRIDGE SD CLIMATE NORMALS FOR TODAY
                         NORMAL    RECORD    YEAR
 MAXIMUM TEMPERATURE (F)   26        53      1956
 MINIMUM TEMPERATURE (F)    6       -27      1933


SUNRISE AND SUNSET
DECEMBER 26 2014......SUNRISE   821 AM CST   SUNSET   504 PM CST
DECEMBER 27 2014......SUNRISE   821 AM CST   SUNSET   504 PM CST


-  INDICATES NEGATIVE NUMBERS.
R  INDICATES RECORD WAS SET OR TIED.
MM INDICATES DATA IS MISSING.
T  INDICATES TRACE AMOUNT.




$$
