000
CDUS43 KABR 252234
CLIMBG


CLIMATE REPORT
NATIONAL WEATHER SERVICE ABERDEEN SD
532 PM CDT THU MAY 25 2017


...................................

...THE MOBRIDGE SD CLIMATE SUMMARY FOR MAY 25 2017...
VALID TODAY AS OF 0500 PM LOCAL TIME.

CLIMATE NORMAL PERIOD 1981 TO 2010
CLIMATE RECORD PERIOD 1911 TO 2017


WEATHER ITEM   OBSERVED TIME   RECORD YEAR NORMAL DEPARTURE LAST
                VALUE   (LST)  VALUE       VALUE  FROM      YEAR
                                                  NORMAL
..................................................................
TEMPERATURE (F)
 TODAY
  MAXIMUM         76    359 PM  96    1941  71      5       76
  MINIMUM         51    607 AM  35    2002  47      4       50
                                      2000
  AVERAGE         64                        59      5       63

PRECIPITATION (IN)
  TODAY            0.06          1.80 1960   0.10  -0.04     0.38
  MONTH TO DATE    0.64                      2.25  -1.61     2.53
  SINCE MAR 1      1.74                      4.72  -2.98     7.94
  SINCE JAN 1      2.50                      5.45  -2.95     9.16

DEGREE DAYS
 HEATING
  TODAY            1                         7     -6        2
  MONTH TO DATE  191                       254    -63      184
  SINCE MAR 1   1651                      1874   -223     1414
  SINCE JUL 1   7088                      7849   -761     6289

 COOLING
  TODAY            0                         1     -1        0
  MONTH TO DATE   20                         7     13       13
  SINCE MAR 1     20                         8     12       15
  SINCE JAN 1     20                         8     12       15
..................................................................


WIND (MPH)
  HIGHEST WIND SPEED    30   HIGHEST WIND DIRECTION    SE (140)
  HIGHEST GUST SPEED    39   HIGHEST GUST DIRECTION    SE (140)
  AVERAGE WIND SPEED    13.5


SKY COVER
  POSSIBLE SUNSHINE  MM
  AVERAGE SKY COVER 0.1


WEATHER CONDITIONS
 THE FOLLOWING WEATHER WAS RECORDED TODAY.
  THUNDERSTORM
  LIGHT RAIN


RELATIVE HUMIDITY (PERCENT)
 HIGHEST    77           600 AM
 LOWEST     25           400 PM
 AVERAGE    51

..........................................................


THE MOBRIDGE SD CLIMATE NORMALS FOR TOMORROW
                         NORMAL    RECORD    YEAR
 MAXIMUM TEMPERATURE (F)   71        98      2006
 MINIMUM TEMPERATURE (F)   47        32      1947


SUNRISE AND SUNSET
MAY 25 2017...........SUNRISE   601 AM CDT   SUNSET   917 PM CDT
MAY 26 2017...........SUNRISE   600 AM CDT   SUNSET   918 PM CDT


-  INDICATES NEGATIVE NUMBERS.
R  INDICATES RECORD WAS SET OR TIED.
MM INDICATES DATA IS MISSING.
T  INDICATES TRACE AMOUNT.




$$
