000
CDUS43 KABR 081008
CLIMBG


CLIMATE REPORT
NATIONAL WEATHER SERVICE ABERDEEN SD
408 AM CST THU DEC 8 2016


...................................

...THE MOBRIDGE SD CLIMATE SUMMARY FOR DECEMBER 7 2016...

CLIMATE NORMAL PERIOD 1981 TO 2010
CLIMATE RECORD PERIOD 1911 TO 2016


WEATHER ITEM   OBSERVED TIME   RECORD YEAR NORMAL DEPARTURE LAST
                VALUE   (LST)  VALUE       VALUE  FROM      YEAR
                                                  NORMAL
..................................................................
TEMPERATURE (F)
 YESTERDAY
  MAXIMUM         12    206 PM  62    1918  31    -19       53
  MINIMUM          5   1159 PM -20    2013  10     -5       24
  AVERAGE          9                        20    -11       39

PRECIPITATION (IN)
  YESTERDAY        T             0.63 1971   0.01  -0.01     0.00
  MONTH TO DATE    0.15                      0.06   0.09     0.09
  SINCE DEC 1      0.15                      0.06   0.09     0.09
  SINCE JAN 1     19.28                     17.49   1.79    23.09

SNOWFALL (IN)
  YESTERDAY       MM
  MONTH TO DATE    3.1
  SINCE OCT 1     14.5
  SINCE JUL 1     14.5
  SNOW DEPTH       4

DEGREE DAYS
 HEATING
  YESTERDAY       56                        45     11       26
  MONTH TO DATE  289                       303    -14      220
  SINCE DEC 1    289                       303    -14      220
  SINCE JUL 1   1440                      2069   -629     1514

 COOLING
  YESTERDAY        0                         0      0        0
  MONTH TO DATE    0                         0      0        0
  SINCE DEC 1      0                         0      0        0
  SINCE JAN 1    961                       644    317      860
..................................................................


WIND (MPH)
  HIGHEST WIND SPEED    37   HIGHEST WIND DIRECTION    NW (310)
  HIGHEST GUST SPEED    46   HIGHEST GUST DIRECTION    NW (310)
  AVERAGE WIND SPEED    28.2


SKY COVER
  POSSIBLE SUNSHINE  MM
  AVERAGE SKY COVER 0.7


WEATHER CONDITIONS
 THE FOLLOWING WEATHER WAS RECORDED YESTERDAY.
  NO SIGNIFICANT WEATHER WAS OBSERVED.


RELATIVE HUMIDITY (PERCENT)
 HIGHEST    76          1100 PM
 LOWEST     63          1200 AM
 AVERAGE    70

..........................................................


THE MOBRIDGE SD CLIMATE NORMALS FOR TODAY
                         NORMAL    RECORD    YEAR
 MAXIMUM TEMPERATURE (F)   31        59      1990
 MINIMUM TEMPERATURE (F)    9       -33      1927


SUNRISE AND SUNSET
DECEMBER  8 2016......SUNRISE   809 AM CST   SUNSET   458 PM CST
DECEMBER  9 2016......SUNRISE   810 AM CST   SUNSET   458 PM CST


-  INDICATES NEGATIVE NUMBERS.
R  INDICATES RECORD WAS SET OR TIED.
MM INDICATES DATA IS MISSING.
T  INDICATES TRACE AMOUNT.




$$
