000
CDUS43 KABR 231041
CLIMBG


CLIMATE REPORT
NATIONAL WEATHER SERVICE ABERDEEN SD
440 AM CST MON JAN 23 2017


...................................

...THE MOBRIDGE SD CLIMATE SUMMARY FOR JANUARY 22 2017...

CLIMATE NORMAL PERIOD 1981 TO 2010
CLIMATE RECORD PERIOD 1911 TO 2017


WEATHER ITEM   OBSERVED TIME   RECORD YEAR NORMAL DEPARTURE LAST
                VALUE   (LST)  VALUE       VALUE  FROM      YEAR
                                                  NORMAL
..................................................................
TEMPERATURE (F)
 YESTERDAY
  MAXIMUM         31   1121 PM  56    1942  26      5       24
  MINIMUM         10    716 AM -31    1927   6      4       21
  AVERAGE         21                        16      5       23

PRECIPITATION (IN)
  YESTERDAY        0.00          0.31 1982   0.01  -0.01     0.00
  MONTH TO DATE    0.42                      0.21   0.21     0.06
  SINCE DEC 1      2.72                      0.65   2.07     0.39
  SINCE JAN 1      0.42                      0.21   0.21     0.06

SNOWFALL (IN)
  YESTERDAY        0.0
  MONTH TO DATE    7.7
  SINCE OCT 1     36.1
  SINCE JUL 1     36.1
  SNOW DEPTH      13

DEGREE DAYS
 HEATING
  YESTERDAY       44                        49     -5       42
  MONTH TO DATE 1283                      1078    205     1083
  SINCE DEC 1   2872                      2528    344     2318
  SINCE JUL 1   4023                      4294   -271     3612

 COOLING
  YESTERDAY        0                         0      0        0
  MONTH TO DATE    0                         0      0        0
  SINCE DEC 1      0                         0      0        0
  SINCE JAN 1      0                         0      0        0
..................................................................


WIND (MPH)
  HIGHEST WIND SPEED    17   HIGHEST WIND DIRECTION    NW (300)
  HIGHEST GUST SPEED    20   HIGHEST GUST DIRECTION    NW (300)
  AVERAGE WIND SPEED     7.9


SKY COVER
  POSSIBLE SUNSHINE  MM
  AVERAGE SKY COVER 0.7


WEATHER CONDITIONS
 THE FOLLOWING WEATHER WAS RECORDED YESTERDAY.
  FOG
  HAZE


RELATIVE HUMIDITY (PERCENT)
 HIGHEST    91          1000 AM
 LOWEST     76           600 AM
 AVERAGE    84

..........................................................


THE MOBRIDGE SD CLIMATE NORMALS FOR TODAY
                         NORMAL    RECORD    YEAR
 MAXIMUM TEMPERATURE (F)   26        62      1981
 MINIMUM TEMPERATURE (F)    6       -26      1929


SUNRISE AND SUNSET
JANUARY 23 2017.......SUNRISE   812 AM CST   SUNSET   536 PM CST
JANUARY 24 2017.......SUNRISE   811 AM CST   SUNSET   537 PM CST


-  INDICATES NEGATIVE NUMBERS.
R  INDICATES RECORD WAS SET OR TIED.
MM INDICATES DATA IS MISSING.
T  INDICATES TRACE AMOUNT.




$$
