000
CDUS43 KABR 041031
CLIMBG


CLIMATE REPORT
NATIONAL WEATHER SERVICE ABERDEEN SD
531 AM CDT WED MAY 4 2016


...................................

...THE MOBRIDGE SD CLIMATE SUMMARY FOR MAY 3 2016...

CLIMATE NORMAL PERIOD 1981 TO 2010
CLIMATE RECORD PERIOD 1911 TO 2016


WEATHER ITEM   OBSERVED TIME   RECORD YEAR NORMAL DEPARTURE LAST
                VALUE   (LST)  VALUE       VALUE  FROM      YEAR
                                                  NORMAL
..................................................................
TEMPERATURE (F)
 YESTERDAY
  MAXIMUM         79    428 PM  93    1918  65     14       69
  MINIMUM         37    543 AM  15    2005  39     -2       41
  AVERAGE         58                        52      6       55

PRECIPITATION (IN)
  YESTERDAY        0.00          1.45 1999   0.09  -0.09      T
  MONTH TO DATE    0.42                      0.26   0.16      T
  SINCE MAR 1      5.83                      2.73   3.10     0.67
  SINCE JAN 1      7.05                      3.46   3.59     1.47

DEGREE DAYS
 HEATING
  YESTERDAY        7                        13     -6       10
  MONTH TO DATE   36                        40     -4       18
  SINCE MAR 1   1266                      1660   -394     1308
  SINCE JUL 1   6141                      7635  -1494     7067

 COOLING
  YESTERDAY        0                         0      0        0
  MONTH TO DATE    0                         0      0        5
  SINCE MAR 1      2                         1      1        5
  SINCE JAN 1      2                         1      1        5
..................................................................


WIND (MPH)
  HIGHEST WIND SPEED    26   HIGHEST WIND DIRECTION     N (360)
  HIGHEST GUST SPEED    34   HIGHEST GUST DIRECTION     N (360)
  AVERAGE WIND SPEED     9.2


SKY COVER
  POSSIBLE SUNSHINE  MM
  AVERAGE SKY COVER 0.0


WEATHER CONDITIONS
 THE FOLLOWING WEATHER WAS RECORDED YESTERDAY.
  FOG
  FOG W/VISIBILITY <= 1/4 MILE


RELATIVE HUMIDITY (PERCENT)
 HIGHEST   100           100 AM
 LOWEST     25           200 PM
 AVERAGE    63

..........................................................


THE MOBRIDGE SD CLIMATE NORMALS FOR TODAY
                         NORMAL    RECORD    YEAR
 MAXIMUM TEMPERATURE (F)   65        92      1918
                                             1939
 MINIMUM TEMPERATURE (F)   40        21      2013


SUNRISE AND SUNSET
MAY  4 2016...........SUNRISE   624 AM CDT   SUNSET   853 PM CDT
MAY  5 2016...........SUNRISE   623 AM CDT   SUNSET   854 PM CDT


-  INDICATES NEGATIVE NUMBERS.
R  INDICATES RECORD WAS SET OR TIED.
MM INDICATES DATA IS MISSING.
T  INDICATES TRACE AMOUNT.




$$
