000
CDUS46 KHNX 150824
CLIMCE


CLIMATE REPORT
NATIONAL WEATHER SERVICE SAN JOAQUIN VALLEY, CA
1224 AM PST FRI DEC 15 2017


...................................

...THE MERCED  CA CLIMATE SUMMARY FOR DECEMBER 14 2017...

CLIMATE NORMAL PERIOD 1981 TO 2010
CLIMATE RECORD PERIOD 1998 TO 2017


WEATHER ITEM   OBSERVED TIME   RECORD YEAR NORMAL DEPARTURE
                VALUE   (LST)  VALUE       VALUE  FROM
                                                  NORMAL
...............................................................
TEMPERATURE (F)
 YESTERDAY
  MAXIMUM         64R   246 PM  64    2016  53     11
  MINIMUM         30    652 AM  26    2011  36     -6
  AVERAGE         47                        44      3

PRECIPITATION (IN)
  YESTERDAY        0.00          0.37 2008   0.04  -0.04
  MONTH TO DATE    0.00                      0.48  -0.48
  SINCE OCT 1      1.03                      2.47  -1.44
  SINCE JAN 1     12.85                     11.46   1.39

SNOWFALL (IN)
  YESTERDAY        0.0
  MONTH TO DATE    0.0
  SINCE DEC 1      0.0
  SINCE JUL 1      0.0
  SNOW DEPTH       0

DEGREE DAYS
 HEATING
  YESTERDAY       18
  MONTH TO DATE  236
  SINCE DEC 1    236
  SINCE JUL 1    590

 COOLING
  YESTERDAY        0
  MONTH TO DATE    0
  SINCE DEC 1      0
  SINCE JAN 1   1843
...............................................................


WIND (MPH)
  HIGHEST WIND SPEED     7   HIGHEST WIND DIRECTION    SW (210)
  HIGHEST GUST SPEED    14   HIGHEST GUST DIRECTION    SE (130)
  AVERAGE WIND SPEED     2.7




RELATIVE HUMIDITY (PERCENT)
 HIGHEST    92
 LOWEST     39
 AVERAGE    66

..........................................................


THE MERCED  CA CLIMATE NORMALS FOR TODAY
                         NORMAL    RECORD    YEAR
 MAXIMUM TEMPERATURE (F)   53        63      2000
 MINIMUM TEMPERATURE (F)   36        27      2013


SUNRISE AND SUNSET
DECEMBER 15 2017......SUNRISE   709 AM PST   SUNSET   446 PM PST
DECEMBER 16 2017......SUNRISE   710 AM PST   SUNSET   446 PM PST


-  INDICATES NEGATIVE NUMBERS.
R  INDICATES RECORD WAS SET OR TIED.
MM INDICATES DATA IS MISSING.
T  INDICATES TRACE AMOUNT.




$$
