000
CDUS46 KHNX 280822
CLIMCE


CLIMATE REPORT
NATIONAL WEATHER SERVICE SAN JOAQUIN VALLEY, CA
1221 AM PST SAT FEB 28 2015


...................................

...THE MERCED  CA CLIMATE SUMMARY FOR FEBRUARY 27 2015...

CLIMATE NORMAL PERIOD 1981 TO 2010
CLIMATE RECORD PERIOD 1998 TO 2015


WEATHER ITEM   OBSERVED TIME   RECORD YEAR NORMAL DEPARTURE
                VALUE   (LST)  VALUE       VALUE  FROM
                                                  NORMAL
...............................................................
TEMPERATURE (F)
 YESTERDAY
  MAXIMUM         66    342 PM  72    2002  63      3
  MINIMUM         39    645 AM  27    2011  41     -2
  AVERAGE         53                        52      1

PRECIPITATION (IN)
  YESTERDAY        T             0.79 2000   0.08  -0.08
  MONTH TO DATE    1.05                      2.25  -1.20
  SINCE OCT 1      5.82                      8.37  -2.55
  SINCE JAN 1      1.07                      4.86  -3.79

SNOWFALL (IN)
  YESTERDAY       MM
  MONTH TO DATE    0.0
  SINCE DEC 1      0.0
  SINCE JUL 1      0.0
  SNOW DEPTH       0

DEGREE DAYS
 HEATING
  YESTERDAY       12
  MONTH TO DATE  277
  SINCE DEC 1   1163
  SINCE JUL 1   1448

 COOLING
  YESTERDAY        0
  MONTH TO DATE    0
  SINCE DEC 1      0
  SINCE JAN 1      0
...............................................................


WIND (MPH)
  HIGHEST WIND SPEED    10   HIGHEST WIND DIRECTION    NW (320)
  HIGHEST GUST SPEED    13   HIGHEST GUST DIRECTION     W (250)
  AVERAGE WIND SPEED     4.1




RELATIVE HUMIDITY (PERCENT)
 HIGHEST    96
 LOWEST     44
 AVERAGE    70

..........................................................


THE MERCED  CA CLIMATE NORMALS FOR TODAY
                         NORMAL    RECORD    YEAR
 MAXIMUM TEMPERATURE (F)   63        72      2013
 MINIMUM TEMPERATURE (F)   41        31      2011


SUNRISE AND SUNSET
FEBRUARY 28 2015......SUNRISE   635 AM PST   SUNSET   555 PM PST
MARCH  1 2015.........SUNRISE   634 AM PST   SUNSET   556 PM PST


-  INDICATES NEGATIVE NUMBERS.
R  INDICATES RECORD WAS SET OR TIED.
MM INDICATES DATA IS MISSING.
T  INDICATES TRACE AMOUNT.




$$
