000
CDUS46 KHNX 160823
CLIMCE


CLIMATE REPORT
NATIONAL WEATHER SERVICE SAN JOAQUIN VALLEY, CA
122 AM PDT WED AUG 16 2017


...................................

...THE MERCED  CA CLIMATE SUMMARY FOR AUGUST 15 2017...

CLIMATE NORMAL PERIOD 1981 TO 2010
CLIMATE RECORD PERIOD 1998 TO 2017


WEATHER ITEM   OBSERVED TIME   RECORD YEAR NORMAL DEPARTURE
                VALUE   (LST)  VALUE       VALUE  FROM
                                                  NORMAL
...............................................................
TEMPERATURE (F)
 YESTERDAY
  MAXIMUM         85        MM 104    2008  93     -8
  MINIMUM         62   1200 AM  52    2009  60      2
  AVERAGE         74                        76     -2

PRECIPITATION (IN)
  YESTERDAY        0.00          T    2005   0.00   0.00
  MONTH TO DATE    0.00                      0.00   0.00
  SINCE OCT 1     16.03                     12.20   3.83
  SINCE JAN 1     11.80                      8.69   3.11

SNOWFALL (IN)
  YESTERDAY        0.0
  MONTH TO DATE    0.0
  SINCE JUN 1      0.0
  SINCE JUL 1      0.0
  SNOW DEPTH       0

DEGREE DAYS
 HEATING
  YESTERDAY        0
  MONTH TO DATE    0
  SINCE JUN 1     10
  SINCE JUL 1      0

 COOLING
  YESTERDAY        9
  MONTH TO DATE  244
  SINCE JUN 1   1131
  SINCE JAN 1   1283
...............................................................


WIND (MPH)
  HIGHEST WIND SPEED     9   HIGHEST WIND DIRECTION     W (260)
  HIGHEST GUST SPEED    MM   HIGHEST GUST DIRECTION    MM
  AVERAGE WIND SPEED     5.5




RELATIVE HUMIDITY (PERCENT)
 HIGHEST    78
 LOWEST     32
 AVERAGE    55

..........................................................


THE MERCED  CA CLIMATE NORMALS FOR TODAY
                         NORMAL    RECORD    YEAR
 MAXIMUM TEMPERATURE (F)   93       104      2015
 MINIMUM TEMPERATURE (F)   60        55      2000


SUNRISE AND SUNSET
AUGUST 16 2017........SUNRISE   620 AM PDT   SUNSET   753 PM PDT
AUGUST 17 2017........SUNRISE   621 AM PDT   SUNSET   751 PM PDT


-  INDICATES NEGATIVE NUMBERS.
R  INDICATES RECORD WAS SET OR TIED.
MM INDICATES DATA IS MISSING.
T  INDICATES TRACE AMOUNT.




$$
