000
CDUS46 KHNX 230025
CLIMCE


CLIMATE REPORT
NATIONAL WEATHER SERVICE SAN JOAQUIN VALLEY, CA
524 PM PDT THU JUN 22 2017


...................................

...THE MERCED  CA CLIMATE SUMMARY FOR JUNE 22 2017...
VALID AS OF 0400 PM LOCAL TIME.

CLIMATE NORMAL PERIOD 1981 TO 2010
CLIMATE RECORD PERIOD 1998 TO 2017


WEATHER ITEM   OBSERVED TIME   RECORD YEAR NORMAL DEPARTURE LAST
                VALUE   (LST)  VALUE       VALUE  FROM      YEAR
                                                  NORMAL
..................................................................
TEMPERATURE (F)
 TODAY
  MAXIMUM        107R       MM 107    2011  91     16       98
  MINIMUM         71        MM  53    2015  59     12       63
                                      2014
                                      2012
  AVERAGE         89                        75     14       81

PRECIPITATION (IN)
  TODAY            0.00          0.00   MM   0.00   0.00     0.00
  MONTH TO DATE    0.05                      0.13  -0.08     0.00
  SINCE OCT 1     16.03                     12.19   3.84    14.66
  SINCE JAN 1     11.80                      8.68   3.12    10.94

SNOWFALL (IN)
  TODAY            0.0
  MONTH TO DATE    0.0
  SINCE JUN 1      0.0
  SINCE JUL 1      0.0
  SNOW DEPTH       0

DEGREE DAYS
 HEATING
  TODAY            0                                         0
  MONTH TO DATE   10                                         2
  SINCE JUN 1     10                                         2
  SINCE JUL 1   2381                                      2268

 COOLING
  TODAY           24                                        16
  MONTH TO DATE  245                                       246
  SINCE JUN 1    245                                       246
  SINCE JAN 1    397                                       415
..................................................................


WIND (MPH)
  HIGHEST WIND SPEED    10   HIGHEST WIND DIRECTION    NW (310)
  HIGHEST GUST SPEED    MM   HIGHEST GUST DIRECTION    MM
  AVERAGE WIND SPEED     5.2




RELATIVE HUMIDITY (PERCENT)
 HIGHEST    73
 LOWEST     19
 AVERAGE    46

..........................................................


THE MERCED  CA CLIMATE NORMALS FOR TOMORROW
                         NORMAL    RECORD    YEAR
 MAXIMUM TEMPERATURE (F)   92       104      2006
 MINIMUM TEMPERATURE (F)   59        51      2003


SUNRISE AND SUNSET
JUNE 22 2017..........SUNRISE   543 AM PDT   SUNSET   826 PM PDT
JUNE 23 2017..........SUNRISE   543 AM PDT   SUNSET   827 PM PDT


-  INDICATES NEGATIVE NUMBERS.
R  INDICATES RECORD WAS SET OR TIED.
MM INDICATES DATA IS MISSING.
T  INDICATES TRACE AMOUNT.




$$
