000
CDUS46 KHNX 220823
CLIMCE


CLIMATE REPORT
NATIONAL WEATHER SERVICE SAN JOAQUIN VALLEY, CA
123 AM PDT SUN OCT 22 2017


...................................

...THE MERCED  CA CLIMATE SUMMARY FOR OCTOBER 21 2017...

CLIMATE NORMAL PERIOD 1981 TO 2010
CLIMATE RECORD PERIOD 1998 TO 2017


WEATHER ITEM   OBSERVED TIME   RECORD YEAR NORMAL DEPARTURE
                VALUE   (LST)  VALUE       VALUE  FROM
                                                  NORMAL
...............................................................
TEMPERATURE (F)
 YESTERDAY
  MAXIMUM         70    402 PM  94    2003  76     -6
  MINIMUM         44    451 AM  41    2007  48     -4
  AVERAGE         57                        62     -5

PRECIPITATION (IN)
  YESTERDAY        0.00          0.00   MM   0.02  -0.02
  MONTH TO DATE    0.15                      0.36  -0.21
  SINCE OCT 1      0.15                      0.36  -0.21
  SINCE JAN 1     11.97                      9.35   2.62

SNOWFALL (IN)
  YESTERDAY        0.0
  MONTH TO DATE    0.0
  SINCE SEP 1      0.0
  SINCE JUL 1      0.0
  SNOW DEPTH       0

DEGREE DAYS
 HEATING
  YESTERDAY        8
  MONTH TO DATE   63
  SINCE SEP 1     72
  SINCE JUL 1     72

 COOLING
  YESTERDAY        0
  MONTH TO DATE    7
  SINCE SEP 1    288
  SINCE JAN 1   1824
...............................................................


WIND (MPH)
  HIGHEST WIND SPEED    16   HIGHEST WIND DIRECTION    NW (330)
  HIGHEST GUST SPEED    24   HIGHEST GUST DIRECTION     N (340)
  AVERAGE WIND SPEED     6.1




RELATIVE HUMIDITY (PERCENT)
 HIGHEST    92
 LOWEST     31
 AVERAGE    62

..........................................................


THE MERCED  CA CLIMATE NORMALS FOR TODAY
                         NORMAL    RECORD    YEAR
 MAXIMUM TEMPERATURE (F)   76        87      2003
 MINIMUM TEMPERATURE (F)   47        42      2001


SUNRISE AND SUNSET
OCTOBER 22 2017.......SUNRISE   717 AM PDT   SUNSET   616 PM PDT
OCTOBER 23 2017.......SUNRISE   718 AM PDT   SUNSET   614 PM PDT


-  INDICATES NEGATIVE NUMBERS.
R  INDICATES RECORD WAS SET OR TIED.
MM INDICATES DATA IS MISSING.
T  INDICATES TRACE AMOUNT.




$$
