000
CDAK49 PAMC 292331
CLIMCG

CLIMATE REPORT
NATIONAL WEATHER SERVICE MCGRATH, AK
331 PM AKDT MON AUG 29 2016

...................................
...THE MCGRATH AIRPORT CLIMATE SUMMARY FOR AUGUST 29 2016...
VALID TODAY AS OF 2:00 PM LOCAL TIME

CLIMATE NORMAL PERIOD  1981 TO  2010
CLIMATE RECORD PERIOD  1940 TO  2016

WEATHER ITEM   OBSERVED TIME    RECORD YEAR NORMAL DEPARTURE LAST
               VALUE    (LST)   VALUE       VALUE  FROM      YEAR
                                                   NORMAL
...................................................................
TEMPERATURE
TODAY
 MAXIMUM            69  0210 PM    74  1971     61       8     48
 MINIMUM            47  0643 AM    27  1994     43       4     40
 AVERAGE            58                          52       6     44

PRECIPITATION
(INCHES)
 TODAY            0.00           0.58  1989   0.09   -0.09   0.02
 MONTH TO DATE    3.77                        2.63    1.14   2.71
 SINCE JUN 1     10.38                        6.53    3.85   7.65
 SINCE JAN 1     13.19                       11.20    1.99   8.99

SNOWFALL
(INCHES)
 TODAY             0.0            0.0  2016    0.0     0.0    0.0
 MONTH TO DATE     0.0                         0.0     0.0    0.0
 SINCE JUN 1       0.0                         0.0     0.0    0.0
 SINCE JUL 1       0.0                         0.0     0.0    0.0
 SNOW DEPTH (IN)     0                                          0

DEGREE DAYS
 HEATING
  TODAY              7                          13      -6     21
  MONTH TO DATE    156                         297    -141    281
  SINCE JUN 1      481                         703    -222   1244
  SINCE JUL 1      291                         469    -178     MM

 COOLING
  TODAY              0                           0       0      0
  MONTH TO DATE      0                           0       0      5
  SINCE JUN 1       28                          16      12     31
  SINCE JAN 1       28                          16      12     MM
...................................................................

WIND (MPH)
 HIGHEST WIND SPEED    16     HIGHEST WIND DIRECTION     50
 HIGHEST GUST SPEED    22     HIGHEST GUST DIRECTION     60
 AVERAGE WIND SPEED    MM

SKY COVER
  POSSIBLE SUNSHINE  MM            AVERAGE SKY COVER MM

WEATHER CONDITIONS
 THE FOLLOWING WEATHER WAS RECORDED TODAY.
 NO SIGNIFICANT WEATHER WAS OBSERVED.


...................................................................

THE MCGRATH CLIMATE NORMALS FOR TOMORROW
                        NORMAL    RECORD   YEAR
 MAXIMUM TEMPERATURE      60        76     1977
 MINIMUM TEMPERATURE      42        28     1994

SUNRISE AND SUNSET
 AUG 29 2016..........SUNRISE  7:03 AM      SUNSET  9:42 PM
 AUG 30 2016..........SUNRISE  7:06 AM      SUNSET  9:39 PM

-  INDICATES NEGATIVE NUMBERS.
R  INDICATES RECORD HAS BEEN SET OR TIED.
MM INDICATES DATA IS MISSING.
T  INDICATES TRACE OF PRECIPITATION.

&&
-------------------------------------------------------------------

AMOUNT OF DAYLIGHT TODAY  (HOUR:MIN)........14 HOURS 39 MINUTES
LOSS SINCE YESTERDAY (HOUR:MIN:SEC)....-0:06:08

$$
BW AUG 16
