000
CDAK49 PAMC 310905
CLIMCG

CLIMATE REPORT
NATIONAL WEATHER SERVICE MCGRATH, AK
105 AM AKDT MON AUG 31 2015

...................................
...THE MCGRATH AIRPORT CLIMATE SUMMARY FOR AUGUST 30 2015...

CLIMATE NORMAL PERIOD  1981 TO  2015
CLIMATE RECORD PERIOD  1939 TO  2015

WEATHER ITEM   OBSERVED TIME    RECORD YEAR NORMAL DEPARTURE LAST
               VALUE    (LST)   VALUE       VALUE  FROM      YEAR
                                                   NORMAL
...................................................................
TEMPERATURE
YESTERDAY
 MAXIMUM            46  0631 PM    76  1977     60     -14     55
 MINIMUM            36  1158 PM    28  1994     42      -6     32
 AVERAGE            41                          51     -10     44

PRECIPITATION
(INCHES)
 YESTERDAY        0.03           1.18  1942   0.08   -0.05   0.00
 MONTH TO DATE    2.74                        2.71    0.03   1.74
 SINCE JUN 1      7.68                        6.61    1.07   5.84
 SINCE JAN 1      9.02                       11.28   -2.26   8.57

SNOWFALL
(INCHES)
 YESTERDAY         0.0            0.0  2015    0.0     0.0    0.0
 MONTH TO DATE     0.0                         0.0     0.0    0.0
 SINCE JUN 1       0.0                         0.0     0.0    0.0
 SINCE JUL 1       0.0                         0.0     0.0    0.0
 SNOW DEPTH (IN)     0                                          0

DEGREE DAYS
 HEATING
  YESTERDAY         24                          14      10     21
  MONTH TO DATE    305                         311      -6    214
  SINCE JUN 1     1268                         717     551    706
  SINCE JUL 1     1075                         483     592    401

 COOLING
  YESTERDAY          0                           0       0      0
  MONTH TO DATE      5                           0       5      0
  SINCE JUN 1       31                          16      15     11
  SINCE JAN 1       MM                          16      MM     11
...................................................................

WIND (MPH)
 HIGHEST WIND SPEED    16     HIGHEST WIND DIRECTION    290
 HIGHEST GUST SPEED    23     HIGHEST GUST DIRECTION    290
 AVERAGE WIND SPEED   7.0

WEATHER CONDITIONS
 THE FOLLOWING WEATHER WAS RECORDED YESTERDAY.
  RAIN

...................................................................

THE MCGRATH CLIMATE NORMALS FOR TODAY
                           NORMAL    RECORD   YEAR
 MAXIMUM TEMPERATURE (F)     60        70     1978
 MINIMUM TEMPERATURE (F)     42        29     1962

SUNRISE AND SUNSET
 AUG 31 2015..........SUNRISE  7:07 AM      SUNSET  9:38 PM
 SEP 1 2015..........SUNRISE  7:09 AM      SUNSET  9:35 PM

-  INDICATES NEGATIVE NUMBERS.
R  INDICATES RECORD HAS BEEN SET OR TIED.
MM INDICATES DATA IS MISSING.
T  INDICATES TRACE OF PRECIPITATION.

&&
-------------------------------------------------------------------

AMOUNT OF DAYLIGHT TODAY  (HOUR:MIN)........14 HOURS 31 MINUTES
GAIN/LOSS SINCE YESTERDAY (HOUR:MIN:SEC)....-0:06:08

$$
TR AUG 15
