128
CDAK49 PAFG 220146
CLIMCG

CLIMATE REPORT
NATIONAL WEATHER SERVICE FAIRBANKS AK
446 PM AKST TUE NOV 21 2017


...................................

...THE MCGRATH AK CLIMATE SUMMARY FOR NOVEMBER 21 2017...
VALID TODAY AS OF 0300 PM LOCAL TIME.

CLIMATE NORMAL PERIOD 1981 TO 2010
CLIMATE RECORD PERIOD 1946 TO 2017


WEATHER ITEM   OBSERVED TIME   RECORD YEAR NORMAL DEPARTURE LAST
                VALUE   (LST)  VALUE       VALUE  FROM      YEAR
                                                  NORMAL
..................................................................
TEMPERATURE (F)
 TODAY
  MAXIMUM          4    259 PM  47    1949  11     -7        0
  MINIMUM        -16   1215 AM -39    1948  -5    -11      -17
  AVERAGE         -6                         3     -9       -8

PRECIPITATION (IN)
  TODAY            0.09          0.91 1978   0.05   0.04     0.00
  MONTH TO DATE    1.28                      1.01   0.27     0.15
  SINCE SEP 1      6.46                      4.94   1.52     5.61
  SINCE JAN 1     16.83                     16.31   0.52    18.44

SNOWFALL (IN)
  TODAY           MM             6.7  1973   0.7   MM        0.0
  MONTH TO DATE   17.5                      13.5    4.0      3.3
  SINCE SEP 1     23.8                      25.2   -1.4      4.9
  SINCE JUL 1     23.8                      25.2   -1.4      4.9
  SNOW DEPTH      12

DEGREE DAYS
 HEATING
  TODAY           71                        62      9       73
  MONTH TO DATE  988                      1209   -221     1145
  SINCE SEP 1   2475                      3058   -583     2773
  SINCE JUL 1   2828                      3549   -721     3049

 COOLING
  TODAY            0                         0      0        0
  MONTH TO DATE    0                         0      0        0
  SINCE SEP 1      0                         0      0        0
  SINCE JAN 1     37                        20     17       29
..................................................................


WIND (MPH)
  HIGHEST GUST SPEED    17   HIGHEST GUST DIRECTION    SE (150)


SKY COVER
  AVERAGE SKY COVER 0.8


WEATHER CONDITIONS
 THE FOLLOWING WEATHER WAS RECORDED TODAY.
  SNOW
  LIGHT SNOW
  HAZE


RELATIVE HUMIDITY (PERCENT)
 HIGHEST    81
 LOWEST     65
 AVERAGE    73

..........................................................


THE MCGRATH AK CLIMATE NORMALS FOR TOMORROW
                         NORMAL    RECORD    YEAR
 MAXIMUM TEMPERATURE (F)   10        43      1949
 MINIMUM TEMPERATURE (F)   -6       -38      1958
                                             1948


SUNRISE AND SUNSET
NOVEMBER 21 2017......SUNRISE  1001 AM AKST  SUNSET   416 PM AKST
NOVEMBER 22 2017......SUNRISE  1004 AM AKST  SUNSET   414 PM AKST

-  INDICATES NEGATIVE NUMBERS.
R  INDICATES RECORD WAS SET OR TIED.
MM INDICATES DATA IS MISSING.
T  INDICATES TRACE AMOUNT.

&&

SNOW DEPTH IS MEASURED AT 3AM AKST/4AM AKDT.

----------------------------
AVAILABLE DAYLIGHT

AMOUNT OF DAYLIGHT TODAY  (HOUR:MIN)........6:16
GAIN/LOSS SINCE YESTERDAY (HOUR:MIN:SEC)....-0:05:14

$$
CCC NOV 17
