000
CDAK49 PAFG 251003
CLIMCG

CLIMATE REPORT
NATIONAL WEATHER SERVICE FAIRBANKS AK
203 AM AKDT THU MAY 25 2017


...................................

...THE MCGRATH AK CLIMATE SUMMARY FOR MAY 24 2017...

CLIMATE NORMAL PERIOD 1981 TO 2010
CLIMATE RECORD PERIOD 1946 TO 2017


WEATHER ITEM   OBSERVED TIME   RECORD YEAR NORMAL DEPARTURE LAST
                VALUE   (LST)  VALUE       VALUE  FROM      YEAR
                                                  NORMAL
..................................................................
TEMPERATURE (F)
 YESTERDAY
  MAXIMUM         47   1130 AM  79    2002  61    -14       57
  MINIMUM         37   1158 PM  30    1989  39     -2       37
  AVERAGE         42                        50     -8       47

PRECIPITATION (IN)
  YESTERDAY        0.49R         0.46 1976   0.03   0.46     0.01
                                      1970
  MONTH TO DATE    0.75                      0.80  -0.05     1.05
  SINCE MAR 1      1.13                      2.35  -1.22     2.47
  SINCE JAN 1      2.33                      4.38  -2.05     2.53

SNOWFALL (IN)
  YESTERDAY        0.0           T    2009   0.1   -0.1     MM
                                      1964
  MONTH TO DATE    0.0                       0.9   -0.9      0.0
  SINCE MAR 1      2.6                      17.3  -14.7      0.0
  SINCE JUL 1     51.3                      97.3  -46.0      0.0
  SNOW DEPTH       0

DEGREE DAYS
 HEATING
  YESTERDAY       23                        15      8       18
  MONTH TO DATE  373                       471    -98      377
  SINCE MAR 1   3146                      3185    -39     2623
  SINCE JUL 1  12904                     13417   -513     3591

 COOLING
  YESTERDAY        0                         0      0        0
  MONTH TO DATE    0                         0      0        0
  SINCE MAR 1      0                         0      0        0
  SINCE JAN 1      0                         0      0        0
..................................................................


WIND (MPH)
  HIGHEST GUST SPEED    29   HIGHEST GUST DIRECTION    SW (210)


SKY COVER
  AVERAGE SKY COVER 0.9


WEATHER CONDITIONS
 THE FOLLOWING WEATHER WAS RECORDED YESTERDAY.
  RAIN
  LIGHT RAIN
  FOG


RELATIVE HUMIDITY (PERCENT)
 HIGHEST    92
 LOWEST     71
 AVERAGE    82

..........................................................


THE MCGRATH AK CLIMATE NORMALS FOR TODAY
                         NORMAL    RECORD    YEAR
 MAXIMUM TEMPERATURE (F)   61        82      2002
 MINIMUM TEMPERATURE (F)   39        30      2000
                                             1955


SUNRISE AND SUNSET
MAY 25 2017...........SUNRISE   452 AM AKDT  SUNSET  1150 PM AKDT
MAY 26 2017...........SUNRISE   450 AM AKDT  SUNSET  1153 PM AKDT

-  INDICATES NEGATIVE NUMBERS.
R  INDICATES RECORD WAS SET OR TIED.
MM INDICATES DATA IS MISSING.
T  INDICATES TRACE AMOUNT.

&&

SNOW DEPTH IS MEASURED AT 3AM AKST/4AM AKDT.

----------------------------
AVAILABLE DAYLIGHT

AMOUNT OF DAYLIGHT TODAY  (HOUR:MIN)........18:58
GAIN/LOSS SINCE YESTERDAY (HOUR:MIN:SEC)....+0:05:11

$$
MAY 17
