000
CDAK49 PAMC 261110
CLIMCG

CLIMATE REPORT
NATIONAL WEATHER SERVICE MCGRATH, AK
310 AM AKDT TUE JUL 26 2016

...................................
...THE MCGRATH AIRPORT CLIMATE SUMMARY FOR JULY 25 2016...

CLIMATE NORMAL PERIOD  1981 TO  2010
CLIMATE RECORD PERIOD  1940 TO  2016

WEATHER ITEM   OBSERVED TIME    RECORD YEAR NORMAL DEPARTURE LAST
               VALUE    (LST)   VALUE       VALUE  FROM      YEAR
                                                   NORMAL
...................................................................
TEMPERATURE
YESTERDAY
 MAXIMUM            75  0525 PM    87  1968     68       7     65
 MINIMUM            49  0624 AM    39  1965     50      -1     50
 AVERAGE            62                          59       3     58

PRECIPITATION
(INCHES)
 YESTERDAY        0.00           0.44  2006   0.09   -0.09   0.05
 MONTH TO DATE    3.10                        1.86    1.24   2.88
 SINCE JUN 1      5.51                        3.38    2.13   3.96
 SINCE JAN 1      8.32                        8.05    0.27   5.30

SNOWFALL
(INCHES)
 YESTERDAY         0.0            0.0  2016    0.0     0.0    0.0
 MONTH TO DATE     0.0                         0.0     0.0    0.0
 SINCE JUN 1       0.0                         0.0     0.0    0.0
 SINCE JUL 1       0.0                         0.0     0.0    0.0
 SNOW DEPTH (IN)     0                                          0

DEGREE DAYS
 HEATING
  YESTERDAY          3                           6      -3      7
  MONTH TO DATE    102                         131     -29     MM
  SINCE JUN 1      292                         365     -73    939
  SINCE JUL 1      102                         131     -29     MM

 COOLING
  YESTERDAY          0                           0       0      0
  MONTH TO DATE     22                          11      11     MM
  SINCE JUN 1       28                          16      12     26
  SINCE JAN 1       28                          16      12     MM
...................................................................

WIND (MPH)
 HIGHEST WIND SPEED    14     HIGHEST WIND DIRECTION     80
 HIGHEST GUST SPEED    19     HIGHEST GUST DIRECTION     70
 AVERAGE WIND SPEED   4.9

WEATHER CONDITIONS
 THE FOLLOWING WEATHER WAS RECORDED YESTERDAY.
 FOG

...................................................................

THE MCGRATH CLIMATE NORMALS FOR TODAY
                           NORMAL    RECORD   YEAR
 MAXIMUM TEMPERATURE (F)     68        87     1953
 MINIMUM TEMPERATURE (F)     50        42     2014

SUNRISE AND SUNSET
 JUL 26 2016..........SUNRISE  5:26 AM      SUNSET 11:31 PM
 JUL 27 2016..........SUNRISE  5:29 AM      SUNSET 11:28 PM

-  INDICATES NEGATIVE NUMBERS.
R  INDICATES RECORD HAS BEEN SET OR TIED.
MM INDICATES DATA IS MISSING.
T  INDICATES TRACE OF PRECIPITATION.

&&
-------------------------------------------------------------------

AMOUNT OF DAYLIGHT TODAY  (HOUR:MIN)........18 HOURS 5 MINUTES
LOSS SINCE YESTERDAY (HOUR:MIN:SEC)....-0:05:43

$$
SBY JUL 16
