000
CDAK49 PAMC 200907
CLIMCG

CLIMATE REPORT
NATIONAL WEATHER SERVICE MCGRATH, AK
1207 AM AKST SAT DEC 20 2014

...................................
...THE MCGRATH AIRPORT CLIMATE SUMMARY FOR DECEMBER 19 2014...

CLIMATE NORMAL PERIOD  1981 TO  2010
CLIMATE RECORD PERIOD  1940 TO  2014

WEATHER ITEM   OBSERVED TIME    RECORD YEAR NORMAL DEPARTURE LAST
               VALUE    (LST)   VALUE       VALUE  FROM      YEAR
                                                   NORMAL
...................................................................
TEMPERATURE
YESTERDAY
 MAXIMUM             8  0609 AM    39  2000      5       3     11
 MINIMUM            -3  0546 PM   -49  1957    -13      10      6
 AVERAGE             3                          -4       7      9

PRECIPITATION
(INCHES)
 YESTERDAY        0.00           0.97  1990   0.04   -0.04   0.19
 MONTH TO DATE    0.50                        0.77   -0.27   0.31
 SINCE DEC 1      0.50                        0.77   -0.27   0.31
 SINCE JAN 1     10.91                       17.48   -6.57  19.75

SNOWFALL
(INCHES)
 YESTERDAY         0.0           10.7  1990    0.7    -0.7    3.5
 MONTH TO DATE     6.6                        12.4    -5.8    3.9
 SINCE DEC 1       6.6                        12.4    -5.8    3.9
 SINCE JUL 1      16.3                        43.4   -27.1   16.8
 SNOW DEPTH (IN)     8                                          3

DEGREE DAYS
 HEATING
  YESTERDAY         62                          69      -7     56
  MONTH TO DATE   1075                        1272    -197   1156
  SINCE DEC 1     1074                        1272    -198   1151
  SINCE JUL 1     4719                        5404    -685   4610

 COOLING
  YESTERDAY          0                           0       0      0
  MONTH TO DATE      0                           0       0      0
  SINCE DEC 1        0                           0       0      0
  SINCE JAN 1       11                          16      -5     78
...................................................................

WIND (MPH)
 HIGHEST WIND SPEED     8     HIGHEST WIND DIRECTION    300
 HIGHEST GUST SPEED    10     HIGHEST GUST DIRECTION    300
 AVERAGE WIND SPEED   2.3

WEATHER CONDITIONS
 THE FOLLOWING WEATHER WAS RECORDED YESTERDAY.
 FOG

...................................................................

THE MCGRATH CLIMATE NORMALS FOR TODAY
                           NORMAL    RECORD   YEAR
 MAXIMUM TEMPERATURE (F)      5        42     1970
 MINIMUM TEMPERATURE (F)    -13       -53     1957

SUNRISE AND SUNSET
 DEC 20 2014..........SUNRISE 10:59 AM      SUNSET  3:43 PM
 DEC 21 2014..........SUNRISE 11:00 AM      SUNSET  3:43 PM

-  INDICATES NEGATIVE NUMBERS.
R  INDICATES RECORD HAS BEEN SET OR TIED.
MM INDICATES DATA IS MISSING.
T  INDICATES TRACE OF PRECIPITATION.

&&
-------------------------------------------------------------------

AMOUNT OF DAYLIGHT TODAY  (HOUR:MIN)........4 HOURS 44 MINUTES
LOSS SINCE YESTERDAY (HOUR:MIN:SEC)....-0:00:22

$$
JMC DEC 14
