000
CDAK49 PAMC 020948
CLIMCG

CLIMATE REPORT
NATIONAL WEATHER SERVICE MCGRATH, AK
148 AM AKDT TUE SEP 2 2014

...................................
...THE MCGRATH AIRPORT CLIMATE SUMMARY FOR SEPTEMBER 1 2014...

CLIMATE NORMAL PERIOD  1981 TO  2010
CLIMATE RECORD PERIOD  1940 TO  2014

WEATHER ITEM   OBSERVED TIME    RECORD YEAR NORMAL DEPARTURE LAST
               VALUE    (LST)   VALUE       VALUE  FROM      YEAR
                                                   NORMAL
...................................................................
TEMPERATURE
YESTERDAY
 MAXIMUM            53  1159 PM    72  1977     60      -7     48
 MINIMUM            39  1209 AM    27  1984     42      -3     44
 AVERAGE            46                          51      -5     46

PRECIPITATION
(INCHES)
 YESTERDAY        0.17           1.26  2013   0.09    0.08   1.26
 MONTH TO DATE    0.17                        0.09    0.08   1.26
 SINCE SEP 1      0.17                        0.09    0.08   1.26
 SINCE JAN 1      8.73                       11.46   -2.73  10.49

SNOWFALL
(INCHES)
 YESTERDAY         0.0            0.7  1983    0.0     0.0    0.0
 MONTH TO DATE     0.0                         0.0     0.0    0.0
 SINCE SEP 1       0.0                         0.0     0.0    0.0
 SINCE JUL 1       0.0                         0.0     0.0    0.0
 SNOW DEPTH (IN)     0                                          0

DEGREE DAYS
 HEATING
  YESTERDAY         19                          14       5     19
  MONTH TO DATE     19                          14       5     19
  SINCE SEP 1       19                          14       5     19
  SINCE JUL 1      446                         511     -65    437

 COOLING
  YESTERDAY          0                           0       0      0
  MONTH TO DATE      0                           0       0      0
  SINCE SEP 1        0                           0       0      0
  SINCE JAN 1       11                          16      -5     78
...................................................................

WIND (MPH)
 HIGHEST WIND SPEED    32     HIGHEST WIND DIRECTION    210
 HIGHEST GUST SPEED    46     HIGHEST GUST DIRECTION    210
 AVERAGE WIND SPEED  14.1

WEATHER CONDITIONS
 THE FOLLOWING WEATHER WAS RECORDED YESTERDAY.
 SMOKE OR HAZE
 FOG
 RAIN

...................................................................

THE MCGRATH CLIMATE NORMALS FOR TODAY
                           NORMAL    RECORD   YEAR
 MAXIMUM TEMPERATURE (F)     60        72     1991
 MINIMUM TEMPERATURE (F)     41        23     1983

SUNRISE AND SUNSET
 SEP 2 2014..........SUNRISE  7:13 AM      SUNSET  9:31 PM
 SEP 3 2014..........SUNRISE  7:15 AM      SUNSET  9:27 PM

-  INDICATES NEGATIVE NUMBERS.
R  INDICATES RECORD HAS BEEN SET OR TIED.
MM INDICATES DATA IS MISSING.
T  INDICATES TRACE OF PRECIPITATION.

&&
-------------------------------------------------------------------

AMOUNT OF DAYLIGHT TODAY  (HOUR:MIN)........14 HOURS 18 MINUTES
LOSS SINCE YESTERDAY (HOUR:MIN:SEC)....-0:06:08

$$
JMC SEP 14
