000
CDAK49 PAMC 240909
CLIMCG

CLIMATE REPORT
NATIONAL WEATHER SERVICE MCGRATH, AK
109 AM AKDT SUN MAY 24 2015

...................................
...THE MCGRATH AIRPORT CLIMATE SUMMARY FOR MAY 23 2015...

CLIMATE NORMAL PERIOD  1981 TO  2015
CLIMATE RECORD PERIOD  1939 TO  2015

WEATHER ITEM   OBSERVED TIME    RECORD YEAR NORMAL DEPARTURE LAST
               VALUE    (LST)   VALUE       VALUE  FROM      YEAR
                                                   NORMAL
...................................................................
TEMPERATURE
YESTERDAY
 MAXIMUM            59  0454 PM    71  2009     60      -1     64
 MINIMUM            52  1159 PM    25  1964     39      13     37
 AVERAGE            56                          50       6     51

PRECIPITATION
(INCHES)
 YESTERDAY           T           0.64  1976   0.04   -0.04   0.00
 MONTH TO DATE    0.24                        0.77   -0.53   0.30
 SINCE MAR 1      0.76                        2.32   -1.56   0.42
 SINCE JAN 1      1.20                        4.35   -3.15   2.11

SNOWFALL
(INCHES)
 YESTERDAY         0.0            0.1  1989    0.0     0.0    0.0
 MONTH TO DATE     0.0                         0.8    -0.8      T
 SINCE MAR 1       8.5                        17.2    -8.7    1.1
 SINCE JUL 1      41.6                        97.2   -55.6   47.1
 SNOW DEPTH (IN)     0                                          0

DEGREE DAYS
 HEATING
  YESTERDAY          9                          15      -6     14
  MONTH TO DATE    318                         456    -138    380
  SINCE MAR 1     2652                        3172    -520   2961
  SINCE JUL 1    11718                       13410   -1692  11788

 COOLING
  YESTERDAY          0                           0       0      0
  MONTH TO DATE      0                           0       0      0
  SINCE MAR 1        0                           0       0      0
  SINCE JAN 1        0                           0       0      0
...................................................................

WIND (MPH)
 HIGHEST WIND SPEED    14     HIGHEST WIND DIRECTION    190
 HIGHEST GUST SPEED    19     HIGHEST GUST DIRECTION    210
 AVERAGE WIND SPEED   5.1

WEATHER CONDITIONS
 THE FOLLOWING WEATHER WAS RECORDED YESTERDAY.
  RAIN

...................................................................

THE MCGRATH CLIMATE NORMALS FOR TODAY
                           NORMAL    RECORD   YEAR
 MAXIMUM TEMPERATURE (F)     61        79     2002
 MINIMUM TEMPERATURE (F)     39        30     1989

SUNRISE AND SUNSET
 MAY 24 2015..........SUNRISE  4:56 AM      SUNSET 11:46 PM
 MAY 25 2015..........SUNRISE  4:53 AM      SUNSET 11:49 PM

-  INDICATES NEGATIVE NUMBERS.
R  INDICATES RECORD HAS BEEN SET OR TIED.
MM INDICATES DATA IS MISSING.
T  INDICATES TRACE OF PRECIPITATION.

&&
-------------------------------------------------------------------

AMOUNT OF DAYLIGHT TODAY  (HOUR:MIN)........18 HOURS 50 MINUTES
GAIN/LOSS SINCE YESTERDAY (HOUR:MIN:SEC)....+0:05:19

$$
TR MAY 15
